I20260630 12:25:13.147727  7756 catalog_manager.cc:5697] T 8f4d301a155f4dabadafcc77344ef528 P e5f540cf4fb340e2a1afd88798bec17c reported cstate change: config changed from index -1 to 3, NON_VOTER c170aa27eacb4a66b271c56e7c809ef8 (127.7.5.132) added. New cstate: current_term: 2 leader_uuid: "e5f540cf4fb340e2a1afd88798bec17c" committed_config { opid_index: 3 OBSOLETE_local: false peers { permanent_uuid: "e5f540cf4fb340e2a1afd88798bec17c" member_type: VOTER last_known_addr { host: "127.7.5.129" port: 45911 } health_report { overall_health: HEALTHY } } peers { permanent_uuid: "4d2cf13b922340f49583da39d391aadc" member_type: VOTER last_known_addr { host: "127.7.5.130" port: 43499 } health_report { overall_health: HEALTHY } } peers { permanent_uuid: "c3e30d6e09c34b3ea4f5d518235957e0" member_type: VOTER last_known_addr { host: "127.7.5.131" port: 39949 } attrs { replace: true } health_report { overall_health: HEALTHY } } peers { permanent_uuid: "c170aa27eacb4a66b271c56e7c809ef8" member_type: NON_VOTER last_known_addr { host: "127.7.5.132" port: 38333 } attrs { promote: true } health_report { overall_health: UNKNOWN } } }
I20260630 12:25:13.150202  7859 consensus_queue.cc:237] T 40635935fadc4c4e8ccb0d19209ae3d1 P e5f540cf4fb340e2a1afd88798bec17c [LEADER]: Queue going to LEADER mode. State: All replicated index: 0, Majority replicated index: 2, Committed index: 2, Last appended: 2.2, Last appended by leader: 1, Current term: 2, Majority size: 2, State: 0, Mode: LEADER, active raft config: opid_index: 3 OBSOLETE_local: false peers { permanent_uuid: "e5f540cf4fb340e2a1afd88798bec17c" member_type: VOTER last_known_addr { host: "127.7.5.129" port: 45911 } } peers { permanent_uuid: "4d2cf13b922340f49583da39d391aadc" member_type: VOTER last_known_addr { host: "127.7.5.130" port: 43499 } attrs { replace: true } } peers { permanent_uuid: "c3e30d6e09c34b3ea4f5d518235957e0" member_type: VOTER last_known_addr { host: "127.7.5.131" port: 39949 } } peers { permanent_uuid: "c170aa27eacb4a66b271c56e7c809ef8" member_type: NON_VOTER last_known_addr { host: "127.7.5.132" port: 38333 } attrs { promote: true } }
W20260630 12:25:13.157577  7825 consensus_peers.cc:597] T 40635935fadc4c4e8ccb0d19209ae3d1 P e5f540cf4fb340e2a1afd88798bec17c -> Peer c170aa27eacb4a66b271c56e7c809ef8 (127.7.5.132:38333): Couldn't send request to peer c170aa27eacb4a66b271c56e7c809ef8. Error code: TABLET_NOT_FOUND (6). Status: Not found: Tablet not found: 40635935fadc4c4e8ccb0d19209ae3d1. This is attempt 1: this message will repeat every 5th retry.
I20260630 12:25:13.158093  8008 raft_consensus.cc:1275] T 40635935fadc4c4e8ccb0d19209ae3d1 P c3e30d6e09c34b3ea4f5d518235957e0 [term 2 FOLLOWER]: Refusing update from remote peer e5f540cf4fb340e2a1afd88798bec17c: Log matching property violated. Preceding OpId in replica: term: 2 index: 2. Preceding OpId from leader: term: 2 index: 3. (index mismatch)
I20260630 12:25:13.159723  8246 consensus_queue.cc:1048] T 40635935fadc4c4e8ccb0d19209ae3d1 P e5f540cf4fb340e2a1afd88798bec17c [LEADER]: Connected to new peer: Peer: permanent_uuid: "c3e30d6e09c34b3ea4f5d518235957e0" member_type: VOTER last_known_addr { host: "127.7.5.131" port: 39949 }, Status: LMP_MISMATCH, Last received: 0.0, Next index: 3, Last known committed idx: 2, Time since last communication: 0.001s
I20260630 12:25:13.163740  7933 raft_consensus.cc:1275] T 40635935fadc4c4e8ccb0d19209ae3d1 P 4d2cf13b922340f49583da39d391aadc [term 2 FOLLOWER]: Refusing update from remote peer e5f540cf4fb340e2a1afd88798bec17c: Log matching property violated. Preceding OpId in replica: term: 2 index: 2. Preceding OpId from leader: term: 2 index: 3. (index mismatch)
I20260630 12:25:13.165230  8246 consensus_queue.cc:1048] T 40635935fadc4c4e8ccb0d19209ae3d1 P e5f540cf4fb340e2a1afd88798bec17c [LEADER]: Connected to new peer: Peer: permanent_uuid: "4d2cf13b922340f49583da39d391aadc" member_type: VOTER last_known_addr { host: "127.7.5.130" port: 43499 } attrs { replace: true }, Status: LMP_MISMATCH, Last received: 0.0, Next index: 3, Last known committed idx: 2, Time since last communication: 0.000s
I20260630 12:25:13.173022  8250 raft_consensus.cc:2955] T 40635935fadc4c4e8ccb0d19209ae3d1 P e5f540cf4fb340e2a1afd88798bec17c [term 2 LEADER]: Committing config change with OpId 2.3: config changed from index -1 to 3, NON_VOTER c170aa27eacb4a66b271c56e7c809ef8 (127.7.5.132) added. New config: { opid_index: 3 OBSOLETE_local: false peers { permanent_uuid: "e5f540cf4fb340e2a1afd88798bec17c" member_type: VOTER last_known_addr { host: "127.7.5.129" port: 45911 } } peers { permanent_uuid: "4d2cf13b922340f49583da39d391aadc" member_type: VOTER last_known_addr { host: "127.7.5.130" port: 43499 } attrs { replace: true } } peers { permanent_uuid: "c3e30d6e09c34b3ea4f5d518235957e0" member_type: VOTER last_known_addr { host: "127.7.5.131" port: 39949 } } peers { permanent_uuid: "c170aa27eacb4a66b271c56e7c809ef8" member_type: NON_VOTER last_known_addr { host: "127.7.5.132" port: 38333 } attrs { promote: true } } }
I20260630 12:25:13.174777  8008 raft_consensus.cc:2955] T 40635935fadc4c4e8ccb0d19209ae3d1 P c3e30d6e09c34b3ea4f5d518235957e0 [term 2 FOLLOWER]: Committing config change with OpId 2.3: config changed from index -1 to 3, NON_VOTER c170aa27eacb4a66b271c56e7c809ef8 (127.7.5.132) added. New config: { opid_index: 3 OBSOLETE_local: false peers { permanent_uuid: "e5f540cf4fb340e2a1afd88798bec17c" member_type: VOTER last_known_addr { host: "127.7.5.129" port: 45911 } } peers { permanent_uuid: "4d2cf13b922340f49583da39d391aadc" member_type: VOTER last_known_addr { host: "127.7.5.130" port: 43499 } attrs { replace: true } } peers { permanent_uuid: "c3e30d6e09c34b3ea4f5d518235957e0" member_type: VOTER last_known_addr { host: "127.7.5.131" port: 39949 } } peers { permanent_uuid: "c170aa27eacb4a66b271c56e7c809ef8" member_type: NON_VOTER last_known_addr { host: "127.7.5.132" port: 38333 } attrs { promote: true } } }
I20260630 12:25:13.176968  7933 raft_consensus.cc:2955] T 40635935fadc4c4e8ccb0d19209ae3d1 P 4d2cf13b922340f49583da39d391aadc [term 2 FOLLOWER]: Committing config change with OpId 2.3: config changed from index -1 to 3, NON_VOTER c170aa27eacb4a66b271c56e7c809ef8 (127.7.5.132) added. New config: { opid_index: 3 OBSOLETE_local: false peers { permanent_uuid: "e5f540cf4fb340e2a1afd88798bec17c" member_type: VOTER last_known_addr { host: "127.7.5.129" port: 45911 } } peers { permanent_uuid: "4d2cf13b922340f49583da39d391aadc" member_type: VOTER last_known_addr { host: "127.7.5.130" port: 43499 } attrs { replace: true } } peers { permanent_uuid: "c3e30d6e09c34b3ea4f5d518235957e0" member_type: VOTER last_known_addr { host: "127.7.5.131" port: 39949 } } peers { permanent_uuid: "c170aa27eacb4a66b271c56e7c809ef8" member_type: NON_VOTER last_known_addr { host: "127.7.5.132" port: 38333 } attrs { promote: true } } }
I20260630 12:25:13.189086  7755 catalog_manager.cc:5697] T 40635935fadc4c4e8ccb0d19209ae3d1 P c3e30d6e09c34b3ea4f5d518235957e0 reported cstate change: config changed from index -1 to 3, NON_VOTER c170aa27eacb4a66b271c56e7c809ef8 (127.7.5.132) added. New cstate: current_term: 2 leader_uuid: "e5f540cf4fb340e2a1afd88798bec17c" committed_config { opid_index: 3 OBSOLETE_local: false peers { permanent_uuid: "e5f540cf4fb340e2a1afd88798bec17c" member_type: VOTER last_known_addr { host: "127.7.5.129" port: 45911 } } peers { permanent_uuid: "4d2cf13b922340f49583da39d391aadc" member_type: VOTER last_known_addr { host: "127.7.5.130" port: 43499 } attrs { replace: true } } peers { permanent_uuid: "c3e30d6e09c34b3ea4f5d518235957e0" member_type: VOTER last_known_addr { host: "127.7.5.131" port: 39949 } } peers { permanent_uuid: "c170aa27eacb4a66b271c56e7c809ef8" member_type: NON_VOTER last_known_addr { host: "127.7.5.132" port: 38333 } attrs { promote: true } } }
I20260630 12:25:13.208684  8008 consensus_queue.cc:237] T 5c8ca41ff8d243889d2a3572437c7bcd P c3e30d6e09c34b3ea4f5d518235957e0 [LEADER]: Queue going to LEADER mode. State: All replicated index: 0, Majority replicated index: 1, Committed index: 1, Last appended: 1.1, Last appended by leader: 0, Current term: 1, Majority size: 2, State: 0, Mode: LEADER, active raft config: opid_index: 2 OBSOLETE_local: false peers { permanent_uuid: "e5f540cf4fb340e2a1afd88798bec17c" member_type: VOTER last_known_addr { host: "127.7.5.129" port: 45911 } } peers { permanent_uuid: "4d2cf13b922340f49583da39d391aadc" member_type: VOTER last_known_addr { host: "127.7.5.130" port: 43499 } attrs { replace: true } } peers { permanent_uuid: "c3e30d6e09c34b3ea4f5d518235957e0" member_type: VOTER last_known_addr { host: "127.7.5.131" port: 39949 } } peers { permanent_uuid: "c170aa27eacb4a66b271c56e7c809ef8" member_type: NON_VOTER last_known_addr { host: "127.7.5.132" port: 38333 } attrs { promote: true } }
I20260630 12:25:13.215798  7859 raft_consensus.cc:1275] T 5c8ca41ff8d243889d2a3572437c7bcd P e5f540cf4fb340e2a1afd88798bec17c [term 1 FOLLOWER]: Refusing update from remote peer c3e30d6e09c34b3ea4f5d518235957e0: Log matching property violated. Preceding OpId in replica: term: 1 index: 1. Preceding OpId from leader: term: 1 index: 2. (index mismatch)
I20260630 12:25:13.218039  7933 raft_consensus.cc:1275] T 5c8ca41ff8d243889d2a3572437c7bcd P 4d2cf13b922340f49583da39d391aadc [term 1 FOLLOWER]: Refusing update from remote peer c3e30d6e09c34b3ea4f5d518235957e0: Log matching property violated. Preceding OpId in replica: term: 1 index: 1. Preceding OpId from leader: term: 1 index: 2. (index mismatch)
I20260630 12:25:13.218595  8255 consensus_queue.cc:1048] T 5c8ca41ff8d243889d2a3572437c7bcd P c3e30d6e09c34b3ea4f5d518235957e0 [LEADER]: Connected to new peer: Peer: permanent_uuid: "e5f540cf4fb340e2a1afd88798bec17c" member_type: VOTER last_known_addr { host: "127.7.5.129" port: 45911 }, Status: LMP_MISMATCH, Last received: 0.0, Next index: 2, Last known committed idx: 1, Time since last communication: 0.002s
I20260630 12:25:13.219720  8204 consensus_queue.cc:1048] T 5c8ca41ff8d243889d2a3572437c7bcd P c3e30d6e09c34b3ea4f5d518235957e0 [LEADER]: Connected to new peer: Peer: permanent_uuid: "4d2cf13b922340f49583da39d391aadc" member_type: VOTER last_known_addr { host: "127.7.5.130" port: 43499 } attrs { replace: true }, Status: LMP_MISMATCH, Last received: 0.0, Next index: 2, Last known committed idx: 1, Time since last communication: 0.000s
W20260630 12:25:13.228466  7974 consensus_peers.cc:597] T 5c8ca41ff8d243889d2a3572437c7bcd P c3e30d6e09c34b3ea4f5d518235957e0 -> Peer c170aa27eacb4a66b271c56e7c809ef8 (127.7.5.132:38333): Couldn't send request to peer c170aa27eacb4a66b271c56e7c809ef8. Error code: TABLET_NOT_FOUND (6). Status: Not found: Tablet not found: 5c8ca41ff8d243889d2a3572437c7bcd. This is attempt 1: this message will repeat every 5th retry.
I20260630 12:25:13.228888  8255 raft_consensus.cc:2955] T 5c8ca41ff8d243889d2a3572437c7bcd P c3e30d6e09c34b3ea4f5d518235957e0 [term 1 LEADER]: Committing config change with OpId 1.2: config changed from index -1 to 2, NON_VOTER c170aa27eacb4a66b271c56e7c809ef8 (127.7.5.132) added. New config: { opid_index: 2 OBSOLETE_local: false peers { permanent_uuid: "e5f540cf4fb340e2a1afd88798bec17c" member_type: VOTER last_known_addr { host: "127.7.5.129" port: 45911 } } peers { permanent_uuid: "4d2cf13b922340f49583da39d391aadc" member_type: VOTER last_known_addr { host: "127.7.5.130" port: 43499 } attrs { replace: true } } peers { permanent_uuid: "c3e30d6e09c34b3ea4f5d518235957e0" member_type: VOTER last_known_addr { host: "127.7.5.131" port: 39949 } } peers { permanent_uuid: "c170aa27eacb4a66b271c56e7c809ef8" member_type: NON_VOTER last_known_addr { host: "127.7.5.132" port: 38333 } attrs { promote: true } } }
I20260630 12:25:13.230959  7859 raft_consensus.cc:2955] T 5c8ca41ff8d243889d2a3572437c7bcd P e5f540cf4fb340e2a1afd88798bec17c [term 1 FOLLOWER]: Committing config change with OpId 1.2: config changed from index -1 to 2, NON_VOTER c170aa27eacb4a66b271c56e7c809ef8 (127.7.5.132) added. New config: { opid_index: 2 OBSOLETE_local: false peers { permanent_uuid: "e5f540cf4fb340e2a1afd88798bec17c" member_type: VOTER last_known_addr { host: "127.7.5.129" port: 45911 } } peers { permanent_uuid: "4d2cf13b922340f49583da39d391aadc" member_type: VOTER last_known_addr { host: "127.7.5.130" port: 43499 } attrs { replace: true } } peers { permanent_uuid: "c3e30d6e09c34b3ea4f5d518235957e0" member_type: VOTER last_known_addr { host: "127.7.5.131" port: 39949 } } peers { permanent_uuid: "c170aa27eacb4a66b271c56e7c809ef8" member_type: NON_VOTER last_known_addr { host: "127.7.5.132" port: 38333 } attrs { promote: true } } }
I20260630 12:25:13.233487  7933 raft_consensus.cc:2955] T 5c8ca41ff8d243889d2a3572437c7bcd P 4d2cf13b922340f49583da39d391aadc [term 1 FOLLOWER]: Committing config change with OpId 1.2: config changed from index -1 to 2, NON_VOTER c170aa27eacb4a66b271c56e7c809ef8 (127.7.5.132) added. New config: { opid_index: 2 OBSOLETE_local: false peers { permanent_uuid: "e5f540cf4fb340e2a1afd88798bec17c" member_type: VOTER last_known_addr { host: "127.7.5.129" port: 45911 } } peers { permanent_uuid: "4d2cf13b922340f49583da39d391aadc" member_type: VOTER last_known_addr { host: "127.7.5.130" port: 43499 } attrs { replace: true } } peers { permanent_uuid: "c3e30d6e09c34b3ea4f5d518235957e0" member_type: VOTER last_known_addr { host: "127.7.5.131" port: 39949 } } peers { permanent_uuid: "c170aa27eacb4a66b271c56e7c809ef8" member_type: NON_VOTER last_known_addr { host: "127.7.5.132" port: 38333 } attrs { promote: true } } }
I20260630 12:25:13.244457  7755 catalog_manager.cc:5697] T 5c8ca41ff8d243889d2a3572437c7bcd P e5f540cf4fb340e2a1afd88798bec17c reported cstate change: config changed from index -1 to 2, NON_VOTER c170aa27eacb4a66b271c56e7c809ef8 (127.7.5.132) added. New cstate: current_term: 1 leader_uuid: "c3e30d6e09c34b3ea4f5d518235957e0" committed_config { opid_index: 2 OBSOLETE_local: false peers { permanent_uuid: "e5f540cf4fb340e2a1afd88798bec17c" member_type: VOTER last_known_addr { host: "127.7.5.129" port: 45911 } } peers { permanent_uuid: "4d2cf13b922340f49583da39d391aadc" member_type: VOTER last_known_addr { host: "127.7.5.130" port: 43499 } attrs { replace: true } } peers { permanent_uuid: "c3e30d6e09c34b3ea4f5d518235957e0" member_type: VOTER last_known_addr { host: "127.7.5.131" port: 39949 } } peers { permanent_uuid: "c170aa27eacb4a66b271c56e7c809ef8" member_type: NON_VOTER last_known_addr { host: "127.7.5.132" port: 38333 } attrs { promote: true } } }
I20260630 12:25:13.387050  7190 tablet_server.cc:179] TabletServer@127.7.5.129:0 shutting down...
I20260630 12:25:13.424319  7190 ts_tablet_manager.cc:1507] Shutting down tablet manager...
I20260630 12:25:13.425148  7190 tablet_replica.cc:333] T de302b7ae740408aa770c2a891ab2ba2 P e5f540cf4fb340e2a1afd88798bec17c: stopping tablet replica
I20260630 12:25:13.425843  7190 raft_consensus.cc:2243] T de302b7ae740408aa770c2a891ab2ba2 P e5f540cf4fb340e2a1afd88798bec17c [term 1 FOLLOWER]: Raft consensus shutting down.
I20260630 12:25:13.426362  7190 raft_consensus.cc:2272] T de302b7ae740408aa770c2a891ab2ba2 P e5f540cf4fb340e2a1afd88798bec17c [term 1 FOLLOWER]: Raft consensus is shut down!
I20260630 12:25:13.428369  7190 tablet_replica.cc:333] T 5c8ca41ff8d243889d2a3572437c7bcd P e5f540cf4fb340e2a1afd88798bec17c: stopping tablet replica
I20260630 12:25:13.429539  7190 raft_consensus.cc:2243] T 5c8ca41ff8d243889d2a3572437c7bcd P e5f540cf4fb340e2a1afd88798bec17c [term 1 FOLLOWER]: Raft consensus shutting down.
I20260630 12:25:13.430099  7190 raft_consensus.cc:2272] T 5c8ca41ff8d243889d2a3572437c7bcd P e5f540cf4fb340e2a1afd88798bec17c [term 1 FOLLOWER]: Raft consensus is shut down!
I20260630 12:25:13.432700  7190 tablet_replica.cc:333] T 36436f8872d6446abc96995d92012214 P e5f540cf4fb340e2a1afd88798bec17c: stopping tablet replica
I20260630 12:25:13.433272  7190 raft_consensus.cc:2243] T 36436f8872d6446abc96995d92012214 P e5f540cf4fb340e2a1afd88798bec17c [term 1 FOLLOWER]: Raft consensus shutting down.
I20260630 12:25:13.433704  7190 raft_consensus.cc:2272] T 36436f8872d6446abc96995d92012214 P e5f540cf4fb340e2a1afd88798bec17c [term 1 FOLLOWER]: Raft consensus is shut down!
I20260630 12:25:13.435732  7190 tablet_replica.cc:333] T 8f4d301a155f4dabadafcc77344ef528 P e5f540cf4fb340e2a1afd88798bec17c: stopping tablet replica
I20260630 12:25:13.436293  7190 raft_consensus.cc:2243] T 8f4d301a155f4dabadafcc77344ef528 P e5f540cf4fb340e2a1afd88798bec17c [term 2 LEADER]: Raft consensus shutting down.
I20260630 12:25:13.437189  7190 raft_consensus.cc:2272] T 8f4d301a155f4dabadafcc77344ef528 P e5f540cf4fb340e2a1afd88798bec17c [term 2 FOLLOWER]: Raft consensus is shut down!
I20260630 12:25:13.439654  7190 tablet_replica.cc:333] T 5222d1008b6c418e9304579d0530487c P e5f540cf4fb340e2a1afd88798bec17c: stopping tablet replica
I20260630 12:25:13.440332  7190 raft_consensus.cc:2243] T 5222d1008b6c418e9304579d0530487c P e5f540cf4fb340e2a1afd88798bec17c [term 1 FOLLOWER]: Raft consensus shutting down.
I20260630 12:25:13.440773  7190 raft_consensus.cc:2272] T 5222d1008b6c418e9304579d0530487c P e5f540cf4fb340e2a1afd88798bec17c [term 1 FOLLOWER]: Raft consensus is shut down!
I20260630 12:25:13.442626  7190 tablet_replica.cc:333] T 7e71f9283aba4f3d9a11ce68aa2d34a7 P e5f540cf4fb340e2a1afd88798bec17c: stopping tablet replica
I20260630 12:25:13.443135  7190 raft_consensus.cc:2243] T 7e71f9283aba4f3d9a11ce68aa2d34a7 P e5f540cf4fb340e2a1afd88798bec17c [term 1 FOLLOWER]: Raft consensus shutting down.
I20260630 12:25:13.443665  7190 raft_consensus.cc:2272] T 7e71f9283aba4f3d9a11ce68aa2d34a7 P e5f540cf4fb340e2a1afd88798bec17c [term 1 FOLLOWER]: Raft consensus is shut down!
I20260630 12:25:13.445981  7190 tablet_replica.cc:333] T 46c3c87874404f89a0c080d908715157 P e5f540cf4fb340e2a1afd88798bec17c: stopping tablet replica
I20260630 12:25:13.446503  7190 raft_consensus.cc:2243] T 46c3c87874404f89a0c080d908715157 P e5f540cf4fb340e2a1afd88798bec17c [term 2 FOLLOWER]: Raft consensus shutting down.
I20260630 12:25:13.446919  7190 raft_consensus.cc:2272] T 46c3c87874404f89a0c080d908715157 P e5f540cf4fb340e2a1afd88798bec17c [term 2 FOLLOWER]: Raft consensus is shut down!
I20260630 12:25:13.448755  7190 tablet_replica.cc:333] T 40635935fadc4c4e8ccb0d19209ae3d1 P e5f540cf4fb340e2a1afd88798bec17c: stopping tablet replica
I20260630 12:25:13.449220  7190 raft_consensus.cc:2243] T 40635935fadc4c4e8ccb0d19209ae3d1 P e5f540cf4fb340e2a1afd88798bec17c [term 2 LEADER]: Raft consensus shutting down.
I20260630 12:25:13.450208  7190 raft_consensus.cc:2272] T 40635935fadc4c4e8ccb0d19209ae3d1 P e5f540cf4fb340e2a1afd88798bec17c [term 2 FOLLOWER]: Raft consensus is shut down!
W20260630 12:25:13.469062  7899 proxy.cc:239] Call had error, refreshing address and retrying: Network error: Client connection negotiation failed: client connection to 127.7.5.129:45911: connect: Connection refused (error 111) [suppressed 5 similar messages]
W20260630 12:25:13.480422  7899 consensus_peers.cc:597] T 7e71f9283aba4f3d9a11ce68aa2d34a7 P 4d2cf13b922340f49583da39d391aadc -> Peer e5f540cf4fb340e2a1afd88798bec17c (127.7.5.129:45911): Couldn't send request to peer e5f540cf4fb340e2a1afd88798bec17c. Status: Network error: Client connection negotiation failed: client connection to 127.7.5.129:45911: connect: Connection refused (error 111). This is attempt 1: this message will repeat every 5th retry.
I20260630 12:25:13.491540  7190 tablet_server.cc:196] TabletServer@127.7.5.129:0 shutdown complete.
I20260630 12:25:13.511472  7190 tablet_server.cc:179] TabletServer@127.7.5.130:0 shutting down...
W20260630 12:25:13.522413  7973 consensus_peers.cc:597] T 5222d1008b6c418e9304579d0530487c P c3e30d6e09c34b3ea4f5d518235957e0 -> Peer e5f540cf4fb340e2a1afd88798bec17c (127.7.5.129:45911): Couldn't send request to peer e5f540cf4fb340e2a1afd88798bec17c. Status: Network error: Client connection negotiation failed: client connection to 127.7.5.129:45911: connect: Connection refused (error 111). This is attempt 1: this message will repeat every 5th retry.
I20260630 12:25:13.553946  7190 ts_tablet_manager.cc:1507] Shutting down tablet manager...
I20260630 12:25:13.554863  7190 tablet_replica.cc:333] T de302b7ae740408aa770c2a891ab2ba2 P 4d2cf13b922340f49583da39d391aadc: stopping tablet replica
I20260630 12:25:13.555658  7190 raft_consensus.cc:2243] T de302b7ae740408aa770c2a891ab2ba2 P 4d2cf13b922340f49583da39d391aadc [term 1 LEADER]: Raft consensus shutting down.
I20260630 12:25:13.556540  7190 raft_consensus.cc:2272] T de302b7ae740408aa770c2a891ab2ba2 P 4d2cf13b922340f49583da39d391aadc [term 1 FOLLOWER]: Raft consensus is shut down!
I20260630 12:25:13.558723  7190 tablet_replica.cc:333] T 40635935fadc4c4e8ccb0d19209ae3d1 P 4d2cf13b922340f49583da39d391aadc: stopping tablet replica
I20260630 12:25:13.559262  7190 raft_consensus.cc:2243] T 40635935fadc4c4e8ccb0d19209ae3d1 P 4d2cf13b922340f49583da39d391aadc [term 2 FOLLOWER]: Raft consensus shutting down.
I20260630 12:25:13.559800  7190 raft_consensus.cc:2272] T 40635935fadc4c4e8ccb0d19209ae3d1 P 4d2cf13b922340f49583da39d391aadc [term 2 FOLLOWER]: Raft consensus is shut down!
I20260630 12:25:13.562173  7190 tablet_replica.cc:333] T 7e71f9283aba4f3d9a11ce68aa2d34a7 P 4d2cf13b922340f49583da39d391aadc: stopping tablet replica
I20260630 12:25:13.562778  7190 raft_consensus.cc:2243] T 7e71f9283aba4f3d9a11ce68aa2d34a7 P 4d2cf13b922340f49583da39d391aadc [term 1 LEADER]: Raft consensus shutting down.
I20260630 12:25:13.563831  7190 raft_consensus.cc:2272] T 7e71f9283aba4f3d9a11ce68aa2d34a7 P 4d2cf13b922340f49583da39d391aadc [term 1 FOLLOWER]: Raft consensus is shut down!
I20260630 12:25:13.566975  7190 tablet_replica.cc:333] T 46c3c87874404f89a0c080d908715157 P 4d2cf13b922340f49583da39d391aadc: stopping tablet replica
I20260630 12:25:13.567540  7190 raft_consensus.cc:2243] T 46c3c87874404f89a0c080d908715157 P 4d2cf13b922340f49583da39d391aadc [term 2 LEADER]: Raft consensus shutting down.
I20260630 12:25:13.568328  7190 raft_consensus.cc:2272] T 46c3c87874404f89a0c080d908715157 P 4d2cf13b922340f49583da39d391aadc [term 2 FOLLOWER]: Raft consensus is shut down!
I20260630 12:25:13.570185  7190 tablet_replica.cc:333] T 5222d1008b6c418e9304579d0530487c P 4d2cf13b922340f49583da39d391aadc: stopping tablet replica
I20260630 12:25:13.570750  7190 raft_consensus.cc:2243] T 5222d1008b6c418e9304579d0530487c P 4d2cf13b922340f49583da39d391aadc [term 1 FOLLOWER]: Raft consensus shutting down.
I20260630 12:25:13.571167  7190 raft_consensus.cc:2272] T 5222d1008b6c418e9304579d0530487c P 4d2cf13b922340f49583da39d391aadc [term 1 FOLLOWER]: Raft consensus is shut down!
I20260630 12:25:13.573494  7190 tablet_replica.cc:333] T 5c8ca41ff8d243889d2a3572437c7bcd P 4d2cf13b922340f49583da39d391aadc: stopping tablet replica
I20260630 12:25:13.574000  7190 raft_consensus.cc:2243] T 5c8ca41ff8d243889d2a3572437c7bcd P 4d2cf13b922340f49583da39d391aadc [term 1 FOLLOWER]: Raft consensus shutting down.
I20260630 12:25:13.574438  7190 raft_consensus.cc:2272] T 5c8ca41ff8d243889d2a3572437c7bcd P 4d2cf13b922340f49583da39d391aadc [term 1 FOLLOWER]: Raft consensus is shut down!
I20260630 12:25:13.576756  7190 tablet_replica.cc:333] T 8f4d301a155f4dabadafcc77344ef528 P 4d2cf13b922340f49583da39d391aadc: stopping tablet replica
I20260630 12:25:13.577466  7190 raft_consensus.cc:2243] T 8f4d301a155f4dabadafcc77344ef528 P 4d2cf13b922340f49583da39d391aadc [term 2 FOLLOWER]: Raft consensus shutting down.
I20260630 12:25:13.578059  7190 raft_consensus.cc:2272] T 8f4d301a155f4dabadafcc77344ef528 P 4d2cf13b922340f49583da39d391aadc [term 2 FOLLOWER]: Raft consensus is shut down!
I20260630 12:25:13.580638  7190 tablet_replica.cc:333] T 36436f8872d6446abc96995d92012214 P 4d2cf13b922340f49583da39d391aadc: stopping tablet replica
I20260630 12:25:13.581161  7190 raft_consensus.cc:2243] T 36436f8872d6446abc96995d92012214 P 4d2cf13b922340f49583da39d391aadc [term 1 FOLLOWER]: Raft consensus shutting down.
I20260630 12:25:13.581559  7190 raft_consensus.cc:2272] T 36436f8872d6446abc96995d92012214 P 4d2cf13b922340f49583da39d391aadc [term 1 FOLLOWER]: Raft consensus is shut down!
I20260630 12:25:13.610427  7190 tablet_server.cc:196] TabletServer@127.7.5.130:0 shutdown complete.
I20260630 12:25:13.630816  7190 tablet_server.cc:179] TabletServer@127.7.5.131:0 shutting down...
I20260630 12:25:13.632719  8262 ts_tablet_manager.cc:933] T 5c8ca41ff8d243889d2a3572437c7bcd P c170aa27eacb4a66b271c56e7c809ef8: Initiating tablet copy from peer c3e30d6e09c34b3ea4f5d518235957e0 (127.7.5.131:39949)
W20260630 12:25:13.647979  7974 consensus_peers.cc:597] T 5222d1008b6c418e9304579d0530487c P c3e30d6e09c34b3ea4f5d518235957e0 -> Peer 4d2cf13b922340f49583da39d391aadc (127.7.5.130:43499): Couldn't send request to peer 4d2cf13b922340f49583da39d391aadc. Status: Network error: Client connection negotiation failed: client connection to 127.7.5.130:43499: connect: Connection refused (error 111). This is attempt 1: this message will repeat every 5th retry.
I20260630 12:25:13.651418  8262 tablet_copy_client.cc:323] T 5c8ca41ff8d243889d2a3572437c7bcd P c170aa27eacb4a66b271c56e7c809ef8: tablet copy: Beginning tablet copy session from remote peer at address 127.7.5.131:39949
I20260630 12:25:13.679673  7190 ts_tablet_manager.cc:1507] Shutting down tablet manager...
I20260630 12:25:13.680569  7190 tablet_replica.cc:333] T 5c8ca41ff8d243889d2a3572437c7bcd P c3e30d6e09c34b3ea4f5d518235957e0: stopping tablet replica
I20260630 12:25:13.681234  7190 raft_consensus.cc:2243] T 5c8ca41ff8d243889d2a3572437c7bcd P c3e30d6e09c34b3ea4f5d518235957e0 [term 1 LEADER]: Raft consensus shutting down.
I20260630 12:25:13.682127  7190 raft_consensus.cc:2272] T 5c8ca41ff8d243889d2a3572437c7bcd P c3e30d6e09c34b3ea4f5d518235957e0 [term 1 FOLLOWER]: Raft consensus is shut down!
I20260630 12:25:13.684706  7190 tablet_replica.cc:333] T de302b7ae740408aa770c2a891ab2ba2 P c3e30d6e09c34b3ea4f5d518235957e0: stopping tablet replica
I20260630 12:25:13.685343  7190 raft_consensus.cc:2243] T de302b7ae740408aa770c2a891ab2ba2 P c3e30d6e09c34b3ea4f5d518235957e0 [term 1 FOLLOWER]: Raft consensus shutting down.
I20260630 12:25:13.685743  7190 raft_consensus.cc:2272] T de302b7ae740408aa770c2a891ab2ba2 P c3e30d6e09c34b3ea4f5d518235957e0 [term 1 FOLLOWER]: Raft consensus is shut down!
I20260630 12:25:13.687477  7190 tablet_replica.cc:333] T 36436f8872d6446abc96995d92012214 P c3e30d6e09c34b3ea4f5d518235957e0: stopping tablet replica
I20260630 12:25:13.688050  7190 raft_consensus.cc:2243] T 36436f8872d6446abc96995d92012214 P c3e30d6e09c34b3ea4f5d518235957e0 [term 1 LEADER]: Raft consensus shutting down.
I20260630 12:25:13.688772  7190 raft_consensus.cc:2272] T 36436f8872d6446abc96995d92012214 P c3e30d6e09c34b3ea4f5d518235957e0 [term 1 FOLLOWER]: Raft consensus is shut down!
I20260630 12:25:13.690759  7190 tablet_replica.cc:333] T 8f4d301a155f4dabadafcc77344ef528 P c3e30d6e09c34b3ea4f5d518235957e0: stopping tablet replica
I20260630 12:25:13.691336  7190 raft_consensus.cc:2243] T 8f4d301a155f4dabadafcc77344ef528 P c3e30d6e09c34b3ea4f5d518235957e0 [term 2 FOLLOWER]: Raft consensus shutting down.
I20260630 12:25:13.691828  7190 raft_consensus.cc:2272] T 8f4d301a155f4dabadafcc77344ef528 P c3e30d6e09c34b3ea4f5d518235957e0 [term 2 FOLLOWER]: Raft consensus is shut down!
I20260630 12:25:13.694175  7190 tablet_replica.cc:333] T 46c3c87874404f89a0c080d908715157 P c3e30d6e09c34b3ea4f5d518235957e0: stopping tablet replica
I20260630 12:25:13.695040  7190 raft_consensus.cc:2243] T 46c3c87874404f89a0c080d908715157 P c3e30d6e09c34b3ea4f5d518235957e0 [term 2 FOLLOWER]: Raft consensus shutting down.
I20260630 12:25:13.695523  7190 raft_consensus.cc:2272] T 46c3c87874404f89a0c080d908715157 P c3e30d6e09c34b3ea4f5d518235957e0 [term 2 FOLLOWER]: Raft consensus is shut down!
I20260630 12:25:13.697278  7190 tablet_replica.cc:333] T 7e71f9283aba4f3d9a11ce68aa2d34a7 P c3e30d6e09c34b3ea4f5d518235957e0: stopping tablet replica
I20260630 12:25:13.697842  7190 raft_consensus.cc:2243] T 7e71f9283aba4f3d9a11ce68aa2d34a7 P c3e30d6e09c34b3ea4f5d518235957e0 [term 1 FOLLOWER]: Raft consensus shutting down.
I20260630 12:25:13.698283  7190 raft_consensus.cc:2272] T 7e71f9283aba4f3d9a11ce68aa2d34a7 P c3e30d6e09c34b3ea4f5d518235957e0 [term 1 FOLLOWER]: Raft consensus is shut down!
I20260630 12:25:13.700513  7190 tablet_replica.cc:333] T 5222d1008b6c418e9304579d0530487c P c3e30d6e09c34b3ea4f5d518235957e0: stopping tablet replica
I20260630 12:25:13.701038  7190 raft_consensus.cc:2243] T 5222d1008b6c418e9304579d0530487c P c3e30d6e09c34b3ea4f5d518235957e0 [term 1 LEADER]: Raft consensus shutting down.
I20260630 12:25:13.701758  7190 raft_consensus.cc:2272] T 5222d1008b6c418e9304579d0530487c P c3e30d6e09c34b3ea4f5d518235957e0 [term 1 FOLLOWER]: Raft consensus is shut down!
I20260630 12:25:13.703665  7190 tablet_replica.cc:333] T 40635935fadc4c4e8ccb0d19209ae3d1 P c3e30d6e09c34b3ea4f5d518235957e0: stopping tablet replica
I20260630 12:25:13.704192  7190 raft_consensus.cc:2243] T 40635935fadc4c4e8ccb0d19209ae3d1 P c3e30d6e09c34b3ea4f5d518235957e0 [term 2 FOLLOWER]: Raft consensus shutting down.
I20260630 12:25:13.704654  7190 raft_consensus.cc:2272] T 40635935fadc4c4e8ccb0d19209ae3d1 P c3e30d6e09c34b3ea4f5d518235957e0 [term 2 FOLLOWER]: Raft consensus is shut down!
I20260630 12:25:13.736253  7190 tablet_server.cc:196] TabletServer@127.7.5.131:0 shutdown complete.
I20260630 12:25:13.756973  7190 tablet_server.cc:179] TabletServer@127.7.5.132:0 shutting down...
I20260630 12:25:13.779757  7190 ts_tablet_manager.cc:1507] Shutting down tablet manager...
W20260630 12:25:13.787984  8131 connection.cc:466] server connection from 127.0.0.1:46158 torn down before Call kudu.consensus.ConsensusService.StartTabletCopy from 127.0.0.1:46158 (request call id 1) could send its response
I20260630 12:25:13.804644  7190 tablet_server.cc:196] TabletServer@127.7.5.132:0 shutdown complete.
I20260630 12:25:13.814046  7190 master.cc:562] Master@127.7.5.190:45185 shutting down...
W20260630 12:25:13.845968  7805 auto_rebalancer.cc:340] scheduled replica move failed to complete: Service unavailable: Catalog manager is not initialized. State: Closing
I20260630 12:25:13.847599  7190 raft_consensus.cc:2243] T 00000000000000000000000000000000 P bff42dfaaaaf4035b17ebc139b47cd6f [term 1 LEADER]: Raft consensus shutting down.
I20260630 12:25:13.848352  7190 raft_consensus.cc:2272] T 00000000000000000000000000000000 P bff42dfaaaaf4035b17ebc139b47cd6f [term 1 FOLLOWER]: Raft consensus is shut down!
I20260630 12:25:13.848646  7190 tablet_replica.cc:333] T 00000000000000000000000000000000 P bff42dfaaaaf4035b17ebc139b47cd6f: stopping tablet replica
I20260630 12:25:13.868922  7190 master.cc:584] Master@127.7.5.190:45185 shutdown complete.
[       OK ] AutoRebalancerTest.AutoRebalancingTurnOffAndOn (9076 ms)
[ RUN      ] AutoRebalancerTest.NextLeaderResumesAutoRebalancing
I20260630 12:25:13.906736  7190 internal_mini_cluster.cc:156] Creating distributed mini masters. Addrs: 127.7.5.190:40497,127.7.5.189:45199,127.7.5.188:44951
I20260630 12:25:13.908231  7190 file_cache.cc:492] Constructed file cache file cache with capacity 419430
W20260630 12:25:13.914744  8265 instance_detector.cc:116] could not retrieve AWS instance metadata: Network error: curl error: HTTP response code said error: The requested URL returned error: 404
W20260630 12:25:13.914785  8266 instance_detector.cc:116] could not retrieve Azure instance metadata: Network error: curl error: HTTP response code said error: The requested URL returned error: 404
W20260630 12:25:13.915314  8268 instance_detector.cc:116] could not retrieve OpenStack instance metadata: Network error: curl error: HTTP response code said error: The requested URL returned error: 404
I20260630 12:25:13.916266  7190 server_base.cc:1061] running on GCE node
I20260630 12:25:13.917322  7190 hybrid_clock.cc:584] initializing the hybrid clock with 'system_unsync' time source
W20260630 12:25:13.917502  7190 system_unsync_time.cc:38] NTP support is disabled. Clock error bounds will not be accurate. This configuration is not suitable for distributed clusters.
I20260630 12:25:13.917709  7190 hybrid_clock.cc:648] HybridClock initialized: now 1782822313917695 us; error 0 us; skew 500 ppm
I20260630 12:25:13.918303  7190 server_base.cc:861] Flag tcmalloc_max_total_thread_cache_bytes is not working since tcmalloc is not enabled.
I20260630 12:25:13.920907  7190 webserver.cc:533] Webserver started at http://127.7.5.190:35653/ using document root <none> and password file <none>
I20260630 12:25:13.921404  7190 fs_manager.cc:362] Metadata directory not provided
I20260630 12:25:13.921571  7190 fs_manager.cc:368] Using write-ahead log directory (fs_wal_dir) as metadata directory
I20260630 12:25:13.921902  7190 server_base.cc:909] This appears to be a new deployment of Kudu; creating new FS layout
I20260630 12:25:13.922998  7190 fs_manager.cc:1068] Generated new instance metadata in path /tmp/dist-test-taskNdQWmX/test-tmp/auto_rebalancer-test.0.AutoRebalancerTest.NextLeaderResumesAutoRebalancing.1782822297444953-7190-0/minicluster-data/master-0-root/instance:
uuid: "e9a28604b27d4d968775c8956e5a87f8"
format_stamp: "Formatted at 2026-06-30 12:25:13 on dist-test-slave-zljd"
I20260630 12:25:13.927807  7190 fs_manager.cc:696] Time spent creating directory manager: real 0.004s	user 0.002s	sys 0.004s
I20260630 12:25:13.931325  8273 log_block_manager.cc:4031] Time spent loading block containers with low live blocks: real 0.000s	user 0.000s	sys 0.000s
I20260630 12:25:13.932238  7190 fs_manager.cc:730] Time spent opening block manager: real 0.002s	user 0.003s	sys 0.000s
I20260630 12:25:13.932554  7190 fs_manager.cc:647] Opened local filesystem: /tmp/dist-test-taskNdQWmX/test-tmp/auto_rebalancer-test.0.AutoRebalancerTest.NextLeaderResumesAutoRebalancing.1782822297444953-7190-0/minicluster-data/master-0-root
uuid: "e9a28604b27d4d968775c8956e5a87f8"
format_stamp: "Formatted at 2026-06-30 12:25:13 on dist-test-slave-zljd"
I20260630 12:25:13.932852  7190 fs_report.cc:389] FS layout report
--------------------
wal directory: /tmp/dist-test-taskNdQWmX/test-tmp/auto_rebalancer-test.0.AutoRebalancerTest.NextLeaderResumesAutoRebalancing.1782822297444953-7190-0/minicluster-data/master-0-root
metadata directory: /tmp/dist-test-taskNdQWmX/test-tmp/auto_rebalancer-test.0.AutoRebalancerTest.NextLeaderResumesAutoRebalancing.1782822297444953-7190-0/minicluster-data/master-0-root
1 data directories: /tmp/dist-test-taskNdQWmX/test-tmp/auto_rebalancer-test.0.AutoRebalancerTest.NextLeaderResumesAutoRebalancing.1782822297444953-7190-0/minicluster-data/master-0-root/data
Total live blocks: 0
Total live bytes: 0
Total live bytes (after alignment): 0
Total number of LBM containers: 0 (0 full)
Did not check for missing blocks
Did not check for orphaned blocks
Total full LBM containers with extra space: 0 (0 repaired)
Total full LBM container extra space in bytes: 0 (0 repaired)
Total incomplete LBM containers: 0 (0 repaired)
Total LBM partial records: 0 (0 repaired)
Total corrupted LBM metadata records in RocksDB: 0 (0 repaired)
I20260630 12:25:13.950733  7190 rpc_server.cc:225] running with OpenSSL 1.1.1  11 Sep 2018
I20260630 12:25:13.952023  7190 kserver.cc:163] Server-wide thread pool size limit: 3276
I20260630 12:25:13.991540  7190 rpc_server.cc:307] RPC server started. Bound to: 127.7.5.190:40497
I20260630 12:25:13.991673  8324 acceptor_pool.cc:272] collecting diagnostics on the listening RPC socket 127.7.5.190:40497 every 8 connection(s)
I20260630 12:25:13.995674  8325 data_dirs.cc:400] Could only allocate 1 dirs of requested 3 for tablet 00000000000000000000000000000000. 1 dirs total, 0 dirs full, 0 dirs failed
I20260630 12:25:13.995821  7190 file_cache.cc:492] Constructed file cache file cache with capacity 419430
W20260630 12:25:14.001227  8327 instance_detector.cc:116] could not retrieve AWS instance metadata: Network error: curl error: HTTP response code said error: The requested URL returned error: 404
W20260630 12:25:14.002696  8328 instance_detector.cc:116] could not retrieve Azure instance metadata: Network error: curl error: HTTP response code said error: The requested URL returned error: 404
I20260630 12:25:14.004716  8325 sys_catalog.cc:422] member_type: VOTER last_known_addr { host: "127.7.5.190" port: 40497 } has no permanent_uuid. Determining permanent_uuid...
I20260630 12:25:14.006436  7190 server_base.cc:1061] running on GCE node
W20260630 12:25:14.008482  8330 instance_detector.cc:116] could not retrieve OpenStack instance metadata: Network error: curl error: HTTP response code said error: The requested URL returned error: 404
I20260630 12:25:14.009449  7190 hybrid_clock.cc:584] initializing the hybrid clock with 'system_unsync' time source
W20260630 12:25:14.009645  7190 system_unsync_time.cc:38] NTP support is disabled. Clock error bounds will not be accurate. This configuration is not suitable for distributed clusters.
I20260630 12:25:14.009891  7190 hybrid_clock.cc:648] HybridClock initialized: now 1782822314009871 us; error 0 us; skew 500 ppm
I20260630 12:25:14.010416  7190 server_base.cc:861] Flag tcmalloc_max_total_thread_cache_bytes is not working since tcmalloc is not enabled.
I20260630 12:25:14.013494  7190 webserver.cc:533] Webserver started at http://127.7.5.189:46315/ using document root <none> and password file <none>
I20260630 12:25:14.014008  7190 fs_manager.cc:362] Metadata directory not provided
I20260630 12:25:14.014245  7190 fs_manager.cc:368] Using write-ahead log directory (fs_wal_dir) as metadata directory
I20260630 12:25:14.014536  7190 server_base.cc:909] This appears to be a new deployment of Kudu; creating new FS layout
I20260630 12:25:14.015799  7190 fs_manager.cc:1068] Generated new instance metadata in path /tmp/dist-test-taskNdQWmX/test-tmp/auto_rebalancer-test.0.AutoRebalancerTest.NextLeaderResumesAutoRebalancing.1782822297444953-7190-0/minicluster-data/master-1-root/instance:
uuid: "68b5a72662c7428097bba8b0f7980dd4"
format_stamp: "Formatted at 2026-06-30 12:25:14 on dist-test-slave-zljd"
I20260630 12:25:14.018952  8325 sys_catalog.cc:422] member_type: VOTER last_known_addr { host: "127.7.5.189" port: 45199 } has no permanent_uuid. Determining permanent_uuid...
I20260630 12:25:14.020959  7190 fs_manager.cc:696] Time spent creating directory manager: real 0.005s	user 0.001s	sys 0.003s
W20260630 12:25:14.025513  8325 consensus_peers.cc:760] Error getting permanent uuid from config peer 127.7.5.189:45199: Network error: Client connection negotiation failed: client connection to 127.7.5.189:45199: connect: Connection refused (error 111)
I20260630 12:25:14.026105  8338 log_block_manager.cc:4031] Time spent loading block containers with low live blocks: real 0.000s	user 0.000s	sys 0.000s
I20260630 12:25:14.027091  7190 fs_manager.cc:730] Time spent opening block manager: real 0.003s	user 0.001s	sys 0.004s
I20260630 12:25:14.027487  7190 fs_manager.cc:647] Opened local filesystem: /tmp/dist-test-taskNdQWmX/test-tmp/auto_rebalancer-test.0.AutoRebalancerTest.NextLeaderResumesAutoRebalancing.1782822297444953-7190-0/minicluster-data/master-1-root
uuid: "68b5a72662c7428097bba8b0f7980dd4"
format_stamp: "Formatted at 2026-06-30 12:25:14 on dist-test-slave-zljd"
I20260630 12:25:14.028167  7190 fs_report.cc:389] FS layout report
--------------------
wal directory: /tmp/dist-test-taskNdQWmX/test-tmp/auto_rebalancer-test.0.AutoRebalancerTest.NextLeaderResumesAutoRebalancing.1782822297444953-7190-0/minicluster-data/master-1-root
metadata directory: /tmp/dist-test-taskNdQWmX/test-tmp/auto_rebalancer-test.0.AutoRebalancerTest.NextLeaderResumesAutoRebalancing.1782822297444953-7190-0/minicluster-data/master-1-root
1 data directories: /tmp/dist-test-taskNdQWmX/test-tmp/auto_rebalancer-test.0.AutoRebalancerTest.NextLeaderResumesAutoRebalancing.1782822297444953-7190-0/minicluster-data/master-1-root/data
Total live blocks: 0
Total live bytes: 0
Total live bytes (after alignment): 0
Total number of LBM containers: 0 (0 full)
Did not check for missing blocks
Did not check for orphaned blocks
Total full LBM containers with extra space: 0 (0 repaired)
Total full LBM container extra space in bytes: 0 (0 repaired)
Total incomplete LBM containers: 0 (0 repaired)
Total LBM partial records: 0 (0 repaired)
Total corrupted LBM metadata records in RocksDB: 0 (0 repaired)
I20260630 12:25:14.045028  8325 consensus_peers.cc:770] Retrying to get permanent uuid for remote peer: member_type: VOTER last_known_addr { host: "127.7.5.189" port: 45199 } attempt: 1
W20260630 12:25:14.050258  8325 consensus_peers.cc:760] Error getting permanent uuid from config peer 127.7.5.189:45199: Network error: Client connection negotiation failed: client connection to 127.7.5.189:45199: connect: Connection refused (error 111)
I20260630 12:25:14.056391  7190 rpc_server.cc:225] running with OpenSSL 1.1.1  11 Sep 2018
I20260630 12:25:14.057621  7190 kserver.cc:163] Server-wide thread pool size limit: 3276
I20260630 12:25:14.097625  7190 rpc_server.cc:307] RPC server started. Bound to: 127.7.5.189:45199
I20260630 12:25:14.097685  8389 acceptor_pool.cc:272] collecting diagnostics on the listening RPC socket 127.7.5.189:45199 every 8 connection(s)
I20260630 12:25:14.101871  8390 data_dirs.cc:400] Could only allocate 1 dirs of requested 3 for tablet 00000000000000000000000000000000. 1 dirs total, 0 dirs full, 0 dirs failed
I20260630 12:25:14.101982  7190 file_cache.cc:492] Constructed file cache file cache with capacity 419430
W20260630 12:25:14.108498  8392 instance_detector.cc:116] could not retrieve AWS instance metadata: Network error: curl error: HTTP response code said error: The requested URL returned error: 404
W20260630 12:25:14.108523  8393 instance_detector.cc:116] could not retrieve Azure instance metadata: Network error: curl error: HTTP response code said error: The requested URL returned error: 404
I20260630 12:25:14.112006  8390 sys_catalog.cc:422] member_type: VOTER last_known_addr { host: "127.7.5.190" port: 40497 } has no permanent_uuid. Determining permanent_uuid...
I20260630 12:25:14.112426  7190 server_base.cc:1061] running on GCE node
W20260630 12:25:14.112924  8395 instance_detector.cc:116] could not retrieve OpenStack instance metadata: Network error: curl error: HTTP response code said error: The requested URL returned error: 404
I20260630 12:25:14.113747  8325 consensus_peers.cc:770] Retrying to get permanent uuid for remote peer: member_type: VOTER last_known_addr { host: "127.7.5.189" port: 45199 } attempt: 2
I20260630 12:25:14.114061  7190 hybrid_clock.cc:584] initializing the hybrid clock with 'system_unsync' time source
W20260630 12:25:14.114347  7190 system_unsync_time.cc:38] NTP support is disabled. Clock error bounds will not be accurate. This configuration is not suitable for distributed clusters.
I20260630 12:25:14.114575  7190 hybrid_clock.cc:648] HybridClock initialized: now 1782822314114554 us; error 0 us; skew 500 ppm
I20260630 12:25:14.115311  7190 server_base.cc:861] Flag tcmalloc_max_total_thread_cache_bytes is not working since tcmalloc is not enabled.
I20260630 12:25:14.121158  7190 webserver.cc:533] Webserver started at http://127.7.5.188:44023/ using document root <none> and password file <none>
I20260630 12:25:14.121819  7190 fs_manager.cc:362] Metadata directory not provided
I20260630 12:25:14.122064  7190 fs_manager.cc:368] Using write-ahead log directory (fs_wal_dir) as metadata directory
I20260630 12:25:14.122431  7190 server_base.cc:909] This appears to be a new deployment of Kudu; creating new FS layout
I20260630 12:25:14.123840  7190 fs_manager.cc:1068] Generated new instance metadata in path /tmp/dist-test-taskNdQWmX/test-tmp/auto_rebalancer-test.0.AutoRebalancerTest.NextLeaderResumesAutoRebalancing.1782822297444953-7190-0/minicluster-data/master-2-root/instance:
uuid: "1a14320bd29a44248d73461e4fabf8e0"
format_stamp: "Formatted at 2026-06-30 12:25:14 on dist-test-slave-zljd"
I20260630 12:25:14.129405  8390 sys_catalog.cc:422] member_type: VOTER last_known_addr { host: "127.7.5.189" port: 45199 } has no permanent_uuid. Determining permanent_uuid...
I20260630 12:25:14.129868  8325 sys_catalog.cc:422] member_type: VOTER last_known_addr { host: "127.7.5.188" port: 44951 } has no permanent_uuid. Determining permanent_uuid...
I20260630 12:25:14.130592  7190 fs_manager.cc:696] Time spent creating directory manager: real 0.006s	user 0.005s	sys 0.001s
W20260630 12:25:14.135129  8325 consensus_peers.cc:760] Error getting permanent uuid from config peer 127.7.5.188:44951: Network error: Client connection negotiation failed: client connection to 127.7.5.188:44951: connect: Connection refused (error 111)
I20260630 12:25:14.136286  8402 log_block_manager.cc:4031] Time spent loading block containers with low live blocks: real 0.000s	user 0.000s	sys 0.000s
I20260630 12:25:14.137252  7190 fs_manager.cc:730] Time spent opening block manager: real 0.004s	user 0.004s	sys 0.000s
I20260630 12:25:14.137552  7190 fs_manager.cc:647] Opened local filesystem: /tmp/dist-test-taskNdQWmX/test-tmp/auto_rebalancer-test.0.AutoRebalancerTest.NextLeaderResumesAutoRebalancing.1782822297444953-7190-0/minicluster-data/master-2-root
uuid: "1a14320bd29a44248d73461e4fabf8e0"
format_stamp: "Formatted at 2026-06-30 12:25:14 on dist-test-slave-zljd"
I20260630 12:25:14.137842  7190 fs_report.cc:389] FS layout report
--------------------
wal directory: /tmp/dist-test-taskNdQWmX/test-tmp/auto_rebalancer-test.0.AutoRebalancerTest.NextLeaderResumesAutoRebalancing.1782822297444953-7190-0/minicluster-data/master-2-root
metadata directory: /tmp/dist-test-taskNdQWmX/test-tmp/auto_rebalancer-test.0.AutoRebalancerTest.NextLeaderResumesAutoRebalancing.1782822297444953-7190-0/minicluster-data/master-2-root
1 data directories: /tmp/dist-test-taskNdQWmX/test-tmp/auto_rebalancer-test.0.AutoRebalancerTest.NextLeaderResumesAutoRebalancing.1782822297444953-7190-0/minicluster-data/master-2-root/data
Total live blocks: 0
Total live bytes: 0
Total live bytes (after alignment): 0
Total number of LBM containers: 0 (0 full)
Did not check for missing blocks
Did not check for orphaned blocks
Total full LBM containers with extra space: 0 (0 repaired)
Total full LBM container extra space in bytes: 0 (0 repaired)
Total incomplete LBM containers: 0 (0 repaired)
Total LBM partial records: 0 (0 repaired)
Total corrupted LBM metadata records in RocksDB: 0 (0 repaired)
I20260630 12:25:14.142685  8390 sys_catalog.cc:422] member_type: VOTER last_known_addr { host: "127.7.5.188" port: 44951 } has no permanent_uuid. Determining permanent_uuid...
W20260630 12:25:14.148586  8390 consensus_peers.cc:760] Error getting permanent uuid from config peer 127.7.5.188:44951: Network error: Client connection negotiation failed: client connection to 127.7.5.188:44951: connect: Connection refused (error 111)
I20260630 12:25:14.149880  7190 rpc_server.cc:225] running with OpenSSL 1.1.1  11 Sep 2018
I20260630 12:25:14.151463  7190 kserver.cc:163] Server-wide thread pool size limit: 3276
I20260630 12:25:14.187863  8325 consensus_peers.cc:770] Retrying to get permanent uuid for remote peer: member_type: VOTER last_known_addr { host: "127.7.5.188" port: 44951 } attempt: 1
W20260630 12:25:14.193800  8325 consensus_peers.cc:760] Error getting permanent uuid from config peer 127.7.5.188:44951: Network error: Client connection negotiation failed: client connection to 127.7.5.188:44951: connect: Connection refused (error 111)
I20260630 12:25:14.194926  7190 rpc_server.cc:307] RPC server started. Bound to: 127.7.5.188:44951
I20260630 12:25:14.195317  8454 acceptor_pool.cc:272] collecting diagnostics on the listening RPC socket 127.7.5.188:44951 every 8 connection(s)
I20260630 12:25:14.198174  7190 internal_mini_cluster.cc:184] Waiting to initialize catalog manager on master 0
I20260630 12:25:14.198866  8455 data_dirs.cc:400] Could only allocate 1 dirs of requested 3 for tablet 00000000000000000000000000000000. 1 dirs total, 0 dirs full, 0 dirs failed
I20260630 12:25:14.201241  8390 consensus_peers.cc:770] Retrying to get permanent uuid for remote peer: member_type: VOTER last_known_addr { host: "127.7.5.188" port: 44951 } attempt: 1
I20260630 12:25:14.206904  8455 sys_catalog.cc:422] member_type: VOTER last_known_addr { host: "127.7.5.190" port: 40497 } has no permanent_uuid. Determining permanent_uuid...
I20260630 12:25:14.221218  8455 sys_catalog.cc:422] member_type: VOTER last_known_addr { host: "127.7.5.189" port: 45199 } has no permanent_uuid. Determining permanent_uuid...
I20260630 12:25:14.221848  8390 tablet_bootstrap.cc:492] T 00000000000000000000000000000000 P 68b5a72662c7428097bba8b0f7980dd4: Bootstrap starting.
I20260630 12:25:14.228298  8390 tablet_bootstrap.cc:654] T 00000000000000000000000000000000 P 68b5a72662c7428097bba8b0f7980dd4: Neither blocks nor log segments found. Creating new log.
I20260630 12:25:14.233959  8390 tablet_bootstrap.cc:492] T 00000000000000000000000000000000 P 68b5a72662c7428097bba8b0f7980dd4: No bootstrap required, opened a new log
I20260630 12:25:14.234581  8455 sys_catalog.cc:422] member_type: VOTER last_known_addr { host: "127.7.5.188" port: 44951 } has no permanent_uuid. Determining permanent_uuid...
I20260630 12:25:14.236789  8390 raft_consensus.cc:359] T 00000000000000000000000000000000 P 68b5a72662c7428097bba8b0f7980dd4 [term 0 FOLLOWER]: Replica starting. Triggering 0 pending ops. Active config: opid_index: -1 OBSOLETE_local: false peers { permanent_uuid: "e9a28604b27d4d968775c8956e5a87f8" member_type: VOTER last_known_addr { host: "127.7.5.190" port: 40497 } } peers { permanent_uuid: "68b5a72662c7428097bba8b0f7980dd4" member_type: VOTER last_known_addr { host: "127.7.5.189" port: 45199 } } peers { permanent_uuid: "1a14320bd29a44248d73461e4fabf8e0" member_type: VOTER last_known_addr { host: "127.7.5.188" port: 44951 } }
