0630 12:27:03.964329 (+1184434us) inbound_call.cc:177] Queueing success response
Related trace 'op':
0630 12:27:03.376032 (+     0us) write_op.cc:183] PREPARE: starting on tablet 7891049ac879482b814fd1903f362e9e
0630 12:27:03.376569 (+   537us) write_op.cc:432] Acquiring schema lock in shared mode
0630 12:27:03.376597 (+    28us) write_op.cc:435] Acquired schema lock
0630 12:27:03.376609 (+    12us) tablet.cc:662] Decoding operations
0630 12:27:03.386976 (+ 10367us) write_op.cc:620] Acquiring the partition lock for write op
0630 12:27:03.387024 (+    48us) write_op.cc:641] Partition lock acquired for write op
0630 12:27:03.387052 (+    28us) tablet.cc:685] Acquiring locks for 5 operations
0630 12:27:03.387463 (+   411us) tablet.cc:701] Row locks acquired
0630 12:27:03.387475 (+    12us) write_op.cc:260] PREPARE: finished
0630 12:27:03.387666 (+   191us) write_op.cc:270] Start()
0630 12:27:03.387766 (+   100us) write_op.cc:276] Timestamp: P: 1782822423387617 usec, L: 0
0630 12:27:03.387800 (+    34us) op_driver.cc:348] REPLICATION: starting
0630 12:27:03.388369 (+   569us) log.cc:844] Serialized 519 byte log entry
0630 12:27:03.509735 (+121366us) spinlock_profiling.cc:243] Waited 112 ms on lock 0x7b58000b87d0. stack: 00007fa914033983 00007fa914033880 00007fa9139c31d4 000000000042d824 000000000042d7b9 00007fa9170bb090 00007fa9170ab43c 00007fa9170b1d53 00007fa9170b1cd9 00007fa9170b1c69 00007fa9170b1c31 00007fa9170b0dfd 000000000043f3c4 000000000043f209 00007fa914065ab5 00007fa914067e01
0630 12:27:03.810552 (+300817us) op_driver.cc:464] REPLICATION: finished
0630 12:27:03.948074 (+137522us) write_op.cc:301] APPLY: starting
0630 12:27:03.948154 (+    80us) tablet.cc:1367] starting BulkCheckPresence
0630 12:27:03.948484 (+   330us) tablet.cc:1370] finished BulkCheckPresence
0630 12:27:03.948505 (+    21us) tablet.cc:1372] starting ApplyRowOperation cycle
0630 12:27:03.949329 (+   824us) tablet.cc:1383] finished ApplyRowOperation cycle
0630 12:27:03.949505 (+   176us) tablet_metrics.cc:581] ProbeStats: bloom_lookups=0,key_file_lookups=0,delta_file_lookups=0,mrs_lookups=0
0630 12:27:03.949545 (+    40us) write_op.cc:312] APPLY: finished
0630 12:27:03.949746 (+   201us) log.cc:844] Serialized 46 byte log entry
0630 12:27:03.963821 (+ 14075us) write_op.cc:489] Releasing partition, row and schema locks
0630 12:27:03.963932 (+   111us) write_op.cc:454] Released schema lock
0630 12:27:03.963979 (+    47us) write_op.cc:341] FINISH: Updating metrics
Metrics: {"child_traces":[["op",{"apply.queue_time_us":137326,"num_ops":5,"prepare.queue_time_us":565596,"prepare.run_cpu_time_us":2964,"prepare.run_wall_time_us":12950,"raft.queue_time_us":99,"raft.run_cpu_time_us":3526,"raft.run_wall_time_us":121109,"replication_time_us":421753,"spinlock_wait_cycles":257722240}]]}
W20260630 12:27:04.697407 11734 meta_cache.cc:1261] Time spent looking up entry by key: real 0.079s	user 0.003s	sys 0.000s
W20260630 12:27:04.764179 11406 outbound_call.cc:321] RPC callback for RPC call kudu.consensus.ConsensusService.UpdateConsensus -> {remote=127.6.206.194:33967, user_credentials={real_user=slave}} blocked reactor thread for 60423.8us
I20260630 12:27:06.926376  6971 file_cache.cc:492] Constructed file cache file cache with capacity 419430
W20260630 12:27:06.932615 11826 instance_detector.cc:116] could not retrieve AWS instance metadata: Network error: curl error: HTTP response code said error: The requested URL returned error: 404
W20260630 12:27:06.933550 11827 instance_detector.cc:116] could not retrieve Azure instance metadata: Network error: curl error: HTTP response code said error: The requested URL returned error: 404
W20260630 12:27:06.934070 11829 instance_detector.cc:116] could not retrieve OpenStack instance metadata: Network error: curl error: HTTP response code said error: The requested URL returned error: 404
I20260630 12:27:06.935364  6971 server_base.cc:1061] running on GCE node
I20260630 12:27:06.937673  6971 hybrid_clock.cc:584] initializing the hybrid clock with 'system_unsync' time source
W20260630 12:27:06.937911  6971 system_unsync_time.cc:38] NTP support is disabled. Clock error bounds will not be accurate. This configuration is not suitable for distributed clusters.
I20260630 12:27:06.938134  6971 hybrid_clock.cc:648] HybridClock initialized: now 1782822426938113 us; error 0 us; skew 500 ppm
I20260630 12:27:06.938657  6971 server_base.cc:861] Flag tcmalloc_max_total_thread_cache_bytes is not working since tcmalloc is not enabled.
I20260630 12:27:06.941702  6971 webserver.cc:533] Webserver started at http://127.6.206.196:46167/ using document root <none> and password file <none>
I20260630 12:27:06.942711  6971 fs_manager.cc:362] Metadata directory not provided
I20260630 12:27:06.943014  6971 fs_manager.cc:368] Using write-ahead log directory (fs_wal_dir) as metadata directory
I20260630 12:27:06.943610  6971 server_base.cc:909] This appears to be a new deployment of Kudu; creating new FS layout
I20260630 12:27:06.945503  6971 fs_manager.cc:1068] Generated new instance metadata in path /tmp/dist-test-task3FQMDW/test-tmp/auto_rebalancer-test.0.AutoRebalancerTest.TestMaxMovesPerServer.1782822296579704-6971-0/minicluster-data/ts-3-root/instance:
uuid: "d757a114e2bd43f39a9c81f5fd2b93ab"
format_stamp: "Formatted at 2026-06-30 12:27:06 on dist-test-slave-n1kv"
I20260630 12:27:06.953488  6971 fs_manager.cc:696] Time spent creating directory manager: real 0.007s	user 0.007s	sys 0.000s
I20260630 12:27:06.959168 11834 log_block_manager.cc:4031] Time spent loading block containers with low live blocks: real 0.000s	user 0.000s	sys 0.000s
I20260630 12:27:06.960266  6971 fs_manager.cc:730] Time spent opening block manager: real 0.003s	user 0.001s	sys 0.001s
I20260630 12:27:06.960716  6971 fs_manager.cc:647] Opened local filesystem: /tmp/dist-test-task3FQMDW/test-tmp/auto_rebalancer-test.0.AutoRebalancerTest.TestMaxMovesPerServer.1782822296579704-6971-0/minicluster-data/ts-3-root
uuid: "d757a114e2bd43f39a9c81f5fd2b93ab"
format_stamp: "Formatted at 2026-06-30 12:27:06 on dist-test-slave-n1kv"
I20260630 12:27:06.961134  6971 fs_report.cc:389] FS layout report
--------------------
wal directory: /tmp/dist-test-task3FQMDW/test-tmp/auto_rebalancer-test.0.AutoRebalancerTest.TestMaxMovesPerServer.1782822296579704-6971-0/minicluster-data/ts-3-root
metadata directory: /tmp/dist-test-task3FQMDW/test-tmp/auto_rebalancer-test.0.AutoRebalancerTest.TestMaxMovesPerServer.1782822296579704-6971-0/minicluster-data/ts-3-root
1 data directories: /tmp/dist-test-task3FQMDW/test-tmp/auto_rebalancer-test.0.AutoRebalancerTest.TestMaxMovesPerServer.1782822296579704-6971-0/minicluster-data/ts-3-root/data
Total live blocks: 0
Total live bytes: 0
Total live bytes (after alignment): 0
Total number of LBM containers: 0 (0 full)
Did not check for missing blocks
Did not check for orphaned blocks
Total full LBM containers with extra space: 0 (0 repaired)
Total full LBM container extra space in bytes: 0 (0 repaired)
Total incomplete LBM containers: 0 (0 repaired)
Total LBM partial records: 0 (0 repaired)
Total corrupted LBM metadata records in RocksDB: 0 (0 repaired)
I20260630 12:27:06.978698  6971 rpc_server.cc:225] running with OpenSSL 1.1.1  11 Sep 2018
I20260630 12:27:06.979974  6971 kserver.cc:163] Server-wide thread pool size limit: 3276
I20260630 12:27:06.981576  6971 txn_system_client.cc:432] TxnSystemClient initialization is disabled...
I20260630 12:27:06.983847  6971 ts_tablet_manager.cc:585] Loaded tablet metadata (0 total tablets, 0 live tablets)
I20260630 12:27:06.984089  6971 ts_tablet_manager.cc:531] Time spent load tablet metadata: real 0.000s	user 0.000s	sys 0.000s
I20260630 12:27:06.984344  6971 ts_tablet_manager.cc:616] Registered 0 tablets
I20260630 12:27:06.984522  6971 ts_tablet_manager.cc:595] Time spent register tablets: real 0.000s	user 0.000s	sys 0.000s
I20260630 12:27:07.026724  6971 rpc_server.cc:307] RPC server started. Bound to: 127.6.206.196:43501
I20260630 12:27:07.026852 11896 acceptor_pool.cc:272] collecting diagnostics on the listening RPC socket 127.6.206.196:43501 every 8 connection(s)
I20260630 12:27:07.032232  6971 file_cache.cc:492] Constructed file cache file cache with capacity 419430
W20260630 12:27:07.038990 11901 instance_detector.cc:116] could not retrieve AWS instance metadata: Network error: curl error: HTTP response code said error: The requested URL returned error: 404
W20260630 12:27:07.042704 11902 instance_detector.cc:116] could not retrieve Azure instance metadata: Network error: curl error: HTTP response code said error: The requested URL returned error: 404
I20260630 12:27:07.045037  6971 server_base.cc:1061] running on GCE node
I20260630 12:27:07.046145 11897 heartbeater.cc:344] Connected to a master server at 127.6.206.254:36261
I20260630 12:27:07.046607 11897 heartbeater.cc:461] Registering TS with master...
W20260630 12:27:07.046905 11904 instance_detector.cc:116] could not retrieve OpenStack instance metadata: Network error: curl error: HTTP response code said error: The requested URL returned error: 404
I20260630 12:27:07.048455 11897 heartbeater.cc:507] Master 127.6.206.254:36261 requested a full tablet report, sending...
I20260630 12:27:07.049849  6971 hybrid_clock.cc:584] initializing the hybrid clock with 'system_unsync' time source
W20260630 12:27:07.050127  6971 system_unsync_time.cc:38] NTP support is disabled. Clock error bounds will not be accurate. This configuration is not suitable for distributed clusters.
I20260630 12:27:07.050335  6971 hybrid_clock.cc:648] HybridClock initialized: now 1782822427050319 us; error 0 us; skew 500 ppm
I20260630 12:27:07.050933  6971 server_base.cc:861] Flag tcmalloc_max_total_thread_cache_bytes is not working since tcmalloc is not enabled.
I20260630 12:27:07.051004 11332 ts_manager.cc:194] Registered new tserver with Master: d757a114e2bd43f39a9c81f5fd2b93ab (127.6.206.196:43501)
I20260630 12:27:07.052603 11332 master_service.cc:502] Signed X509 certificate for tserver {username='slave'} at 127.0.0.1:38118
I20260630 12:27:07.054219  6971 webserver.cc:533] Webserver started at http://127.6.206.197:38479/ using document root <none> and password file <none>
I20260630 12:27:07.054793  6971 fs_manager.cc:362] Metadata directory not provided
I20260630 12:27:07.055027  6971 fs_manager.cc:368] Using write-ahead log directory (fs_wal_dir) as metadata directory
I20260630 12:27:07.055339  6971 server_base.cc:909] This appears to be a new deployment of Kudu; creating new FS layout
I20260630 12:27:07.056550  6971 fs_manager.cc:1068] Generated new instance metadata in path /tmp/dist-test-task3FQMDW/test-tmp/auto_rebalancer-test.0.AutoRebalancerTest.TestMaxMovesPerServer.1782822296579704-6971-0/minicluster-data/ts-4-root/instance:
uuid: "d9d58f216e144dfc90275b06dbd5f402"
format_stamp: "Formatted at 2026-06-30 12:27:07 on dist-test-slave-n1kv"
I20260630 12:27:07.061518  6971 fs_manager.cc:696] Time spent creating directory manager: real 0.004s	user 0.004s	sys 0.000s
I20260630 12:27:07.065006 11909 log_block_manager.cc:4031] Time spent loading block containers with low live blocks: real 0.000s	user 0.000s	sys 0.000s
I20260630 12:27:07.065826  6971 fs_manager.cc:730] Time spent opening block manager: real 0.002s	user 0.002s	sys 0.001s
I20260630 12:27:07.066257  6971 fs_manager.cc:647] Opened local filesystem: /tmp/dist-test-task3FQMDW/test-tmp/auto_rebalancer-test.0.AutoRebalancerTest.TestMaxMovesPerServer.1782822296579704-6971-0/minicluster-data/ts-4-root
uuid: "d9d58f216e144dfc90275b06dbd5f402"
format_stamp: "Formatted at 2026-06-30 12:27:07 on dist-test-slave-n1kv"
I20260630 12:27:07.066565  6971 fs_report.cc:389] FS layout report
--------------------
wal directory: /tmp/dist-test-task3FQMDW/test-tmp/auto_rebalancer-test.0.AutoRebalancerTest.TestMaxMovesPerServer.1782822296579704-6971-0/minicluster-data/ts-4-root
metadata directory: /tmp/dist-test-task3FQMDW/test-tmp/auto_rebalancer-test.0.AutoRebalancerTest.TestMaxMovesPerServer.1782822296579704-6971-0/minicluster-data/ts-4-root
1 data directories: /tmp/dist-test-task3FQMDW/test-tmp/auto_rebalancer-test.0.AutoRebalancerTest.TestMaxMovesPerServer.1782822296579704-6971-0/minicluster-data/ts-4-root/data
Total live blocks: 0
Total live bytes: 0
Total live bytes (after alignment): 0
Total number of LBM containers: 0 (0 full)
Did not check for missing blocks
Did not check for orphaned blocks
Total full LBM containers with extra space: 0 (0 repaired)
Total full LBM container extra space in bytes: 0 (0 repaired)
Total incomplete LBM containers: 0 (0 repaired)
Total LBM partial records: 0 (0 repaired)
Total corrupted LBM metadata records in RocksDB: 0 (0 repaired)
I20260630 12:27:07.080588  6971 rpc_server.cc:225] running with OpenSSL 1.1.1  11 Sep 2018
I20260630 12:27:07.082006  6971 kserver.cc:163] Server-wide thread pool size limit: 3276
I20260630 12:27:07.084944  6971 txn_system_client.cc:432] TxnSystemClient initialization is disabled...
I20260630 12:27:07.087561  6971 ts_tablet_manager.cc:585] Loaded tablet metadata (0 total tablets, 0 live tablets)
I20260630 12:27:07.087910  6971 ts_tablet_manager.cc:531] Time spent load tablet metadata: real 0.000s	user 0.000s	sys 0.000s
I20260630 12:27:07.088239  6971 ts_tablet_manager.cc:616] Registered 0 tablets
I20260630 12:27:07.088485  6971 ts_tablet_manager.cc:595] Time spent register tablets: real 0.000s	user 0.000s	sys 0.000s
I20260630 12:27:07.151875  6971 rpc_server.cc:307] RPC server started. Bound to: 127.6.206.197:35711
I20260630 12:27:07.151867 11971 acceptor_pool.cc:272] collecting diagnostics on the listening RPC socket 127.6.206.197:35711 every 8 connection(s)
I20260630 12:27:07.159075  6971 file_cache.cc:492] Constructed file cache file cache with capacity 419430
W20260630 12:27:07.165161 11975 instance_detector.cc:116] could not retrieve AWS instance metadata: Network error: curl error: HTTP response code said error: The requested URL returned error: 404
W20260630 12:27:07.167043 11976 instance_detector.cc:116] could not retrieve Azure instance metadata: Network error: curl error: HTTP response code said error: The requested URL returned error: 404
W20260630 12:27:07.171257 11978 instance_detector.cc:116] could not retrieve OpenStack instance metadata: Network error: curl error: HTTP response code said error: The requested URL returned error: 404
I20260630 12:27:07.172072 11972 heartbeater.cc:344] Connected to a master server at 127.6.206.254:36261
I20260630 12:27:07.172173  6971 server_base.cc:1061] running on GCE node
I20260630 12:27:07.172814 11972 heartbeater.cc:461] Registering TS with master...
I20260630 12:27:07.174050 11972 heartbeater.cc:507] Master 127.6.206.254:36261 requested a full tablet report, sending...
I20260630 12:27:07.174185  6971 hybrid_clock.cc:584] initializing the hybrid clock with 'system_unsync' time source
W20260630 12:27:07.174578  6971 system_unsync_time.cc:38] NTP support is disabled. Clock error bounds will not be accurate. This configuration is not suitable for distributed clusters.
I20260630 12:27:07.174791  6971 hybrid_clock.cc:648] HybridClock initialized: now 1782822427174773 us; error 0 us; skew 500 ppm
I20260630 12:27:07.175541  6971 server_base.cc:861] Flag tcmalloc_max_total_thread_cache_bytes is not working since tcmalloc is not enabled.
I20260630 12:27:07.176411 11332 ts_manager.cc:194] Registered new tserver with Master: d9d58f216e144dfc90275b06dbd5f402 (127.6.206.197:35711)
I20260630 12:27:07.177965 11332 master_service.cc:502] Signed X509 certificate for tserver {username='slave'} at 127.0.0.1:38122
I20260630 12:27:07.180557  6971 webserver.cc:533] Webserver started at http://127.6.206.198:37397/ using document root <none> and password file <none>
I20260630 12:27:07.181190  6971 fs_manager.cc:362] Metadata directory not provided
I20260630 12:27:07.181424  6971 fs_manager.cc:368] Using write-ahead log directory (fs_wal_dir) as metadata directory
I20260630 12:27:07.181701  6971 server_base.cc:909] This appears to be a new deployment of Kudu; creating new FS layout
I20260630 12:27:07.183064  6971 fs_manager.cc:1068] Generated new instance metadata in path /tmp/dist-test-task3FQMDW/test-tmp/auto_rebalancer-test.0.AutoRebalancerTest.TestMaxMovesPerServer.1782822296579704-6971-0/minicluster-data/ts-5-root/instance:
uuid: "246e985915ed4216b6fab568fbb22487"
format_stamp: "Formatted at 2026-06-30 12:27:07 on dist-test-slave-n1kv"
I20260630 12:27:07.188076  6971 fs_manager.cc:696] Time spent creating directory manager: real 0.004s	user 0.005s	sys 0.001s
I20260630 12:27:07.192384 11983 log_block_manager.cc:4031] Time spent loading block containers with low live blocks: real 0.000s	user 0.000s	sys 0.000s
I20260630 12:27:07.193421  6971 fs_manager.cc:730] Time spent opening block manager: real 0.003s	user 0.003s	sys 0.000s
I20260630 12:27:07.193780  6971 fs_manager.cc:647] Opened local filesystem: /tmp/dist-test-task3FQMDW/test-tmp/auto_rebalancer-test.0.AutoRebalancerTest.TestMaxMovesPerServer.1782822296579704-6971-0/minicluster-data/ts-5-root
uuid: "246e985915ed4216b6fab568fbb22487"
format_stamp: "Formatted at 2026-06-30 12:27:07 on dist-test-slave-n1kv"
I20260630 12:27:07.194075  6971 fs_report.cc:389] FS layout report
--------------------
wal directory: /tmp/dist-test-task3FQMDW/test-tmp/auto_rebalancer-test.0.AutoRebalancerTest.TestMaxMovesPerServer.1782822296579704-6971-0/minicluster-data/ts-5-root
metadata directory: /tmp/dist-test-task3FQMDW/test-tmp/auto_rebalancer-test.0.AutoRebalancerTest.TestMaxMovesPerServer.1782822296579704-6971-0/minicluster-data/ts-5-root
1 data directories: /tmp/dist-test-task3FQMDW/test-tmp/auto_rebalancer-test.0.AutoRebalancerTest.TestMaxMovesPerServer.1782822296579704-6971-0/minicluster-data/ts-5-root/data
Total live blocks: 0
Total live bytes: 0
Total live bytes (after alignment): 0
Total number of LBM containers: 0 (0 full)
Did not check for missing blocks
Did not check for orphaned blocks
Total full LBM containers with extra space: 0 (0 repaired)
Total full LBM container extra space in bytes: 0 (0 repaired)
Total incomplete LBM containers: 0 (0 repaired)
Total LBM partial records: 0 (0 repaired)
Total corrupted LBM metadata records in RocksDB: 0 (0 repaired)
I20260630 12:27:07.213459  6971 rpc_server.cc:225] running with OpenSSL 1.1.1  11 Sep 2018
I20260630 12:27:07.214637  6971 kserver.cc:163] Server-wide thread pool size limit: 3276
I20260630 12:27:07.216814  6971 txn_system_client.cc:432] TxnSystemClient initialization is disabled...
I20260630 12:27:07.219799  6971 ts_tablet_manager.cc:585] Loaded tablet metadata (0 total tablets, 0 live tablets)
I20260630 12:27:07.220081  6971 ts_tablet_manager.cc:531] Time spent load tablet metadata: real 0.000s	user 0.000s	sys 0.000s
I20260630 12:27:07.220379  6971 ts_tablet_manager.cc:616] Registered 0 tablets
I20260630 12:27:07.220604  6971 ts_tablet_manager.cc:595] Time spent register tablets: real 0.000s	user 0.000s	sys 0.000s
I20260630 12:27:07.304121  6971 rpc_server.cc:307] RPC server started. Bound to: 127.6.206.198:45059
I20260630 12:27:07.304201 12045 acceptor_pool.cc:272] collecting diagnostics on the listening RPC socket 127.6.206.198:45059 every 8 connection(s)
I20260630 12:27:07.321327 12046 heartbeater.cc:344] Connected to a master server at 127.6.206.254:36261
I20260630 12:27:07.321774 12046 heartbeater.cc:461] Registering TS with master...
I20260630 12:27:07.322795 12046 heartbeater.cc:507] Master 127.6.206.254:36261 requested a full tablet report, sending...
I20260630 12:27:07.325170 11332 ts_manager.cc:194] Registered new tserver with Master: 246e985915ed4216b6fab568fbb22487 (127.6.206.198:45059)
I20260630 12:27:07.326622 11332 master_service.cc:502] Signed X509 certificate for tserver {username='slave'} at 127.0.0.1:38134
I20260630 12:27:07.656744 11513 consensus_queue.cc:237] T bbac9dd2310844f1aa42582863a1f447 P 008e74304cce44b2ba779884fdcdc8ff [LEADER]: Queue going to LEADER mode. State: All replicated index: 0, Majority replicated index: 24, Committed index: 24, Last appended: 1.24, Last appended by leader: 0, Current term: 1, Majority size: 2, State: 0, Mode: LEADER, active raft config: opid_index: 25 OBSOLETE_local: false peers { permanent_uuid: "5aee5277302c4887a08e60cb5342919a" member_type: VOTER last_known_addr { host: "127.6.206.193" port: 46439 } } peers { permanent_uuid: "008e74304cce44b2ba779884fdcdc8ff" member_type: VOTER last_known_addr { host: "127.6.206.194" port: 33967 } } peers { permanent_uuid: "5b40895c1f4e4f0fb5f53ed31645bd21" member_type: VOTER last_known_addr { host: "127.6.206.195" port: 45657 } attrs { replace: true } } peers { permanent_uuid: "d9d58f216e144dfc90275b06dbd5f402" member_type: NON_VOTER last_known_addr { host: "127.6.206.197" port: 35711 } attrs { promote: true } }
I20260630 12:27:07.665298 11589 raft_consensus.cc:1275] T bbac9dd2310844f1aa42582863a1f447 P 5b40895c1f4e4f0fb5f53ed31645bd21 [term 1 FOLLOWER]: Refusing update from remote peer 008e74304cce44b2ba779884fdcdc8ff: Log matching property violated. Preceding OpId in replica: term: 1 index: 24. Preceding OpId from leader: term: 1 index: 25. (index mismatch)
I20260630 12:27:07.666329 11435 raft_consensus.cc:1275] T bbac9dd2310844f1aa42582863a1f447 P 5aee5277302c4887a08e60cb5342919a [term 1 FOLLOWER]: Refusing update from remote peer 008e74304cce44b2ba779884fdcdc8ff: Log matching property violated. Preceding OpId in replica: term: 1 index: 24. Preceding OpId from leader: term: 1 index: 25. (index mismatch)
I20260630 12:27:07.668040 12053 consensus_queue.cc:1048] T bbac9dd2310844f1aa42582863a1f447 P 008e74304cce44b2ba779884fdcdc8ff [LEADER]: Connected to new peer: Peer: permanent_uuid: "5b40895c1f4e4f0fb5f53ed31645bd21" member_type: VOTER last_known_addr { host: "127.6.206.195" port: 45657 } attrs { replace: true }, Status: LMP_MISMATCH, Last received: 0.0, Next index: 25, Last known committed idx: 24, Time since last communication: 0.001s
I20260630 12:27:07.669427 11819 consensus_queue.cc:1048] T bbac9dd2310844f1aa42582863a1f447 P 008e74304cce44b2ba779884fdcdc8ff [LEADER]: Connected to new peer: Peer: permanent_uuid: "5aee5277302c4887a08e60cb5342919a" member_type: VOTER last_known_addr { host: "127.6.206.193" port: 46439 }, Status: LMP_MISMATCH, Last received: 0.0, Next index: 25, Last known committed idx: 24, Time since last communication: 0.000s
I20260630 12:27:07.677404 12053 raft_consensus.cc:2955] T bbac9dd2310844f1aa42582863a1f447 P 008e74304cce44b2ba779884fdcdc8ff [term 1 LEADER]: Committing config change with OpId 1.25: config changed from index -1 to 25, NON_VOTER d9d58f216e144dfc90275b06dbd5f402 (127.6.206.197) added. New config: { opid_index: 25 OBSOLETE_local: false peers { permanent_uuid: "5aee5277302c4887a08e60cb5342919a" member_type: VOTER last_known_addr { host: "127.6.206.193" port: 46439 } } peers { permanent_uuid: "008e74304cce44b2ba779884fdcdc8ff" member_type: VOTER last_known_addr { host: "127.6.206.194" port: 33967 } } peers { permanent_uuid: "5b40895c1f4e4f0fb5f53ed31645bd21" member_type: VOTER last_known_addr { host: "127.6.206.195" port: 45657 } attrs { replace: true } } peers { permanent_uuid: "d9d58f216e144dfc90275b06dbd5f402" member_type: NON_VOTER last_known_addr { host: "127.6.206.197" port: 35711 } attrs { promote: true } } }
I20260630 12:27:07.682345 11589 raft_consensus.cc:2955] T bbac9dd2310844f1aa42582863a1f447 P 5b40895c1f4e4f0fb5f53ed31645bd21 [term 1 FOLLOWER]: Committing config change with OpId 1.25: config changed from index -1 to 25, NON_VOTER d9d58f216e144dfc90275b06dbd5f402 (127.6.206.197) added. New config: { opid_index: 25 OBSOLETE_local: false peers { permanent_uuid: "5aee5277302c4887a08e60cb5342919a" member_type: VOTER last_known_addr { host: "127.6.206.193" port: 46439 } } peers { permanent_uuid: "008e74304cce44b2ba779884fdcdc8ff" member_type: VOTER last_known_addr { host: "127.6.206.194" port: 33967 } } peers { permanent_uuid: "5b40895c1f4e4f0fb5f53ed31645bd21" member_type: VOTER last_known_addr { host: "127.6.206.195" port: 45657 } attrs { replace: true } } peers { permanent_uuid: "d9d58f216e144dfc90275b06dbd5f402" member_type: NON_VOTER last_known_addr { host: "127.6.206.197" port: 35711 } attrs { promote: true } } }
W20260630 12:27:07.684429 11478 consensus_peers.cc:597] T bbac9dd2310844f1aa42582863a1f447 P 008e74304cce44b2ba779884fdcdc8ff -> Peer d9d58f216e144dfc90275b06dbd5f402 (127.6.206.197:35711): Couldn't send request to peer d9d58f216e144dfc90275b06dbd5f402. Error code: TABLET_NOT_FOUND (6). Status: Not found: Tablet not found: bbac9dd2310844f1aa42582863a1f447. This is attempt 1: this message will repeat every 5th retry.
I20260630 12:27:07.683423 11435 raft_consensus.cc:2955] T bbac9dd2310844f1aa42582863a1f447 P 5aee5277302c4887a08e60cb5342919a [term 1 FOLLOWER]: Committing config change with OpId 1.25: config changed from index -1 to 25, NON_VOTER d9d58f216e144dfc90275b06dbd5f402 (127.6.206.197) added. New config: { opid_index: 25 OBSOLETE_local: false peers { permanent_uuid: "5aee5277302c4887a08e60cb5342919a" member_type: VOTER last_known_addr { host: "127.6.206.193" port: 46439 } } peers { permanent_uuid: "008e74304cce44b2ba779884fdcdc8ff" member_type: VOTER last_known_addr { host: "127.6.206.194" port: 33967 } } peers { permanent_uuid: "5b40895c1f4e4f0fb5f53ed31645bd21" member_type: VOTER last_known_addr { host: "127.6.206.195" port: 45657 } attrs { replace: true } } peers { permanent_uuid: "d9d58f216e144dfc90275b06dbd5f402" member_type: NON_VOTER last_known_addr { host: "127.6.206.197" port: 35711 } attrs { promote: true } } }
I20260630 12:27:07.704490 11513 consensus_queue.cc:237] T fea2d74170ee4d62ab801b03b87d2789 P 008e74304cce44b2ba779884fdcdc8ff [LEADER]: Queue going to LEADER mode. State: All replicated index: 0, Majority replicated index: 25, Committed index: 25, Last appended: 1.25, Last appended by leader: 0, Current term: 1, Majority size: 2, State: 0, Mode: LEADER, active raft config: opid_index: 26 OBSOLETE_local: false peers { permanent_uuid: "5aee5277302c4887a08e60cb5342919a" member_type: VOTER last_known_addr { host: "127.6.206.193" port: 46439 } attrs { replace: true } } peers { permanent_uuid: "008e74304cce44b2ba779884fdcdc8ff" member_type: VOTER last_known_addr { host: "127.6.206.194" port: 33967 } } peers { permanent_uuid: "5b40895c1f4e4f0fb5f53ed31645bd21" member_type: VOTER last_known_addr { host: "127.6.206.195" port: 45657 } } peers { permanent_uuid: "d757a114e2bd43f39a9c81f5fd2b93ab" member_type: NON_VOTER last_known_addr { host: "127.6.206.196" port: 43501 } attrs { promote: true } }
I20260630 12:27:07.706660 11332 catalog_manager.cc:5697] T bbac9dd2310844f1aa42582863a1f447 P 5b40895c1f4e4f0fb5f53ed31645bd21 reported cstate change: config changed from index -1 to 25, NON_VOTER d9d58f216e144dfc90275b06dbd5f402 (127.6.206.197) added. New cstate: current_term: 1 leader_uuid: "008e74304cce44b2ba779884fdcdc8ff" committed_config { opid_index: 25 OBSOLETE_local: false peers { permanent_uuid: "5aee5277302c4887a08e60cb5342919a" member_type: VOTER last_known_addr { host: "127.6.206.193" port: 46439 } } peers { permanent_uuid: "008e74304cce44b2ba779884fdcdc8ff" member_type: VOTER last_known_addr { host: "127.6.206.194" port: 33967 } } peers { permanent_uuid: "5b40895c1f4e4f0fb5f53ed31645bd21" member_type: VOTER last_known_addr { host: "127.6.206.195" port: 45657 } attrs { replace: true } } peers { permanent_uuid: "d9d58f216e144dfc90275b06dbd5f402" member_type: NON_VOTER last_known_addr { host: "127.6.206.197" port: 35711 } attrs { promote: true } } }
I20260630 12:27:07.714851 11589 raft_consensus.cc:1275] T fea2d74170ee4d62ab801b03b87d2789 P 5b40895c1f4e4f0fb5f53ed31645bd21 [term 1 FOLLOWER]: Refusing update from remote peer 008e74304cce44b2ba779884fdcdc8ff: Log matching property violated. Preceding OpId in replica: term: 1 index: 25. Preceding OpId from leader: term: 1 index: 26. (index mismatch)
I20260630 12:27:07.714988 11435 raft_consensus.cc:1275] T fea2d74170ee4d62ab801b03b87d2789 P 5aee5277302c4887a08e60cb5342919a [term 1 FOLLOWER]: Refusing update from remote peer 008e74304cce44b2ba779884fdcdc8ff: Log matching property violated. Preceding OpId in replica: term: 1 index: 25. Preceding OpId from leader: term: 1 index: 26. (index mismatch)
I20260630 12:27:07.716989 12050 consensus_queue.cc:1048] T fea2d74170ee4d62ab801b03b87d2789 P 008e74304cce44b2ba779884fdcdc8ff [LEADER]: Connected to new peer: Peer: permanent_uuid: "5aee5277302c4887a08e60cb5342919a" member_type: VOTER last_known_addr { host: "127.6.206.193" port: 46439 } attrs { replace: true }, Status: LMP_MISMATCH, Last received: 0.0, Next index: 26, Last known committed idx: 25, Time since last communication: 0.001s
I20260630 12:27:07.718465 11819 consensus_queue.cc:1048] T fea2d74170ee4d62ab801b03b87d2789 P 008e74304cce44b2ba779884fdcdc8ff [LEADER]: Connected to new peer: Peer: permanent_uuid: "5b40895c1f4e4f0fb5f53ed31645bd21" member_type: VOTER last_known_addr { host: "127.6.206.195" port: 45657 }, Status: LMP_MISMATCH, Last received: 0.0, Next index: 26, Last known committed idx: 25, Time since last communication: 0.001s
I20260630 12:27:07.728513 11819 raft_consensus.cc:2955] T fea2d74170ee4d62ab801b03b87d2789 P 008e74304cce44b2ba779884fdcdc8ff [term 1 LEADER]: Committing config change with OpId 1.26: config changed from index -1 to 26, NON_VOTER d757a114e2bd43f39a9c81f5fd2b93ab (127.6.206.196) added. New config: { opid_index: 26 OBSOLETE_local: false peers { permanent_uuid: "5aee5277302c4887a08e60cb5342919a" member_type: VOTER last_known_addr { host: "127.6.206.193" port: 46439 } attrs { replace: true } } peers { permanent_uuid: "008e74304cce44b2ba779884fdcdc8ff" member_type: VOTER last_known_addr { host: "127.6.206.194" port: 33967 } } peers { permanent_uuid: "5b40895c1f4e4f0fb5f53ed31645bd21" member_type: VOTER last_known_addr { host: "127.6.206.195" port: 45657 } } peers { permanent_uuid: "d757a114e2bd43f39a9c81f5fd2b93ab" member_type: NON_VOTER last_known_addr { host: "127.6.206.196" port: 43501 } attrs { promote: true } } }
I20260630 12:27:07.731391 11589 raft_consensus.cc:2955] T fea2d74170ee4d62ab801b03b87d2789 P 5b40895c1f4e4f0fb5f53ed31645bd21 [term 1 FOLLOWER]: Committing config change with OpId 1.26: config changed from index -1 to 26, NON_VOTER d757a114e2bd43f39a9c81f5fd2b93ab (127.6.206.196) added. New config: { opid_index: 26 OBSOLETE_local: false peers { permanent_uuid: "5aee5277302c4887a08e60cb5342919a" member_type: VOTER last_known_addr { host: "127.6.206.193" port: 46439 } attrs { replace: true } } peers { permanent_uuid: "008e74304cce44b2ba779884fdcdc8ff" member_type: VOTER last_known_addr { host: "127.6.206.194" port: 33967 } } peers { permanent_uuid: "5b40895c1f4e4f0fb5f53ed31645bd21" member_type: VOTER last_known_addr { host: "127.6.206.195" port: 45657 } } peers { permanent_uuid: "d757a114e2bd43f39a9c81f5fd2b93ab" member_type: NON_VOTER last_known_addr { host: "127.6.206.196" port: 43501 } attrs { promote: true } } }
I20260630 12:27:07.731987 11435 raft_consensus.cc:2955] T fea2d74170ee4d62ab801b03b87d2789 P 5aee5277302c4887a08e60cb5342919a [term 1 FOLLOWER]: Committing config change with OpId 1.26: config changed from index -1 to 26, NON_VOTER d757a114e2bd43f39a9c81f5fd2b93ab (127.6.206.196) added. New config: { opid_index: 26 OBSOLETE_local: false peers { permanent_uuid: "5aee5277302c4887a08e60cb5342919a" member_type: VOTER last_known_addr { host: "127.6.206.193" port: 46439 } attrs { replace: true } } peers { permanent_uuid: "008e74304cce44b2ba779884fdcdc8ff" member_type: VOTER last_known_addr { host: "127.6.206.194" port: 33967 } } peers { permanent_uuid: "5b40895c1f4e4f0fb5f53ed31645bd21" member_type: VOTER last_known_addr { host: "127.6.206.195" port: 45657 } } peers { permanent_uuid: "d757a114e2bd43f39a9c81f5fd2b93ab" member_type: NON_VOTER last_known_addr { host: "127.6.206.196" port: 43501 } attrs { promote: true } } }
W20260630 12:27:07.737845 11479 consensus_peers.cc:597] T fea2d74170ee4d62ab801b03b87d2789 P 008e74304cce44b2ba779884fdcdc8ff -> Peer d757a114e2bd43f39a9c81f5fd2b93ab (127.6.206.196:43501): Couldn't send request to peer d757a114e2bd43f39a9c81f5fd2b93ab. Error code: TABLET_NOT_FOUND (6). Status: Not found: Tablet not found: fea2d74170ee4d62ab801b03b87d2789. This is attempt 1: this message will repeat every 5th retry.
I20260630 12:27:07.753791 11338 catalog_manager.cc:5697] T fea2d74170ee4d62ab801b03b87d2789 P 5aee5277302c4887a08e60cb5342919a reported cstate change: config changed from index -1 to 26, NON_VOTER d757a114e2bd43f39a9c81f5fd2b93ab (127.6.206.196) added. New cstate: current_term: 1 leader_uuid: "008e74304cce44b2ba779884fdcdc8ff" committed_config { opid_index: 26 OBSOLETE_local: false peers { permanent_uuid: "5aee5277302c4887a08e60cb5342919a" member_type: VOTER last_known_addr { host: "127.6.206.193" port: 46439 } attrs { replace: true } } peers { permanent_uuid: "008e74304cce44b2ba779884fdcdc8ff" member_type: VOTER last_known_addr { host: "127.6.206.194" port: 33967 } } peers { permanent_uuid: "5b40895c1f4e4f0fb5f53ed31645bd21" member_type: VOTER last_known_addr { host: "127.6.206.195" port: 45657 } } peers { permanent_uuid: "d757a114e2bd43f39a9c81f5fd2b93ab" member_type: NON_VOTER last_known_addr { host: "127.6.206.196" port: 43501 } attrs { promote: true } } }
I20260630 12:27:07.777261 11435 consensus_queue.cc:237] T 74e71d18a4564312b39dd7080d4c9327 P 5aee5277302c4887a08e60cb5342919a [LEADER]: Queue going to LEADER mode. State: All replicated index: 0, Majority replicated index: 25, Committed index: 25, Last appended: 1.25, Last appended by leader: 0, Current term: 1, Majority size: 2, State: 0, Mode: LEADER, active raft config: opid_index: 26 OBSOLETE_local: false peers { permanent_uuid: "5aee5277302c4887a08e60cb5342919a" member_type: VOTER last_known_addr { host: "127.6.206.193" port: 46439 } } peers { permanent_uuid: "008e74304cce44b2ba779884fdcdc8ff" member_type: VOTER last_known_addr { host: "127.6.206.194" port: 33967 } attrs { replace: true } } peers { permanent_uuid: "5b40895c1f4e4f0fb5f53ed31645bd21" member_type: VOTER last_known_addr { host: "127.6.206.195" port: 45657 } } peers { permanent_uuid: "246e985915ed4216b6fab568fbb22487" member_type: NON_VOTER last_known_addr { host: "127.6.206.198" port: 45059 } attrs { promote: true } }
I20260630 12:27:07.785085 11589 raft_consensus.cc:1275] T 74e71d18a4564312b39dd7080d4c9327 P 5b40895c1f4e4f0fb5f53ed31645bd21 [term 1 FOLLOWER]: Refusing update from remote peer 5aee5277302c4887a08e60cb5342919a: Log matching property violated. Preceding OpId in replica: term: 1 index: 25. Preceding OpId from leader: term: 1 index: 26. (index mismatch)
I20260630 12:27:07.785269 11513 raft_consensus.cc:1275] T 74e71d18a4564312b39dd7080d4c9327 P 008e74304cce44b2ba779884fdcdc8ff [term 1 FOLLOWER]: Refusing update from remote peer 5aee5277302c4887a08e60cb5342919a: Log matching property violated. Preceding OpId in replica: term: 1 index: 25. Preceding OpId from leader: term: 1 index: 26. (index mismatch)
I20260630 12:27:07.787096 11683 consensus_queue.cc:1048] T 74e71d18a4564312b39dd7080d4c9327 P 5aee5277302c4887a08e60cb5342919a [LEADER]: Connected to new peer: Peer: permanent_uuid: "5b40895c1f4e4f0fb5f53ed31645bd21" member_type: VOTER last_known_addr { host: "127.6.206.195" port: 45657 }, Status: LMP_MISMATCH, Last received: 0.0, Next index: 26, Last known committed idx: 25, Time since last communication: 0.001s
I20260630 12:27:07.788443 11777 consensus_queue.cc:1048] T 74e71d18a4564312b39dd7080d4c9327 P 5aee5277302c4887a08e60cb5342919a [LEADER]: Connected to new peer: Peer: permanent_uuid: "008e74304cce44b2ba779884fdcdc8ff" member_type: VOTER last_known_addr { host: "127.6.206.194" port: 33967 } attrs { replace: true }, Status: LMP_MISMATCH, Last received: 0.0, Next index: 26, Last known committed idx: 25, Time since last communication: 0.001s
I20260630 12:27:07.801352 11779 raft_consensus.cc:2955] T 74e71d18a4564312b39dd7080d4c9327 P 5aee5277302c4887a08e60cb5342919a [term 1 LEADER]: Committing config change with OpId 1.26: config changed from index -1 to 26, NON_VOTER 246e985915ed4216b6fab568fbb22487 (127.6.206.198) added. New config: { opid_index: 26 OBSOLETE_local: false peers { permanent_uuid: "5aee5277302c4887a08e60cb5342919a" member_type: VOTER last_known_addr { host: "127.6.206.193" port: 46439 } } peers { permanent_uuid: "008e74304cce44b2ba779884fdcdc8ff" member_type: VOTER last_known_addr { host: "127.6.206.194" port: 33967 } attrs { replace: true } } peers { permanent_uuid: "5b40895c1f4e4f0fb5f53ed31645bd21" member_type: VOTER last_known_addr { host: "127.6.206.195" port: 45657 } } peers { permanent_uuid: "246e985915ed4216b6fab568fbb22487" member_type: NON_VOTER last_known_addr { host: "127.6.206.198" port: 45059 } attrs { promote: true } } }
I20260630 12:27:07.802853 11513 raft_consensus.cc:2955] T 74e71d18a4564312b39dd7080d4c9327 P 008e74304cce44b2ba779884fdcdc8ff [term 1 FOLLOWER]: Committing config change with OpId 1.26: config changed from index -1 to 26, NON_VOTER 246e985915ed4216b6fab568fbb22487 (127.6.206.198) added. New config: { opid_index: 26 OBSOLETE_local: false peers { permanent_uuid: "5aee5277302c4887a08e60cb5342919a" member_type: VOTER last_known_addr { host: "127.6.206.193" port: 46439 } } peers { permanent_uuid: "008e74304cce44b2ba779884fdcdc8ff" member_type: VOTER last_known_addr { host: "127.6.206.194" port: 33967 } attrs { replace: true } } peers { permanent_uuid: "5b40895c1f4e4f0fb5f53ed31645bd21" member_type: VOTER last_known_addr { host: "127.6.206.195" port: 45657 } } peers { permanent_uuid: "246e985915ed4216b6fab568fbb22487" member_type: NON_VOTER last_known_addr { host: "127.6.206.198" port: 45059 } attrs { promote: true } } }
I20260630 12:27:07.803371 11589 raft_consensus.cc:2955] T 74e71d18a4564312b39dd7080d4c9327 P 5b40895c1f4e4f0fb5f53ed31645bd21 [term 1 FOLLOWER]: Committing config change with OpId 1.26: config changed from index -1 to 26, NON_VOTER 246e985915ed4216b6fab568fbb22487 (127.6.206.198) added. New config: { opid_index: 26 OBSOLETE_local: false peers { permanent_uuid: "5aee5277302c4887a08e60cb5342919a" member_type: VOTER last_known_addr { host: "127.6.206.193" port: 46439 } } peers { permanent_uuid: "008e74304cce44b2ba779884fdcdc8ff" member_type: VOTER last_known_addr { host: "127.6.206.194" port: 33967 } attrs { replace: true } } peers { permanent_uuid: "5b40895c1f4e4f0fb5f53ed31645bd21" member_type: VOTER last_known_addr { host: "127.6.206.195" port: 45657 } } peers { permanent_uuid: "246e985915ed4216b6fab568fbb22487" member_type: NON_VOTER last_known_addr { host: "127.6.206.198" port: 45059 } attrs { promote: true } } }
W20260630 12:27:07.804873 11403 consensus_peers.cc:597] T 74e71d18a4564312b39dd7080d4c9327 P 5aee5277302c4887a08e60cb5342919a -> Peer 246e985915ed4216b6fab568fbb22487 (127.6.206.198:45059): Couldn't send request to peer 246e985915ed4216b6fab568fbb22487. Error code: TABLET_NOT_FOUND (6). Status: Not found: Tablet not found: 74e71d18a4564312b39dd7080d4c9327. This is attempt 1: this message will repeat every 5th retry.
I20260630 12:27:07.818470 11338 catalog_manager.cc:5697] T 74e71d18a4564312b39dd7080d4c9327 P 5aee5277302c4887a08e60cb5342919a reported cstate change: config changed from index -1 to 26, NON_VOTER 246e985915ed4216b6fab568fbb22487 (127.6.206.198) added. New cstate: current_term: 1 leader_uuid: "5aee5277302c4887a08e60cb5342919a" committed_config { opid_index: 26 OBSOLETE_local: false peers { permanent_uuid: "5aee5277302c4887a08e60cb5342919a" member_type: VOTER last_known_addr { host: "127.6.206.193" port: 46439 } health_report { overall_health: HEALTHY } } peers { permanent_uuid: "008e74304cce44b2ba779884fdcdc8ff" member_type: VOTER last_known_addr { host: "127.6.206.194" port: 33967 } attrs { replace: true } health_report { overall_health: HEALTHY } } peers { permanent_uuid: "5b40895c1f4e4f0fb5f53ed31645bd21" member_type: VOTER last_known_addr { host: "127.6.206.195" port: 45657 } health_report { overall_health: HEALTHY } } peers { permanent_uuid: "246e985915ed4216b6fab568fbb22487" member_type: NON_VOTER last_known_addr { host: "127.6.206.198" port: 45059 } attrs { promote: true } health_report { overall_health: UNKNOWN } } }
I20260630 12:27:07.834091 11589 consensus_queue.cc:237] T d110feaa50f4427483b33f750bc82152 P 5b40895c1f4e4f0fb5f53ed31645bd21 [LEADER]: Queue going to LEADER mode. State: All replicated index: 0, Majority replicated index: 25, Committed index: 25, Last appended: 1.25, Last appended by leader: 0, Current term: 1, Majority size: 2, State: 0, Mode: LEADER, active raft config: opid_index: 26 OBSOLETE_local: false peers { permanent_uuid: "5aee5277302c4887a08e60cb5342919a" member_type: VOTER last_known_addr { host: "127.6.206.193" port: 46439 } } peers { permanent_uuid: "008e74304cce44b2ba779884fdcdc8ff" member_type: VOTER last_known_addr { host: "127.6.206.194" port: 33967 } attrs { replace: true } } peers { permanent_uuid: "5b40895c1f4e4f0fb5f53ed31645bd21" member_type: VOTER last_known_addr { host: "127.6.206.195" port: 45657 } } peers { permanent_uuid: "d757a114e2bd43f39a9c81f5fd2b93ab" member_type: NON_VOTER last_known_addr { host: "127.6.206.196" port: 43501 } attrs { promote: true } }
I20260630 12:27:07.842480 11513 raft_consensus.cc:1275] T d110feaa50f4427483b33f750bc82152 P 008e74304cce44b2ba779884fdcdc8ff [term 1 FOLLOWER]: Refusing update from remote peer 5b40895c1f4e4f0fb5f53ed31645bd21: Log matching property violated. Preceding OpId in replica: term: 1 index: 25. Preceding OpId from leader: term: 1 index: 26. (index mismatch)
I20260630 12:27:07.844309 11685 consensus_queue.cc:1048] T d110feaa50f4427483b33f750bc82152 P 5b40895c1f4e4f0fb5f53ed31645bd21 [LEADER]: Connected to new peer: Peer: permanent_uuid: "008e74304cce44b2ba779884fdcdc8ff" member_type: VOTER last_known_addr { host: "127.6.206.194" port: 33967 } attrs { replace: true }, Status: LMP_MISMATCH, Last received: 0.0, Next index: 26, Last known committed idx: 25, Time since last communication: 0.001s
I20260630 12:27:07.848202 11435 raft_consensus.cc:1275] T d110feaa50f4427483b33f750bc82152 P 5aee5277302c4887a08e60cb5342919a [term 1 FOLLOWER]: Refusing update from remote peer 5b40895c1f4e4f0fb5f53ed31645bd21: Log matching property violated. Preceding OpId in replica: term: 1 index: 25. Preceding OpId from leader: term: 1 index: 26. (index mismatch)
I20260630 12:27:07.849892 11685 consensus_queue.cc:1048] T d110feaa50f4427483b33f750bc82152 P 5b40895c1f4e4f0fb5f53ed31645bd21 [LEADER]: Connected to new peer: Peer: permanent_uuid: "5aee5277302c4887a08e60cb5342919a" member_type: VOTER last_known_addr { host: "127.6.206.193" port: 46439 }, Status: LMP_MISMATCH, Last received: 0.0, Next index: 26, Last known committed idx: 25, Time since last communication: 0.001s
W20260630 12:27:07.861052 11553 consensus_peers.cc:597] T d110feaa50f4427483b33f750bc82152 P 5b40895c1f4e4f0fb5f53ed31645bd21 -> Peer d757a114e2bd43f39a9c81f5fd2b93ab (127.6.206.196:43501): Couldn't send request to peer d757a114e2bd43f39a9c81f5fd2b93ab. Error code: TABLET_NOT_FOUND (6). Status: Not found: Tablet not found: d110feaa50f4427483b33f750bc82152. This is attempt 1: this message will repeat every 5th retry.
I20260630 12:27:07.864578 12066 raft_consensus.cc:2955] T d110feaa50f4427483b33f750bc82152 P 5b40895c1f4e4f0fb5f53ed31645bd21 [term 1 LEADER]: Committing config change with OpId 1.26: config changed from index -1 to 26, NON_VOTER d757a114e2bd43f39a9c81f5fd2b93ab (127.6.206.196) added. New config: { opid_index: 26 OBSOLETE_local: false peers { permanent_uuid: "5aee5277302c4887a08e60cb5342919a" member_type: VOTER last_known_addr { host: "127.6.206.193" port: 46439 } } peers { permanent_uuid: "008e74304cce44b2ba779884fdcdc8ff" member_type: VOTER last_known_addr { host: "127.6.206.194" port: 33967 } attrs { replace: true } } peers { permanent_uuid: "5b40895c1f4e4f0fb5f53ed31645bd21" member_type: VOTER last_known_addr { host: "127.6.206.195" port: 45657 } } peers { permanent_uuid: "d757a114e2bd43f39a9c81f5fd2b93ab" member_type: NON_VOTER last_known_addr { host: "127.6.206.196" port: 43501 } attrs { promote: true } } }
I20260630 12:27:07.866513 11513 raft_consensus.cc:2955] T d110feaa50f4427483b33f750bc82152 P 008e74304cce44b2ba779884fdcdc8ff [term 1 FOLLOWER]: Committing config change with OpId 1.26: config changed from index -1 to 26, NON_VOTER d757a114e2bd43f39a9c81f5fd2b93ab (127.6.206.196) added. New config: { opid_index: 26 OBSOLETE_local: false peers { permanent_uuid: "5aee5277302c4887a08e60cb5342919a" member_type: VOTER last_known_addr { host: "127.6.206.193" port: 46439 } } peers { permanent_uuid: "008e74304cce44b2ba779884fdcdc8ff" member_type: VOTER last_known_addr { host: "127.6.206.194" port: 33967 } attrs { replace: true } } peers { permanent_uuid: "5b40895c1f4e4f0fb5f53ed31645bd21" member_type: VOTER last_known_addr { host: "127.6.206.195" port: 45657 } } peers { permanent_uuid: "d757a114e2bd43f39a9c81f5fd2b93ab" member_type: NON_VOTER last_known_addr { host: "127.6.206.196" port: 43501 } attrs { promote: true } } }
I20260630 12:27:07.873128 11435 raft_consensus.cc:2955] T d110feaa50f4427483b33f750bc82152 P 5aee5277302c4887a08e60cb5342919a [term 1 FOLLOWER]: Committing config change with OpId 1.26: config changed from index -1 to 26, NON_VOTER d757a114e2bd43f39a9c81f5fd2b93ab (127.6.206.196) added. New config: { opid_index: 26 OBSOLETE_local: false peers { permanent_uuid: "5aee5277302c4887a08e60cb5342919a" member_type: VOTER last_known_addr { host: "127.6.206.193" port: 46439 } } peers { permanent_uuid: "008e74304cce44b2ba779884fdcdc8ff" member_type: VOTER last_known_addr { host: "127.6.206.194" port: 33967 } attrs { replace: true } } peers { permanent_uuid: "5b40895c1f4e4f0fb5f53ed31645bd21" member_type: VOTER last_known_addr { host: "127.6.206.195" port: 45657 } } peers { permanent_uuid: "d757a114e2bd43f39a9c81f5fd2b93ab" member_type: NON_VOTER last_known_addr { host: "127.6.206.196" port: 43501 } attrs { promote: true } } }
I20260630 12:27:07.880381 11332 catalog_manager.cc:5697] T d110feaa50f4427483b33f750bc82152 P 5b40895c1f4e4f0fb5f53ed31645bd21 reported cstate change: config changed from index -1 to 26, NON_VOTER d757a114e2bd43f39a9c81f5fd2b93ab (127.6.206.196) added. New cstate: current_term: 1 leader_uuid: "5b40895c1f4e4f0fb5f53ed31645bd21" committed_config { opid_index: 26 OBSOLETE_local: false peers { permanent_uuid: "5aee5277302c4887a08e60cb5342919a" member_type: VOTER last_known_addr { host: "127.6.206.193" port: 46439 } health_report { overall_health: HEALTHY } } peers { permanent_uuid: "008e74304cce44b2ba779884fdcdc8ff" member_type: VOTER last_known_addr { host: "127.6.206.194" port: 33967 } attrs { replace: true } health_report { overall_health: HEALTHY } } peers { permanent_uuid: "5b40895c1f4e4f0fb5f53ed31645bd21" member_type: VOTER last_known_addr { host: "127.6.206.195" port: 45657 } health_report { overall_health: HEALTHY } } peers { permanent_uuid: "d757a114e2bd43f39a9c81f5fd2b93ab" member_type: NON_VOTER last_known_addr { host: "127.6.206.196" port: 43501 } attrs { promote: true } health_report { overall_health: UNKNOWN } } }
I20260630 12:27:07.881414 11440 consensus_queue.cc:237] T 11038bb79af5452dbebdf0b31cb0f77a P 5aee5277302c4887a08e60cb5342919a [LEADER]: Queue going to LEADER mode. State: All replicated index: 0, Majority replicated index: 25, Committed index: 25, Last appended: 1.25, Last appended by leader: 0, Current term: 1, Majority size: 2, State: 0, Mode: LEADER, active raft config: opid_index: 26 OBSOLETE_local: false peers { permanent_uuid: "5aee5277302c4887a08e60cb5342919a" member_type: VOTER last_known_addr { host: "127.6.206.193" port: 46439 } } peers { permanent_uuid: "008e74304cce44b2ba779884fdcdc8ff" member_type: VOTER last_known_addr { host: "127.6.206.194" port: 33967 } } peers { permanent_uuid: "5b40895c1f4e4f0fb5f53ed31645bd21" member_type: VOTER last_known_addr { host: "127.6.206.195" port: 45657 } attrs { replace: true } } peers { permanent_uuid: "246e985915ed4216b6fab568fbb22487" member_type: NON_VOTER last_known_addr { host: "127.6.206.198" port: 45059 } attrs { promote: true } }
I20260630 12:27:07.894172 11589 raft_consensus.cc:1275] T 11038bb79af5452dbebdf0b31cb0f77a P 5b40895c1f4e4f0fb5f53ed31645bd21 [term 1 FOLLOWER]: Refusing update from remote peer 5aee5277302c4887a08e60cb5342919a: Log matching property violated. Preceding OpId in replica: term: 1 index: 25. Preceding OpId from leader: term: 1 index: 26. (index mismatch)
W20260630 12:27:07.894207 11403 consensus_peers.cc:597] T 11038bb79af5452dbebdf0b31cb0f77a P 5aee5277302c4887a08e60cb5342919a -> Peer 246e985915ed4216b6fab568fbb22487 (127.6.206.198:45059): Couldn't send request to peer 246e985915ed4216b6fab568fbb22487. Error code: TABLET_NOT_FOUND (6). Status: Not found: Tablet not found: 11038bb79af5452dbebdf0b31cb0f77a. This is attempt 1: this message will repeat every 5th retry.
I20260630 12:27:07.895407 11513 raft_consensus.cc:1275] T 11038bb79af5452dbebdf0b31cb0f77a P 008e74304cce44b2ba779884fdcdc8ff [term 1 FOLLOWER]: Refusing update from remote peer 5aee5277302c4887a08e60cb5342919a: Log matching property violated. Preceding OpId in replica: term: 1 index: 25. Preceding OpId from leader: term: 1 index: 26. (index mismatch)
I20260630 12:27:07.895998 11779 consensus_queue.cc:1048] T 11038bb79af5452dbebdf0b31cb0f77a P 5aee5277302c4887a08e60cb5342919a [LEADER]: Connected to new peer: Peer: permanent_uuid: "5b40895c1f4e4f0fb5f53ed31645bd21" member_type: VOTER last_known_addr { host: "127.6.206.195" port: 45657 } attrs { replace: true }, Status: LMP_MISMATCH, Last received: 0.0, Next index: 26, Last known committed idx: 25, Time since last communication: 0.000s
