I20260630 12:26:58.042068 15541 raft_consensus.cc:740] T 4f78b530c51a4e43aaf3413bf744e06a P 9b1ff7888d23402fad9e6693730594fb [term 0 FOLLOWER]: Becoming Follower/Learner. State: Replica: 9b1ff7888d23402fad9e6693730594fb, State: Initialized, Role: FOLLOWER
I20260630 12:26:58.042428 15422 tablet_service.cc:1917] Received RequestConsensusVote() RPC: tablet_id: "058fd5c8394e4681bff607f20f60c07a" candidate_uuid: "9b1ff7888d23402fad9e6693730594fb" candidate_term: 1 candidate_status { last_received { term: 0 index: 0 } } ignore_live_leader: false dest_uuid: "2dbedfe66b7f41938a5f934d49882958" is_pre_election: true
I20260630 12:26:58.042752 15541 consensus_queue.cc:260] T 4f78b530c51a4e43aaf3413bf744e06a P 9b1ff7888d23402fad9e6693730594fb [NON_LEADER]: Queue going to NON_LEADER mode. State: All replicated index: 0, Majority replicated index: 0, Committed index: 0, Last appended: 0.0, Last appended by leader: 0, Current term: 0, Majority size: -1, State: 0, Mode: NON_LEADER, active raft config: opid_index: -1 OBSOLETE_local: false peers { permanent_uuid: "9b1ff7888d23402fad9e6693730594fb" member_type: VOTER last_known_addr { host: "127.10.147.193" port: 44073 } } peers { permanent_uuid: "2dbedfe66b7f41938a5f934d49882958" member_type: VOTER last_known_addr { host: "127.10.147.194" port: 39473 } } peers { permanent_uuid: "74fd0849911d4e25a2cdbc1836955adc" member_type: VOTER last_known_addr { host: "127.10.147.195" port: 36161 } }
W20260630 12:26:58.044071 15313 leader_election.cc:343] T 058fd5c8394e4681bff607f20f60c07a P 9b1ff7888d23402fad9e6693730594fb [CANDIDATE]: Term 1 pre-election: Tablet error from VoteRequest() call to peer 74fd0849911d4e25a2cdbc1836955adc (127.10.147.195:36161): Illegal state: must be running to vote when last-logged opid is not known
I20260630 12:26:58.047042 15541 ts_tablet_manager.cc:1434] T 4f78b530c51a4e43aaf3413bf744e06a P 9b1ff7888d23402fad9e6693730594fb: Time spent starting tablet: real 0.027s	user 0.005s	sys 0.002s
I20260630 12:26:58.047583 15553 leader_election.cc:290] T 184123ec4f4b4b3586468af665ee9e5c P 2dbedfe66b7f41938a5f934d49882958 [CANDIDATE]: Term 1 election: Requested vote from peers 9b1ff7888d23402fad9e6693730594fb (127.10.147.193:44073), 74fd0849911d4e25a2cdbc1836955adc (127.10.147.195:36161)
W20260630 12:26:58.049566 15311 leader_election.cc:343] T 058fd5c8394e4681bff607f20f60c07a P 9b1ff7888d23402fad9e6693730594fb [CANDIDATE]: Term 1 pre-election: Tablet error from VoteRequest() call to peer 2dbedfe66b7f41938a5f934d49882958 (127.10.147.194:39473): Illegal state: must be running to vote when last-logged opid is not known
I20260630 12:26:58.047938 15541 tablet_bootstrap.cc:492] T 42a37b6ae4494e3eb9976f8a9049d660 P 9b1ff7888d23402fad9e6693730594fb: Bootstrap starting.
I20260630 12:26:58.050189 15311 leader_election.cc:304] T 058fd5c8394e4681bff607f20f60c07a P 9b1ff7888d23402fad9e6693730594fb [CANDIDATE]: Term 1 pre-election: Election decided. Result: candidate lost. Election summary: received 3 responses out of 3 voters: 1 yes votes; 2 no votes. yes voters: 9b1ff7888d23402fad9e6693730594fb; no voters: 2dbedfe66b7f41938a5f934d49882958, 74fd0849911d4e25a2cdbc1836955adc
I20260630 12:26:58.051393 15495 raft_consensus.cc:2468] T 184123ec4f4b4b3586468af665ee9e5c P 74fd0849911d4e25a2cdbc1836955adc [term 1 FOLLOWER]: Leader election vote request: Granting yes vote for candidate 2dbedfe66b7f41938a5f934d49882958 in term 1.
I20260630 12:26:58.051446 15544 raft_consensus.cc:2749] T 058fd5c8394e4681bff607f20f60c07a P 9b1ff7888d23402fad9e6693730594fb [term 0 FOLLOWER]: Leader pre-election lost for term 1. Reason: could not achieve majority
I20260630 12:26:58.053292 15546 tablet_bootstrap.cc:492] T 7939c95b5bed4d9dbadfd894425d0147 P 2dbedfe66b7f41938a5f934d49882958: No bootstrap required, opened a new log
I20260630 12:26:58.053886 15546 ts_tablet_manager.cc:1403] T 7939c95b5bed4d9dbadfd894425d0147 P 2dbedfe66b7f41938a5f934d49882958: Time spent bootstrapping tablet: real 0.022s	user 0.012s	sys 0.006s
I20260630 12:26:58.055079 15542 tablet_bootstrap.cc:492] T 68e4be3d85b64822beeded47e3431b80 P 74fd0849911d4e25a2cdbc1836955adc: Bootstrap starting.
I20260630 12:26:58.056885 15546 raft_consensus.cc:359] T 7939c95b5bed4d9dbadfd894425d0147 P 2dbedfe66b7f41938a5f934d49882958 [term 0 FOLLOWER]: Replica starting. Triggering 0 pending ops. Active config: opid_index: -1 OBSOLETE_local: false peers { permanent_uuid: "9b1ff7888d23402fad9e6693730594fb" member_type: VOTER last_known_addr { host: "127.10.147.193" port: 44073 } } peers { permanent_uuid: "2dbedfe66b7f41938a5f934d49882958" member_type: VOTER last_known_addr { host: "127.10.147.194" port: 39473 } } peers { permanent_uuid: "74fd0849911d4e25a2cdbc1836955adc" member_type: VOTER last_known_addr { host: "127.10.147.195" port: 36161 } }
I20260630 12:26:58.057729 15546 raft_consensus.cc:385] T 7939c95b5bed4d9dbadfd894425d0147 P 2dbedfe66b7f41938a5f934d49882958 [term 0 FOLLOWER]: Consensus starting up: Expiring failure detector timer to make a prompt election more likely
I20260630 12:26:58.058089 15541 tablet_bootstrap.cc:654] T 42a37b6ae4494e3eb9976f8a9049d660 P 9b1ff7888d23402fad9e6693730594fb: Neither blocks nor log segments found. Creating new log.
I20260630 12:26:58.058096 15546 raft_consensus.cc:740] T 7939c95b5bed4d9dbadfd894425d0147 P 2dbedfe66b7f41938a5f934d49882958 [term 0 FOLLOWER]: Becoming Follower/Learner. State: Replica: 2dbedfe66b7f41938a5f934d49882958, State: Initialized, Role: FOLLOWER
I20260630 12:26:58.059422 15546 consensus_queue.cc:260] T 7939c95b5bed4d9dbadfd894425d0147 P 2dbedfe66b7f41938a5f934d49882958 [NON_LEADER]: Queue going to NON_LEADER mode. State: All replicated index: 0, Majority replicated index: 0, Committed index: 0, Last appended: 0.0, Last appended by leader: 0, Current term: 0, Majority size: -1, State: 0, Mode: NON_LEADER, active raft config: opid_index: -1 OBSOLETE_local: false peers { permanent_uuid: "9b1ff7888d23402fad9e6693730594fb" member_type: VOTER last_known_addr { host: "127.10.147.193" port: 44073 } } peers { permanent_uuid: "2dbedfe66b7f41938a5f934d49882958" member_type: VOTER last_known_addr { host: "127.10.147.194" port: 39473 } } peers { permanent_uuid: "74fd0849911d4e25a2cdbc1836955adc" member_type: VOTER last_known_addr { host: "127.10.147.195" port: 36161 } }
I20260630 12:26:58.061774 15546 ts_tablet_manager.cc:1434] T 7939c95b5bed4d9dbadfd894425d0147 P 2dbedfe66b7f41938a5f934d49882958: Time spent starting tablet: real 0.008s	user 0.006s	sys 0.000s
I20260630 12:26:58.063050 15546 tablet_bootstrap.cc:492] T d677a3430bcd429d9393bb928adfa7a0 P 2dbedfe66b7f41938a5f934d49882958: Bootstrap starting.
I20260630 12:26:58.063962 15564 raft_consensus.cc:493] T 4f78b530c51a4e43aaf3413bf744e06a P 74fd0849911d4e25a2cdbc1836955adc [term 0 FOLLOWER]: Starting pre-election (no leader contacted us within the election timeout)
I20260630 12:26:58.064433 15564 raft_consensus.cc:515] T 4f78b530c51a4e43aaf3413bf744e06a P 74fd0849911d4e25a2cdbc1836955adc [term 0 FOLLOWER]: Starting pre-election with config: opid_index: -1 OBSOLETE_local: false peers { permanent_uuid: "9b1ff7888d23402fad9e6693730594fb" member_type: VOTER last_known_addr { host: "127.10.147.193" port: 44073 } } peers { permanent_uuid: "2dbedfe66b7f41938a5f934d49882958" member_type: VOTER last_known_addr { host: "127.10.147.194" port: 39473 } } peers { permanent_uuid: "74fd0849911d4e25a2cdbc1836955adc" member_type: VOTER last_known_addr { host: "127.10.147.195" port: 36161 } }
I20260630 12:26:58.068058 15346 tablet_service.cc:1917] Received RequestConsensusVote() RPC: tablet_id: "4f78b530c51a4e43aaf3413bf744e06a" candidate_uuid: "74fd0849911d4e25a2cdbc1836955adc" candidate_term: 1 candidate_status { last_received { term: 0 index: 0 } } ignore_live_leader: false dest_uuid: "9b1ff7888d23402fad9e6693730594fb" is_pre_election: true
I20260630 12:26:58.068670 15346 raft_consensus.cc:2468] T 4f78b530c51a4e43aaf3413bf744e06a P 9b1ff7888d23402fad9e6693730594fb [term 0 FOLLOWER]: Leader pre-election vote request: Granting yes vote for candidate 74fd0849911d4e25a2cdbc1836955adc in term 0.
I20260630 12:26:58.069353 15546 tablet_bootstrap.cc:654] T d677a3430bcd429d9393bb928adfa7a0 P 2dbedfe66b7f41938a5f934d49882958: Neither blocks nor log segments found. Creating new log.
I20260630 12:26:58.069878 15459 leader_election.cc:304] T 4f78b530c51a4e43aaf3413bf744e06a P 74fd0849911d4e25a2cdbc1836955adc [CANDIDATE]: Term 1 pre-election: Election decided. Result: candidate won. Election summary: received 2 responses out of 3 voters: 2 yes votes; 0 no votes. yes voters: 74fd0849911d4e25a2cdbc1836955adc, 9b1ff7888d23402fad9e6693730594fb; no voters: 
I20260630 12:26:58.070242 15542 tablet_bootstrap.cc:654] T 68e4be3d85b64822beeded47e3431b80 P 74fd0849911d4e25a2cdbc1836955adc: Neither blocks nor log segments found. Creating new log.
I20260630 12:26:58.066635 15564 leader_election.cc:290] T 4f78b530c51a4e43aaf3413bf744e06a P 74fd0849911d4e25a2cdbc1836955adc [CANDIDATE]: Term 1 pre-election: Requested pre-vote from peers 9b1ff7888d23402fad9e6693730594fb (127.10.147.193:44073), 2dbedfe66b7f41938a5f934d49882958 (127.10.147.194:39473)
I20260630 12:26:58.071921 15564 raft_consensus.cc:2804] T 4f78b530c51a4e43aaf3413bf744e06a P 74fd0849911d4e25a2cdbc1836955adc [term 0 FOLLOWER]: Leader pre-election won for term 1
I20260630 12:26:58.072289 15564 raft_consensus.cc:493] T 4f78b530c51a4e43aaf3413bf744e06a P 74fd0849911d4e25a2cdbc1836955adc [term 0 FOLLOWER]: Starting leader election (no leader contacted us within the election timeout)
I20260630 12:26:58.072697 15564 raft_consensus.cc:3060] T 4f78b530c51a4e43aaf3413bf744e06a P 74fd0849911d4e25a2cdbc1836955adc [term 0 FOLLOWER]: Advancing to term 1
I20260630 12:26:58.079268 15542 tablet_bootstrap.cc:492] T 68e4be3d85b64822beeded47e3431b80 P 74fd0849911d4e25a2cdbc1836955adc: No bootstrap required, opened a new log
I20260630 12:26:58.080757 15542 ts_tablet_manager.cc:1403] T 68e4be3d85b64822beeded47e3431b80 P 74fd0849911d4e25a2cdbc1836955adc: Time spent bootstrapping tablet: real 0.026s	user 0.009s	sys 0.005s
I20260630 12:26:58.083269 15422 tablet_service.cc:1917] Received RequestConsensusVote() RPC: tablet_id: "4f78b530c51a4e43aaf3413bf744e06a" candidate_uuid: "74fd0849911d4e25a2cdbc1836955adc" candidate_term: 1 candidate_status { last_received { term: 0 index: 0 } } ignore_live_leader: false dest_uuid: "2dbedfe66b7f41938a5f934d49882958" is_pre_election: true
I20260630 12:26:58.083913 15422 raft_consensus.cc:2468] T 4f78b530c51a4e43aaf3413bf744e06a P 2dbedfe66b7f41938a5f934d49882958 [term 0 FOLLOWER]: Leader pre-election vote request: Granting yes vote for candidate 74fd0849911d4e25a2cdbc1836955adc in term 0.
I20260630 12:26:58.084156 15542 raft_consensus.cc:359] T 68e4be3d85b64822beeded47e3431b80 P 74fd0849911d4e25a2cdbc1836955adc [term 0 FOLLOWER]: Replica starting. Triggering 0 pending ops. Active config: opid_index: -1 OBSOLETE_local: false peers { permanent_uuid: "9b1ff7888d23402fad9e6693730594fb" member_type: VOTER last_known_addr { host: "127.10.147.193" port: 44073 } } peers { permanent_uuid: "2dbedfe66b7f41938a5f934d49882958" member_type: VOTER last_known_addr { host: "127.10.147.194" port: 39473 } } peers { permanent_uuid: "74fd0849911d4e25a2cdbc1836955adc" member_type: VOTER last_known_addr { host: "127.10.147.195" port: 36161 } }
I20260630 12:26:58.084939 15542 raft_consensus.cc:385] T 68e4be3d85b64822beeded47e3431b80 P 74fd0849911d4e25a2cdbc1836955adc [term 0 FOLLOWER]: Consensus starting up: Expiring failure detector timer to make a prompt election more likely
I20260630 12:26:58.085278 15542 raft_consensus.cc:740] T 68e4be3d85b64822beeded47e3431b80 P 74fd0849911d4e25a2cdbc1836955adc [term 0 FOLLOWER]: Becoming Follower/Learner. State: Replica: 74fd0849911d4e25a2cdbc1836955adc, State: Initialized, Role: FOLLOWER
I20260630 12:26:58.086107 15542 consensus_queue.cc:260] T 68e4be3d85b64822beeded47e3431b80 P 74fd0849911d4e25a2cdbc1836955adc [NON_LEADER]: Queue going to NON_LEADER mode. State: All replicated index: 0, Majority replicated index: 0, Committed index: 0, Last appended: 0.0, Last appended by leader: 0, Current term: 0, Majority size: -1, State: 0, Mode: NON_LEADER, active raft config: opid_index: -1 OBSOLETE_local: false peers { permanent_uuid: "9b1ff7888d23402fad9e6693730594fb" member_type: VOTER last_known_addr { host: "127.10.147.193" port: 44073 } } peers { permanent_uuid: "2dbedfe66b7f41938a5f934d49882958" member_type: VOTER last_known_addr { host: "127.10.147.194" port: 39473 } } peers { permanent_uuid: "74fd0849911d4e25a2cdbc1836955adc" member_type: VOTER last_known_addr { host: "127.10.147.195" port: 36161 } }
I20260630 12:26:58.088111 15542 ts_tablet_manager.cc:1434] T 68e4be3d85b64822beeded47e3431b80 P 74fd0849911d4e25a2cdbc1836955adc: Time spent starting tablet: real 0.007s	user 0.005s	sys 0.000s
I20260630 12:26:58.088999 15542 tablet_bootstrap.cc:492] T edbb38085bcf420489cd0ebed26c4eda P 74fd0849911d4e25a2cdbc1836955adc: Bootstrap starting.
I20260630 12:26:58.090181 15564 raft_consensus.cc:515] T 4f78b530c51a4e43aaf3413bf744e06a P 74fd0849911d4e25a2cdbc1836955adc [term 1 FOLLOWER]: Starting leader election with config: opid_index: -1 OBSOLETE_local: false peers { permanent_uuid: "9b1ff7888d23402fad9e6693730594fb" member_type: VOTER last_known_addr { host: "127.10.147.193" port: 44073 } } peers { permanent_uuid: "2dbedfe66b7f41938a5f934d49882958" member_type: VOTER last_known_addr { host: "127.10.147.194" port: 39473 } } peers { permanent_uuid: "74fd0849911d4e25a2cdbc1836955adc" member_type: VOTER last_known_addr { host: "127.10.147.195" port: 36161 } }
I20260630 12:26:58.080560 15245 catalog_manager.cc:5697] T 68e4be3d85b64822beeded47e3431b80 P 2dbedfe66b7f41938a5f934d49882958 reported cstate change: term changed from 0 to 1, leader changed from <none> to 2dbedfe66b7f41938a5f934d49882958 (127.10.147.194). New cstate: current_term: 1 leader_uuid: "2dbedfe66b7f41938a5f934d49882958" committed_config { opid_index: -1 OBSOLETE_local: false peers { permanent_uuid: "9b1ff7888d23402fad9e6693730594fb" member_type: VOTER last_known_addr { host: "127.10.147.193" port: 44073 } health_report { overall_health: UNKNOWN } } peers { permanent_uuid: "2dbedfe66b7f41938a5f934d49882958" member_type: VOTER last_known_addr { host: "127.10.147.194" port: 39473 } health_report { overall_health: HEALTHY } } peers { permanent_uuid: "74fd0849911d4e25a2cdbc1836955adc" member_type: VOTER last_known_addr { host: "127.10.147.195" port: 36161 } health_report { overall_health: UNKNOWN } } }
I20260630 12:26:58.094745 15542 tablet_bootstrap.cc:654] T edbb38085bcf420489cd0ebed26c4eda P 74fd0849911d4e25a2cdbc1836955adc: Neither blocks nor log segments found. Creating new log.
I20260630 12:26:58.111115 15542 tablet_bootstrap.cc:492] T edbb38085bcf420489cd0ebed26c4eda P 74fd0849911d4e25a2cdbc1836955adc: No bootstrap required, opened a new log
I20260630 12:26:58.111783 15542 ts_tablet_manager.cc:1403] T edbb38085bcf420489cd0ebed26c4eda P 74fd0849911d4e25a2cdbc1836955adc: Time spent bootstrapping tablet: real 0.023s	user 0.013s	sys 0.004s
I20260630 12:26:58.112627 15244 catalog_manager.cc:5697] T 47a38456f2ee4765943d497238594e5e P 74fd0849911d4e25a2cdbc1836955adc reported cstate change: term changed from 0 to 1, leader changed from <none> to 74fd0849911d4e25a2cdbc1836955adc (127.10.147.195). New cstate: current_term: 1 leader_uuid: "74fd0849911d4e25a2cdbc1836955adc" committed_config { opid_index: -1 OBSOLETE_local: false peers { permanent_uuid: "9b1ff7888d23402fad9e6693730594fb" member_type: VOTER last_known_addr { host: "127.10.147.193" port: 44073 } health_report { overall_health: UNKNOWN } } peers { permanent_uuid: "2dbedfe66b7f41938a5f934d49882958" member_type: VOTER last_known_addr { host: "127.10.147.194" port: 39473 } health_report { overall_health: UNKNOWN } } peers { permanent_uuid: "74fd0849911d4e25a2cdbc1836955adc" member_type: VOTER last_known_addr { host: "127.10.147.195" port: 36161 } health_report { overall_health: HEALTHY } } }
I20260630 12:26:58.115346 15576 raft_consensus.cc:697] T 184123ec4f4b4b3586468af665ee9e5c P 2dbedfe66b7f41938a5f934d49882958 [term 1 LEADER]: Becoming Leader. State: Replica: 2dbedfe66b7f41938a5f934d49882958, State: Running, Role: LEADER
I20260630 12:26:58.117558 15542 raft_consensus.cc:359] T edbb38085bcf420489cd0ebed26c4eda P 74fd0849911d4e25a2cdbc1836955adc [term 0 FOLLOWER]: Replica starting. Triggering 0 pending ops. Active config: opid_index: -1 OBSOLETE_local: false peers { permanent_uuid: "9b1ff7888d23402fad9e6693730594fb" member_type: VOTER last_known_addr { host: "127.10.147.193" port: 44073 } } peers { permanent_uuid: "2dbedfe66b7f41938a5f934d49882958" member_type: VOTER last_known_addr { host: "127.10.147.194" port: 39473 } } peers { permanent_uuid: "74fd0849911d4e25a2cdbc1836955adc" member_type: VOTER last_known_addr { host: "127.10.147.195" port: 36161 } }
I20260630 12:26:58.118664 15542 raft_consensus.cc:385] T edbb38085bcf420489cd0ebed26c4eda P 74fd0849911d4e25a2cdbc1836955adc [term 0 FOLLOWER]: Consensus starting up: Expiring failure detector timer to make a prompt election more likely
I20260630 12:26:58.118309 15576 consensus_queue.cc:237] T 184123ec4f4b4b3586468af665ee9e5c P 2dbedfe66b7f41938a5f934d49882958 [LEADER]: Queue going to LEADER mode. State: All replicated index: 0, Majority replicated index: 0, Committed index: 0, Last appended: 0.0, Last appended by leader: 0, Current term: 1, Majority size: 2, State: 0, Mode: LEADER, active raft config: opid_index: -1 OBSOLETE_local: false peers { permanent_uuid: "9b1ff7888d23402fad9e6693730594fb" member_type: VOTER last_known_addr { host: "127.10.147.193" port: 44073 } } peers { permanent_uuid: "2dbedfe66b7f41938a5f934d49882958" member_type: VOTER last_known_addr { host: "127.10.147.194" port: 39473 } } peers { permanent_uuid: "74fd0849911d4e25a2cdbc1836955adc" member_type: VOTER last_known_addr { host: "127.10.147.195" port: 36161 } }
I20260630 12:26:58.119122 15542 raft_consensus.cc:740] T edbb38085bcf420489cd0ebed26c4eda P 74fd0849911d4e25a2cdbc1836955adc [term 0 FOLLOWER]: Becoming Follower/Learner. State: Replica: 74fd0849911d4e25a2cdbc1836955adc, State: Initialized, Role: FOLLOWER
I20260630 12:26:58.119930 15346 tablet_service.cc:1917] Received RequestConsensusVote() RPC: tablet_id: "4f78b530c51a4e43aaf3413bf744e06a" candidate_uuid: "74fd0849911d4e25a2cdbc1836955adc" candidate_term: 1 candidate_status { last_received { term: 0 index: 0 } } ignore_live_leader: false dest_uuid: "9b1ff7888d23402fad9e6693730594fb"
I20260630 12:26:58.120476 15346 raft_consensus.cc:3060] T 4f78b530c51a4e43aaf3413bf744e06a P 9b1ff7888d23402fad9e6693730594fb [term 0 FOLLOWER]: Advancing to term 1
I20260630 12:26:58.120419 15542 consensus_queue.cc:260] T edbb38085bcf420489cd0ebed26c4eda P 74fd0849911d4e25a2cdbc1836955adc [NON_LEADER]: Queue going to NON_LEADER mode. State: All replicated index: 0, Majority replicated index: 0, Committed index: 0, Last appended: 0.0, Last appended by leader: 0, Current term: 0, Majority size: -1, State: 0, Mode: NON_LEADER, active raft config: opid_index: -1 OBSOLETE_local: false peers { permanent_uuid: "9b1ff7888d23402fad9e6693730594fb" member_type: VOTER last_known_addr { host: "127.10.147.193" port: 44073 } } peers { permanent_uuid: "2dbedfe66b7f41938a5f934d49882958" member_type: VOTER last_known_addr { host: "127.10.147.194" port: 39473 } } peers { permanent_uuid: "74fd0849911d4e25a2cdbc1836955adc" member_type: VOTER last_known_addr { host: "127.10.147.195" port: 36161 } }
I20260630 12:26:58.121985 15422 tablet_service.cc:1917] Received RequestConsensusVote() RPC: tablet_id: "4f78b530c51a4e43aaf3413bf744e06a" candidate_uuid: "74fd0849911d4e25a2cdbc1836955adc" candidate_term: 1 candidate_status { last_received { term: 0 index: 0 } } ignore_live_leader: false dest_uuid: "2dbedfe66b7f41938a5f934d49882958"
I20260630 12:26:58.122565 15422 raft_consensus.cc:3060] T 4f78b530c51a4e43aaf3413bf744e06a P 2dbedfe66b7f41938a5f934d49882958 [term 0 FOLLOWER]: Advancing to term 1
I20260630 12:26:58.122656 15542 ts_tablet_manager.cc:1434] T edbb38085bcf420489cd0ebed26c4eda P 74fd0849911d4e25a2cdbc1836955adc: Time spent starting tablet: real 0.010s	user 0.002s	sys 0.005s
I20260630 12:26:58.123745 15542 tablet_bootstrap.cc:492] T d677a3430bcd429d9393bb928adfa7a0 P 74fd0849911d4e25a2cdbc1836955adc: Bootstrap starting.
I20260630 12:26:58.124029 15564 leader_election.cc:290] T 4f78b530c51a4e43aaf3413bf744e06a P 74fd0849911d4e25a2cdbc1836955adc [CANDIDATE]: Term 1 election: Requested vote from peers 9b1ff7888d23402fad9e6693730594fb (127.10.147.193:44073), 2dbedfe66b7f41938a5f934d49882958 (127.10.147.194:39473)
I20260630 12:26:58.127471 15564 raft_consensus.cc:493] T edbb38085bcf420489cd0ebed26c4eda P 74fd0849911d4e25a2cdbc1836955adc [term 0 FOLLOWER]: Starting pre-election (no leader contacted us within the election timeout)
I20260630 12:26:58.128013 15564 raft_consensus.cc:515] T edbb38085bcf420489cd0ebed26c4eda P 74fd0849911d4e25a2cdbc1836955adc [term 0 FOLLOWER]: Starting pre-election with config: opid_index: -1 OBSOLETE_local: false peers { permanent_uuid: "9b1ff7888d23402fad9e6693730594fb" member_type: VOTER last_known_addr { host: "127.10.147.193" port: 44073 } } peers { permanent_uuid: "2dbedfe66b7f41938a5f934d49882958" member_type: VOTER last_known_addr { host: "127.10.147.194" port: 39473 } } peers { permanent_uuid: "74fd0849911d4e25a2cdbc1836955adc" member_type: VOTER last_known_addr { host: "127.10.147.195" port: 36161 } }
I20260630 12:26:58.131578 15347 tablet_service.cc:1917] Received RequestConsensusVote() RPC: tablet_id: "edbb38085bcf420489cd0ebed26c4eda" candidate_uuid: "74fd0849911d4e25a2cdbc1836955adc" candidate_term: 1 candidate_status { last_received { term: 0 index: 0 } } ignore_live_leader: false dest_uuid: "9b1ff7888d23402fad9e6693730594fb" is_pre_election: true
I20260630 12:26:58.132200 15347 raft_consensus.cc:2468] T edbb38085bcf420489cd0ebed26c4eda P 9b1ff7888d23402fad9e6693730594fb [term 0 FOLLOWER]: Leader pre-election vote request: Granting yes vote for candidate 74fd0849911d4e25a2cdbc1836955adc in term 0.
I20260630 12:26:58.133294 15421 tablet_service.cc:1917] Received RequestConsensusVote() RPC: tablet_id: "edbb38085bcf420489cd0ebed26c4eda" candidate_uuid: "74fd0849911d4e25a2cdbc1836955adc" candidate_term: 1 candidate_status { last_received { term: 0 index: 0 } } ignore_live_leader: false dest_uuid: "2dbedfe66b7f41938a5f934d49882958" is_pre_election: true
I20260630 12:26:58.133383 15459 leader_election.cc:304] T edbb38085bcf420489cd0ebed26c4eda P 74fd0849911d4e25a2cdbc1836955adc [CANDIDATE]: Term 1 pre-election: Election decided. Result: candidate won. Election summary: received 2 responses out of 3 voters: 2 yes votes; 0 no votes. yes voters: 74fd0849911d4e25a2cdbc1836955adc, 9b1ff7888d23402fad9e6693730594fb; no voters: 
W20260630 12:26:58.134913 15460 leader_election.cc:343] T edbb38085bcf420489cd0ebed26c4eda P 74fd0849911d4e25a2cdbc1836955adc [CANDIDATE]: Term 1 pre-election: Tablet error from VoteRequest() call to peer 2dbedfe66b7f41938a5f934d49882958 (127.10.147.194:39473): Illegal state: must be running to vote when last-logged opid is not known
I20260630 12:26:58.135165 15346 raft_consensus.cc:2468] T 4f78b530c51a4e43aaf3413bf744e06a P 9b1ff7888d23402fad9e6693730594fb [term 1 FOLLOWER]: Leader election vote request: Granting yes vote for candidate 74fd0849911d4e25a2cdbc1836955adc in term 1.
I20260630 12:26:58.136067 15422 raft_consensus.cc:2468] T 4f78b530c51a4e43aaf3413bf744e06a P 2dbedfe66b7f41938a5f934d49882958 [term 1 FOLLOWER]: Leader election vote request: Granting yes vote for candidate 74fd0849911d4e25a2cdbc1836955adc in term 1.
I20260630 12:26:58.137573 15460 leader_election.cc:304] T 4f78b530c51a4e43aaf3413bf744e06a P 74fd0849911d4e25a2cdbc1836955adc [CANDIDATE]: Term 1 election: Election decided. Result: candidate won. Election summary: received 2 responses out of 3 voters: 2 yes votes; 0 no votes. yes voters: 2dbedfe66b7f41938a5f934d49882958, 74fd0849911d4e25a2cdbc1836955adc; no voters: 
I20260630 12:26:58.138334 15546 tablet_bootstrap.cc:492] T d677a3430bcd429d9393bb928adfa7a0 P 2dbedfe66b7f41938a5f934d49882958: No bootstrap required, opened a new log
I20260630 12:26:58.138957 15546 ts_tablet_manager.cc:1403] T d677a3430bcd429d9393bb928adfa7a0 P 2dbedfe66b7f41938a5f934d49882958: Time spent bootstrapping tablet: real 0.076s	user 0.020s	sys 0.011s
I20260630 12:26:58.141248 15542 tablet_bootstrap.cc:654] T d677a3430bcd429d9393bb928adfa7a0 P 74fd0849911d4e25a2cdbc1836955adc: Neither blocks nor log segments found. Creating new log.
I20260630 12:26:58.141520 15546 raft_consensus.cc:359] T d677a3430bcd429d9393bb928adfa7a0 P 2dbedfe66b7f41938a5f934d49882958 [term 0 FOLLOWER]: Replica starting. Triggering 0 pending ops. Active config: opid_index: -1 OBSOLETE_local: false peers { permanent_uuid: "9b1ff7888d23402fad9e6693730594fb" member_type: VOTER last_known_addr { host: "127.10.147.193" port: 44073 } } peers { permanent_uuid: "2dbedfe66b7f41938a5f934d49882958" member_type: VOTER last_known_addr { host: "127.10.147.194" port: 39473 } } peers { permanent_uuid: "74fd0849911d4e25a2cdbc1836955adc" member_type: VOTER last_known_addr { host: "127.10.147.195" port: 36161 } }
I20260630 12:26:58.142184 15546 raft_consensus.cc:385] T d677a3430bcd429d9393bb928adfa7a0 P 2dbedfe66b7f41938a5f934d49882958 [term 0 FOLLOWER]: Consensus starting up: Expiring failure detector timer to make a prompt election more likely
I20260630 12:26:58.142457 15546 raft_consensus.cc:740] T d677a3430bcd429d9393bb928adfa7a0 P 2dbedfe66b7f41938a5f934d49882958 [term 0 FOLLOWER]: Becoming Follower/Learner. State: Replica: 2dbedfe66b7f41938a5f934d49882958, State: Initialized, Role: FOLLOWER
I20260630 12:26:58.143596 15585 raft_consensus.cc:2804] T edbb38085bcf420489cd0ebed26c4eda P 74fd0849911d4e25a2cdbc1836955adc [term 0 FOLLOWER]: Leader pre-election won for term 1
I20260630 12:26:58.132972 15564 leader_election.cc:290] T edbb38085bcf420489cd0ebed26c4eda P 74fd0849911d4e25a2cdbc1836955adc [CANDIDATE]: Term 1 pre-election: Requested pre-vote from peers 9b1ff7888d23402fad9e6693730594fb (127.10.147.193:44073), 2dbedfe66b7f41938a5f934d49882958 (127.10.147.194:39473)
I20260630 12:26:58.143970 15550 raft_consensus.cc:2804] T 4f78b530c51a4e43aaf3413bf744e06a P 74fd0849911d4e25a2cdbc1836955adc [term 1 FOLLOWER]: Leader election won for term 1
I20260630 12:26:58.144025 15585 raft_consensus.cc:493] T edbb38085bcf420489cd0ebed26c4eda P 74fd0849911d4e25a2cdbc1836955adc [term 0 FOLLOWER]: Starting leader election (no leader contacted us within the election timeout)
I20260630 12:26:58.144631 15585 raft_consensus.cc:3060] T edbb38085bcf420489cd0ebed26c4eda P 74fd0849911d4e25a2cdbc1836955adc [term 0 FOLLOWER]: Advancing to term 1
I20260630 12:26:58.145093 15546 consensus_queue.cc:260] T d677a3430bcd429d9393bb928adfa7a0 P 2dbedfe66b7f41938a5f934d49882958 [NON_LEADER]: Queue going to NON_LEADER mode. State: All replicated index: 0, Majority replicated index: 0, Committed index: 0, Last appended: 0.0, Last appended by leader: 0, Current term: 0, Majority size: -1, State: 0, Mode: NON_LEADER, active raft config: opid_index: -1 OBSOLETE_local: false peers { permanent_uuid: "9b1ff7888d23402fad9e6693730594fb" member_type: VOTER last_known_addr { host: "127.10.147.193" port: 44073 } } peers { permanent_uuid: "2dbedfe66b7f41938a5f934d49882958" member_type: VOTER last_known_addr { host: "127.10.147.194" port: 39473 } } peers { permanent_uuid: "74fd0849911d4e25a2cdbc1836955adc" member_type: VOTER last_known_addr { host: "127.10.147.195" port: 36161 } }
I20260630 12:26:58.147200 15546 ts_tablet_manager.cc:1434] T d677a3430bcd429d9393bb928adfa7a0 P 2dbedfe66b7f41938a5f934d49882958: Time spent starting tablet: real 0.008s	user 0.006s	sys 0.000s
I20260630 12:26:58.148084 15546 tablet_bootstrap.cc:492] T edbb38085bcf420489cd0ebed26c4eda P 2dbedfe66b7f41938a5f934d49882958: Bootstrap starting.
I20260630 12:26:58.153388 15546 tablet_bootstrap.cc:654] T edbb38085bcf420489cd0ebed26c4eda P 2dbedfe66b7f41938a5f934d49882958: Neither blocks nor log segments found. Creating new log.
I20260630 12:26:58.152772 15245 catalog_manager.cc:5697] T 184123ec4f4b4b3586468af665ee9e5c P 2dbedfe66b7f41938a5f934d49882958 reported cstate change: term changed from 0 to 1, leader changed from <none> to 2dbedfe66b7f41938a5f934d49882958 (127.10.147.194). New cstate: current_term: 1 leader_uuid: "2dbedfe66b7f41938a5f934d49882958" committed_config { opid_index: -1 OBSOLETE_local: false peers { permanent_uuid: "9b1ff7888d23402fad9e6693730594fb" member_type: VOTER last_known_addr { host: "127.10.147.193" port: 44073 } health_report { overall_health: UNKNOWN } } peers { permanent_uuid: "2dbedfe66b7f41938a5f934d49882958" member_type: VOTER last_known_addr { host: "127.10.147.194" port: 39473 } health_report { overall_health: HEALTHY } } peers { permanent_uuid: "74fd0849911d4e25a2cdbc1836955adc" member_type: VOTER last_known_addr { host: "127.10.147.195" port: 36161 } health_report { overall_health: UNKNOWN } } }
I20260630 12:26:58.160203 15550 raft_consensus.cc:697] T 4f78b530c51a4e43aaf3413bf744e06a P 74fd0849911d4e25a2cdbc1836955adc [term 1 LEADER]: Becoming Leader. State: Replica: 74fd0849911d4e25a2cdbc1836955adc, State: Running, Role: LEADER
I20260630 12:26:58.155577 15585 raft_consensus.cc:515] T edbb38085bcf420489cd0ebed26c4eda P 74fd0849911d4e25a2cdbc1836955adc [term 1 FOLLOWER]: Starting leader election with config: opid_index: -1 OBSOLETE_local: false peers { permanent_uuid: "9b1ff7888d23402fad9e6693730594fb" member_type: VOTER last_known_addr { host: "127.10.147.193" port: 44073 } } peers { permanent_uuid: "2dbedfe66b7f41938a5f934d49882958" member_type: VOTER last_known_addr { host: "127.10.147.194" port: 39473 } } peers { permanent_uuid: "74fd0849911d4e25a2cdbc1836955adc" member_type: VOTER last_known_addr { host: "127.10.147.195" port: 36161 } }
I20260630 12:26:58.161116 15550 consensus_queue.cc:237] T 4f78b530c51a4e43aaf3413bf744e06a P 74fd0849911d4e25a2cdbc1836955adc [LEADER]: Queue going to LEADER mode. State: All replicated index: 0, Majority replicated index: 0, Committed index: 0, Last appended: 0.0, Last appended by leader: 0, Current term: 1, Majority size: 2, State: 0, Mode: LEADER, active raft config: opid_index: -1 OBSOLETE_local: false peers { permanent_uuid: "9b1ff7888d23402fad9e6693730594fb" member_type: VOTER last_known_addr { host: "127.10.147.193" port: 44073 } } peers { permanent_uuid: "2dbedfe66b7f41938a5f934d49882958" member_type: VOTER last_known_addr { host: "127.10.147.194" port: 39473 } } peers { permanent_uuid: "74fd0849911d4e25a2cdbc1836955adc" member_type: VOTER last_known_addr { host: "127.10.147.195" port: 36161 } }
I20260630 12:26:58.164026 15346 tablet_service.cc:1917] Received RequestConsensusVote() RPC: tablet_id: "edbb38085bcf420489cd0ebed26c4eda" candidate_uuid: "74fd0849911d4e25a2cdbc1836955adc" candidate_term: 1 candidate_status { last_received { term: 0 index: 0 } } ignore_live_leader: false dest_uuid: "9b1ff7888d23402fad9e6693730594fb"
I20260630 12:26:58.164570 15346 raft_consensus.cc:3060] T edbb38085bcf420489cd0ebed26c4eda P 9b1ff7888d23402fad9e6693730594fb [term 0 FOLLOWER]: Advancing to term 1
I20260630 12:26:58.166889 15585 leader_election.cc:290] T edbb38085bcf420489cd0ebed26c4eda P 74fd0849911d4e25a2cdbc1836955adc [CANDIDATE]: Term 1 election: Requested vote from peers 9b1ff7888d23402fad9e6693730594fb (127.10.147.193:44073), 2dbedfe66b7f41938a5f934d49882958 (127.10.147.194:39473)
I20260630 12:26:58.177312 15422 tablet_service.cc:1917] Received RequestConsensusVote() RPC: tablet_id: "edbb38085bcf420489cd0ebed26c4eda" candidate_uuid: "74fd0849911d4e25a2cdbc1836955adc" candidate_term: 1 candidate_status { last_received { term: 0 index: 0 } } ignore_live_leader: false dest_uuid: "2dbedfe66b7f41938a5f934d49882958"
W20260630 12:26:58.179242 15460 leader_election.cc:343] T edbb38085bcf420489cd0ebed26c4eda P 74fd0849911d4e25a2cdbc1836955adc [CANDIDATE]: Term 1 election: Tablet error from VoteRequest() call to peer 2dbedfe66b7f41938a5f934d49882958 (127.10.147.194:39473): Illegal state: must be running to vote when last-logged opid is not known
I20260630 12:26:58.183010 15346 raft_consensus.cc:2468] T edbb38085bcf420489cd0ebed26c4eda P 9b1ff7888d23402fad9e6693730594fb [term 1 FOLLOWER]: Leader election vote request: Granting yes vote for candidate 74fd0849911d4e25a2cdbc1836955adc in term 1.
I20260630 12:26:58.184369 15459 leader_election.cc:304] T edbb38085bcf420489cd0ebed26c4eda P 74fd0849911d4e25a2cdbc1836955adc [CANDIDATE]: Term 1 election: Election decided. Result: candidate won. Election summary: received 3 responses out of 3 voters: 2 yes votes; 1 no votes. yes voters: 74fd0849911d4e25a2cdbc1836955adc, 9b1ff7888d23402fad9e6693730594fb; no voters: 2dbedfe66b7f41938a5f934d49882958
I20260630 12:26:58.185495 15585 raft_consensus.cc:2804] T edbb38085bcf420489cd0ebed26c4eda P 74fd0849911d4e25a2cdbc1836955adc [term 1 FOLLOWER]: Leader election won for term 1
I20260630 12:26:58.185966 15585 raft_consensus.cc:697] T edbb38085bcf420489cd0ebed26c4eda P 74fd0849911d4e25a2cdbc1836955adc [term 1 LEADER]: Becoming Leader. State: Replica: 74fd0849911d4e25a2cdbc1836955adc, State: Running, Role: LEADER
I20260630 12:26:58.186707 15585 consensus_queue.cc:237] T edbb38085bcf420489cd0ebed26c4eda P 74fd0849911d4e25a2cdbc1836955adc [LEADER]: Queue going to LEADER mode. State: All replicated index: 0, Majority replicated index: 0, Committed index: 0, Last appended: 0.0, Last appended by leader: 0, Current term: 1, Majority size: 2, State: 0, Mode: LEADER, active raft config: opid_index: -1 OBSOLETE_local: false peers { permanent_uuid: "9b1ff7888d23402fad9e6693730594fb" member_type: VOTER last_known_addr { host: "127.10.147.193" port: 44073 } } peers { permanent_uuid: "2dbedfe66b7f41938a5f934d49882958" member_type: VOTER last_known_addr { host: "127.10.147.194" port: 39473 } } peers { permanent_uuid: "74fd0849911d4e25a2cdbc1836955adc" member_type: VOTER last_known_addr { host: "127.10.147.195" port: 36161 } }
I20260630 12:26:58.191583 15576 raft_consensus.cc:493] T 47a38456f2ee4765943d497238594e5e P 2dbedfe66b7f41938a5f934d49882958 [term 0 FOLLOWER]: Starting pre-election (no leader contacted us within the election timeout)
I20260630 12:26:58.192198 15576 raft_consensus.cc:515] T 47a38456f2ee4765943d497238594e5e P 2dbedfe66b7f41938a5f934d49882958 [term 0 FOLLOWER]: Starting pre-election with config: opid_index: -1 OBSOLETE_local: false peers { permanent_uuid: "9b1ff7888d23402fad9e6693730594fb" member_type: VOTER last_known_addr { host: "127.10.147.193" port: 44073 } } peers { permanent_uuid: "2dbedfe66b7f41938a5f934d49882958" member_type: VOTER last_known_addr { host: "127.10.147.194" port: 39473 } } peers { permanent_uuid: "74fd0849911d4e25a2cdbc1836955adc" member_type: VOTER last_known_addr { host: "127.10.147.195" port: 36161 } }
I20260630 12:26:58.194259 15541 tablet_bootstrap.cc:492] T 42a37b6ae4494e3eb9976f8a9049d660 P 9b1ff7888d23402fad9e6693730594fb: No bootstrap required, opened a new log
I20260630 12:26:58.194490 15576 leader_election.cc:290] T 47a38456f2ee4765943d497238594e5e P 2dbedfe66b7f41938a5f934d49882958 [CANDIDATE]: Term 1 pre-election: Requested pre-vote from peers 9b1ff7888d23402fad9e6693730594fb (127.10.147.193:44073), 74fd0849911d4e25a2cdbc1836955adc (127.10.147.195:36161)
I20260630 12:26:58.194681 15541 ts_tablet_manager.cc:1403] T 42a37b6ae4494e3eb9976f8a9049d660 P 9b1ff7888d23402fad9e6693730594fb: Time spent bootstrapping tablet: real 0.147s	user 0.035s	sys 0.040s
I20260630 12:26:58.195374 15542 tablet_bootstrap.cc:492] T d677a3430bcd429d9393bb928adfa7a0 P 74fd0849911d4e25a2cdbc1836955adc: No bootstrap required, opened a new log
I20260630 12:26:58.196255 15495 tablet_service.cc:1917] Received RequestConsensusVote() RPC: tablet_id: "47a38456f2ee4765943d497238594e5e" candidate_uuid: "2dbedfe66b7f41938a5f934d49882958" candidate_term: 1 candidate_status { last_received { term: 0 index: 0 } } ignore_live_leader: false dest_uuid: "74fd0849911d4e25a2cdbc1836955adc" is_pre_election: true
I20260630 12:26:58.198137 15541 raft_consensus.cc:359] T 42a37b6ae4494e3eb9976f8a9049d660 P 9b1ff7888d23402fad9e6693730594fb [term 0 FOLLOWER]: Replica starting. Triggering 0 pending ops. Active config: opid_index: -1 OBSOLETE_local: false peers { permanent_uuid: "9b1ff7888d23402fad9e6693730594fb" member_type: VOTER last_known_addr { host: "127.10.147.193" port: 44073 } } peers { permanent_uuid: "2dbedfe66b7f41938a5f934d49882958" member_type: VOTER last_known_addr { host: "127.10.147.194" port: 39473 } } peers { permanent_uuid: "74fd0849911d4e25a2cdbc1836955adc" member_type: VOTER last_known_addr { host: "127.10.147.195" port: 36161 } }
I20260630 12:26:58.195860 15542 ts_tablet_manager.cc:1403] T d677a3430bcd429d9393bb928adfa7a0 P 74fd0849911d4e25a2cdbc1836955adc: Time spent bootstrapping tablet: real 0.072s	user 0.015s	sys 0.019s
I20260630 12:26:58.199239 15576 raft_consensus.cc:493] T 7939c95b5bed4d9dbadfd894425d0147 P 2dbedfe66b7f41938a5f934d49882958 [term 0 FOLLOWER]: Starting pre-election (no leader contacted us within the election timeout)
I20260630 12:26:58.199041 15541 raft_consensus.cc:385] T 42a37b6ae4494e3eb9976f8a9049d660 P 9b1ff7888d23402fad9e6693730594fb [term 0 FOLLOWER]: Consensus starting up: Expiring failure detector timer to make a prompt election more likely
I20260630 12:26:58.199731 15541 raft_consensus.cc:740] T 42a37b6ae4494e3eb9976f8a9049d660 P 9b1ff7888d23402fad9e6693730594fb [term 0 FOLLOWER]: Becoming Follower/Learner. State: Replica: 9b1ff7888d23402fad9e6693730594fb, State: Initialized, Role: FOLLOWER
I20260630 12:26:58.199687 15576 raft_consensus.cc:515] T 7939c95b5bed4d9dbadfd894425d0147 P 2dbedfe66b7f41938a5f934d49882958 [term 0 FOLLOWER]: Starting pre-election with config: opid_index: -1 OBSOLETE_local: false peers { permanent_uuid: "9b1ff7888d23402fad9e6693730594fb" member_type: VOTER last_known_addr { host: "127.10.147.193" port: 44073 } } peers { permanent_uuid: "2dbedfe66b7f41938a5f934d49882958" member_type: VOTER last_known_addr { host: "127.10.147.194" port: 39473 } } peers { permanent_uuid: "74fd0849911d4e25a2cdbc1836955adc" member_type: VOTER last_known_addr { host: "127.10.147.195" port: 36161 } }
I20260630 12:26:58.200281 15346 tablet_service.cc:1917] Received RequestConsensusVote() RPC: tablet_id: "47a38456f2ee4765943d497238594e5e" candidate_uuid: "2dbedfe66b7f41938a5f934d49882958" candidate_term: 1 candidate_status { last_received { term: 0 index: 0 } } ignore_live_leader: false dest_uuid: "9b1ff7888d23402fad9e6693730594fb" is_pre_election: true
I20260630 12:26:58.201141 15346 raft_consensus.cc:2393] T 47a38456f2ee4765943d497238594e5e P 9b1ff7888d23402fad9e6693730594fb [term 1 FOLLOWER]: Leader pre-election vote request: Denying vote to candidate 2dbedfe66b7f41938a5f934d49882958 in current term 1: Already voted for candidate 74fd0849911d4e25a2cdbc1836955adc in this term.
I20260630 12:26:58.200652 15541 consensus_queue.cc:260] T 42a37b6ae4494e3eb9976f8a9049d660 P 9b1ff7888d23402fad9e6693730594fb [NON_LEADER]: Queue going to NON_LEADER mode. State: All replicated index: 0, Majority replicated index: 0, Committed index: 0, Last appended: 0.0, Last appended by leader: 0, Current term: 0, Majority size: -1, State: 0, Mode: NON_LEADER, active raft config: opid_index: -1 OBSOLETE_local: false peers { permanent_uuid: "9b1ff7888d23402fad9e6693730594fb" member_type: VOTER last_known_addr { host: "127.10.147.193" port: 44073 } } peers { permanent_uuid: "2dbedfe66b7f41938a5f934d49882958" member_type: VOTER last_known_addr { host: "127.10.147.194" port: 39473 } } peers { permanent_uuid: "74fd0849911d4e25a2cdbc1836955adc" member_type: VOTER last_known_addr { host: "127.10.147.195" port: 36161 } }
I20260630 12:26:58.202761 15385 leader_election.cc:304] T 47a38456f2ee4765943d497238594e5e P 2dbedfe66b7f41938a5f934d49882958 [CANDIDATE]: Term 1 pre-election: Election decided. Result: candidate lost. Election summary: received 3 responses out of 3 voters: 1 yes votes; 2 no votes. yes voters: 2dbedfe66b7f41938a5f934d49882958; no voters: 74fd0849911d4e25a2cdbc1836955adc, 9b1ff7888d23402fad9e6693730594fb
I20260630 12:26:58.202951 15542 raft_consensus.cc:359] T d677a3430bcd429d9393bb928adfa7a0 P 74fd0849911d4e25a2cdbc1836955adc [term 0 FOLLOWER]: Replica starting. Triggering 0 pending ops. Active config: opid_index: -1 OBSOLETE_local: false peers { permanent_uuid: "9b1ff7888d23402fad9e6693730594fb" member_type: VOTER last_known_addr { host: "127.10.147.193" port: 44073 } } peers { permanent_uuid: "2dbedfe66b7f41938a5f934d49882958" member_type: VOTER last_known_addr { host: "127.10.147.194" port: 39473 } } peers { permanent_uuid: "74fd0849911d4e25a2cdbc1836955adc" member_type: VOTER last_known_addr { host: "127.10.147.195" port: 36161 } }
I20260630 12:26:58.203675 15542 raft_consensus.cc:385] T d677a3430bcd429d9393bb928adfa7a0 P 74fd0849911d4e25a2cdbc1836955adc [term 0 FOLLOWER]: Consensus starting up: Expiring failure detector timer to make a prompt election more likely
I20260630 12:26:58.203775 15582 raft_consensus.cc:3060] T 47a38456f2ee4765943d497238594e5e P 2dbedfe66b7f41938a5f934d49882958 [term 0 FOLLOWER]: Advancing to term 1
I20260630 12:26:58.203991 15542 raft_consensus.cc:740] T d677a3430bcd429d9393bb928adfa7a0 P 74fd0849911d4e25a2cdbc1836955adc [term 0 FOLLOWER]: Becoming Follower/Learner. State: Replica: 74fd0849911d4e25a2cdbc1836955adc, State: Initialized, Role: FOLLOWER
I20260630 12:26:58.205148 15542 consensus_queue.cc:260] T d677a3430bcd429d9393bb928adfa7a0 P 74fd0849911d4e25a2cdbc1836955adc [NON_LEADER]: Queue going to NON_LEADER mode. State: All replicated index: 0, Majority replicated index: 0, Committed index: 0, Last appended: 0.0, Last appended by leader: 0, Current term: 0, Majority size: -1, State: 0, Mode: NON_LEADER, active raft config: opid_index: -1 OBSOLETE_local: false peers { permanent_uuid: "9b1ff7888d23402fad9e6693730594fb" member_type: VOTER last_known_addr { host: "127.10.147.193" port: 44073 } } peers { permanent_uuid: "2dbedfe66b7f41938a5f934d49882958" member_type: VOTER last_known_addr { host: "127.10.147.194" port: 39473 } } peers { permanent_uuid: "74fd0849911d4e25a2cdbc1836955adc" member_type: VOTER last_known_addr { host: "127.10.147.195" port: 36161 } }
I20260630 12:26:58.205862 15546 tablet_bootstrap.cc:492] T edbb38085bcf420489cd0ebed26c4eda P 2dbedfe66b7f41938a5f934d49882958: No bootstrap required, opened a new log
I20260630 12:26:58.206383 15546 ts_tablet_manager.cc:1403] T edbb38085bcf420489cd0ebed26c4eda P 2dbedfe66b7f41938a5f934d49882958: Time spent bootstrapping tablet: real 0.058s	user 0.011s	sys 0.025s
I20260630 12:26:58.207391 15542 ts_tablet_manager.cc:1434] T d677a3430bcd429d9393bb928adfa7a0 P 74fd0849911d4e25a2cdbc1836955adc: Time spent starting tablet: real 0.008s	user 0.004s	sys 0.002s
I20260630 12:26:58.207391 15541 ts_tablet_manager.cc:1434] T 42a37b6ae4494e3eb9976f8a9049d660 P 9b1ff7888d23402fad9e6693730594fb: Time spent starting tablet: real 0.012s	user 0.006s	sys 0.000s
I20260630 12:26:58.208431 15541 tablet_bootstrap.cc:492] T e758fca1020e4468a4f24162d5307de5 P 9b1ff7888d23402fad9e6693730594fb: Bootstrap starting.
I20260630 12:26:58.208431 15542 tablet_bootstrap.cc:492] T 42a37b6ae4494e3eb9976f8a9049d660 P 74fd0849911d4e25a2cdbc1836955adc: Bootstrap starting.
I20260630 12:26:58.206377 15346 tablet_service.cc:1917] Received RequestConsensusVote() RPC: tablet_id: "7939c95b5bed4d9dbadfd894425d0147" candidate_uuid: "2dbedfe66b7f41938a5f934d49882958" candidate_term: 1 candidate_status { last_received { term: 0 index: 0 } } ignore_live_leader: false dest_uuid: "9b1ff7888d23402fad9e6693730594fb" is_pre_election: true
W20260630 12:26:58.215583 15385 leader_election.cc:343] T 7939c95b5bed4d9dbadfd894425d0147 P 2dbedfe66b7f41938a5f934d49882958 [CANDIDATE]: Term 1 pre-election: Tablet error from VoteRequest() call to peer 9b1ff7888d23402fad9e6693730594fb (127.10.147.193:44073): Illegal state: must be running to vote when last-logged opid is not known
I20260630 12:26:58.215058 15542 tablet_bootstrap.cc:654] T 42a37b6ae4494e3eb9976f8a9049d660 P 74fd0849911d4e25a2cdbc1836955adc: Neither blocks nor log segments found. Creating new log.
I20260630 12:26:58.214112 15541 tablet_bootstrap.cc:654] T e758fca1020e4468a4f24162d5307de5 P 9b1ff7888d23402fad9e6693730594fb: Neither blocks nor log segments found. Creating new log.
I20260630 12:26:58.218421 15582 raft_consensus.cc:2749] T 47a38456f2ee4765943d497238594e5e P 2dbedfe66b7f41938a5f934d49882958 [term 1 FOLLOWER]: Leader pre-election lost for term 1. Reason: could not achieve majority
I20260630 12:26:58.217330 15546 raft_consensus.cc:359] T edbb38085bcf420489cd0ebed26c4eda P 2dbedfe66b7f41938a5f934d49882958 [term 0 FOLLOWER]: Replica starting. Triggering 0 pending ops. Active config: opid_index: -1 OBSOLETE_local: false peers { permanent_uuid: "9b1ff7888d23402fad9e6693730594fb" member_type: VOTER last_known_addr { host: "127.10.147.193" port: 44073 } } peers { permanent_uuid: "2dbedfe66b7f41938a5f934d49882958" member_type: VOTER last_known_addr { host: "127.10.147.194" port: 39473 } } peers { permanent_uuid: "74fd0849911d4e25a2cdbc1836955adc" member_type: VOTER last_known_addr { host: "127.10.147.195" port: 36161 } }
I20260630 12:26:58.219141 15546 raft_consensus.cc:385] T edbb38085bcf420489cd0ebed26c4eda P 2dbedfe66b7f41938a5f934d49882958 [term 0 FOLLOWER]: Consensus starting up: Expiring failure detector timer to make a prompt election more likely
I20260630 12:26:58.219501 15546 raft_consensus.cc:740] T edbb38085bcf420489cd0ebed26c4eda P 2dbedfe66b7f41938a5f934d49882958 [term 0 FOLLOWER]: Becoming Follower/Learner. State: Replica: 2dbedfe66b7f41938a5f934d49882958, State: Initialized, Role: FOLLOWER
I20260630 12:26:58.220258 15546 consensus_queue.cc:260] T edbb38085bcf420489cd0ebed26c4eda P 2dbedfe66b7f41938a5f934d49882958 [NON_LEADER]: Queue going to NON_LEADER mode. State: All replicated index: 0, Majority replicated index: 0, Committed index: 0, Last appended: 0.0, Last appended by leader: 0, Current term: 0, Majority size: -1, State: 0, Mode: NON_LEADER, active raft config: opid_index: -1 OBSOLETE_local: false peers { permanent_uuid: "9b1ff7888d23402fad9e6693730594fb" member_type: VOTER last_known_addr { host: "127.10.147.193" port: 44073 } } peers { permanent_uuid: "2dbedfe66b7f41938a5f934d49882958" member_type: VOTER last_known_addr { host: "127.10.147.194" port: 39473 } } peers { permanent_uuid: "74fd0849911d4e25a2cdbc1836955adc" member_type: VOTER last_known_addr { host: "127.10.147.195" port: 36161 } }
I20260630 12:26:58.221077 15495 tablet_service.cc:1917] Received RequestConsensusVote() RPC: tablet_id: "7939c95b5bed4d9dbadfd894425d0147" candidate_uuid: "2dbedfe66b7f41938a5f934d49882958" candidate_term: 1 candidate_status { last_received { term: 0 index: 0 } } ignore_live_leader: false dest_uuid: "74fd0849911d4e25a2cdbc1836955adc" is_pre_election: true
I20260630 12:26:58.220739 15576 leader_election.cc:290] T 7939c95b5bed4d9dbadfd894425d0147 P 2dbedfe66b7f41938a5f934d49882958 [CANDIDATE]: Term 1 pre-election: Requested pre-vote from peers 9b1ff7888d23402fad9e6693730594fb (127.10.147.193:44073), 74fd0849911d4e25a2cdbc1836955adc (127.10.147.195:36161)
I20260630 12:26:58.221951 15495 raft_consensus.cc:2468] T 7939c95b5bed4d9dbadfd894425d0147 P 74fd0849911d4e25a2cdbc1836955adc [term 0 FOLLOWER]: Leader pre-election vote request: Granting yes vote for candidate 2dbedfe66b7f41938a5f934d49882958 in term 0.
I20260630 12:26:58.221442 15245 catalog_manager.cc:5697] T 4f78b530c51a4e43aaf3413bf744e06a P 74fd0849911d4e25a2cdbc1836955adc reported cstate change: term changed from 0 to 1, leader changed from <none> to 74fd0849911d4e25a2cdbc1836955adc (127.10.147.195). New cstate: current_term: 1 leader_uuid: "74fd0849911d4e25a2cdbc1836955adc" committed_config { opid_index: -1 OBSOLETE_local: false peers { permanent_uuid: "9b1ff7888d23402fad9e6693730594fb" member_type: VOTER last_known_addr { host: "127.10.147.193" port: 44073 } health_report { overall_health: UNKNOWN } } peers { permanent_uuid: "2dbedfe66b7f41938a5f934d49882958" member_type: VOTER last_known_addr { host: "127.10.147.194" port: 39473 } health_report { overall_health: UNKNOWN } } peers { permanent_uuid: "74fd0849911d4e25a2cdbc1836955adc" member_type: VOTER last_known_addr { host: "127.10.147.195" port: 36161 } health_report { overall_health: HEALTHY } } }
I20260630 12:26:58.223610 15388 leader_election.cc:304] T 7939c95b5bed4d9dbadfd894425d0147 P 2dbedfe66b7f41938a5f934d49882958 [CANDIDATE]: Term 1 pre-election: Election decided. Result: candidate won. Election summary: received 3 responses out of 3 voters: 2 yes votes; 1 no votes. yes voters: 2dbedfe66b7f41938a5f934d49882958, 74fd0849911d4e25a2cdbc1836955adc; no voters: 9b1ff7888d23402fad9e6693730594fb
I20260630 12:26:58.225255 15576 raft_consensus.cc:2804] T 7939c95b5bed4d9dbadfd894425d0147 P 2dbedfe66b7f41938a5f934d49882958 [term 0 FOLLOWER]: Leader pre-election won for term 1
I20260630 12:26:58.225581 15546 ts_tablet_manager.cc:1434] T edbb38085bcf420489cd0ebed26c4eda P 2dbedfe66b7f41938a5f934d49882958: Time spent starting tablet: real 0.019s	user 0.006s	sys 0.000s
I20260630 12:26:58.225615 15576 raft_consensus.cc:493] T 7939c95b5bed4d9dbadfd894425d0147 P 2dbedfe66b7f41938a5f934d49882958 [term 0 FOLLOWER]: Starting leader election (no leader contacted us within the election timeout)
I20260630 12:26:58.226181 15576 raft_consensus.cc:3060] T 7939c95b5bed4d9dbadfd894425d0147 P 2dbedfe66b7f41938a5f934d49882958 [term 0 FOLLOWER]: Advancing to term 1
I20260630 12:26:58.226693 15546 tablet_bootstrap.cc:492] T 238e04f834be4b02b24676750d1aa460 P 2dbedfe66b7f41938a5f934d49882958: Bootstrap starting.
I20260630 12:26:58.232534 15546 tablet_bootstrap.cc:654] T 238e04f834be4b02b24676750d1aa460 P 2dbedfe66b7f41938a5f934d49882958: Neither blocks nor log segments found. Creating new log.
