[==========] Running 26 tests from 2 test suites.
[----------] Global test environment set-up.
[----------] 24 tests from AutoRebalancerTest
[ RUN      ] AutoRebalancerTest.OnlyLeaderDoesAutoRebalancing
WARNING: Logging before InitGoogleLogging() is written to STDERR
I20260630 12:24:51.477370  6819 internal_mini_cluster.cc:156] Creating distributed mini masters. Addrs: 127.6.168.254:41741,127.6.168.253:34873,127.6.168.252:34805
I20260630 12:24:51.479079  6819 env_posix.cc:2267] Not raising this process' open files per process limit of 1048576; it is already as high as it can go
I20260630 12:24:51.480050  6819 file_cache.cc:492] Constructed file cache file cache with capacity 419430
W20260630 12:24:51.496357  6826 instance_detector.cc:116] could not retrieve Azure instance metadata: Network error: curl error: HTTP response code said error: The requested URL returned error: 404
W20260630 12:24:51.496495  6828 instance_detector.cc:116] could not retrieve OpenStack instance metadata: Network error: curl error: HTTP response code said error: The requested URL returned error: 404
W20260630 12:24:51.496367  6825 instance_detector.cc:116] could not retrieve AWS instance metadata: Network error: curl error: HTTP response code said error: The requested URL returned error: 404
I20260630 12:24:51.498643  6819 server_base.cc:1061] running on GCE node
I20260630 12:24:52.719129  6819 hybrid_clock.cc:584] initializing the hybrid clock with 'system_unsync' time source
W20260630 12:24:52.719362  6819 system_unsync_time.cc:38] NTP support is disabled. Clock error bounds will not be accurate. This configuration is not suitable for distributed clusters.
I20260630 12:24:52.719611  6819 hybrid_clock.cc:648] HybridClock initialized: now 1782822292719586 us; error 0 us; skew 500 ppm
I20260630 12:24:52.720454  6819 server_base.cc:861] Flag tcmalloc_max_total_thread_cache_bytes is not working since tcmalloc is not enabled.
I20260630 12:24:52.726958  6819 webserver.cc:533] Webserver started at http://127.6.168.254:41939/ using document root <none> and password file <none>
I20260630 12:24:52.727767  6819 fs_manager.cc:362] Metadata directory not provided
I20260630 12:24:52.728000  6819 fs_manager.cc:368] Using write-ahead log directory (fs_wal_dir) as metadata directory
I20260630 12:24:52.728459  6819 server_base.cc:909] This appears to be a new deployment of Kudu; creating new FS layout
I20260630 12:24:52.734195  6819 fs_manager.cc:1068] Generated new instance metadata in path /tmp/dist-test-taskTKwJBB/test-tmp/auto_rebalancer-test.0.AutoRebalancerTest.OnlyLeaderDoesAutoRebalancing.1782822291312903-6819-0/minicluster-data/master-0-root/instance:
uuid: "93cbcad77c3a4a988ebb213d92caffaa"
format_stamp: "Formatted at 2026-06-30 12:24:52 on dist-test-slave-fqpm"
I20260630 12:24:52.741715  6819 fs_manager.cc:696] Time spent creating directory manager: real 0.007s	user 0.002s	sys 0.005s
I20260630 12:24:52.746677  6834 log_block_manager.cc:4031] Time spent loading block containers with low live blocks: real 0.000s	user 0.000s	sys 0.000s
I20260630 12:24:52.747807  6819 fs_manager.cc:730] Time spent opening block manager: real 0.003s	user 0.003s	sys 0.001s
I20260630 12:24:52.748147  6819 fs_manager.cc:647] Opened local filesystem: /tmp/dist-test-taskTKwJBB/test-tmp/auto_rebalancer-test.0.AutoRebalancerTest.OnlyLeaderDoesAutoRebalancing.1782822291312903-6819-0/minicluster-data/master-0-root
uuid: "93cbcad77c3a4a988ebb213d92caffaa"
format_stamp: "Formatted at 2026-06-30 12:24:52 on dist-test-slave-fqpm"
I20260630 12:24:52.748476  6819 fs_report.cc:389] FS layout report
--------------------
wal directory: /tmp/dist-test-taskTKwJBB/test-tmp/auto_rebalancer-test.0.AutoRebalancerTest.OnlyLeaderDoesAutoRebalancing.1782822291312903-6819-0/minicluster-data/master-0-root
metadata directory: /tmp/dist-test-taskTKwJBB/test-tmp/auto_rebalancer-test.0.AutoRebalancerTest.OnlyLeaderDoesAutoRebalancing.1782822291312903-6819-0/minicluster-data/master-0-root
1 data directories: /tmp/dist-test-taskTKwJBB/test-tmp/auto_rebalancer-test.0.AutoRebalancerTest.OnlyLeaderDoesAutoRebalancing.1782822291312903-6819-0/minicluster-data/master-0-root/data
Total live blocks: 0
Total live bytes: 0
Total live bytes (after alignment): 0
Total number of LBM containers: 0 (0 full)
Did not check for missing blocks
Did not check for orphaned blocks
Total full LBM containers with extra space: 0 (0 repaired)
Total full LBM container extra space in bytes: 0 (0 repaired)
Total incomplete LBM containers: 0 (0 repaired)
Total LBM partial records: 0 (0 repaired)
Total corrupted LBM metadata records in RocksDB: 0 (0 repaired)
I20260630 12:24:52.805840  6819 rpc_server.cc:225] running with OpenSSL 1.1.1  11 Sep 2018
I20260630 12:24:52.807291  6819 env_posix.cc:2267] Not raising this process' running threads per effective uid limit of 18446744073709551615; it is already as high as it can go
I20260630 12:24:52.807737  6819 kserver.cc:163] Server-wide thread pool size limit: 3276
I20260630 12:24:52.876818  6819 rpc_server.cc:307] RPC server started. Bound to: 127.6.168.254:41741
I20260630 12:24:52.876945  6885 acceptor_pool.cc:272] collecting diagnostics on the listening RPC socket 127.6.168.254:41741 every 8 connection(s)
I20260630 12:24:52.882889  6819 file_cache.cc:492] Constructed file cache file cache with capacity 419430
I20260630 12:24:52.884676  6886 data_dirs.cc:400] Could only allocate 1 dirs of requested 3 for tablet 00000000000000000000000000000000. 1 dirs total, 0 dirs full, 0 dirs failed
W20260630 12:24:52.888954  6888 instance_detector.cc:116] could not retrieve AWS instance metadata: Network error: curl error: HTTP response code said error: The requested URL returned error: 404
W20260630 12:24:52.890504  6889 instance_detector.cc:116] could not retrieve Azure instance metadata: Network error: curl error: HTTP response code said error: The requested URL returned error: 404
I20260630 12:24:52.894894  6819 server_base.cc:1061] running on GCE node
W20260630 12:24:52.894959  6892 instance_detector.cc:116] could not retrieve OpenStack instance metadata: Network error: curl error: HTTP response code said error: The requested URL returned error: 404
I20260630 12:24:52.897131  6819 hybrid_clock.cc:584] initializing the hybrid clock with 'system_unsync' time source
W20260630 12:24:52.897320  6819 system_unsync_time.cc:38] NTP support is disabled. Clock error bounds will not be accurate. This configuration is not suitable for distributed clusters.
I20260630 12:24:52.897531  6819 hybrid_clock.cc:648] HybridClock initialized: now 1782822292897496 us; error 0 us; skew 500 ppm
I20260630 12:24:52.898082  6819 server_base.cc:861] Flag tcmalloc_max_total_thread_cache_bytes is not working since tcmalloc is not enabled.
I20260630 12:24:52.902446  6819 webserver.cc:533] Webserver started at http://127.6.168.253:44059/ using document root <none> and password file <none>
I20260630 12:24:52.902962  6819 fs_manager.cc:362] Metadata directory not provided
I20260630 12:24:52.903177  6819 fs_manager.cc:368] Using write-ahead log directory (fs_wal_dir) as metadata directory
I20260630 12:24:52.903452  6819 server_base.cc:909] This appears to be a new deployment of Kudu; creating new FS layout
I20260630 12:24:52.904453  6819 fs_manager.cc:1068] Generated new instance metadata in path /tmp/dist-test-taskTKwJBB/test-tmp/auto_rebalancer-test.0.AutoRebalancerTest.OnlyLeaderDoesAutoRebalancing.1782822291312903-6819-0/minicluster-data/master-1-root/instance:
uuid: "20cb05e61ed143c7ba9b9721fad96aca"
format_stamp: "Formatted at 2026-06-30 12:24:52 on dist-test-slave-fqpm"
I20260630 12:24:52.905798  6886 sys_catalog.cc:422] member_type: VOTER last_known_addr { host: "127.6.168.254" port: 41741 } has no permanent_uuid. Determining permanent_uuid...
I20260630 12:24:52.910056  6819 fs_manager.cc:696] Time spent creating directory manager: real 0.005s	user 0.001s	sys 0.003s
I20260630 12:24:52.916136  6898 log_block_manager.cc:4031] Time spent loading block containers with low live blocks: real 0.000s	user 0.000s	sys 0.000s
I20260630 12:24:52.917057  6819 fs_manager.cc:730] Time spent opening block manager: real 0.004s	user 0.002s	sys 0.001s
I20260630 12:24:52.917335  6819 fs_manager.cc:647] Opened local filesystem: /tmp/dist-test-taskTKwJBB/test-tmp/auto_rebalancer-test.0.AutoRebalancerTest.OnlyLeaderDoesAutoRebalancing.1782822291312903-6819-0/minicluster-data/master-1-root
uuid: "20cb05e61ed143c7ba9b9721fad96aca"
format_stamp: "Formatted at 2026-06-30 12:24:52 on dist-test-slave-fqpm"
I20260630 12:24:52.917603  6819 fs_report.cc:389] FS layout report
--------------------
wal directory: /tmp/dist-test-taskTKwJBB/test-tmp/auto_rebalancer-test.0.AutoRebalancerTest.OnlyLeaderDoesAutoRebalancing.1782822291312903-6819-0/minicluster-data/master-1-root
metadata directory: /tmp/dist-test-taskTKwJBB/test-tmp/auto_rebalancer-test.0.AutoRebalancerTest.OnlyLeaderDoesAutoRebalancing.1782822291312903-6819-0/minicluster-data/master-1-root
1 data directories: /tmp/dist-test-taskTKwJBB/test-tmp/auto_rebalancer-test.0.AutoRebalancerTest.OnlyLeaderDoesAutoRebalancing.1782822291312903-6819-0/minicluster-data/master-1-root/data
Total live blocks: 0
Total live bytes: 0
Total live bytes (after alignment): 0
Total number of LBM containers: 0 (0 full)
Did not check for missing blocks
Did not check for orphaned blocks
Total full LBM containers with extra space: 0 (0 repaired)
Total full LBM container extra space in bytes: 0 (0 repaired)
Total incomplete LBM containers: 0 (0 repaired)
Total LBM partial records: 0 (0 repaired)
Total corrupted LBM metadata records in RocksDB: 0 (0 repaired)
I20260630 12:24:52.931660  6886 sys_catalog.cc:422] member_type: VOTER last_known_addr { host: "127.6.168.253" port: 34873 } has no permanent_uuid. Determining permanent_uuid...
I20260630 12:24:52.933423  6819 rpc_server.cc:225] running with OpenSSL 1.1.1  11 Sep 2018
W20260630 12:24:52.934379  6835 proxy.cc:239] Call had error, refreshing address and retrying: Network error: Client connection negotiation failed: client connection to 127.6.168.253:34873: connect: Connection refused (error 111)
I20260630 12:24:52.934665  6819 kserver.cc:163] Server-wide thread pool size limit: 3276
W20260630 12:24:52.939783  6886 consensus_peers.cc:760] Error getting permanent uuid from config peer 127.6.168.253:34873: Network error: Client connection negotiation failed: client connection to 127.6.168.253:34873: connect: Connection refused (error 111)
I20260630 12:24:52.989602  6886 consensus_peers.cc:770] Retrying to get permanent uuid for remote peer: member_type: VOTER last_known_addr { host: "127.6.168.253" port: 34873 } attempt: 1
W20260630 12:24:52.995779  6886 consensus_peers.cc:760] Error getting permanent uuid from config peer 127.6.168.253:34873: Network error: Client connection negotiation failed: client connection to 127.6.168.253:34873: connect: Connection refused (error 111)
I20260630 12:24:53.001085  6819 rpc_server.cc:307] RPC server started. Bound to: 127.6.168.253:34873
I20260630 12:24:53.001293  6950 acceptor_pool.cc:272] collecting diagnostics on the listening RPC socket 127.6.168.253:34873 every 8 connection(s)
I20260630 12:24:53.005862  6951 data_dirs.cc:400] Could only allocate 1 dirs of requested 3 for tablet 00000000000000000000000000000000. 1 dirs total, 0 dirs full, 0 dirs failed
I20260630 12:24:53.006664  6819 file_cache.cc:492] Constructed file cache file cache with capacity 419430
I20260630 12:24:53.011421  6951 sys_catalog.cc:422] member_type: VOTER last_known_addr { host: "127.6.168.254" port: 41741 } has no permanent_uuid. Determining permanent_uuid...
W20260630 12:24:53.013419  6953 instance_detector.cc:116] could not retrieve AWS instance metadata: Network error: curl error: HTTP response code said error: The requested URL returned error: 404
W20260630 12:24:53.015213  6954 instance_detector.cc:116] could not retrieve Azure instance metadata: Network error: curl error: HTTP response code said error: The requested URL returned error: 404
W20260630 12:24:53.020541  6957 instance_detector.cc:116] could not retrieve OpenStack instance metadata: Network error: curl error: HTTP response code said error: The requested URL returned error: 404
I20260630 12:24:53.021174  6819 server_base.cc:1061] running on GCE node
I20260630 12:24:53.021860  6819 hybrid_clock.cc:584] initializing the hybrid clock with 'system_unsync' time source
W20260630 12:24:53.022090  6819 system_unsync_time.cc:38] NTP support is disabled. Clock error bounds will not be accurate. This configuration is not suitable for distributed clusters.
I20260630 12:24:53.022266  6819 hybrid_clock.cc:648] HybridClock initialized: now 1782822293022243 us; error 0 us; skew 500 ppm
I20260630 12:24:53.022975  6819 server_base.cc:861] Flag tcmalloc_max_total_thread_cache_bytes is not working since tcmalloc is not enabled.
I20260630 12:24:53.026314  6819 webserver.cc:533] Webserver started at http://127.6.168.252:39633/ using document root <none> and password file <none>
I20260630 12:24:53.026908  6819 fs_manager.cc:362] Metadata directory not provided
I20260630 12:24:53.027163  6819 fs_manager.cc:368] Using write-ahead log directory (fs_wal_dir) as metadata directory
I20260630 12:24:53.027532  6819 server_base.cc:909] This appears to be a new deployment of Kudu; creating new FS layout
I20260630 12:24:53.029049  6819 fs_manager.cc:1068] Generated new instance metadata in path /tmp/dist-test-taskTKwJBB/test-tmp/auto_rebalancer-test.0.AutoRebalancerTest.OnlyLeaderDoesAutoRebalancing.1782822291312903-6819-0/minicluster-data/master-2-root/instance:
uuid: "cd2b7f5ae0b14eef92857565373ec664"
format_stamp: "Formatted at 2026-06-30 12:24:53 on dist-test-slave-fqpm"
I20260630 12:24:53.029422  6951 sys_catalog.cc:422] member_type: VOTER last_known_addr { host: "127.6.168.253" port: 34873 } has no permanent_uuid. Determining permanent_uuid...
I20260630 12:24:53.034883  6819 fs_manager.cc:696] Time spent creating directory manager: real 0.005s	user 0.005s	sys 0.000s
I20260630 12:24:53.039606  6963 log_block_manager.cc:4031] Time spent loading block containers with low live blocks: real 0.000s	user 0.000s	sys 0.000s
I20260630 12:24:53.040577  6819 fs_manager.cc:730] Time spent opening block manager: real 0.004s	user 0.000s	sys 0.004s
I20260630 12:24:53.040953  6819 fs_manager.cc:647] Opened local filesystem: /tmp/dist-test-taskTKwJBB/test-tmp/auto_rebalancer-test.0.AutoRebalancerTest.OnlyLeaderDoesAutoRebalancing.1782822291312903-6819-0/minicluster-data/master-2-root
uuid: "cd2b7f5ae0b14eef92857565373ec664"
format_stamp: "Formatted at 2026-06-30 12:24:53 on dist-test-slave-fqpm"
I20260630 12:24:53.041311  6819 fs_report.cc:389] FS layout report
--------------------
wal directory: /tmp/dist-test-taskTKwJBB/test-tmp/auto_rebalancer-test.0.AutoRebalancerTest.OnlyLeaderDoesAutoRebalancing.1782822291312903-6819-0/minicluster-data/master-2-root
metadata directory: /tmp/dist-test-taskTKwJBB/test-tmp/auto_rebalancer-test.0.AutoRebalancerTest.OnlyLeaderDoesAutoRebalancing.1782822291312903-6819-0/minicluster-data/master-2-root
1 data directories: /tmp/dist-test-taskTKwJBB/test-tmp/auto_rebalancer-test.0.AutoRebalancerTest.OnlyLeaderDoesAutoRebalancing.1782822291312903-6819-0/minicluster-data/master-2-root/data
Total live blocks: 0
Total live bytes: 0
Total live bytes (after alignment): 0
Total number of LBM containers: 0 (0 full)
Did not check for missing blocks
Did not check for orphaned blocks
Total full LBM containers with extra space: 0 (0 repaired)
Total full LBM container extra space in bytes: 0 (0 repaired)
Total incomplete LBM containers: 0 (0 repaired)
Total LBM partial records: 0 (0 repaired)
Total corrupted LBM metadata records in RocksDB: 0 (0 repaired)
I20260630 12:24:53.048719  6951 sys_catalog.cc:422] member_type: VOTER last_known_addr { host: "127.6.168.252" port: 34805 } has no permanent_uuid. Determining permanent_uuid...
W20260630 12:24:53.055038  6951 consensus_peers.cc:760] Error getting permanent uuid from config peer 127.6.168.252:34805: Network error: Client connection negotiation failed: client connection to 127.6.168.252:34805: connect: Connection refused (error 111)
I20260630 12:24:53.064286  6886 consensus_peers.cc:770] Retrying to get permanent uuid for remote peer: member_type: VOTER last_known_addr { host: "127.6.168.253" port: 34873 } attempt: 2
I20260630 12:24:53.067041  6819 rpc_server.cc:225] running with OpenSSL 1.1.1  11 Sep 2018
I20260630 12:24:53.068428  6819 kserver.cc:163] Server-wide thread pool size limit: 3276
I20260630 12:24:53.074868  6886 sys_catalog.cc:422] member_type: VOTER last_known_addr { host: "127.6.168.252" port: 34805 } has no permanent_uuid. Determining permanent_uuid...
W20260630 12:24:53.079430  6886 consensus_peers.cc:760] Error getting permanent uuid from config peer 127.6.168.252:34805: Network error: Client connection negotiation failed: client connection to 127.6.168.252:34805: connect: Connection refused (error 111)
I20260630 12:24:53.098508  6951 consensus_peers.cc:770] Retrying to get permanent uuid for remote peer: member_type: VOTER last_known_addr { host: "127.6.168.252" port: 34805 } attempt: 1
W20260630 12:24:53.104560  6951 consensus_peers.cc:760] Error getting permanent uuid from config peer 127.6.168.252:34805: Network error: Client connection negotiation failed: client connection to 127.6.168.252:34805: connect: Connection refused (error 111)
I20260630 12:24:53.110878  6886 consensus_peers.cc:770] Retrying to get permanent uuid for remote peer: member_type: VOTER last_known_addr { host: "127.6.168.252" port: 34805 } attempt: 1
W20260630 12:24:53.115446  6886 consensus_peers.cc:760] Error getting permanent uuid from config peer 127.6.168.252:34805: Network error: Client connection negotiation failed: client connection to 127.6.168.252:34805: connect: Connection refused (error 111)
I20260630 12:24:53.139460  6819 rpc_server.cc:307] RPC server started. Bound to: 127.6.168.252:34805
I20260630 12:24:53.139559  7015 acceptor_pool.cc:272] collecting diagnostics on the listening RPC socket 127.6.168.252:34805 every 8 connection(s)
I20260630 12:24:53.143934  6819 internal_mini_cluster.cc:184] Waiting to initialize catalog manager on master 0
I20260630 12:24:53.144068  7016 data_dirs.cc:400] Could only allocate 1 dirs of requested 3 for tablet 00000000000000000000000000000000. 1 dirs total, 0 dirs full, 0 dirs failed
I20260630 12:24:53.149875  7016 sys_catalog.cc:422] member_type: VOTER last_known_addr { host: "127.6.168.254" port: 41741 } has no permanent_uuid. Determining permanent_uuid...
I20260630 12:24:53.161212  7016 sys_catalog.cc:422] member_type: VOTER last_known_addr { host: "127.6.168.253" port: 34873 } has no permanent_uuid. Determining permanent_uuid...
I20260630 12:24:53.170550  7016 sys_catalog.cc:422] member_type: VOTER last_known_addr { host: "127.6.168.252" port: 34805 } has no permanent_uuid. Determining permanent_uuid...
I20260630 12:24:53.180086  6951 consensus_peers.cc:770] Retrying to get permanent uuid for remote peer: member_type: VOTER last_known_addr { host: "127.6.168.252" port: 34805 } attempt: 2
I20260630 12:24:53.182837  6886 consensus_peers.cc:770] Retrying to get permanent uuid for remote peer: member_type: VOTER last_known_addr { host: "127.6.168.252" port: 34805 } attempt: 2
I20260630 12:24:53.190855  7016 tablet_bootstrap.cc:492] T 00000000000000000000000000000000 P cd2b7f5ae0b14eef92857565373ec664: Bootstrap starting.
I20260630 12:24:53.198782  7016 tablet_bootstrap.cc:654] T 00000000000000000000000000000000 P cd2b7f5ae0b14eef92857565373ec664: Neither blocks nor log segments found. Creating new log.
I20260630 12:24:53.199595  6951 tablet_bootstrap.cc:492] T 00000000000000000000000000000000 P 20cb05e61ed143c7ba9b9721fad96aca: Bootstrap starting.
I20260630 12:24:53.201558  7016 log.cc:826] T 00000000000000000000000000000000 P cd2b7f5ae0b14eef92857565373ec664: Log is configured to *not* fsync() on all Append() calls
I20260630 12:24:53.202636  6886 tablet_bootstrap.cc:492] T 00000000000000000000000000000000 P 93cbcad77c3a4a988ebb213d92caffaa: Bootstrap starting.
I20260630 12:24:53.206526  6951 tablet_bootstrap.cc:654] T 00000000000000000000000000000000 P 20cb05e61ed143c7ba9b9721fad96aca: Neither blocks nor log segments found. Creating new log.
I20260630 12:24:53.207968  6886 tablet_bootstrap.cc:654] T 00000000000000000000000000000000 P 93cbcad77c3a4a988ebb213d92caffaa: Neither blocks nor log segments found. Creating new log.
I20260630 12:24:53.208184  7016 tablet_bootstrap.cc:492] T 00000000000000000000000000000000 P cd2b7f5ae0b14eef92857565373ec664: No bootstrap required, opened a new log
I20260630 12:24:53.213307  6951 tablet_bootstrap.cc:492] T 00000000000000000000000000000000 P 20cb05e61ed143c7ba9b9721fad96aca: No bootstrap required, opened a new log
I20260630 12:24:53.215245  6886 tablet_bootstrap.cc:492] T 00000000000000000000000000000000 P 93cbcad77c3a4a988ebb213d92caffaa: No bootstrap required, opened a new log
I20260630 12:24:53.228432  7016 raft_consensus.cc:359] T 00000000000000000000000000000000 P cd2b7f5ae0b14eef92857565373ec664 [term 0 FOLLOWER]: Replica starting. Triggering 0 pending ops. Active config: opid_index: -1 OBSOLETE_local: false peers { permanent_uuid: "93cbcad77c3a4a988ebb213d92caffaa" member_type: VOTER last_known_addr { host: "127.6.168.254" port: 41741 } } peers { permanent_uuid: "20cb05e61ed143c7ba9b9721fad96aca" member_type: VOTER last_known_addr { host: "127.6.168.253" port: 34873 } } peers { permanent_uuid: "cd2b7f5ae0b14eef92857565373ec664" member_type: VOTER last_known_addr { host: "127.6.168.252" port: 34805 } }
I20260630 12:24:53.228444  6951 raft_consensus.cc:359] T 00000000000000000000000000000000 P 20cb05e61ed143c7ba9b9721fad96aca [term 0 FOLLOWER]: Replica starting. Triggering 0 pending ops. Active config: opid_index: -1 OBSOLETE_local: false peers { permanent_uuid: "93cbcad77c3a4a988ebb213d92caffaa" member_type: VOTER last_known_addr { host: "127.6.168.254" port: 41741 } } peers { permanent_uuid: "20cb05e61ed143c7ba9b9721fad96aca" member_type: VOTER last_known_addr { host: "127.6.168.253" port: 34873 } } peers { permanent_uuid: "cd2b7f5ae0b14eef92857565373ec664" member_type: VOTER last_known_addr { host: "127.6.168.252" port: 34805 } }
I20260630 12:24:53.228444  6886 raft_consensus.cc:359] T 00000000000000000000000000000000 P 93cbcad77c3a4a988ebb213d92caffaa [term 0 FOLLOWER]: Replica starting. Triggering 0 pending ops. Active config: opid_index: -1 OBSOLETE_local: false peers { permanent_uuid: "93cbcad77c3a4a988ebb213d92caffaa" member_type: VOTER last_known_addr { host: "127.6.168.254" port: 41741 } } peers { permanent_uuid: "20cb05e61ed143c7ba9b9721fad96aca" member_type: VOTER last_known_addr { host: "127.6.168.253" port: 34873 } } peers { permanent_uuid: "cd2b7f5ae0b14eef92857565373ec664" member_type: VOTER last_known_addr { host: "127.6.168.252" port: 34805 } }
I20260630 12:24:53.229221  7016 raft_consensus.cc:385] T 00000000000000000000000000000000 P cd2b7f5ae0b14eef92857565373ec664 [term 0 FOLLOWER]: Consensus starting up: Expiring failure detector timer to make a prompt election more likely
I20260630 12:24:53.229468  6886 raft_consensus.cc:385] T 00000000000000000000000000000000 P 93cbcad77c3a4a988ebb213d92caffaa [term 0 FOLLOWER]: Consensus starting up: Expiring failure detector timer to make a prompt election more likely
I20260630 12:24:53.229437  6951 raft_consensus.cc:385] T 00000000000000000000000000000000 P 20cb05e61ed143c7ba9b9721fad96aca [term 0 FOLLOWER]: Consensus starting up: Expiring failure detector timer to make a prompt election more likely
I20260630 12:24:53.229588  7016 raft_consensus.cc:740] T 00000000000000000000000000000000 P cd2b7f5ae0b14eef92857565373ec664 [term 0 FOLLOWER]: Becoming Follower/Learner. State: Replica: cd2b7f5ae0b14eef92857565373ec664, State: Initialized, Role: FOLLOWER
I20260630 12:24:53.229827  6886 raft_consensus.cc:740] T 00000000000000000000000000000000 P 93cbcad77c3a4a988ebb213d92caffaa [term 0 FOLLOWER]: Becoming Follower/Learner. State: Replica: 93cbcad77c3a4a988ebb213d92caffaa, State: Initialized, Role: FOLLOWER
I20260630 12:24:53.229876  6951 raft_consensus.cc:740] T 00000000000000000000000000000000 P 20cb05e61ed143c7ba9b9721fad96aca [term 0 FOLLOWER]: Becoming Follower/Learner. State: Replica: 20cb05e61ed143c7ba9b9721fad96aca, State: Initialized, Role: FOLLOWER
I20260630 12:24:53.230665  7016 consensus_queue.cc:260] T 00000000000000000000000000000000 P cd2b7f5ae0b14eef92857565373ec664 [NON_LEADER]: Queue going to NON_LEADER mode. State: All replicated index: 0, Majority replicated index: 0, Committed index: 0, Last appended: 0.0, Last appended by leader: 0, Current term: 0, Majority size: -1, State: 0, Mode: NON_LEADER, active raft config: opid_index: -1 OBSOLETE_local: false peers { permanent_uuid: "93cbcad77c3a4a988ebb213d92caffaa" member_type: VOTER last_known_addr { host: "127.6.168.254" port: 41741 } } peers { permanent_uuid: "20cb05e61ed143c7ba9b9721fad96aca" member_type: VOTER last_known_addr { host: "127.6.168.253" port: 34873 } } peers { permanent_uuid: "cd2b7f5ae0b14eef92857565373ec664" member_type: VOTER last_known_addr { host: "127.6.168.252" port: 34805 } }
I20260630 12:24:53.230669  6951 consensus_queue.cc:260] T 00000000000000000000000000000000 P 20cb05e61ed143c7ba9b9721fad96aca [NON_LEADER]: Queue going to NON_LEADER mode. State: All replicated index: 0, Majority replicated index: 0, Committed index: 0, Last appended: 0.0, Last appended by leader: 0, Current term: 0, Majority size: -1, State: 0, Mode: NON_LEADER, active raft config: opid_index: -1 OBSOLETE_local: false peers { permanent_uuid: "93cbcad77c3a4a988ebb213d92caffaa" member_type: VOTER last_known_addr { host: "127.6.168.254" port: 41741 } } peers { permanent_uuid: "20cb05e61ed143c7ba9b9721fad96aca" member_type: VOTER last_known_addr { host: "127.6.168.253" port: 34873 } } peers { permanent_uuid: "cd2b7f5ae0b14eef92857565373ec664" member_type: VOTER last_known_addr { host: "127.6.168.252" port: 34805 } }
I20260630 12:24:53.230700  6886 consensus_queue.cc:260] T 00000000000000000000000000000000 P 93cbcad77c3a4a988ebb213d92caffaa [NON_LEADER]: Queue going to NON_LEADER mode. State: All replicated index: 0, Majority replicated index: 0, Committed index: 0, Last appended: 0.0, Last appended by leader: 0, Current term: 0, Majority size: -1, State: 0, Mode: NON_LEADER, active raft config: opid_index: -1 OBSOLETE_local: false peers { permanent_uuid: "93cbcad77c3a4a988ebb213d92caffaa" member_type: VOTER last_known_addr { host: "127.6.168.254" port: 41741 } } peers { permanent_uuid: "20cb05e61ed143c7ba9b9721fad96aca" member_type: VOTER last_known_addr { host: "127.6.168.253" port: 34873 } } peers { permanent_uuid: "cd2b7f5ae0b14eef92857565373ec664" member_type: VOTER last_known_addr { host: "127.6.168.252" port: 34805 } }
I20260630 12:24:53.235479  7025 sys_catalog.cc:455] T 00000000000000000000000000000000 P cd2b7f5ae0b14eef92857565373ec664 [sys.catalog]: SysCatalogTable state changed. Reason: RaftConsensus started. Latest consensus state: current_term: 0 committed_config { opid_index: -1 OBSOLETE_local: false peers { permanent_uuid: "93cbcad77c3a4a988ebb213d92caffaa" member_type: VOTER last_known_addr { host: "127.6.168.254" port: 41741 } } peers { permanent_uuid: "20cb05e61ed143c7ba9b9721fad96aca" member_type: VOTER last_known_addr { host: "127.6.168.253" port: 34873 } } peers { permanent_uuid: "cd2b7f5ae0b14eef92857565373ec664" member_type: VOTER last_known_addr { host: "127.6.168.252" port: 34805 } } }
I20260630 12:24:53.235458  7024 sys_catalog.cc:455] T 00000000000000000000000000000000 P 20cb05e61ed143c7ba9b9721fad96aca [sys.catalog]: SysCatalogTable state changed. Reason: RaftConsensus started. Latest consensus state: current_term: 0 committed_config { opid_index: -1 OBSOLETE_local: false peers { permanent_uuid: "93cbcad77c3a4a988ebb213d92caffaa" member_type: VOTER last_known_addr { host: "127.6.168.254" port: 41741 } } peers { permanent_uuid: "20cb05e61ed143c7ba9b9721fad96aca" member_type: VOTER last_known_addr { host: "127.6.168.253" port: 34873 } } peers { permanent_uuid: "cd2b7f5ae0b14eef92857565373ec664" member_type: VOTER last_known_addr { host: "127.6.168.252" port: 34805 } } }
I20260630 12:24:53.236456  7025 sys_catalog.cc:458] T 00000000000000000000000000000000 P cd2b7f5ae0b14eef92857565373ec664 [sys.catalog]: This master's current role is: FOLLOWER
I20260630 12:24:53.236567  7024 sys_catalog.cc:458] T 00000000000000000000000000000000 P 20cb05e61ed143c7ba9b9721fad96aca [sys.catalog]: This master's current role is: FOLLOWER
I20260630 12:24:53.237587  7016 sys_catalog.cc:565] T 00000000000000000000000000000000 P cd2b7f5ae0b14eef92857565373ec664 [sys.catalog]: configured and running, proceeding with master startup.
I20260630 12:24:53.237581  6951 sys_catalog.cc:565] T 00000000000000000000000000000000 P 20cb05e61ed143c7ba9b9721fad96aca [sys.catalog]: configured and running, proceeding with master startup.
I20260630 12:24:53.237748  7026 sys_catalog.cc:455] T 00000000000000000000000000000000 P 93cbcad77c3a4a988ebb213d92caffaa [sys.catalog]: SysCatalogTable state changed. Reason: RaftConsensus started. Latest consensus state: current_term: 0 committed_config { opid_index: -1 OBSOLETE_local: false peers { permanent_uuid: "93cbcad77c3a4a988ebb213d92caffaa" member_type: VOTER last_known_addr { host: "127.6.168.254" port: 41741 } } peers { permanent_uuid: "20cb05e61ed143c7ba9b9721fad96aca" member_type: VOTER last_known_addr { host: "127.6.168.253" port: 34873 } } peers { permanent_uuid: "cd2b7f5ae0b14eef92857565373ec664" member_type: VOTER last_known_addr { host: "127.6.168.252" port: 34805 } } }
I20260630 12:24:53.238554  7026 sys_catalog.cc:458] T 00000000000000000000000000000000 P 93cbcad77c3a4a988ebb213d92caffaa [sys.catalog]: This master's current role is: FOLLOWER
I20260630 12:24:53.239352  6886 sys_catalog.cc:565] T 00000000000000000000000000000000 P 93cbcad77c3a4a988ebb213d92caffaa [sys.catalog]: configured and running, proceeding with master startup.
I20260630 12:24:53.282074  6819 internal_mini_cluster.cc:184] Waiting to initialize catalog manager on master 1
W20260630 12:24:53.289330  7054 catalog_manager.cc:1594] T 00000000000000000000000000000000 P cd2b7f5ae0b14eef92857565373ec664: loading cluster ID for follower catalog manager: Not found: cluster ID entry not found
W20260630 12:24:53.289330  7058 catalog_manager.cc:1594] T 00000000000000000000000000000000 P 93cbcad77c3a4a988ebb213d92caffaa: loading cluster ID for follower catalog manager: Not found: cluster ID entry not found
W20260630 12:24:53.289865  7054 catalog_manager.cc:883] Not found: cluster ID entry not found: failed to prepare follower catalog manager, will retry
W20260630 12:24:53.289921  7058 catalog_manager.cc:883] Not found: cluster ID entry not found: failed to prepare follower catalog manager, will retry
I20260630 12:24:53.290612  6819 internal_mini_cluster.cc:184] Waiting to initialize catalog manager on master 2
I20260630 12:24:53.292034  6819 file_cache.cc:492] Constructed file cache file cache with capacity 419430
W20260630 12:24:53.295846  7060 catalog_manager.cc:1594] T 00000000000000000000000000000000 P 20cb05e61ed143c7ba9b9721fad96aca: loading cluster ID for follower catalog manager: Not found: cluster ID entry not found
W20260630 12:24:53.296198  7060 catalog_manager.cc:883] Not found: cluster ID entry not found: failed to prepare follower catalog manager, will retry
W20260630 12:24:53.301344  7061 instance_detector.cc:116] could not retrieve AWS instance metadata: Network error: curl error: HTTP response code said error: The requested URL returned error: 404
W20260630 12:24:53.302243  7062 instance_detector.cc:116] could not retrieve Azure instance metadata: Network error: curl error: HTTP response code said error: The requested URL returned error: 404
W20260630 12:24:53.305019  7064 instance_detector.cc:116] could not retrieve OpenStack instance metadata: Network error: curl error: HTTP response code said error: The requested URL returned error: 404
I20260630 12:24:53.306285  6819 server_base.cc:1061] running on GCE node
I20260630 12:24:53.307056  6819 hybrid_clock.cc:584] initializing the hybrid clock with 'system_unsync' time source
W20260630 12:24:53.307274  6819 system_unsync_time.cc:38] NTP support is disabled. Clock error bounds will not be accurate. This configuration is not suitable for distributed clusters.
I20260630 12:24:53.307457  6819 hybrid_clock.cc:648] HybridClock initialized: now 1782822293307431 us; error 0 us; skew 500 ppm
I20260630 12:24:53.307951  6819 server_base.cc:861] Flag tcmalloc_max_total_thread_cache_bytes is not working since tcmalloc is not enabled.
I20260630 12:24:53.310711  6819 webserver.cc:533] Webserver started at http://127.6.168.193:34347/ using document root <none> and password file <none>
I20260630 12:24:53.311192  6819 fs_manager.cc:362] Metadata directory not provided
I20260630 12:24:53.311405  6819 fs_manager.cc:368] Using write-ahead log directory (fs_wal_dir) as metadata directory
I20260630 12:24:53.311672  6819 server_base.cc:909] This appears to be a new deployment of Kudu; creating new FS layout
I20260630 12:24:53.312695  6819 fs_manager.cc:1068] Generated new instance metadata in path /tmp/dist-test-taskTKwJBB/test-tmp/auto_rebalancer-test.0.AutoRebalancerTest.OnlyLeaderDoesAutoRebalancing.1782822291312903-6819-0/minicluster-data/ts-0-root/instance:
uuid: "c7687d8486be42a89e6505f7edaa1292"
format_stamp: "Formatted at 2026-06-30 12:24:53 on dist-test-slave-fqpm"
W20260630 12:24:53.312819  6840 tablet.cc:2406] T 00000000000000000000000000000000 P 93cbcad77c3a4a988ebb213d92caffaa: Can't schedule compaction. Clean time has not been advanced past its initial value.
I20260630 12:24:53.317417  6819 fs_manager.cc:696] Time spent creating directory manager: real 0.004s	user 0.002s	sys 0.001s
I20260630 12:24:53.321046  7069 log_block_manager.cc:4031] Time spent loading block containers with low live blocks: real 0.000s	user 0.000s	sys 0.000s
I20260630 12:24:53.321859  6819 fs_manager.cc:730] Time spent opening block manager: real 0.002s	user 0.002s	sys 0.001s
I20260630 12:24:53.322129  6819 fs_manager.cc:647] Opened local filesystem: /tmp/dist-test-taskTKwJBB/test-tmp/auto_rebalancer-test.0.AutoRebalancerTest.OnlyLeaderDoesAutoRebalancing.1782822291312903-6819-0/minicluster-data/ts-0-root
uuid: "c7687d8486be42a89e6505f7edaa1292"
format_stamp: "Formatted at 2026-06-30 12:24:53 on dist-test-slave-fqpm"
I20260630 12:24:53.322386  6819 fs_report.cc:389] FS layout report
--------------------
wal directory: /tmp/dist-test-taskTKwJBB/test-tmp/auto_rebalancer-test.0.AutoRebalancerTest.OnlyLeaderDoesAutoRebalancing.1782822291312903-6819-0/minicluster-data/ts-0-root
metadata directory: /tmp/dist-test-taskTKwJBB/test-tmp/auto_rebalancer-test.0.AutoRebalancerTest.OnlyLeaderDoesAutoRebalancing.1782822291312903-6819-0/minicluster-data/ts-0-root
1 data directories: /tmp/dist-test-taskTKwJBB/test-tmp/auto_rebalancer-test.0.AutoRebalancerTest.OnlyLeaderDoesAutoRebalancing.1782822291312903-6819-0/minicluster-data/ts-0-root/data
Total live blocks: 0
Total live bytes: 0
Total live bytes (after alignment): 0
Total number of LBM containers: 0 (0 full)
Did not check for missing blocks
Did not check for orphaned blocks
Total full LBM containers with extra space: 0 (0 repaired)
Total full LBM container extra space in bytes: 0 (0 repaired)
Total incomplete LBM containers: 0 (0 repaired)
Total LBM partial records: 0 (0 repaired)
Total corrupted LBM metadata records in RocksDB: 0 (0 repaired)
I20260630 12:24:53.356969  6819 rpc_server.cc:225] running with OpenSSL 1.1.1  11 Sep 2018
I20260630 12:24:53.358750  6819 kserver.cc:163] Server-wide thread pool size limit: 3276
I20260630 12:24:53.361668  6819 txn_system_client.cc:432] TxnSystemClient initialization is disabled...
I20260630 12:24:53.363302  7026 raft_consensus.cc:493] T 00000000000000000000000000000000 P 93cbcad77c3a4a988ebb213d92caffaa [term 0 FOLLOWER]: Starting pre-election (no leader contacted us within the election timeout)
I20260630 12:24:53.363957  7026 raft_consensus.cc:515] T 00000000000000000000000000000000 P 93cbcad77c3a4a988ebb213d92caffaa [term 0 FOLLOWER]: Starting pre-election with config: opid_index: -1 OBSOLETE_local: false peers { permanent_uuid: "93cbcad77c3a4a988ebb213d92caffaa" member_type: VOTER last_known_addr { host: "127.6.168.254" port: 41741 } } peers { permanent_uuid: "20cb05e61ed143c7ba9b9721fad96aca" member_type: VOTER last_known_addr { host: "127.6.168.253" port: 34873 } } peers { permanent_uuid: "cd2b7f5ae0b14eef92857565373ec664" member_type: VOTER last_known_addr { host: "127.6.168.252" port: 34805 } }
I20260630 12:24:53.366742  6819 ts_tablet_manager.cc:585] Loaded tablet metadata (0 total tablets, 0 live tablets)
I20260630 12:24:53.367059  6819 ts_tablet_manager.cc:531] Time spent load tablet metadata: real 0.000s	user 0.000s	sys 0.000s
I20260630 12:24:53.367358  6819 ts_tablet_manager.cc:616] Registered 0 tablets
I20260630 12:24:53.367587  6819 ts_tablet_manager.cc:595] Time spent register tablets: real 0.000s	user 0.000s	sys 0.000s
I20260630 12:24:53.368291  6991 tablet_service.cc:1917] Received RequestConsensusVote() RPC: tablet_id: "00000000000000000000000000000000" candidate_uuid: "93cbcad77c3a4a988ebb213d92caffaa" candidate_term: 1 candidate_status { last_received { term: 0 index: 0 } } ignore_live_leader: false dest_uuid: "cd2b7f5ae0b14eef92857565373ec664" is_pre_election: true
I20260630 12:24:53.368568  6926 tablet_service.cc:1917] Received RequestConsensusVote() RPC: tablet_id: "00000000000000000000000000000000" candidate_uuid: "93cbcad77c3a4a988ebb213d92caffaa" candidate_term: 1 candidate_status { last_received { term: 0 index: 0 } } ignore_live_leader: false dest_uuid: "20cb05e61ed143c7ba9b9721fad96aca" is_pre_election: true
I20260630 12:24:53.369234  6991 raft_consensus.cc:2468] T 00000000000000000000000000000000 P cd2b7f5ae0b14eef92857565373ec664 [term 0 FOLLOWER]: Leader pre-election vote request: Granting yes vote for candidate 93cbcad77c3a4a988ebb213d92caffaa in term 0.
I20260630 12:24:53.369592  6926 raft_consensus.cc:2468] T 00000000000000000000000000000000 P 20cb05e61ed143c7ba9b9721fad96aca [term 0 FOLLOWER]: Leader pre-election vote request: Granting yes vote for candidate 93cbcad77c3a4a988ebb213d92caffaa in term 0.
I20260630 12:24:53.370858  6838 leader_election.cc:304] T 00000000000000000000000000000000 P 93cbcad77c3a4a988ebb213d92caffaa [CANDIDATE]: Term 1 pre-election: Election decided. Result: candidate won. Election summary: received 2 responses out of 3 voters: 2 yes votes; 0 no votes. yes voters: 93cbcad77c3a4a988ebb213d92caffaa, cd2b7f5ae0b14eef92857565373ec664; no voters: 
I20260630 12:24:53.371734  7026 leader_election.cc:290] T 00000000000000000000000000000000 P 93cbcad77c3a4a988ebb213d92caffaa [CANDIDATE]: Term 1 pre-election: Requested pre-vote from peers 20cb05e61ed143c7ba9b9721fad96aca (127.6.168.253:34873), cd2b7f5ae0b14eef92857565373ec664 (127.6.168.252:34805)
I20260630 12:24:53.372421  7026 raft_consensus.cc:2804] T 00000000000000000000000000000000 P 93cbcad77c3a4a988ebb213d92caffaa [term 0 FOLLOWER]: Leader pre-election won for term 1
I20260630 12:24:53.372924  7026 raft_consensus.cc:493] T 00000000000000000000000000000000 P 93cbcad77c3a4a988ebb213d92caffaa [term 0 FOLLOWER]: Starting leader election (no leader contacted us within the election timeout)
I20260630 12:24:53.373425  7026 raft_consensus.cc:3060] T 00000000000000000000000000000000 P 93cbcad77c3a4a988ebb213d92caffaa [term 0 FOLLOWER]: Advancing to term 1
I20260630 12:24:53.381567  7026 raft_consensus.cc:515] T 00000000000000000000000000000000 P 93cbcad77c3a4a988ebb213d92caffaa [term 1 FOLLOWER]: Starting leader election with config: opid_index: -1 OBSOLETE_local: false peers { permanent_uuid: "93cbcad77c3a4a988ebb213d92caffaa" member_type: VOTER last_known_addr { host: "127.6.168.254" port: 41741 } } peers { permanent_uuid: "20cb05e61ed143c7ba9b9721fad96aca" member_type: VOTER last_known_addr { host: "127.6.168.253" port: 34873 } } peers { permanent_uuid: "cd2b7f5ae0b14eef92857565373ec664" member_type: VOTER last_known_addr { host: "127.6.168.252" port: 34805 } }
I20260630 12:24:53.384014  7026 leader_election.cc:290] T 00000000000000000000000000000000 P 93cbcad77c3a4a988ebb213d92caffaa [CANDIDATE]: Term 1 election: Requested vote from peers 20cb05e61ed143c7ba9b9721fad96aca (127.6.168.253:34873), cd2b7f5ae0b14eef92857565373ec664 (127.6.168.252:34805)
I20260630 12:24:53.385144  6926 tablet_service.cc:1917] Received RequestConsensusVote() RPC: tablet_id: "00000000000000000000000000000000" candidate_uuid: "93cbcad77c3a4a988ebb213d92caffaa" candidate_term: 1 candidate_status { last_received { term: 0 index: 0 } } ignore_live_leader: false dest_uuid: "20cb05e61ed143c7ba9b9721fad96aca"
I20260630 12:24:53.385802  6926 raft_consensus.cc:3060] T 00000000000000000000000000000000 P 20cb05e61ed143c7ba9b9721fad96aca [term 0 FOLLOWER]: Advancing to term 1
I20260630 12:24:53.386894  6991 tablet_service.cc:1917] Received RequestConsensusVote() RPC: tablet_id: "00000000000000000000000000000000" candidate_uuid: "93cbcad77c3a4a988ebb213d92caffaa" candidate_term: 1 candidate_status { last_received { term: 0 index: 0 } } ignore_live_leader: false dest_uuid: "cd2b7f5ae0b14eef92857565373ec664"
I20260630 12:24:53.387748  6991 raft_consensus.cc:3060] T 00000000000000000000000000000000 P cd2b7f5ae0b14eef92857565373ec664 [term 0 FOLLOWER]: Advancing to term 1
I20260630 12:24:53.393385  6926 raft_consensus.cc:2468] T 00000000000000000000000000000000 P 20cb05e61ed143c7ba9b9721fad96aca [term 1 FOLLOWER]: Leader election vote request: Granting yes vote for candidate 93cbcad77c3a4a988ebb213d92caffaa in term 1.
I20260630 12:24:53.394608  6835 leader_election.cc:304] T 00000000000000000000000000000000 P 93cbcad77c3a4a988ebb213d92caffaa [CANDIDATE]: Term 1 election: Election decided. Result: candidate won. Election summary: received 2 responses out of 3 voters: 2 yes votes; 0 no votes. yes voters: 20cb05e61ed143c7ba9b9721fad96aca, 93cbcad77c3a4a988ebb213d92caffaa; no voters: 
I20260630 12:24:53.396377  7026 raft_consensus.cc:2804] T 00000000000000000000000000000000 P 93cbcad77c3a4a988ebb213d92caffaa [term 1 FOLLOWER]: Leader election won for term 1
I20260630 12:24:53.396929  7026 raft_consensus.cc:697] T 00000000000000000000000000000000 P 93cbcad77c3a4a988ebb213d92caffaa [term 1 LEADER]: Becoming Leader. State: Replica: 93cbcad77c3a4a988ebb213d92caffaa, State: Running, Role: LEADER
I20260630 12:24:53.398152  6991 raft_consensus.cc:2468] T 00000000000000000000000000000000 P cd2b7f5ae0b14eef92857565373ec664 [term 1 FOLLOWER]: Leader election vote request: Granting yes vote for candidate 93cbcad77c3a4a988ebb213d92caffaa in term 1.
I20260630 12:24:53.397962  7026 consensus_queue.cc:237] T 00000000000000000000000000000000 P 93cbcad77c3a4a988ebb213d92caffaa [LEADER]: Queue going to LEADER mode. State: All replicated index: 0, Majority replicated index: 0, Committed index: 0, Last appended: 0.0, Last appended by leader: 0, Current term: 1, Majority size: 2, State: 0, Mode: LEADER, active raft config: opid_index: -1 OBSOLETE_local: false peers { permanent_uuid: "93cbcad77c3a4a988ebb213d92caffaa" member_type: VOTER last_known_addr { host: "127.6.168.254" port: 41741 } } peers { permanent_uuid: "20cb05e61ed143c7ba9b9721fad96aca" member_type: VOTER last_known_addr { host: "127.6.168.253" port: 34873 } } peers { permanent_uuid: "cd2b7f5ae0b14eef92857565373ec664" member_type: VOTER last_known_addr { host: "127.6.168.252" port: 34805 } }
I20260630 12:24:53.413710  7077 sys_catalog.cc:455] T 00000000000000000000000000000000 P 93cbcad77c3a4a988ebb213d92caffaa [sys.catalog]: SysCatalogTable state changed. Reason: New leader 93cbcad77c3a4a988ebb213d92caffaa. Latest consensus state: current_term: 1 leader_uuid: "93cbcad77c3a4a988ebb213d92caffaa" committed_config { opid_index: -1 OBSOLETE_local: false peers { permanent_uuid: "93cbcad77c3a4a988ebb213d92caffaa" member_type: VOTER last_known_addr { host: "127.6.168.254" port: 41741 } } peers { permanent_uuid: "20cb05e61ed143c7ba9b9721fad96aca" member_type: VOTER last_known_addr { host: "127.6.168.253" port: 34873 } } peers { permanent_uuid: "cd2b7f5ae0b14eef92857565373ec664" member_type: VOTER last_known_addr { host: "127.6.168.252" port: 34805 } } }
I20260630 12:24:53.415441  7077 sys_catalog.cc:458] T 00000000000000000000000000000000 P 93cbcad77c3a4a988ebb213d92caffaa [sys.catalog]: This master's current role is: LEADER
I20260630 12:24:53.420333  7088 catalog_manager.cc:1511] Loading table and tablet metadata into memory...
I20260630 12:24:53.428738  7088 catalog_manager.cc:1520] Initializing Kudu cluster ID...
I20260630 12:24:53.452011  6991 raft_consensus.cc:1275] T 00000000000000000000000000000000 P cd2b7f5ae0b14eef92857565373ec664 [term 1 FOLLOWER]: Refusing update from remote peer 93cbcad77c3a4a988ebb213d92caffaa: Log matching property violated. Preceding OpId in replica: term: 0 index: 0. Preceding OpId from leader: term: 1 index: 2. (index mismatch)
I20260630 12:24:53.452984  6926 raft_consensus.cc:1275] T 00000000000000000000000000000000 P 20cb05e61ed143c7ba9b9721fad96aca [term 1 FOLLOWER]: Refusing update from remote peer 93cbcad77c3a4a988ebb213d92caffaa: Log matching property violated. Preceding OpId in replica: term: 0 index: 0. Preceding OpId from leader: term: 1 index: 2. (index mismatch)
I20260630 12:24:53.453791  7077 consensus_queue.cc:1048] T 00000000000000000000000000000000 P 93cbcad77c3a4a988ebb213d92caffaa [LEADER]: Connected to new peer: Peer: permanent_uuid: "cd2b7f5ae0b14eef92857565373ec664" member_type: VOTER last_known_addr { host: "127.6.168.252" port: 34805 }, Status: LMP_MISMATCH, Last received: 0.0, Next index: 1, Last known committed idx: 0, Time since last communication: 0.000s
I20260630 12:24:53.454795  7026 consensus_queue.cc:1048] T 00000000000000000000000000000000 P 93cbcad77c3a4a988ebb213d92caffaa [LEADER]: Connected to new peer: Peer: permanent_uuid: "20cb05e61ed143c7ba9b9721fad96aca" member_type: VOTER last_known_addr { host: "127.6.168.253" port: 34873 }, Status: LMP_MISMATCH, Last received: 0.0, Next index: 1, Last known committed idx: 0, Time since last communication: 0.000s
I20260630 12:24:53.477138  7024 sys_catalog.cc:455] T 00000000000000000000000000000000 P 20cb05e61ed143c7ba9b9721fad96aca [sys.catalog]: SysCatalogTable state changed. Reason: New leader 93cbcad77c3a4a988ebb213d92caffaa. Latest consensus state: current_term: 1 leader_uuid: "93cbcad77c3a4a988ebb213d92caffaa" committed_config { opid_index: -1 OBSOLETE_local: false peers { permanent_uuid: "93cbcad77c3a4a988ebb213d92caffaa" member_type: VOTER last_known_addr { host: "127.6.168.254" port: 41741 } } peers { permanent_uuid: "20cb05e61ed143c7ba9b9721fad96aca" member_type: VOTER last_known_addr { host: "127.6.168.253" port: 34873 } } peers { permanent_uuid: "cd2b7f5ae0b14eef92857565373ec664" member_type: VOTER last_known_addr { host: "127.6.168.252" port: 34805 } } }
I20260630 12:24:53.477908  7024 sys_catalog.cc:458] T 00000000000000000000000000000000 P 20cb05e61ed143c7ba9b9721fad96aca [sys.catalog]: This master's current role is: FOLLOWER
I20260630 12:24:53.479702  7025 sys_catalog.cc:455] T 00000000000000000000000000000000 P cd2b7f5ae0b14eef92857565373ec664 [sys.catalog]: SysCatalogTable state changed. Reason: New leader 93cbcad77c3a4a988ebb213d92caffaa. Latest consensus state: current_term: 1 leader_uuid: "93cbcad77c3a4a988ebb213d92caffaa" committed_config { opid_index: -1 OBSOLETE_local: false peers { permanent_uuid: "93cbcad77c3a4a988ebb213d92caffaa" member_type: VOTER last_known_addr { host: "127.6.168.254" port: 41741 } } peers { permanent_uuid: "20cb05e61ed143c7ba9b9721fad96aca" member_type: VOTER last_known_addr { host: "127.6.168.253" port: 34873 } } peers { permanent_uuid: "cd2b7f5ae0b14eef92857565373ec664" member_type: VOTER last_known_addr { host: "127.6.168.252" port: 34805 } } }
I20260630 12:24:53.480463  7025 sys_catalog.cc:458] T 00000000000000000000000000000000 P cd2b7f5ae0b14eef92857565373ec664 [sys.catalog]: This master's current role is: FOLLOWER
I20260630 12:24:53.486218  7098 mvcc.cc:204] Tried to move back new op lower bound from 7302440113955020800 to 7302440113771118592. Current Snapshot: MvccSnapshot[applied={T|T < 7302440113955020800}]
I20260630 12:24:53.498076  7112 sys_catalog.cc:455] T 00000000000000000000000000000000 P 93cbcad77c3a4a988ebb213d92caffaa [sys.catalog]: SysCatalogTable state changed. Reason: Peer health change. Latest consensus state: current_term: 1 leader_uuid: "93cbcad77c3a4a988ebb213d92caffaa" committed_config { opid_index: -1 OBSOLETE_local: false peers { permanent_uuid: "93cbcad77c3a4a988ebb213d92caffaa" member_type: VOTER last_known_addr { host: "127.6.168.254" port: 41741 } } peers { permanent_uuid: "20cb05e61ed143c7ba9b9721fad96aca" member_type: VOTER last_known_addr { host: "127.6.168.253" port: 34873 } } peers { permanent_uuid: "cd2b7f5ae0b14eef92857565373ec664" member_type: VOTER last_known_addr { host: "127.6.168.252" port: 34805 } } }
I20260630 12:24:53.499059  7112 sys_catalog.cc:458] T 00000000000000000000000000000000 P 93cbcad77c3a4a988ebb213d92caffaa [sys.catalog]: This master's current role is: LEADER
