I20260630 12:26:56.161684 11626 raft_consensus.cc:359] T b948e655a7f740f995b14b895c15bc35 P 35ff36f65dbd4cf6b4e8c18e12d35c0d [term 0 FOLLOWER]: Replica starting. Triggering 0 pending ops. Active config: opid_index: -1 OBSOLETE_local: false peers { permanent_uuid: "dc7a7cbf49be4f2da7c8f81e9c72d009" member_type: VOTER last_known_addr { host: "127.6.209.1" port: 41173 } } peers { permanent_uuid: "35ff36f65dbd4cf6b4e8c18e12d35c0d" member_type: VOTER last_known_addr { host: "127.6.209.2" port: 38637 } } peers { permanent_uuid: "bbd5f61e95df42a3b32ffb22c4aec0c5" member_type: VOTER last_known_addr { host: "127.6.209.3" port: 44477 } }
I20260630 12:26:56.162446 11626 raft_consensus.cc:385] T b948e655a7f740f995b14b895c15bc35 P 35ff36f65dbd4cf6b4e8c18e12d35c0d [term 0 FOLLOWER]: Consensus starting up: Expiring failure detector timer to make a prompt election more likely
I20260630 12:26:56.161994 11329 catalog_manager.cc:5697] T 3dde167e8057475292d863f0ee5f6cde P bbd5f61e95df42a3b32ffb22c4aec0c5 reported cstate change: term changed from 0 to 1, leader changed from <none> to bbd5f61e95df42a3b32ffb22c4aec0c5 (127.6.209.3). New cstate: current_term: 1 leader_uuid: "bbd5f61e95df42a3b32ffb22c4aec0c5" committed_config { opid_index: -1 OBSOLETE_local: false peers { permanent_uuid: "dc7a7cbf49be4f2da7c8f81e9c72d009" member_type: VOTER last_known_addr { host: "127.6.209.1" port: 41173 } health_report { overall_health: UNKNOWN } } peers { permanent_uuid: "35ff36f65dbd4cf6b4e8c18e12d35c0d" member_type: VOTER last_known_addr { host: "127.6.209.2" port: 38637 } health_report { overall_health: UNKNOWN } } peers { permanent_uuid: "bbd5f61e95df42a3b32ffb22c4aec0c5" member_type: VOTER last_known_addr { host: "127.6.209.3" port: 44477 } health_report { overall_health: HEALTHY } } }
I20260630 12:26:56.162914 11626 raft_consensus.cc:740] T b948e655a7f740f995b14b895c15bc35 P 35ff36f65dbd4cf6b4e8c18e12d35c0d [term 0 FOLLOWER]: Becoming Follower/Learner. State: Replica: 35ff36f65dbd4cf6b4e8c18e12d35c0d, State: Initialized, Role: FOLLOWER
I20260630 12:26:56.165156 11626 consensus_queue.cc:260] T b948e655a7f740f995b14b895c15bc35 P 35ff36f65dbd4cf6b4e8c18e12d35c0d [NON_LEADER]: Queue going to NON_LEADER mode. State: All replicated index: 0, Majority replicated index: 0, Committed index: 0, Last appended: 0.0, Last appended by leader: 0, Current term: 0, Majority size: -1, State: 0, Mode: NON_LEADER, active raft config: opid_index: -1 OBSOLETE_local: false peers { permanent_uuid: "dc7a7cbf49be4f2da7c8f81e9c72d009" member_type: VOTER last_known_addr { host: "127.6.209.1" port: 41173 } } peers { permanent_uuid: "35ff36f65dbd4cf6b4e8c18e12d35c0d" member_type: VOTER last_known_addr { host: "127.6.209.2" port: 38637 } } peers { permanent_uuid: "bbd5f61e95df42a3b32ffb22c4aec0c5" member_type: VOTER last_known_addr { host: "127.6.209.3" port: 44477 } }
I20260630 12:26:56.172497 11626 ts_tablet_manager.cc:1434] T b948e655a7f740f995b14b895c15bc35 P 35ff36f65dbd4cf6b4e8c18e12d35c0d: Time spent starting tablet: real 0.013s	user 0.002s	sys 0.005s
I20260630 12:26:56.173831 11626 tablet_bootstrap.cc:492] T 55c585f11f414015bac710f6ab5d440d P 35ff36f65dbd4cf6b4e8c18e12d35c0d: Bootstrap starting.
I20260630 12:26:56.173717 11653 raft_consensus.cc:493] T 4b39f7e36dbf4f3aabf1da7f82028a3a P bbd5f61e95df42a3b32ffb22c4aec0c5 [term 0 FOLLOWER]: Starting pre-election (no leader contacted us within the election timeout)
I20260630 12:26:56.174486 11653 raft_consensus.cc:515] T 4b39f7e36dbf4f3aabf1da7f82028a3a P bbd5f61e95df42a3b32ffb22c4aec0c5 [term 0 FOLLOWER]: Starting pre-election with config: opid_index: -1 OBSOLETE_local: false peers { permanent_uuid: "dc7a7cbf49be4f2da7c8f81e9c72d009" member_type: VOTER last_known_addr { host: "127.6.209.1" port: 41173 } } peers { permanent_uuid: "35ff36f65dbd4cf6b4e8c18e12d35c0d" member_type: VOTER last_known_addr { host: "127.6.209.2" port: 38637 } } peers { permanent_uuid: "bbd5f61e95df42a3b32ffb22c4aec0c5" member_type: VOTER last_known_addr { host: "127.6.209.3" port: 44477 } }
I20260630 12:26:56.178632 11431 tablet_service.cc:1917] Received RequestConsensusVote() RPC: tablet_id: "4b39f7e36dbf4f3aabf1da7f82028a3a" candidate_uuid: "bbd5f61e95df42a3b32ffb22c4aec0c5" candidate_term: 1 candidate_status { last_received { term: 0 index: 0 } } ignore_live_leader: false dest_uuid: "dc7a7cbf49be4f2da7c8f81e9c72d009" is_pre_election: true
W20260630 12:26:56.184092 11545 leader_election.cc:343] T 4b39f7e36dbf4f3aabf1da7f82028a3a P bbd5f61e95df42a3b32ffb22c4aec0c5 [CANDIDATE]: Term 1 pre-election: Tablet error from VoteRequest() call to peer dc7a7cbf49be4f2da7c8f81e9c72d009 (127.6.209.1:41173): Illegal state: must be running to vote when last-logged opid is not known
I20260630 12:26:56.188094 11625 tablet_bootstrap.cc:492] T cd690e7c8b9840698f0de8709b44727a P bbd5f61e95df42a3b32ffb22c4aec0c5: No bootstrap required, opened a new log
I20260630 12:26:56.187566 11329 catalog_manager.cc:5697] T c8540aa12d9346d28634e83120ba70b6 P 35ff36f65dbd4cf6b4e8c18e12d35c0d reported cstate change: term changed from 0 to 1, leader changed from <none> to 35ff36f65dbd4cf6b4e8c18e12d35c0d (127.6.209.2). New cstate: current_term: 1 leader_uuid: "35ff36f65dbd4cf6b4e8c18e12d35c0d" committed_config { opid_index: -1 OBSOLETE_local: false peers { permanent_uuid: "dc7a7cbf49be4f2da7c8f81e9c72d009" member_type: VOTER last_known_addr { host: "127.6.209.1" port: 41173 } health_report { overall_health: UNKNOWN } } peers { permanent_uuid: "35ff36f65dbd4cf6b4e8c18e12d35c0d" member_type: VOTER last_known_addr { host: "127.6.209.2" port: 38637 } health_report { overall_health: HEALTHY } } peers { permanent_uuid: "bbd5f61e95df42a3b32ffb22c4aec0c5" member_type: VOTER last_known_addr { host: "127.6.209.3" port: 44477 } health_report { overall_health: UNKNOWN } } }
I20260630 12:26:56.188617 11625 ts_tablet_manager.cc:1403] T cd690e7c8b9840698f0de8709b44727a P bbd5f61e95df42a3b32ffb22c4aec0c5: Time spent bootstrapping tablet: real 0.037s	user 0.016s	sys 0.010s
I20260630 12:26:56.188525 11505 tablet_service.cc:1917] Received RequestConsensusVote() RPC: tablet_id: "4b39f7e36dbf4f3aabf1da7f82028a3a" candidate_uuid: "bbd5f61e95df42a3b32ffb22c4aec0c5" candidate_term: 1 candidate_status { last_received { term: 0 index: 0 } } ignore_live_leader: false dest_uuid: "35ff36f65dbd4cf6b4e8c18e12d35c0d" is_pre_election: true
I20260630 12:26:56.189311 11505 raft_consensus.cc:2468] T 4b39f7e36dbf4f3aabf1da7f82028a3a P 35ff36f65dbd4cf6b4e8c18e12d35c0d [term 0 FOLLOWER]: Leader pre-election vote request: Granting yes vote for candidate bbd5f61e95df42a3b32ffb22c4aec0c5 in term 0.
I20260630 12:26:56.190691 11543 leader_election.cc:304] T 4b39f7e36dbf4f3aabf1da7f82028a3a P bbd5f61e95df42a3b32ffb22c4aec0c5 [CANDIDATE]: Term 1 pre-election: Election decided. Result: candidate won. Election summary: received 3 responses out of 3 voters: 2 yes votes; 1 no votes. yes voters: 35ff36f65dbd4cf6b4e8c18e12d35c0d, bbd5f61e95df42a3b32ffb22c4aec0c5; no voters: dc7a7cbf49be4f2da7c8f81e9c72d009
I20260630 12:26:56.191474 11625 raft_consensus.cc:359] T cd690e7c8b9840698f0de8709b44727a P bbd5f61e95df42a3b32ffb22c4aec0c5 [term 0 FOLLOWER]: Replica starting. Triggering 0 pending ops. Active config: opid_index: -1 OBSOLETE_local: false peers { permanent_uuid: "dc7a7cbf49be4f2da7c8f81e9c72d009" member_type: VOTER last_known_addr { host: "127.6.209.1" port: 41173 } } peers { permanent_uuid: "35ff36f65dbd4cf6b4e8c18e12d35c0d" member_type: VOTER last_known_addr { host: "127.6.209.2" port: 38637 } } peers { permanent_uuid: "bbd5f61e95df42a3b32ffb22c4aec0c5" member_type: VOTER last_known_addr { host: "127.6.209.3" port: 44477 } }
I20260630 12:26:56.192065 11633 raft_consensus.cc:2804] T 4b39f7e36dbf4f3aabf1da7f82028a3a P bbd5f61e95df42a3b32ffb22c4aec0c5 [term 0 FOLLOWER]: Leader pre-election won for term 1
I20260630 12:26:56.192247 11625 raft_consensus.cc:385] T cd690e7c8b9840698f0de8709b44727a P bbd5f61e95df42a3b32ffb22c4aec0c5 [term 0 FOLLOWER]: Consensus starting up: Expiring failure detector timer to make a prompt election more likely
I20260630 12:26:56.192565 11625 raft_consensus.cc:740] T cd690e7c8b9840698f0de8709b44727a P bbd5f61e95df42a3b32ffb22c4aec0c5 [term 0 FOLLOWER]: Becoming Follower/Learner. State: Replica: bbd5f61e95df42a3b32ffb22c4aec0c5, State: Initialized, Role: FOLLOWER
I20260630 12:26:56.192513 11633 raft_consensus.cc:493] T 4b39f7e36dbf4f3aabf1da7f82028a3a P bbd5f61e95df42a3b32ffb22c4aec0c5 [term 0 FOLLOWER]: Starting leader election (no leader contacted us within the election timeout)
I20260630 12:26:56.193295 11633 raft_consensus.cc:3060] T 4b39f7e36dbf4f3aabf1da7f82028a3a P bbd5f61e95df42a3b32ffb22c4aec0c5 [term 0 FOLLOWER]: Advancing to term 1
I20260630 12:26:56.193320 11625 consensus_queue.cc:260] T cd690e7c8b9840698f0de8709b44727a P bbd5f61e95df42a3b32ffb22c4aec0c5 [NON_LEADER]: Queue going to NON_LEADER mode. State: All replicated index: 0, Majority replicated index: 0, Committed index: 0, Last appended: 0.0, Last appended by leader: 0, Current term: 0, Majority size: -1, State: 0, Mode: NON_LEADER, active raft config: opid_index: -1 OBSOLETE_local: false peers { permanent_uuid: "dc7a7cbf49be4f2da7c8f81e9c72d009" member_type: VOTER last_known_addr { host: "127.6.209.1" port: 41173 } } peers { permanent_uuid: "35ff36f65dbd4cf6b4e8c18e12d35c0d" member_type: VOTER last_known_addr { host: "127.6.209.2" port: 38637 } } peers { permanent_uuid: "bbd5f61e95df42a3b32ffb22c4aec0c5" member_type: VOTER last_known_addr { host: "127.6.209.3" port: 44477 } }
I20260630 12:26:56.188112 11626 tablet_bootstrap.cc:654] T 55c585f11f414015bac710f6ab5d440d P 35ff36f65dbd4cf6b4e8c18e12d35c0d: Neither blocks nor log segments found. Creating new log.
I20260630 12:26:56.202895 11653 leader_election.cc:290] T 4b39f7e36dbf4f3aabf1da7f82028a3a P bbd5f61e95df42a3b32ffb22c4aec0c5 [CANDIDATE]: Term 1 pre-election: Requested pre-vote from peers dc7a7cbf49be4f2da7c8f81e9c72d009 (127.6.209.1:41173), 35ff36f65dbd4cf6b4e8c18e12d35c0d (127.6.209.2:38637)
I20260630 12:26:56.207178 11629 tablet_bootstrap.cc:654] T b948e655a7f740f995b14b895c15bc35 P dc7a7cbf49be4f2da7c8f81e9c72d009: Neither blocks nor log segments found. Creating new log.
I20260630 12:26:56.207504 11653 raft_consensus.cc:493] T 94cfbf09c1f64912b781c59d7cf4426a P bbd5f61e95df42a3b32ffb22c4aec0c5 [term 0 FOLLOWER]: Starting pre-election (no leader contacted us within the election timeout)
I20260630 12:26:56.207983 11653 raft_consensus.cc:515] T 94cfbf09c1f64912b781c59d7cf4426a P bbd5f61e95df42a3b32ffb22c4aec0c5 [term 0 FOLLOWER]: Starting pre-election with config: opid_index: -1 OBSOLETE_local: false peers { permanent_uuid: "dc7a7cbf49be4f2da7c8f81e9c72d009" member_type: VOTER last_known_addr { host: "127.6.209.1" port: 41173 } } peers { permanent_uuid: "35ff36f65dbd4cf6b4e8c18e12d35c0d" member_type: VOTER last_known_addr { host: "127.6.209.2" port: 38637 } } peers { permanent_uuid: "bbd5f61e95df42a3b32ffb22c4aec0c5" member_type: VOTER last_known_addr { host: "127.6.209.3" port: 44477 } }
I20260630 12:26:56.209156 11626 tablet_bootstrap.cc:492] T 55c585f11f414015bac710f6ab5d440d P 35ff36f65dbd4cf6b4e8c18e12d35c0d: No bootstrap required, opened a new log
I20260630 12:26:56.209860 11626 ts_tablet_manager.cc:1403] T 55c585f11f414015bac710f6ab5d440d P 35ff36f65dbd4cf6b4e8c18e12d35c0d: Time spent bootstrapping tablet: real 0.036s	user 0.008s	sys 0.008s
I20260630 12:26:56.211071 11431 tablet_service.cc:1917] Received RequestConsensusVote() RPC: tablet_id: "94cfbf09c1f64912b781c59d7cf4426a" candidate_uuid: "bbd5f61e95df42a3b32ffb22c4aec0c5" candidate_term: 1 candidate_status { last_received { term: 0 index: 0 } } ignore_live_leader: false dest_uuid: "dc7a7cbf49be4f2da7c8f81e9c72d009" is_pre_election: true
I20260630 12:26:56.211575 11625 ts_tablet_manager.cc:1434] T cd690e7c8b9840698f0de8709b44727a P bbd5f61e95df42a3b32ffb22c4aec0c5: Time spent starting tablet: real 0.023s	user 0.015s	sys 0.003s
I20260630 12:26:56.211949 11431 raft_consensus.cc:2468] T 94cfbf09c1f64912b781c59d7cf4426a P dc7a7cbf49be4f2da7c8f81e9c72d009 [term 0 FOLLOWER]: Leader pre-election vote request: Granting yes vote for candidate bbd5f61e95df42a3b32ffb22c4aec0c5 in term 0.
I20260630 12:26:56.212765 11626 raft_consensus.cc:359] T 55c585f11f414015bac710f6ab5d440d P 35ff36f65dbd4cf6b4e8c18e12d35c0d [term 0 FOLLOWER]: Replica starting. Triggering 0 pending ops. Active config: opid_index: -1 OBSOLETE_local: false peers { permanent_uuid: "dc7a7cbf49be4f2da7c8f81e9c72d009" member_type: VOTER last_known_addr { host: "127.6.209.1" port: 41173 } } peers { permanent_uuid: "35ff36f65dbd4cf6b4e8c18e12d35c0d" member_type: VOTER last_known_addr { host: "127.6.209.2" port: 38637 } } peers { permanent_uuid: "bbd5f61e95df42a3b32ffb22c4aec0c5" member_type: VOTER last_known_addr { host: "127.6.209.3" port: 44477 } }
I20260630 12:26:56.213285 11626 raft_consensus.cc:385] T 55c585f11f414015bac710f6ab5d440d P 35ff36f65dbd4cf6b4e8c18e12d35c0d [term 0 FOLLOWER]: Consensus starting up: Expiring failure detector timer to make a prompt election more likely
I20260630 12:26:56.213506 11626 raft_consensus.cc:740] T 55c585f11f414015bac710f6ab5d440d P 35ff36f65dbd4cf6b4e8c18e12d35c0d [term 0 FOLLOWER]: Becoming Follower/Learner. State: Replica: 35ff36f65dbd4cf6b4e8c18e12d35c0d, State: Initialized, Role: FOLLOWER
I20260630 12:26:56.213853 11545 leader_election.cc:304] T 94cfbf09c1f64912b781c59d7cf4426a P bbd5f61e95df42a3b32ffb22c4aec0c5 [CANDIDATE]: Term 1 pre-election: Election decided. Result: candidate won. Election summary: received 2 responses out of 3 voters: 2 yes votes; 0 no votes. yes voters: bbd5f61e95df42a3b32ffb22c4aec0c5, dc7a7cbf49be4f2da7c8f81e9c72d009; no voters: 
I20260630 12:26:56.214167 11626 consensus_queue.cc:260] T 55c585f11f414015bac710f6ab5d440d P 35ff36f65dbd4cf6b4e8c18e12d35c0d [NON_LEADER]: Queue going to NON_LEADER mode. State: All replicated index: 0, Majority replicated index: 0, Committed index: 0, Last appended: 0.0, Last appended by leader: 0, Current term: 0, Majority size: -1, State: 0, Mode: NON_LEADER, active raft config: opid_index: -1 OBSOLETE_local: false peers { permanent_uuid: "dc7a7cbf49be4f2da7c8f81e9c72d009" member_type: VOTER last_known_addr { host: "127.6.209.1" port: 41173 } } peers { permanent_uuid: "35ff36f65dbd4cf6b4e8c18e12d35c0d" member_type: VOTER last_known_addr { host: "127.6.209.2" port: 38637 } } peers { permanent_uuid: "bbd5f61e95df42a3b32ffb22c4aec0c5" member_type: VOTER last_known_addr { host: "127.6.209.3" port: 44477 } }
I20260630 12:26:56.215076 11678 raft_consensus.cc:2804] T 94cfbf09c1f64912b781c59d7cf4426a P bbd5f61e95df42a3b32ffb22c4aec0c5 [term 0 FOLLOWER]: Leader pre-election won for term 1
I20260630 12:26:56.215808 11678 raft_consensus.cc:493] T 94cfbf09c1f64912b781c59d7cf4426a P bbd5f61e95df42a3b32ffb22c4aec0c5 [term 0 FOLLOWER]: Starting leader election (no leader contacted us within the election timeout)
I20260630 12:26:56.216368 11678 raft_consensus.cc:3060] T 94cfbf09c1f64912b781c59d7cf4426a P bbd5f61e95df42a3b32ffb22c4aec0c5 [term 0 FOLLOWER]: Advancing to term 1
I20260630 12:26:56.216828 11626 ts_tablet_manager.cc:1434] T 55c585f11f414015bac710f6ab5d440d P 35ff36f65dbd4cf6b4e8c18e12d35c0d: Time spent starting tablet: real 0.007s	user 0.006s	sys 0.000s
I20260630 12:26:56.217757 11626 tablet_bootstrap.cc:492] T cd690e7c8b9840698f0de8709b44727a P 35ff36f65dbd4cf6b4e8c18e12d35c0d: Bootstrap starting.
I20260630 12:26:56.218307 11505 tablet_service.cc:1917] Received RequestConsensusVote() RPC: tablet_id: "94cfbf09c1f64912b781c59d7cf4426a" candidate_uuid: "bbd5f61e95df42a3b32ffb22c4aec0c5" candidate_term: 1 candidate_status { last_received { term: 0 index: 0 } } ignore_live_leader: false dest_uuid: "35ff36f65dbd4cf6b4e8c18e12d35c0d" is_pre_election: true
I20260630 12:26:56.219112 11505 raft_consensus.cc:2468] T 94cfbf09c1f64912b781c59d7cf4426a P 35ff36f65dbd4cf6b4e8c18e12d35c0d [term 0 FOLLOWER]: Leader pre-election vote request: Granting yes vote for candidate bbd5f61e95df42a3b32ffb22c4aec0c5 in term 0.
I20260630 12:26:56.219269 11630 raft_consensus.cc:493] T e9f6e5f6e92046ee8a24bcb1a89af562 P 35ff36f65dbd4cf6b4e8c18e12d35c0d [term 0 FOLLOWER]: Starting pre-election (no leader contacted us within the election timeout)
I20260630 12:26:56.219715 11630 raft_consensus.cc:515] T e9f6e5f6e92046ee8a24bcb1a89af562 P 35ff36f65dbd4cf6b4e8c18e12d35c0d [term 0 FOLLOWER]: Starting pre-election with config: opid_index: -1 OBSOLETE_local: false peers { permanent_uuid: "dc7a7cbf49be4f2da7c8f81e9c72d009" member_type: VOTER last_known_addr { host: "127.6.209.1" port: 41173 } } peers { permanent_uuid: "35ff36f65dbd4cf6b4e8c18e12d35c0d" member_type: VOTER last_known_addr { host: "127.6.209.2" port: 38637 } } peers { permanent_uuid: "bbd5f61e95df42a3b32ffb22c4aec0c5" member_type: VOTER last_known_addr { host: "127.6.209.3" port: 44477 } }
I20260630 12:26:56.221796 11630 leader_election.cc:290] T e9f6e5f6e92046ee8a24bcb1a89af562 P 35ff36f65dbd4cf6b4e8c18e12d35c0d [CANDIDATE]: Term 1 pre-election: Requested pre-vote from peers dc7a7cbf49be4f2da7c8f81e9c72d009 (127.6.209.1:41173), bbd5f61e95df42a3b32ffb22c4aec0c5 (127.6.209.3:44477)
I20260630 12:26:56.222560 11653 leader_election.cc:290] T 94cfbf09c1f64912b781c59d7cf4426a P bbd5f61e95df42a3b32ffb22c4aec0c5 [CANDIDATE]: Term 1 pre-election: Requested pre-vote from peers dc7a7cbf49be4f2da7c8f81e9c72d009 (127.6.209.1:41173), 35ff36f65dbd4cf6b4e8c18e12d35c0d (127.6.209.2:38637)
I20260630 12:26:56.223884 11626 tablet_bootstrap.cc:654] T cd690e7c8b9840698f0de8709b44727a P 35ff36f65dbd4cf6b4e8c18e12d35c0d: Neither blocks nor log segments found. Creating new log.
I20260630 12:26:56.224238 11580 tablet_service.cc:1917] Received RequestConsensusVote() RPC: tablet_id: "e9f6e5f6e92046ee8a24bcb1a89af562" candidate_uuid: "35ff36f65dbd4cf6b4e8c18e12d35c0d" candidate_term: 1 candidate_status { last_received { term: 0 index: 0 } } ignore_live_leader: false dest_uuid: "bbd5f61e95df42a3b32ffb22c4aec0c5" is_pre_election: true
I20260630 12:26:56.224898 11580 raft_consensus.cc:2468] T e9f6e5f6e92046ee8a24bcb1a89af562 P bbd5f61e95df42a3b32ffb22c4aec0c5 [term 0 FOLLOWER]: Leader pre-election vote request: Granting yes vote for candidate 35ff36f65dbd4cf6b4e8c18e12d35c0d in term 0.
I20260630 12:26:56.226524 11471 leader_election.cc:304] T e9f6e5f6e92046ee8a24bcb1a89af562 P 35ff36f65dbd4cf6b4e8c18e12d35c0d [CANDIDATE]: Term 1 pre-election: Election decided. Result: candidate won. Election summary: received 2 responses out of 3 voters: 2 yes votes; 0 no votes. yes voters: 35ff36f65dbd4cf6b4e8c18e12d35c0d, bbd5f61e95df42a3b32ffb22c4aec0c5; no voters: 
I20260630 12:26:56.227340 11670 raft_consensus.cc:493] T 55c585f11f414015bac710f6ab5d440d P 35ff36f65dbd4cf6b4e8c18e12d35c0d [term 0 FOLLOWER]: Starting pre-election (no leader contacted us within the election timeout)
I20260630 12:26:56.227779 11670 raft_consensus.cc:515] T 55c585f11f414015bac710f6ab5d440d P 35ff36f65dbd4cf6b4e8c18e12d35c0d [term 0 FOLLOWER]: Starting pre-election with config: opid_index: -1 OBSOLETE_local: false peers { permanent_uuid: "dc7a7cbf49be4f2da7c8f81e9c72d009" member_type: VOTER last_known_addr { host: "127.6.209.1" port: 41173 } } peers { permanent_uuid: "35ff36f65dbd4cf6b4e8c18e12d35c0d" member_type: VOTER last_known_addr { host: "127.6.209.2" port: 38637 } } peers { permanent_uuid: "bbd5f61e95df42a3b32ffb22c4aec0c5" member_type: VOTER last_known_addr { host: "127.6.209.3" port: 44477 } }
I20260630 12:26:56.229882 11670 leader_election.cc:290] T 55c585f11f414015bac710f6ab5d440d P 35ff36f65dbd4cf6b4e8c18e12d35c0d [CANDIDATE]: Term 1 pre-election: Requested pre-vote from peers dc7a7cbf49be4f2da7c8f81e9c72d009 (127.6.209.1:41173), bbd5f61e95df42a3b32ffb22c4aec0c5 (127.6.209.3:44477)
I20260630 12:26:56.232376 11670 raft_consensus.cc:2804] T e9f6e5f6e92046ee8a24bcb1a89af562 P 35ff36f65dbd4cf6b4e8c18e12d35c0d [term 0 FOLLOWER]: Leader pre-election won for term 1
I20260630 12:26:56.232270 11580 tablet_service.cc:1917] Received RequestConsensusVote() RPC: tablet_id: "55c585f11f414015bac710f6ab5d440d" candidate_uuid: "35ff36f65dbd4cf6b4e8c18e12d35c0d" candidate_term: 1 candidate_status { last_received { term: 0 index: 0 } } ignore_live_leader: false dest_uuid: "bbd5f61e95df42a3b32ffb22c4aec0c5" is_pre_election: true
I20260630 12:26:56.232865 11670 raft_consensus.cc:493] T e9f6e5f6e92046ee8a24bcb1a89af562 P 35ff36f65dbd4cf6b4e8c18e12d35c0d [term 0 FOLLOWER]: Starting leader election (no leader contacted us within the election timeout)
I20260630 12:26:56.233157 11580 raft_consensus.cc:2468] T 55c585f11f414015bac710f6ab5d440d P bbd5f61e95df42a3b32ffb22c4aec0c5 [term 0 FOLLOWER]: Leader pre-election vote request: Granting yes vote for candidate 35ff36f65dbd4cf6b4e8c18e12d35c0d in term 0.
I20260630 12:26:56.233245 11670 raft_consensus.cc:3060] T e9f6e5f6e92046ee8a24bcb1a89af562 P 35ff36f65dbd4cf6b4e8c18e12d35c0d [term 0 FOLLOWER]: Advancing to term 1
I20260630 12:26:56.233965 11431 tablet_service.cc:1917] Received RequestConsensusVote() RPC: tablet_id: "e9f6e5f6e92046ee8a24bcb1a89af562" candidate_uuid: "35ff36f65dbd4cf6b4e8c18e12d35c0d" candidate_term: 1 candidate_status { last_received { term: 0 index: 0 } } ignore_live_leader: false dest_uuid: "dc7a7cbf49be4f2da7c8f81e9c72d009" is_pre_election: true
I20260630 12:26:56.234148 11430 tablet_service.cc:1917] Received RequestConsensusVote() RPC: tablet_id: "55c585f11f414015bac710f6ab5d440d" candidate_uuid: "35ff36f65dbd4cf6b4e8c18e12d35c0d" candidate_term: 1 candidate_status { last_received { term: 0 index: 0 } } ignore_live_leader: false dest_uuid: "dc7a7cbf49be4f2da7c8f81e9c72d009" is_pre_election: true
W20260630 12:26:56.235626 11471 leader_election.cc:343] T e9f6e5f6e92046ee8a24bcb1a89af562 P 35ff36f65dbd4cf6b4e8c18e12d35c0d [CANDIDATE]: Term 1 pre-election: Tablet error from VoteRequest() call to peer dc7a7cbf49be4f2da7c8f81e9c72d009 (127.6.209.1:41173): Illegal state: must be running to vote when last-logged opid is not known
I20260630 12:26:56.235400 11633 raft_consensus.cc:515] T 4b39f7e36dbf4f3aabf1da7f82028a3a P bbd5f61e95df42a3b32ffb22c4aec0c5 [term 1 FOLLOWER]: Starting leader election with config: opid_index: -1 OBSOLETE_local: false peers { permanent_uuid: "dc7a7cbf49be4f2da7c8f81e9c72d009" member_type: VOTER last_known_addr { host: "127.6.209.1" port: 41173 } } peers { permanent_uuid: "35ff36f65dbd4cf6b4e8c18e12d35c0d" member_type: VOTER last_known_addr { host: "127.6.209.2" port: 38637 } } peers { permanent_uuid: "bbd5f61e95df42a3b32ffb22c4aec0c5" member_type: VOTER last_known_addr { host: "127.6.209.3" port: 44477 } }
I20260630 12:26:56.236454 11626 tablet_bootstrap.cc:492] T cd690e7c8b9840698f0de8709b44727a P 35ff36f65dbd4cf6b4e8c18e12d35c0d: No bootstrap required, opened a new log
W20260630 12:26:56.236569 11471 leader_election.cc:343] T 55c585f11f414015bac710f6ab5d440d P 35ff36f65dbd4cf6b4e8c18e12d35c0d [CANDIDATE]: Term 1 pre-election: Tablet error from VoteRequest() call to peer dc7a7cbf49be4f2da7c8f81e9c72d009 (127.6.209.1:41173): Illegal state: must be running to vote when last-logged opid is not known
I20260630 12:26:56.236954 11626 ts_tablet_manager.cc:1403] T cd690e7c8b9840698f0de8709b44727a P 35ff36f65dbd4cf6b4e8c18e12d35c0d: Time spent bootstrapping tablet: real 0.019s	user 0.008s	sys 0.003s
I20260630 12:26:56.237322 11471 leader_election.cc:304] T 55c585f11f414015bac710f6ab5d440d P 35ff36f65dbd4cf6b4e8c18e12d35c0d [CANDIDATE]: Term 1 pre-election: Election decided. Result: candidate won. Election summary: received 3 responses out of 3 voters: 2 yes votes; 1 no votes. yes voters: 35ff36f65dbd4cf6b4e8c18e12d35c0d, bbd5f61e95df42a3b32ffb22c4aec0c5; no voters: dc7a7cbf49be4f2da7c8f81e9c72d009
I20260630 12:26:56.242141 11505 tablet_service.cc:1917] Received RequestConsensusVote() RPC: tablet_id: "4b39f7e36dbf4f3aabf1da7f82028a3a" candidate_uuid: "bbd5f61e95df42a3b32ffb22c4aec0c5" candidate_term: 1 candidate_status { last_received { term: 0 index: 0 } } ignore_live_leader: false dest_uuid: "35ff36f65dbd4cf6b4e8c18e12d35c0d"
I20260630 12:26:56.242071 11670 raft_consensus.cc:515] T e9f6e5f6e92046ee8a24bcb1a89af562 P 35ff36f65dbd4cf6b4e8c18e12d35c0d [term 1 FOLLOWER]: Starting leader election with config: opid_index: -1 OBSOLETE_local: false peers { permanent_uuid: "dc7a7cbf49be4f2da7c8f81e9c72d009" member_type: VOTER last_known_addr { host: "127.6.209.1" port: 41173 } } peers { permanent_uuid: "35ff36f65dbd4cf6b4e8c18e12d35c0d" member_type: VOTER last_known_addr { host: "127.6.209.2" port: 38637 } } peers { permanent_uuid: "bbd5f61e95df42a3b32ffb22c4aec0c5" member_type: VOTER last_known_addr { host: "127.6.209.3" port: 44477 } }
I20260630 12:26:56.242906 11505 raft_consensus.cc:3060] T 4b39f7e36dbf4f3aabf1da7f82028a3a P 35ff36f65dbd4cf6b4e8c18e12d35c0d [term 0 FOLLOWER]: Advancing to term 1
I20260630 12:26:56.238405 11430 tablet_service.cc:1917] Received RequestConsensusVote() RPC: tablet_id: "4b39f7e36dbf4f3aabf1da7f82028a3a" candidate_uuid: "bbd5f61e95df42a3b32ffb22c4aec0c5" candidate_term: 1 candidate_status { last_received { term: 0 index: 0 } } ignore_live_leader: false dest_uuid: "dc7a7cbf49be4f2da7c8f81e9c72d009"
I20260630 12:26:56.244726 11670 leader_election.cc:290] T e9f6e5f6e92046ee8a24bcb1a89af562 P 35ff36f65dbd4cf6b4e8c18e12d35c0d [CANDIDATE]: Term 1 election: Requested vote from peers dc7a7cbf49be4f2da7c8f81e9c72d009 (127.6.209.1:41173), bbd5f61e95df42a3b32ffb22c4aec0c5 (127.6.209.3:44477)
I20260630 12:26:56.245393 11670 raft_consensus.cc:2804] T 55c585f11f414015bac710f6ab5d440d P 35ff36f65dbd4cf6b4e8c18e12d35c0d [term 0 FOLLOWER]: Leader pre-election won for term 1
I20260630 12:26:56.245780 11670 raft_consensus.cc:493] T 55c585f11f414015bac710f6ab5d440d P 35ff36f65dbd4cf6b4e8c18e12d35c0d [term 0 FOLLOWER]: Starting leader election (no leader contacted us within the election timeout)
W20260630 12:26:56.246055 11545 leader_election.cc:343] T 4b39f7e36dbf4f3aabf1da7f82028a3a P bbd5f61e95df42a3b32ffb22c4aec0c5 [CANDIDATE]: Term 1 election: Tablet error from VoteRequest() call to peer dc7a7cbf49be4f2da7c8f81e9c72d009 (127.6.209.1:41173): Illegal state: must be running to vote when last-logged opid is not known
I20260630 12:26:56.246169 11670 raft_consensus.cc:3060] T 55c585f11f414015bac710f6ab5d440d P 35ff36f65dbd4cf6b4e8c18e12d35c0d [term 0 FOLLOWER]: Advancing to term 1
I20260630 12:26:56.248461 11626 raft_consensus.cc:359] T cd690e7c8b9840698f0de8709b44727a P 35ff36f65dbd4cf6b4e8c18e12d35c0d [term 0 FOLLOWER]: Replica starting. Triggering 0 pending ops. Active config: opid_index: -1 OBSOLETE_local: false peers { permanent_uuid: "dc7a7cbf49be4f2da7c8f81e9c72d009" member_type: VOTER last_known_addr { host: "127.6.209.1" port: 41173 } } peers { permanent_uuid: "35ff36f65dbd4cf6b4e8c18e12d35c0d" member_type: VOTER last_known_addr { host: "127.6.209.2" port: 38637 } } peers { permanent_uuid: "bbd5f61e95df42a3b32ffb22c4aec0c5" member_type: VOTER last_known_addr { host: "127.6.209.3" port: 44477 } }
I20260630 12:26:56.249168 11626 raft_consensus.cc:385] T cd690e7c8b9840698f0de8709b44727a P 35ff36f65dbd4cf6b4e8c18e12d35c0d [term 0 FOLLOWER]: Consensus starting up: Expiring failure detector timer to make a prompt election more likely
I20260630 12:26:56.249440 11626 raft_consensus.cc:740] T cd690e7c8b9840698f0de8709b44727a P 35ff36f65dbd4cf6b4e8c18e12d35c0d [term 0 FOLLOWER]: Becoming Follower/Learner. State: Replica: 35ff36f65dbd4cf6b4e8c18e12d35c0d, State: Initialized, Role: FOLLOWER
I20260630 12:26:56.250118 11633 leader_election.cc:290] T 4b39f7e36dbf4f3aabf1da7f82028a3a P bbd5f61e95df42a3b32ffb22c4aec0c5 [CANDIDATE]: Term 1 election: Requested vote from peers dc7a7cbf49be4f2da7c8f81e9c72d009 (127.6.209.1:41173), 35ff36f65dbd4cf6b4e8c18e12d35c0d (127.6.209.2:38637)
I20260630 12:26:56.250640 11505 raft_consensus.cc:2468] T 4b39f7e36dbf4f3aabf1da7f82028a3a P 35ff36f65dbd4cf6b4e8c18e12d35c0d [term 1 FOLLOWER]: Leader election vote request: Granting yes vote for candidate bbd5f61e95df42a3b32ffb22c4aec0c5 in term 1.
I20260630 12:26:56.250133 11626 consensus_queue.cc:260] T cd690e7c8b9840698f0de8709b44727a P 35ff36f65dbd4cf6b4e8c18e12d35c0d [NON_LEADER]: Queue going to NON_LEADER mode. State: All replicated index: 0, Majority replicated index: 0, Committed index: 0, Last appended: 0.0, Last appended by leader: 0, Current term: 0, Majority size: -1, State: 0, Mode: NON_LEADER, active raft config: opid_index: -1 OBSOLETE_local: false peers { permanent_uuid: "dc7a7cbf49be4f2da7c8f81e9c72d009" member_type: VOTER last_known_addr { host: "127.6.209.1" port: 41173 } } peers { permanent_uuid: "35ff36f65dbd4cf6b4e8c18e12d35c0d" member_type: VOTER last_known_addr { host: "127.6.209.2" port: 38637 } } peers { permanent_uuid: "bbd5f61e95df42a3b32ffb22c4aec0c5" member_type: VOTER last_known_addr { host: "127.6.209.3" port: 44477 } }
I20260630 12:26:56.251515 11431 tablet_service.cc:1917] Received RequestConsensusVote() RPC: tablet_id: "e9f6e5f6e92046ee8a24bcb1a89af562" candidate_uuid: "35ff36f65dbd4cf6b4e8c18e12d35c0d" candidate_term: 1 candidate_status { last_received { term: 0 index: 0 } } ignore_live_leader: false dest_uuid: "dc7a7cbf49be4f2da7c8f81e9c72d009"
I20260630 12:26:56.251989 11543 leader_election.cc:304] T 4b39f7e36dbf4f3aabf1da7f82028a3a P bbd5f61e95df42a3b32ffb22c4aec0c5 [CANDIDATE]: Term 1 election: Election decided. Result: candidate won. Election summary: received 3 responses out of 3 voters: 2 yes votes; 1 no votes. yes voters: 35ff36f65dbd4cf6b4e8c18e12d35c0d, bbd5f61e95df42a3b32ffb22c4aec0c5; no voters: dc7a7cbf49be4f2da7c8f81e9c72d009
I20260630 12:26:56.253165 11626 ts_tablet_manager.cc:1434] T cd690e7c8b9840698f0de8709b44727a P 35ff36f65dbd4cf6b4e8c18e12d35c0d: Time spent starting tablet: real 0.016s	user 0.008s	sys 0.000s
I20260630 12:26:56.253727 11580 tablet_service.cc:1917] Received RequestConsensusVote() RPC: tablet_id: "e9f6e5f6e92046ee8a24bcb1a89af562" candidate_uuid: "35ff36f65dbd4cf6b4e8c18e12d35c0d" candidate_term: 1 candidate_status { last_received { term: 0 index: 0 } } ignore_live_leader: false dest_uuid: "bbd5f61e95df42a3b32ffb22c4aec0c5"
I20260630 12:26:56.254272 11580 raft_consensus.cc:3060] T e9f6e5f6e92046ee8a24bcb1a89af562 P bbd5f61e95df42a3b32ffb22c4aec0c5 [term 0 FOLLOWER]: Advancing to term 1
W20260630 12:26:56.254608 11471 leader_election.cc:343] T e9f6e5f6e92046ee8a24bcb1a89af562 P 35ff36f65dbd4cf6b4e8c18e12d35c0d [CANDIDATE]: Term 1 election: Tablet error from VoteRequest() call to peer dc7a7cbf49be4f2da7c8f81e9c72d009 (127.6.209.1:41173): Illegal state: must be running to vote when last-logged opid is not known
I20260630 12:26:56.224609 11678 raft_consensus.cc:515] T 94cfbf09c1f64912b781c59d7cf4426a P bbd5f61e95df42a3b32ffb22c4aec0c5 [term 1 FOLLOWER]: Starting leader election with config: opid_index: -1 OBSOLETE_local: false peers { permanent_uuid: "dc7a7cbf49be4f2da7c8f81e9c72d009" member_type: VOTER last_known_addr { host: "127.6.209.1" port: 41173 } } peers { permanent_uuid: "35ff36f65dbd4cf6b4e8c18e12d35c0d" member_type: VOTER last_known_addr { host: "127.6.209.2" port: 38637 } } peers { permanent_uuid: "bbd5f61e95df42a3b32ffb22c4aec0c5" member_type: VOTER last_known_addr { host: "127.6.209.3" port: 44477 } }
I20260630 12:26:56.256379 11635 consensus_queue.cc:1048] T 8c22d3aa678e4e1bad841127e618fd42 P dc7a7cbf49be4f2da7c8f81e9c72d009 [LEADER]: Connected to new peer: Peer: permanent_uuid: "35ff36f65dbd4cf6b4e8c18e12d35c0d" member_type: VOTER last_known_addr { host: "127.6.209.2" port: 38637 }, Status: LMP_MISMATCH, Last received: 0.0, Next index: 1, Last known committed idx: 0, Time since last communication: 0.000s
I20260630 12:26:56.258288 11678 leader_election.cc:290] T 94cfbf09c1f64912b781c59d7cf4426a P bbd5f61e95df42a3b32ffb22c4aec0c5 [CANDIDATE]: Term 1 election: Requested vote from peers dc7a7cbf49be4f2da7c8f81e9c72d009 (127.6.209.1:41173), 35ff36f65dbd4cf6b4e8c18e12d35c0d (127.6.209.2:38637)
I20260630 12:26:56.258876 11678 raft_consensus.cc:2804] T 4b39f7e36dbf4f3aabf1da7f82028a3a P bbd5f61e95df42a3b32ffb22c4aec0c5 [term 1 FOLLOWER]: Leader election won for term 1
I20260630 12:26:56.259300 11678 raft_consensus.cc:697] T 4b39f7e36dbf4f3aabf1da7f82028a3a P bbd5f61e95df42a3b32ffb22c4aec0c5 [term 1 LEADER]: Becoming Leader. State: Replica: bbd5f61e95df42a3b32ffb22c4aec0c5, State: Running, Role: LEADER
I20260630 12:26:56.260392 11503 tablet_service.cc:1917] Received RequestConsensusVote() RPC: tablet_id: "94cfbf09c1f64912b781c59d7cf4426a" candidate_uuid: "bbd5f61e95df42a3b32ffb22c4aec0c5" candidate_term: 1 candidate_status { last_received { term: 0 index: 0 } } ignore_live_leader: false dest_uuid: "35ff36f65dbd4cf6b4e8c18e12d35c0d"
I20260630 12:26:56.260995 11503 raft_consensus.cc:3060] T 94cfbf09c1f64912b781c59d7cf4426a P 35ff36f65dbd4cf6b4e8c18e12d35c0d [term 0 FOLLOWER]: Advancing to term 1
I20260630 12:26:56.261597 11580 raft_consensus.cc:2468] T e9f6e5f6e92046ee8a24bcb1a89af562 P bbd5f61e95df42a3b32ffb22c4aec0c5 [term 1 FOLLOWER]: Leader election vote request: Granting yes vote for candidate 35ff36f65dbd4cf6b4e8c18e12d35c0d in term 1.
I20260630 12:26:56.260097 11678 consensus_queue.cc:237] T 4b39f7e36dbf4f3aabf1da7f82028a3a P bbd5f61e95df42a3b32ffb22c4aec0c5 [LEADER]: Queue going to LEADER mode. State: All replicated index: 0, Majority replicated index: 0, Committed index: 0, Last appended: 0.0, Last appended by leader: 0, Current term: 1, Majority size: 2, State: 0, Mode: LEADER, active raft config: opid_index: -1 OBSOLETE_local: false peers { permanent_uuid: "dc7a7cbf49be4f2da7c8f81e9c72d009" member_type: VOTER last_known_addr { host: "127.6.209.1" port: 41173 } } peers { permanent_uuid: "35ff36f65dbd4cf6b4e8c18e12d35c0d" member_type: VOTER last_known_addr { host: "127.6.209.2" port: 38637 } } peers { permanent_uuid: "bbd5f61e95df42a3b32ffb22c4aec0c5" member_type: VOTER last_known_addr { host: "127.6.209.3" port: 44477 } }
I20260630 12:26:56.253703 11670 raft_consensus.cc:515] T 55c585f11f414015bac710f6ab5d440d P 35ff36f65dbd4cf6b4e8c18e12d35c0d [term 1 FOLLOWER]: Starting leader election with config: opid_index: -1 OBSOLETE_local: false peers { permanent_uuid: "dc7a7cbf49be4f2da7c8f81e9c72d009" member_type: VOTER last_known_addr { host: "127.6.209.1" port: 41173 } } peers { permanent_uuid: "35ff36f65dbd4cf6b4e8c18e12d35c0d" member_type: VOTER last_known_addr { host: "127.6.209.2" port: 38637 } } peers { permanent_uuid: "bbd5f61e95df42a3b32ffb22c4aec0c5" member_type: VOTER last_known_addr { host: "127.6.209.3" port: 44477 } }
I20260630 12:26:56.264416 11670 leader_election.cc:290] T 55c585f11f414015bac710f6ab5d440d P 35ff36f65dbd4cf6b4e8c18e12d35c0d [CANDIDATE]: Term 1 election: Requested vote from peers dc7a7cbf49be4f2da7c8f81e9c72d009 (127.6.209.1:41173), bbd5f61e95df42a3b32ffb22c4aec0c5 (127.6.209.3:44477)
I20260630 12:26:56.269397 11431 tablet_service.cc:1917] Received RequestConsensusVote() RPC: tablet_id: "94cfbf09c1f64912b781c59d7cf4426a" candidate_uuid: "bbd5f61e95df42a3b32ffb22c4aec0c5" candidate_term: 1 candidate_status { last_received { term: 0 index: 0 } } ignore_live_leader: false dest_uuid: "dc7a7cbf49be4f2da7c8f81e9c72d009"
I20260630 12:26:56.270164 11629 tablet_bootstrap.cc:492] T b948e655a7f740f995b14b895c15bc35 P dc7a7cbf49be4f2da7c8f81e9c72d009: No bootstrap required, opened a new log
I20260630 12:26:56.270944 11629 ts_tablet_manager.cc:1403] T b948e655a7f740f995b14b895c15bc35 P dc7a7cbf49be4f2da7c8f81e9c72d009: Time spent bootstrapping tablet: real 0.123s	user 0.008s	sys 0.013s
I20260630 12:26:56.274605 11629 raft_consensus.cc:359] T b948e655a7f740f995b14b895c15bc35 P dc7a7cbf49be4f2da7c8f81e9c72d009 [term 0 FOLLOWER]: Replica starting. Triggering 0 pending ops. Active config: opid_index: -1 OBSOLETE_local: false peers { permanent_uuid: "dc7a7cbf49be4f2da7c8f81e9c72d009" member_type: VOTER last_known_addr { host: "127.6.209.1" port: 41173 } } peers { permanent_uuid: "35ff36f65dbd4cf6b4e8c18e12d35c0d" member_type: VOTER last_known_addr { host: "127.6.209.2" port: 38637 } } peers { permanent_uuid: "bbd5f61e95df42a3b32ffb22c4aec0c5" member_type: VOTER last_known_addr { host: "127.6.209.3" port: 44477 } }
I20260630 12:26:56.275327 11629 raft_consensus.cc:385] T b948e655a7f740f995b14b895c15bc35 P dc7a7cbf49be4f2da7c8f81e9c72d009 [term 0 FOLLOWER]: Consensus starting up: Expiring failure detector timer to make a prompt election more likely
I20260630 12:26:56.275617 11629 raft_consensus.cc:740] T b948e655a7f740f995b14b895c15bc35 P dc7a7cbf49be4f2da7c8f81e9c72d009 [term 0 FOLLOWER]: Becoming Follower/Learner. State: Replica: dc7a7cbf49be4f2da7c8f81e9c72d009, State: Initialized, Role: FOLLOWER
I20260630 12:26:56.276310 11629 consensus_queue.cc:260] T b948e655a7f740f995b14b895c15bc35 P dc7a7cbf49be4f2da7c8f81e9c72d009 [NON_LEADER]: Queue going to NON_LEADER mode. State: All replicated index: 0, Majority replicated index: 0, Committed index: 0, Last appended: 0.0, Last appended by leader: 0, Current term: 0, Majority size: -1, State: 0, Mode: NON_LEADER, active raft config: opid_index: -1 OBSOLETE_local: false peers { permanent_uuid: "dc7a7cbf49be4f2da7c8f81e9c72d009" member_type: VOTER last_known_addr { host: "127.6.209.1" port: 41173 } } peers { permanent_uuid: "35ff36f65dbd4cf6b4e8c18e12d35c0d" member_type: VOTER last_known_addr { host: "127.6.209.2" port: 38637 } } peers { permanent_uuid: "bbd5f61e95df42a3b32ffb22c4aec0c5" member_type: VOTER last_known_addr { host: "127.6.209.3" port: 44477 } }
I20260630 12:26:56.278466 11629 ts_tablet_manager.cc:1434] T b948e655a7f740f995b14b895c15bc35 P dc7a7cbf49be4f2da7c8f81e9c72d009: Time spent starting tablet: real 0.007s	user 0.001s	sys 0.005s
I20260630 12:26:56.270121 11431 raft_consensus.cc:3060] T 94cfbf09c1f64912b781c59d7cf4426a P dc7a7cbf49be4f2da7c8f81e9c72d009 [term 0 FOLLOWER]: Advancing to term 1
I20260630 12:26:56.279495 11629 tablet_bootstrap.cc:492] T c8540aa12d9346d28634e83120ba70b6 P dc7a7cbf49be4f2da7c8f81e9c72d009: Bootstrap starting.
I20260630 12:26:56.277021 11329 catalog_manager.cc:5697] T 4b39f7e36dbf4f3aabf1da7f82028a3a P bbd5f61e95df42a3b32ffb22c4aec0c5 reported cstate change: term changed from 0 to 1, leader changed from <none> to bbd5f61e95df42a3b32ffb22c4aec0c5 (127.6.209.3). New cstate: current_term: 1 leader_uuid: "bbd5f61e95df42a3b32ffb22c4aec0c5" committed_config { opid_index: -1 OBSOLETE_local: false peers { permanent_uuid: "dc7a7cbf49be4f2da7c8f81e9c72d009" member_type: VOTER last_known_addr { host: "127.6.209.1" port: 41173 } health_report { overall_health: UNKNOWN } } peers { permanent_uuid: "35ff36f65dbd4cf6b4e8c18e12d35c0d" member_type: VOTER last_known_addr { host: "127.6.209.2" port: 38637 } health_report { overall_health: UNKNOWN } } peers { permanent_uuid: "bbd5f61e95df42a3b32ffb22c4aec0c5" member_type: VOTER last_known_addr { host: "127.6.209.3" port: 44477 } health_report { overall_health: HEALTHY } } }
I20260630 12:26:56.285447 11431 raft_consensus.cc:2468] T 94cfbf09c1f64912b781c59d7cf4426a P dc7a7cbf49be4f2da7c8f81e9c72d009 [term 1 FOLLOWER]: Leader election vote request: Granting yes vote for candidate bbd5f61e95df42a3b32ffb22c4aec0c5 in term 1.
I20260630 12:26:56.286633 11545 leader_election.cc:304] T 94cfbf09c1f64912b781c59d7cf4426a P bbd5f61e95df42a3b32ffb22c4aec0c5 [CANDIDATE]: Term 1 election: Election decided. Result: candidate won. Election summary: received 2 responses out of 3 voters: 2 yes votes; 0 no votes. yes voters: bbd5f61e95df42a3b32ffb22c4aec0c5, dc7a7cbf49be4f2da7c8f81e9c72d009; no voters: 
I20260630 12:26:56.287585 11678 raft_consensus.cc:2804] T 94cfbf09c1f64912b781c59d7cf4426a P bbd5f61e95df42a3b32ffb22c4aec0c5 [term 1 FOLLOWER]: Leader election won for term 1
I20260630 12:26:56.287498 11580 tablet_service.cc:1917] Received RequestConsensusVote() RPC: tablet_id: "55c585f11f414015bac710f6ab5d440d" candidate_uuid: "35ff36f65dbd4cf6b4e8c18e12d35c0d" candidate_term: 1 candidate_status { last_received { term: 0 index: 0 } } ignore_live_leader: false dest_uuid: "bbd5f61e95df42a3b32ffb22c4aec0c5"
I20260630 12:26:56.288187 11580 raft_consensus.cc:3060] T 55c585f11f414015bac710f6ab5d440d P bbd5f61e95df42a3b32ffb22c4aec0c5 [term 0 FOLLOWER]: Advancing to term 1
I20260630 12:26:56.288285 11471 leader_election.cc:304] T e9f6e5f6e92046ee8a24bcb1a89af562 P 35ff36f65dbd4cf6b4e8c18e12d35c0d [CANDIDATE]: Term 1 election: Election decided. Result: candidate won. Election summary: received 3 responses out of 3 voters: 2 yes votes; 1 no votes. yes voters: 35ff36f65dbd4cf6b4e8c18e12d35c0d, bbd5f61e95df42a3b32ffb22c4aec0c5; no voters: dc7a7cbf49be4f2da7c8f81e9c72d009
I20260630 12:26:56.289390 11503 raft_consensus.cc:2468] T 94cfbf09c1f64912b781c59d7cf4426a P 35ff36f65dbd4cf6b4e8c18e12d35c0d [term 1 FOLLOWER]: Leader election vote request: Granting yes vote for candidate bbd5f61e95df42a3b32ffb22c4aec0c5 in term 1.
I20260630 12:26:56.291009 11670 raft_consensus.cc:2804] T e9f6e5f6e92046ee8a24bcb1a89af562 P 35ff36f65dbd4cf6b4e8c18e12d35c0d [term 1 FOLLOWER]: Leader election won for term 1
I20260630 12:26:56.291539 11670 raft_consensus.cc:697] T e9f6e5f6e92046ee8a24bcb1a89af562 P 35ff36f65dbd4cf6b4e8c18e12d35c0d [term 1 LEADER]: Becoming Leader. State: Replica: 35ff36f65dbd4cf6b4e8c18e12d35c0d, State: Running, Role: LEADER
I20260630 12:26:56.292357 11670 consensus_queue.cc:237] T e9f6e5f6e92046ee8a24bcb1a89af562 P 35ff36f65dbd4cf6b4e8c18e12d35c0d [LEADER]: Queue going to LEADER mode. State: All replicated index: 0, Majority replicated index: 0, Committed index: 0, Last appended: 0.0, Last appended by leader: 0, Current term: 1, Majority size: 2, State: 0, Mode: LEADER, active raft config: opid_index: -1 OBSOLETE_local: false peers { permanent_uuid: "dc7a7cbf49be4f2da7c8f81e9c72d009" member_type: VOTER last_known_addr { host: "127.6.209.1" port: 41173 } } peers { permanent_uuid: "35ff36f65dbd4cf6b4e8c18e12d35c0d" member_type: VOTER last_known_addr { host: "127.6.209.2" port: 38637 } } peers { permanent_uuid: "bbd5f61e95df42a3b32ffb22c4aec0c5" member_type: VOTER last_known_addr { host: "127.6.209.3" port: 44477 } }
I20260630 12:26:56.293442 11635 consensus_queue.cc:1048] T 8c22d3aa678e4e1bad841127e618fd42 P dc7a7cbf49be4f2da7c8f81e9c72d009 [LEADER]: Connected to new peer: Peer: permanent_uuid: "bbd5f61e95df42a3b32ffb22c4aec0c5" member_type: VOTER last_known_addr { host: "127.6.209.3" port: 44477 }, Status: LMP_MISMATCH, Last received: 0.0, Next index: 1, Last known committed idx: 0, Time since last communication: 0.000s
I20260630 12:26:56.300324 11431 tablet_service.cc:1917] Received RequestConsensusVote() RPC: tablet_id: "55c585f11f414015bac710f6ab5d440d" candidate_uuid: "35ff36f65dbd4cf6b4e8c18e12d35c0d" candidate_term: 1 candidate_status { last_received { term: 0 index: 0 } } ignore_live_leader: false dest_uuid: "dc7a7cbf49be4f2da7c8f81e9c72d009"
I20260630 12:26:56.302843 11580 raft_consensus.cc:2468] T 55c585f11f414015bac710f6ab5d440d P bbd5f61e95df42a3b32ffb22c4aec0c5 [term 1 FOLLOWER]: Leader election vote request: Granting yes vote for candidate 35ff36f65dbd4cf6b4e8c18e12d35c0d in term 1.
I20260630 12:26:56.295915 11678 raft_consensus.cc:697] T 94cfbf09c1f64912b781c59d7cf4426a P bbd5f61e95df42a3b32ffb22c4aec0c5 [term 1 LEADER]: Becoming Leader. State: Replica: bbd5f61e95df42a3b32ffb22c4aec0c5, State: Running, Role: LEADER
I20260630 12:26:56.304309 11678 consensus_queue.cc:237] T 94cfbf09c1f64912b781c59d7cf4426a P bbd5f61e95df42a3b32ffb22c4aec0c5 [LEADER]: Queue going to LEADER mode. State: All replicated index: 0, Majority replicated index: 0, Committed index: 0, Last appended: 0.0, Last appended by leader: 0, Current term: 1, Majority size: 2, State: 0, Mode: LEADER, active raft config: opid_index: -1 OBSOLETE_local: false peers { permanent_uuid: "dc7a7cbf49be4f2da7c8f81e9c72d009" member_type: VOTER last_known_addr { host: "127.6.209.1" port: 41173 } } peers { permanent_uuid: "35ff36f65dbd4cf6b4e8c18e12d35c0d" member_type: VOTER last_known_addr { host: "127.6.209.2" port: 38637 } } peers { permanent_uuid: "bbd5f61e95df42a3b32ffb22c4aec0c5" member_type: VOTER last_known_addr { host: "127.6.209.3" port: 44477 } }
I20260630 12:26:56.306562 11629 tablet_bootstrap.cc:654] T c8540aa12d9346d28634e83120ba70b6 P dc7a7cbf49be4f2da7c8f81e9c72d009: Neither blocks nor log segments found. Creating new log.
I20260630 12:26:56.315881 11329 catalog_manager.cc:5697] T e9f6e5f6e92046ee8a24bcb1a89af562 P 35ff36f65dbd4cf6b4e8c18e12d35c0d reported cstate change: term changed from 0 to 1, leader changed from <none> to 35ff36f65dbd4cf6b4e8c18e12d35c0d (127.6.209.2). New cstate: current_term: 1 leader_uuid: "35ff36f65dbd4cf6b4e8c18e12d35c0d" committed_config { opid_index: -1 OBSOLETE_local: false peers { permanent_uuid: "dc7a7cbf49be4f2da7c8f81e9c72d009" member_type: VOTER last_known_addr { host: "127.6.209.1" port: 41173 } health_report { overall_health: UNKNOWN } } peers { permanent_uuid: "35ff36f65dbd4cf6b4e8c18e12d35c0d" member_type: VOTER last_known_addr { host: "127.6.209.2" port: 38637 } health_report { overall_health: HEALTHY } } peers { permanent_uuid: "bbd5f61e95df42a3b32ffb22c4aec0c5" member_type: VOTER last_known_addr { host: "127.6.209.3" port: 44477 } health_report { overall_health: UNKNOWN } } }
I20260630 12:26:56.317162 11327 catalog_manager.cc:5697] T 94cfbf09c1f64912b781c59d7cf4426a P bbd5f61e95df42a3b32ffb22c4aec0c5 reported cstate change: term changed from 0 to 1, leader changed from <none> to bbd5f61e95df42a3b32ffb22c4aec0c5 (127.6.209.3). New cstate: current_term: 1 leader_uuid: "bbd5f61e95df42a3b32ffb22c4aec0c5" committed_config { opid_index: -1 OBSOLETE_local: false peers { permanent_uuid: "dc7a7cbf49be4f2da7c8f81e9c72d009" member_type: VOTER last_known_addr { host: "127.6.209.1" port: 41173 } health_report { overall_health: UNKNOWN } } peers { permanent_uuid: "35ff36f65dbd4cf6b4e8c18e12d35c0d" member_type: VOTER last_known_addr { host: "127.6.209.2" port: 38637 } health_report { overall_health: UNKNOWN } } peers { permanent_uuid: "bbd5f61e95df42a3b32ffb22c4aec0c5" member_type: VOTER last_known_addr { host: "127.6.209.3" port: 44477 } health_report { overall_health: HEALTHY } } }
I20260630 12:26:56.323421 11670 raft_consensus.cc:493] T b948e655a7f740f995b14b895c15bc35 P 35ff36f65dbd4cf6b4e8c18e12d35c0d [term 0 FOLLOWER]: Starting pre-election (no leader contacted us within the election timeout)
I20260630 12:26:56.323894 11670 raft_consensus.cc:515] T b948e655a7f740f995b14b895c15bc35 P 35ff36f65dbd4cf6b4e8c18e12d35c0d [term 0 FOLLOWER]: Starting pre-election with config: opid_index: -1 OBSOLETE_local: false peers { permanent_uuid: "dc7a7cbf49be4f2da7c8f81e9c72d009" member_type: VOTER last_known_addr { host: "127.6.209.1" port: 41173 } } peers { permanent_uuid: "35ff36f65dbd4cf6b4e8c18e12d35c0d" member_type: VOTER last_known_addr { host: "127.6.209.2" port: 38637 } } peers { permanent_uuid: "bbd5f61e95df42a3b32ffb22c4aec0c5" member_type: VOTER last_known_addr { host: "127.6.209.3" port: 44477 } }
I20260630 12:26:56.325979 11670 leader_election.cc:290] T b948e655a7f740f995b14b895c15bc35 P 35ff36f65dbd4cf6b4e8c18e12d35c0d [CANDIDATE]: Term 1 pre-election: Requested pre-vote from peers dc7a7cbf49be4f2da7c8f81e9c72d009 (127.6.209.1:41173), bbd5f61e95df42a3b32ffb22c4aec0c5 (127.6.209.3:44477)
W20260630 12:26:56.318746 11471 leader_election.cc:343] T 55c585f11f414015bac710f6ab5d440d P 35ff36f65dbd4cf6b4e8c18e12d35c0d [CANDIDATE]: Term 1 election: Tablet error from VoteRequest() call to peer dc7a7cbf49be4f2da7c8f81e9c72d009 (127.6.209.1:41173): Illegal state: must be running to vote when last-logged opid is not known
I20260630 12:26:56.327416 11471 leader_election.cc:304] T 55c585f11f414015bac710f6ab5d440d P 35ff36f65dbd4cf6b4e8c18e12d35c0d [CANDIDATE]: Term 1 election: Election decided. Result: candidate won. Election summary: received 3 responses out of 3 voters: 2 yes votes; 1 no votes. yes voters: 35ff36f65dbd4cf6b4e8c18e12d35c0d, bbd5f61e95df42a3b32ffb22c4aec0c5; no voters: dc7a7cbf49be4f2da7c8f81e9c72d009
I20260630 12:26:56.328346 11630 raft_consensus.cc:2804] T 55c585f11f414015bac710f6ab5d440d P 35ff36f65dbd4cf6b4e8c18e12d35c0d [term 1 FOLLOWER]: Leader election won for term 1
I20260630 12:26:56.328833 11630 raft_consensus.cc:697] T 55c585f11f414015bac710f6ab5d440d P 35ff36f65dbd4cf6b4e8c18e12d35c0d [term 1 LEADER]: Becoming Leader. State: Replica: 35ff36f65dbd4cf6b4e8c18e12d35c0d, State: Running, Role: LEADER
I20260630 12:26:56.329617 11671 raft_consensus.cc:493] T cd690e7c8b9840698f0de8709b44727a P 35ff36f65dbd4cf6b4e8c18e12d35c0d [term 0 FOLLOWER]: Starting pre-election (no leader contacted us within the election timeout)
I20260630 12:26:56.329668 11630 consensus_queue.cc:237] T 55c585f11f414015bac710f6ab5d440d P 35ff36f65dbd4cf6b4e8c18e12d35c0d [LEADER]: Queue going to LEADER mode. State: All replicated index: 0, Majority replicated index: 0, Committed index: 0, Last appended: 0.0, Last appended by leader: 0, Current term: 1, Majority size: 2, State: 0, Mode: LEADER, active raft config: opid_index: -1 OBSOLETE_local: false peers { permanent_uuid: "dc7a7cbf49be4f2da7c8f81e9c72d009" member_type: VOTER last_known_addr { host: "127.6.209.1" port: 41173 } } peers { permanent_uuid: "35ff36f65dbd4cf6b4e8c18e12d35c0d" member_type: VOTER last_known_addr { host: "127.6.209.2" port: 38637 } } peers { permanent_uuid: "bbd5f61e95df42a3b32ffb22c4aec0c5" member_type: VOTER last_known_addr { host: "127.6.209.3" port: 44477 } }
I20260630 12:26:56.330251 11671 raft_consensus.cc:515] T cd690e7c8b9840698f0de8709b44727a P 35ff36f65dbd4cf6b4e8c18e12d35c0d [term 0 FOLLOWER]: Starting pre-election with config: opid_index: -1 OBSOLETE_local: false peers { permanent_uuid: "dc7a7cbf49be4f2da7c8f81e9c72d009" member_type: VOTER last_known_addr { host: "127.6.209.1" port: 41173 } } peers { permanent_uuid: "35ff36f65dbd4cf6b4e8c18e12d35c0d" member_type: VOTER last_known_addr { host: "127.6.209.2" port: 38637 } } peers { permanent_uuid: "bbd5f61e95df42a3b32ffb22c4aec0c5" member_type: VOTER last_known_addr { host: "127.6.209.3" port: 44477 } }
