I20260630 12:25:02.766101  7935 consensus_queue.cc:1048] T 70e2f5a4a3764e698a4dda8edb9e7cb4 P 74b2606f509c4baf8fc65c55dd25417d [LEADER]: Connected to new peer: Peer: permanent_uuid: "2b9729b1c7e74995b61f0275e2641bd2" member_type: VOTER last_known_addr { host: "127.6.224.129" port: 33705 }, Status: LMP_MISMATCH, Last received: 0.0, Next index: 1, Last known committed idx: 0, Time since last communication: 0.000s
I20260630 12:25:02.842010  7042 file_cache.cc:492] Constructed file cache file cache with capacity 419430
W20260630 12:25:02.847595  7964 instance_detector.cc:116] could not retrieve AWS instance metadata: Network error: curl error: HTTP response code said error: The requested URL returned error: 404
W20260630 12:25:02.848896  7965 instance_detector.cc:116] could not retrieve Azure instance metadata: Network error: curl error: HTTP response code said error: The requested URL returned error: 404
W20260630 12:25:02.849449  7967 instance_detector.cc:116] could not retrieve OpenStack instance metadata: Network error: curl error: HTTP response code said error: The requested URL returned error: 404
I20260630 12:25:02.849750  7042 server_base.cc:1061] running on GCE node
I20260630 12:25:02.850590  7042 hybrid_clock.cc:584] initializing the hybrid clock with 'system_unsync' time source
W20260630 12:25:02.850795  7042 system_unsync_time.cc:38] NTP support is disabled. Clock error bounds will not be accurate. This configuration is not suitable for distributed clusters.
I20260630 12:25:02.850973  7042 hybrid_clock.cc:648] HybridClock initialized: now 1782822302850956 us; error 0 us; skew 500 ppm
I20260630 12:25:02.851456  7042 server_base.cc:861] Flag tcmalloc_max_total_thread_cache_bytes is not working since tcmalloc is not enabled.
I20260630 12:25:02.853789  7042 webserver.cc:533] Webserver started at http://127.6.224.132:35187/ using document root <none> and password file <none>
I20260630 12:25:02.854242  7042 fs_manager.cc:362] Metadata directory not provided
I20260630 12:25:02.854423  7042 fs_manager.cc:368] Using write-ahead log directory (fs_wal_dir) as metadata directory
I20260630 12:25:02.854681  7042 server_base.cc:909] This appears to be a new deployment of Kudu; creating new FS layout
I20260630 12:25:02.855744  7042 fs_manager.cc:1068] Generated new instance metadata in path /tmp/dist-test-task0MF3AK/test-tmp/auto_rebalancer-test.0.AutoRebalancerTest.AutoRebalancingTurnOffAndOn.1782822288522220-7042-0/minicluster-data/ts-3-root/instance:
uuid: "ea7c0cb52c76459abd041cedebe7be11"
format_stamp: "Formatted at 2026-06-30 12:25:02 on dist-test-slave-fh7x"
I20260630 12:25:02.860038  7042 fs_manager.cc:696] Time spent creating directory manager: real 0.004s	user 0.006s	sys 0.000s
I20260630 12:25:02.863337  7972 log_block_manager.cc:4031] Time spent loading block containers with low live blocks: real 0.000s	user 0.000s	sys 0.000s
I20260630 12:25:02.864076  7042 fs_manager.cc:730] Time spent opening block manager: real 0.002s	user 0.002s	sys 0.000s
I20260630 12:25:02.864374  7042 fs_manager.cc:647] Opened local filesystem: /tmp/dist-test-task0MF3AK/test-tmp/auto_rebalancer-test.0.AutoRebalancerTest.AutoRebalancingTurnOffAndOn.1782822288522220-7042-0/minicluster-data/ts-3-root
uuid: "ea7c0cb52c76459abd041cedebe7be11"
format_stamp: "Formatted at 2026-06-30 12:25:02 on dist-test-slave-fh7x"
I20260630 12:25:02.864634  7042 fs_report.cc:389] FS layout report
--------------------
wal directory: /tmp/dist-test-task0MF3AK/test-tmp/auto_rebalancer-test.0.AutoRebalancerTest.AutoRebalancingTurnOffAndOn.1782822288522220-7042-0/minicluster-data/ts-3-root
metadata directory: /tmp/dist-test-task0MF3AK/test-tmp/auto_rebalancer-test.0.AutoRebalancerTest.AutoRebalancingTurnOffAndOn.1782822288522220-7042-0/minicluster-data/ts-3-root
1 data directories: /tmp/dist-test-task0MF3AK/test-tmp/auto_rebalancer-test.0.AutoRebalancerTest.AutoRebalancingTurnOffAndOn.1782822288522220-7042-0/minicluster-data/ts-3-root/data
Total live blocks: 0
Total live bytes: 0
Total live bytes (after alignment): 0
Total number of LBM containers: 0 (0 full)
Did not check for missing blocks
Did not check for orphaned blocks
Total full LBM containers with extra space: 0 (0 repaired)
Total full LBM container extra space in bytes: 0 (0 repaired)
Total incomplete LBM containers: 0 (0 repaired)
Total LBM partial records: 0 (0 repaired)
Total corrupted LBM metadata records in RocksDB: 0 (0 repaired)
I20260630 12:25:02.885516  7042 rpc_server.cc:225] running with OpenSSL 1.1.1  11 Sep 2018
I20260630 12:25:02.886709  7042 kserver.cc:163] Server-wide thread pool size limit: 3276
I20260630 12:25:02.888101  7042 txn_system_client.cc:432] TxnSystemClient initialization is disabled...
I20260630 12:25:02.890410  7042 ts_tablet_manager.cc:585] Loaded tablet metadata (0 total tablets, 0 live tablets)
I20260630 12:25:02.890597  7042 ts_tablet_manager.cc:531] Time spent load tablet metadata: real 0.000s	user 0.000s	sys 0.000s
I20260630 12:25:02.890839  7042 ts_tablet_manager.cc:616] Registered 0 tablets
I20260630 12:25:02.890983  7042 ts_tablet_manager.cc:595] Time spent register tablets: real 0.000s	user 0.000s	sys 0.000s
I20260630 12:25:02.932226  7042 rpc_server.cc:307] RPC server started. Bound to: 127.6.224.132:46491
I20260630 12:25:02.932377  8034 acceptor_pool.cc:272] collecting diagnostics on the listening RPC socket 127.6.224.132:46491 every 8 connection(s)
I20260630 12:25:02.946269  8035 heartbeater.cc:344] Connected to a master server at 127.6.224.190:34627
I20260630 12:25:02.946687  8035 heartbeater.cc:461] Registering TS with master...
I20260630 12:25:02.947433  8035 heartbeater.cc:507] Master 127.6.224.190:34627 requested a full tablet report, sending...
I20260630 12:25:02.949363  7607 ts_manager.cc:194] Registered new tserver with Master: ea7c0cb52c76459abd041cedebe7be11 (127.6.224.132:46491)
I20260630 12:25:02.950714  7607 master_service.cc:502] Signed X509 certificate for tserver {username='slave'} at 127.0.0.1:45166
I20260630 12:25:02.977321  7944 consensus_queue.cc:1048] T f41a14d946e043e1a073b92c69350f5c P 2b9729b1c7e74995b61f0275e2641bd2 [LEADER]: Connected to new peer: Peer: permanent_uuid: "955572a7e3414bdfa6e9a99c4587abee" member_type: VOTER last_known_addr { host: "127.6.224.130" port: 43131 }, Status: LMP_MISMATCH, Last received: 0.0, Next index: 1, Last known committed idx: 0, Time since last communication: 0.000s
I20260630 12:25:02.984107  7935 consensus_queue.cc:1048] T 7ef40938ea7840c1b4630adffe09d3d6 P 74b2606f509c4baf8fc65c55dd25417d [LEADER]: Connected to new peer: Peer: permanent_uuid: "955572a7e3414bdfa6e9a99c4587abee" member_type: VOTER last_known_addr { host: "127.6.224.130" port: 43131 }, Status: LMP_MISMATCH, Last received: 0.0, Next index: 1, Last known committed idx: 0, Time since last communication: 0.000s
I20260630 12:25:02.988466  7910 consensus_queue.cc:1048] T f41a14d946e043e1a073b92c69350f5c P 2b9729b1c7e74995b61f0275e2641bd2 [LEADER]: Connected to new peer: Peer: permanent_uuid: "74b2606f509c4baf8fc65c55dd25417d" member_type: VOTER last_known_addr { host: "127.6.224.131" port: 45781 }, Status: LMP_MISMATCH, Last received: 0.0, Next index: 1, Last known committed idx: 0, Time since last communication: 0.000s
I20260630 12:25:03.001035  7936 consensus_queue.cc:1048] T 7ef40938ea7840c1b4630adffe09d3d6 P 74b2606f509c4baf8fc65c55dd25417d [LEADER]: Connected to new peer: Peer: permanent_uuid: "2b9729b1c7e74995b61f0275e2641bd2" member_type: VOTER last_known_addr { host: "127.6.224.129" port: 33705 }, Status: LMP_MISMATCH, Last received: 0.0, Next index: 1, Last known committed idx: 0, Time since last communication: 0.000s
I20260630 12:25:03.059753  7912 consensus_queue.cc:1048] T b6bcacdd84e94ce8bd70f0e51334b187 P 74b2606f509c4baf8fc65c55dd25417d [LEADER]: Connected to new peer: Peer: permanent_uuid: "955572a7e3414bdfa6e9a99c4587abee" member_type: VOTER last_known_addr { host: "127.6.224.130" port: 43131 }, Status: LMP_MISMATCH, Last received: 0.0, Next index: 1, Last known committed idx: 0, Time since last communication: 0.000s
I20260630 12:25:03.063567  7859 raft_consensus.cc:3060] T f342056e1f384ca19171da64f24a7ab5 P 74b2606f509c4baf8fc65c55dd25417d [term 0 FOLLOWER]: Advancing to term 1
I20260630 12:25:03.070787  7936 consensus_queue.cc:1048] T b6bcacdd84e94ce8bd70f0e51334b187 P 74b2606f509c4baf8fc65c55dd25417d [LEADER]: Connected to new peer: Peer: permanent_uuid: "2b9729b1c7e74995b61f0275e2641bd2" member_type: VOTER last_known_addr { host: "127.6.224.129" port: 33705 }, Status: LMP_MISMATCH, Last received: 0.0, Next index: 1, Last known committed idx: 0, Time since last communication: 0.000s
I20260630 12:25:03.072840  7935 raft_consensus.cc:493] T f342056e1f384ca19171da64f24a7ab5 P 74b2606f509c4baf8fc65c55dd25417d [term 1 FOLLOWER]: Starting pre-election (no leader contacted us within the election timeout)
I20260630 12:25:03.073431  7935 raft_consensus.cc:515] T f342056e1f384ca19171da64f24a7ab5 P 74b2606f509c4baf8fc65c55dd25417d [term 1 FOLLOWER]: Starting pre-election with config: opid_index: -1 OBSOLETE_local: false peers { permanent_uuid: "2b9729b1c7e74995b61f0275e2641bd2" member_type: VOTER last_known_addr { host: "127.6.224.129" port: 33705 } } peers { permanent_uuid: "955572a7e3414bdfa6e9a99c4587abee" member_type: VOTER last_known_addr { host: "127.6.224.130" port: 43131 } } peers { permanent_uuid: "74b2606f509c4baf8fc65c55dd25417d" member_type: VOTER last_known_addr { host: "127.6.224.131" port: 45781 } }
I20260630 12:25:03.074137  7930 consensus_queue.cc:1048] T f342056e1f384ca19171da64f24a7ab5 P 2b9729b1c7e74995b61f0275e2641bd2 [LEADER]: Connected to new peer: Peer: permanent_uuid: "74b2606f509c4baf8fc65c55dd25417d" member_type: VOTER last_known_addr { host: "127.6.224.131" port: 45781 }, Status: LMP_MISMATCH, Last received: 0.0, Next index: 1, Last known committed idx: 0, Time since last communication: 0.000s
I20260630 12:25:03.077631  7935 leader_election.cc:290] T f342056e1f384ca19171da64f24a7ab5 P 74b2606f509c4baf8fc65c55dd25417d [CANDIDATE]: Term 2 pre-election: Requested pre-vote from peers 2b9729b1c7e74995b61f0275e2641bd2 (127.6.224.129:33705), 955572a7e3414bdfa6e9a99c4587abee (127.6.224.130:43131)
I20260630 12:25:03.079407  7785 tablet_service.cc:1917] Received RequestConsensusVote() RPC: tablet_id: "f342056e1f384ca19171da64f24a7ab5" candidate_uuid: "74b2606f509c4baf8fc65c55dd25417d" candidate_term: 2 candidate_status { last_received { term: 0 index: 0 } } ignore_live_leader: false dest_uuid: "955572a7e3414bdfa6e9a99c4587abee" is_pre_election: true
I20260630 12:25:03.080355  7710 tablet_service.cc:1917] Received RequestConsensusVote() RPC: tablet_id: "f342056e1f384ca19171da64f24a7ab5" candidate_uuid: "74b2606f509c4baf8fc65c55dd25417d" candidate_term: 2 candidate_status { last_received { term: 0 index: 0 } } ignore_live_leader: false dest_uuid: "2b9729b1c7e74995b61f0275e2641bd2" is_pre_election: true
I20260630 12:25:03.080592  7785 raft_consensus.cc:2468] T f342056e1f384ca19171da64f24a7ab5 P 955572a7e3414bdfa6e9a99c4587abee [term 1 FOLLOWER]: Leader pre-election vote request: Granting yes vote for candidate 74b2606f509c4baf8fc65c55dd25417d in term 1.
I20260630 12:25:03.082082  7825 leader_election.cc:304] T f342056e1f384ca19171da64f24a7ab5 P 74b2606f509c4baf8fc65c55dd25417d [CANDIDATE]: Term 2 pre-election: Election decided. Result: candidate won. Election summary: received 2 responses out of 3 voters: 2 yes votes; 0 no votes. yes voters: 74b2606f509c4baf8fc65c55dd25417d, 955572a7e3414bdfa6e9a99c4587abee; no voters: 
I20260630 12:25:03.084003  7935 raft_consensus.cc:2804] T f342056e1f384ca19171da64f24a7ab5 P 74b2606f509c4baf8fc65c55dd25417d [term 1 FOLLOWER]: Leader pre-election won for term 2
I20260630 12:25:03.086478  7935 raft_consensus.cc:493] T f342056e1f384ca19171da64f24a7ab5 P 74b2606f509c4baf8fc65c55dd25417d [term 1 FOLLOWER]: Starting leader election (detected failure of leader 2b9729b1c7e74995b61f0275e2641bd2)
I20260630 12:25:03.086922  7935 raft_consensus.cc:3060] T f342056e1f384ca19171da64f24a7ab5 P 74b2606f509c4baf8fc65c55dd25417d [term 1 FOLLOWER]: Advancing to term 2
I20260630 12:25:03.092631  7930 consensus_queue.cc:1048] T f342056e1f384ca19171da64f24a7ab5 P 2b9729b1c7e74995b61f0275e2641bd2 [LEADER]: Connected to new peer: Peer: permanent_uuid: "955572a7e3414bdfa6e9a99c4587abee" member_type: VOTER last_known_addr { host: "127.6.224.130" port: 43131 }, Status: LMP_MISMATCH, Last received: 0.0, Next index: 1, Last known committed idx: 0, Time since last communication: 0.000s
I20260630 12:25:03.094666  7936 consensus_queue.cc:1048] T bd8e3922093f4b48a64aa3ca05131f8e P 74b2606f509c4baf8fc65c55dd25417d [LEADER]: Connected to new peer: Peer: permanent_uuid: "2b9729b1c7e74995b61f0275e2641bd2" member_type: VOTER last_known_addr { host: "127.6.224.129" port: 33705 }, Status: LMP_MISMATCH, Last received: 0.0, Next index: 1, Last known committed idx: 0, Time since last communication: 0.000s
I20260630 12:25:03.095821  7935 raft_consensus.cc:515] T f342056e1f384ca19171da64f24a7ab5 P 74b2606f509c4baf8fc65c55dd25417d [term 2 FOLLOWER]: Starting leader election with config: opid_index: -1 OBSOLETE_local: false peers { permanent_uuid: "2b9729b1c7e74995b61f0275e2641bd2" member_type: VOTER last_known_addr { host: "127.6.224.129" port: 33705 } } peers { permanent_uuid: "955572a7e3414bdfa6e9a99c4587abee" member_type: VOTER last_known_addr { host: "127.6.224.130" port: 43131 } } peers { permanent_uuid: "74b2606f509c4baf8fc65c55dd25417d" member_type: VOTER last_known_addr { host: "127.6.224.131" port: 45781 } }
I20260630 12:25:03.100775  7859 raft_consensus.cc:1240] T f342056e1f384ca19171da64f24a7ab5 P 74b2606f509c4baf8fc65c55dd25417d [term 2 FOLLOWER]: Rejecting Update request from peer 2b9729b1c7e74995b61f0275e2641bd2 for earlier term 1. Current term is 2. Ops: []
I20260630 12:25:03.101931  7935 leader_election.cc:290] T f342056e1f384ca19171da64f24a7ab5 P 74b2606f509c4baf8fc65c55dd25417d [CANDIDATE]: Term 2 election: Requested vote from peers 2b9729b1c7e74995b61f0275e2641bd2 (127.6.224.129:33705), 955572a7e3414bdfa6e9a99c4587abee (127.6.224.130:43131)
I20260630 12:25:03.102960  7709 tablet_service.cc:1917] Received RequestConsensusVote() RPC: tablet_id: "f342056e1f384ca19171da64f24a7ab5" candidate_uuid: "74b2606f509c4baf8fc65c55dd25417d" candidate_term: 2 candidate_status { last_received { term: 1 index: 1 } } ignore_live_leader: false dest_uuid: "2b9729b1c7e74995b61f0275e2641bd2"
I20260630 12:25:03.104988  7930 consensus_queue.cc:1059] T f342056e1f384ca19171da64f24a7ab5 P 2b9729b1c7e74995b61f0275e2641bd2 [LEADER]: Peer responded invalid term: Peer: permanent_uuid: "74b2606f509c4baf8fc65c55dd25417d" member_type: VOTER last_known_addr { host: "127.6.224.131" port: 45781 }, Status: INVALID_TERM, Last received: 1.1, Next index: 2, Last known committed idx: 0, Time since last communication: 0.001s
I20260630 12:25:03.106015  7930 raft_consensus.cc:3055] T f342056e1f384ca19171da64f24a7ab5 P 2b9729b1c7e74995b61f0275e2641bd2 [term 1 LEADER]: Stepping down as leader of term 1
I20260630 12:25:03.106359  7930 raft_consensus.cc:740] T f342056e1f384ca19171da64f24a7ab5 P 2b9729b1c7e74995b61f0275e2641bd2 [term 1 LEADER]: Becoming Follower/Learner. State: Replica: 2b9729b1c7e74995b61f0275e2641bd2, State: Running, Role: LEADER
I20260630 12:25:03.107055  7785 tablet_service.cc:1917] Received RequestConsensusVote() RPC: tablet_id: "f342056e1f384ca19171da64f24a7ab5" candidate_uuid: "74b2606f509c4baf8fc65c55dd25417d" candidate_term: 2 candidate_status { last_received { term: 1 index: 1 } } ignore_live_leader: false dest_uuid: "955572a7e3414bdfa6e9a99c4587abee"
I20260630 12:25:03.107653  7930 consensus_queue.cc:260] T f342056e1f384ca19171da64f24a7ab5 P 2b9729b1c7e74995b61f0275e2641bd2 [NON_LEADER]: Queue going to NON_LEADER mode. State: All replicated index: 0, Majority replicated index: 1, Committed index: 1, Last appended: 1.1, Last appended by leader: 1, Current term: 1, Majority size: -1, State: 0, Mode: NON_LEADER, active raft config: opid_index: -1 OBSOLETE_local: false peers { permanent_uuid: "2b9729b1c7e74995b61f0275e2641bd2" member_type: VOTER last_known_addr { host: "127.6.224.129" port: 33705 } } peers { permanent_uuid: "955572a7e3414bdfa6e9a99c4587abee" member_type: VOTER last_known_addr { host: "127.6.224.130" port: 43131 } } peers { permanent_uuid: "74b2606f509c4baf8fc65c55dd25417d" member_type: VOTER last_known_addr { host: "127.6.224.131" port: 45781 } }
I20260630 12:25:03.108934  7825 leader_election.cc:304] T f342056e1f384ca19171da64f24a7ab5 P 74b2606f509c4baf8fc65c55dd25417d [CANDIDATE]: Term 2 election: Election decided. Result: candidate lost. Election summary: received 3 responses out of 3 voters: 1 yes votes; 2 no votes. yes voters: 74b2606f509c4baf8fc65c55dd25417d; no voters: 2b9729b1c7e74995b61f0275e2641bd2, 955572a7e3414bdfa6e9a99c4587abee
I20260630 12:25:03.109282  7930 raft_consensus.cc:3060] T f342056e1f384ca19171da64f24a7ab5 P 2b9729b1c7e74995b61f0275e2641bd2 [term 1 FOLLOWER]: Advancing to term 2
I20260630 12:25:03.110222  7935 raft_consensus.cc:2749] T f342056e1f384ca19171da64f24a7ab5 P 74b2606f509c4baf8fc65c55dd25417d [term 2 FOLLOWER]: Leader election lost for term 2. Reason: could not achieve majority
I20260630 12:25:03.115892  7912 consensus_queue.cc:1048] T bd8e3922093f4b48a64aa3ca05131f8e P 74b2606f509c4baf8fc65c55dd25417d [LEADER]: Connected to new peer: Peer: permanent_uuid: "955572a7e3414bdfa6e9a99c4587abee" member_type: VOTER last_known_addr { host: "127.6.224.130" port: 43131 }, Status: LMP_MISMATCH, Last received: 0.0, Next index: 1, Last known committed idx: 0, Time since last communication: 0.000s
I20260630 12:25:03.132483  7911 consensus_queue.cc:1048] T bda550ec1a6a4c0dae15df812a4c8a3a P 955572a7e3414bdfa6e9a99c4587abee [LEADER]: Connected to new peer: Peer: permanent_uuid: "74b2606f509c4baf8fc65c55dd25417d" member_type: VOTER last_known_addr { host: "127.6.224.131" port: 45781 }, Status: LMP_MISMATCH, Last received: 0.0, Next index: 1, Last known committed idx: 0, Time since last communication: 0.000s
I20260630 12:25:03.143085  7911 consensus_queue.cc:1048] T bda550ec1a6a4c0dae15df812a4c8a3a P 955572a7e3414bdfa6e9a99c4587abee [LEADER]: Connected to new peer: Peer: permanent_uuid: "2b9729b1c7e74995b61f0275e2641bd2" member_type: VOTER last_known_addr { host: "127.6.224.129" port: 33705 }, Status: LMP_MISMATCH, Last received: 0.0, Next index: 1, Last known committed idx: 0, Time since last communication: 0.000s
I20260630 12:25:03.952932  8035 heartbeater.cc:499] Master 127.6.224.190:34627 was elected leader, sending a full tablet report...
I20260630 12:25:04.529120  7661 auto_leader_rebalancer.cc:141] leader rebalance for table test-workload
I20260630 12:25:04.545854  7859 tablet_service.cc:2072] Received LeaderStepDown RPC: tablet_id: "7ef40938ea7840c1b4630adffe09d3d6"
dest_uuid: "74b2606f509c4baf8fc65c55dd25417d"
mode: GRACEFUL
new_leader_uuid: "955572a7e3414bdfa6e9a99c4587abee"
 from {username='slave'} at 127.0.0.1:56034
I20260630 12:25:04.546572  7859 raft_consensus.cc:606] T 7ef40938ea7840c1b4630adffe09d3d6 P 74b2606f509c4baf8fc65c55dd25417d [term 1 LEADER]: Received request to transfer leadership to TS 955572a7e3414bdfa6e9a99c4587abee
I20260630 12:25:04.549322  7859 tablet_service.cc:2072] Received LeaderStepDown RPC: tablet_id: "9e9be724875940c09333ffd0c9cf2f3a"
dest_uuid: "74b2606f509c4baf8fc65c55dd25417d"
mode: GRACEFUL
new_leader_uuid: "2b9729b1c7e74995b61f0275e2641bd2"
 from {username='slave'} at 127.0.0.1:56034
I20260630 12:25:04.549841  7859 raft_consensus.cc:606] T 9e9be724875940c09333ffd0c9cf2f3a P 74b2606f509c4baf8fc65c55dd25417d [term 1 LEADER]: Received request to transfer leadership to TS 2b9729b1c7e74995b61f0275e2641bd2
I20260630 12:25:04.552534  7859 tablet_service.cc:2072] Received LeaderStepDown RPC: tablet_id: "bd8e3922093f4b48a64aa3ca05131f8e"
dest_uuid: "74b2606f509c4baf8fc65c55dd25417d"
mode: GRACEFUL
new_leader_uuid: "955572a7e3414bdfa6e9a99c4587abee"
 from {username='slave'} at 127.0.0.1:56034
I20260630 12:25:04.553076  7859 raft_consensus.cc:606] T bd8e3922093f4b48a64aa3ca05131f8e P 74b2606f509c4baf8fc65c55dd25417d [term 1 LEADER]: Received request to transfer leadership to TS 955572a7e3414bdfa6e9a99c4587abee
I20260630 12:25:04.554217  7661 auto_leader_rebalancer.cc:440] table: test-workload, leader rebalance finish, leader transfer count: 3
I20260630 12:25:04.554742  7661 auto_leader_rebalancer.cc:515] All tables' leader rebalancing finished this round
I20260630 12:25:04.596936  8055 raft_consensus.cc:493] T f342056e1f384ca19171da64f24a7ab5 P 955572a7e3414bdfa6e9a99c4587abee [term 1 FOLLOWER]: Starting pre-election (detected failure of leader 2b9729b1c7e74995b61f0275e2641bd2)
I20260630 12:25:04.597581  8055 raft_consensus.cc:515] T f342056e1f384ca19171da64f24a7ab5 P 955572a7e3414bdfa6e9a99c4587abee [term 1 FOLLOWER]: Starting pre-election with config: opid_index: -1 OBSOLETE_local: false peers { permanent_uuid: "2b9729b1c7e74995b61f0275e2641bd2" member_type: VOTER last_known_addr { host: "127.6.224.129" port: 33705 } } peers { permanent_uuid: "955572a7e3414bdfa6e9a99c4587abee" member_type: VOTER last_known_addr { host: "127.6.224.130" port: 43131 } } peers { permanent_uuid: "74b2606f509c4baf8fc65c55dd25417d" member_type: VOTER last_known_addr { host: "127.6.224.131" port: 45781 } }
I20260630 12:25:04.599818  8055 leader_election.cc:290] T f342056e1f384ca19171da64f24a7ab5 P 955572a7e3414bdfa6e9a99c4587abee [CANDIDATE]: Term 2 pre-election: Requested pre-vote from peers 2b9729b1c7e74995b61f0275e2641bd2 (127.6.224.129:33705), 74b2606f509c4baf8fc65c55dd25417d (127.6.224.131:45781)
I20260630 12:25:04.600591  7710 tablet_service.cc:1917] Received RequestConsensusVote() RPC: tablet_id: "f342056e1f384ca19171da64f24a7ab5" candidate_uuid: "955572a7e3414bdfa6e9a99c4587abee" candidate_term: 2 candidate_status { last_received { term: 1 index: 1 } } ignore_live_leader: false dest_uuid: "2b9729b1c7e74995b61f0275e2641bd2" is_pre_election: true
I20260630 12:25:04.600862  7859 tablet_service.cc:1917] Received RequestConsensusVote() RPC: tablet_id: "f342056e1f384ca19171da64f24a7ab5" candidate_uuid: "955572a7e3414bdfa6e9a99c4587abee" candidate_term: 2 candidate_status { last_received { term: 1 index: 1 } } ignore_live_leader: false dest_uuid: "74b2606f509c4baf8fc65c55dd25417d" is_pre_election: true
I20260630 12:25:04.601323  7710 raft_consensus.cc:2468] T f342056e1f384ca19171da64f24a7ab5 P 2b9729b1c7e74995b61f0275e2641bd2 [term 2 FOLLOWER]: Leader pre-election vote request: Granting yes vote for candidate 955572a7e3414bdfa6e9a99c4587abee in term 2.
I20260630 12:25:04.601617  7859 raft_consensus.cc:2393] T f342056e1f384ca19171da64f24a7ab5 P 74b2606f509c4baf8fc65c55dd25417d [term 2 FOLLOWER]: Leader pre-election vote request: Denying vote to candidate 955572a7e3414bdfa6e9a99c4587abee in current term 2: Already voted for candidate 74b2606f509c4baf8fc65c55dd25417d in this term.
I20260630 12:25:04.602546  7751 leader_election.cc:304] T f342056e1f384ca19171da64f24a7ab5 P 955572a7e3414bdfa6e9a99c4587abee [CANDIDATE]: Term 2 pre-election: Election decided. Result: candidate won. Election summary: received 2 responses out of 3 voters: 2 yes votes; 0 no votes. yes voters: 2b9729b1c7e74995b61f0275e2641bd2, 955572a7e3414bdfa6e9a99c4587abee; no voters: 
I20260630 12:25:04.603240  8055 raft_consensus.cc:2804] T f342056e1f384ca19171da64f24a7ab5 P 955572a7e3414bdfa6e9a99c4587abee [term 1 FOLLOWER]: Leader pre-election won for term 2
I20260630 12:25:04.603552  8055 raft_consensus.cc:493] T f342056e1f384ca19171da64f24a7ab5 P 955572a7e3414bdfa6e9a99c4587abee [term 1 FOLLOWER]: Starting leader election (detected failure of leader 2b9729b1c7e74995b61f0275e2641bd2)
I20260630 12:25:04.603825  8055 raft_consensus.cc:3060] T f342056e1f384ca19171da64f24a7ab5 P 955572a7e3414bdfa6e9a99c4587abee [term 1 FOLLOWER]: Advancing to term 2
I20260630 12:25:04.608472  8055 raft_consensus.cc:515] T f342056e1f384ca19171da64f24a7ab5 P 955572a7e3414bdfa6e9a99c4587abee [term 2 FOLLOWER]: Starting leader election with config: opid_index: -1 OBSOLETE_local: false peers { permanent_uuid: "2b9729b1c7e74995b61f0275e2641bd2" member_type: VOTER last_known_addr { host: "127.6.224.129" port: 33705 } } peers { permanent_uuid: "955572a7e3414bdfa6e9a99c4587abee" member_type: VOTER last_known_addr { host: "127.6.224.130" port: 43131 } } peers { permanent_uuid: "74b2606f509c4baf8fc65c55dd25417d" member_type: VOTER last_known_addr { host: "127.6.224.131" port: 45781 } }
I20260630 12:25:04.610263  8055 leader_election.cc:290] T f342056e1f384ca19171da64f24a7ab5 P 955572a7e3414bdfa6e9a99c4587abee [CANDIDATE]: Term 2 election: Requested vote from peers 2b9729b1c7e74995b61f0275e2641bd2 (127.6.224.129:33705), 74b2606f509c4baf8fc65c55dd25417d (127.6.224.131:45781)
I20260630 12:25:04.611167  7710 tablet_service.cc:1917] Received RequestConsensusVote() RPC: tablet_id: "f342056e1f384ca19171da64f24a7ab5" candidate_uuid: "955572a7e3414bdfa6e9a99c4587abee" candidate_term: 2 candidate_status { last_received { term: 1 index: 1 } } ignore_live_leader: false dest_uuid: "2b9729b1c7e74995b61f0275e2641bd2"
I20260630 12:25:04.612020  7859 tablet_service.cc:1917] Received RequestConsensusVote() RPC: tablet_id: "f342056e1f384ca19171da64f24a7ab5" candidate_uuid: "955572a7e3414bdfa6e9a99c4587abee" candidate_term: 2 candidate_status { last_received { term: 1 index: 1 } } ignore_live_leader: false dest_uuid: "74b2606f509c4baf8fc65c55dd25417d"
I20260630 12:25:04.612788  7859 raft_consensus.cc:2393] T f342056e1f384ca19171da64f24a7ab5 P 74b2606f509c4baf8fc65c55dd25417d [term 2 FOLLOWER]: Leader election vote request: Denying vote to candidate 955572a7e3414bdfa6e9a99c4587abee in current term 2: Already voted for candidate 74b2606f509c4baf8fc65c55dd25417d in this term.
I20260630 12:25:04.616715  7710 raft_consensus.cc:2468] T f342056e1f384ca19171da64f24a7ab5 P 2b9729b1c7e74995b61f0275e2641bd2 [term 2 FOLLOWER]: Leader election vote request: Granting yes vote for candidate 955572a7e3414bdfa6e9a99c4587abee in term 2.
I20260630 12:25:04.617731  7751 leader_election.cc:304] T f342056e1f384ca19171da64f24a7ab5 P 955572a7e3414bdfa6e9a99c4587abee [CANDIDATE]: Term 2 election: Election decided. Result: candidate won. Election summary: received 3 responses out of 3 voters: 2 yes votes; 1 no votes. yes voters: 2b9729b1c7e74995b61f0275e2641bd2, 955572a7e3414bdfa6e9a99c4587abee; no voters: 74b2606f509c4baf8fc65c55dd25417d
I20260630 12:25:04.618398  8055 raft_consensus.cc:2804] T f342056e1f384ca19171da64f24a7ab5 P 955572a7e3414bdfa6e9a99c4587abee [term 2 FOLLOWER]: Leader election won for term 2
I20260630 12:25:04.619251  8055 raft_consensus.cc:697] T f342056e1f384ca19171da64f24a7ab5 P 955572a7e3414bdfa6e9a99c4587abee [term 2 LEADER]: Becoming Leader. State: Replica: 955572a7e3414bdfa6e9a99c4587abee, State: Running, Role: LEADER
I20260630 12:25:04.619932  8055 consensus_queue.cc:237] T f342056e1f384ca19171da64f24a7ab5 P 955572a7e3414bdfa6e9a99c4587abee [LEADER]: Queue going to LEADER mode. State: All replicated index: 0, Majority replicated index: 1, Committed index: 1, Last appended: 1.1, Last appended by leader: 1, Current term: 2, Majority size: 2, State: 0, Mode: LEADER, active raft config: opid_index: -1 OBSOLETE_local: false peers { permanent_uuid: "2b9729b1c7e74995b61f0275e2641bd2" member_type: VOTER last_known_addr { host: "127.6.224.129" port: 33705 } } peers { permanent_uuid: "955572a7e3414bdfa6e9a99c4587abee" member_type: VOTER last_known_addr { host: "127.6.224.130" port: 43131 } } peers { permanent_uuid: "74b2606f509c4baf8fc65c55dd25417d" member_type: VOTER last_known_addr { host: "127.6.224.131" port: 45781 } }
I20260630 12:25:04.626454  7607 catalog_manager.cc:5697] T f342056e1f384ca19171da64f24a7ab5 P 955572a7e3414bdfa6e9a99c4587abee reported cstate change: term changed from 1 to 2, leader changed from 2b9729b1c7e74995b61f0275e2641bd2 (127.6.224.129) to 955572a7e3414bdfa6e9a99c4587abee (127.6.224.130). New cstate: current_term: 2 leader_uuid: "955572a7e3414bdfa6e9a99c4587abee" committed_config { opid_index: -1 OBSOLETE_local: false peers { permanent_uuid: "2b9729b1c7e74995b61f0275e2641bd2" member_type: VOTER last_known_addr { host: "127.6.224.129" port: 33705 } health_report { overall_health: UNKNOWN } } peers { permanent_uuid: "955572a7e3414bdfa6e9a99c4587abee" member_type: VOTER last_known_addr { host: "127.6.224.130" port: 43131 } health_report { overall_health: HEALTHY } } peers { permanent_uuid: "74b2606f509c4baf8fc65c55dd25417d" member_type: VOTER last_known_addr { host: "127.6.224.131" port: 45781 } health_report { overall_health: UNKNOWN } } }
I20260630 12:25:04.749732  7935 raft_consensus.cc:993] T 7ef40938ea7840c1b4630adffe09d3d6 P 74b2606f509c4baf8fc65c55dd25417d: : Instructing follower 955572a7e3414bdfa6e9a99c4587abee to start an election
I20260630 12:25:04.750149  8064 raft_consensus.cc:1081] T 7ef40938ea7840c1b4630adffe09d3d6 P 74b2606f509c4baf8fc65c55dd25417d [term 1 LEADER]: Signalling peer 955572a7e3414bdfa6e9a99c4587abee to start an election
I20260630 12:25:04.751847  7785 tablet_service.cc:2044] Received Run Leader Election RPC: tablet_id: "7ef40938ea7840c1b4630adffe09d3d6"
dest_uuid: "955572a7e3414bdfa6e9a99c4587abee"
 from {username='slave'} at 127.0.0.1:44564
I20260630 12:25:04.752396  7785 raft_consensus.cc:493] T 7ef40938ea7840c1b4630adffe09d3d6 P 955572a7e3414bdfa6e9a99c4587abee [term 1 FOLLOWER]: Starting forced leader election (received explicit request)
I20260630 12:25:04.752696  7785 raft_consensus.cc:3060] T 7ef40938ea7840c1b4630adffe09d3d6 P 955572a7e3414bdfa6e9a99c4587abee [term 1 FOLLOWER]: Advancing to term 2
I20260630 12:25:04.757221  7785 raft_consensus.cc:515] T 7ef40938ea7840c1b4630adffe09d3d6 P 955572a7e3414bdfa6e9a99c4587abee [term 2 FOLLOWER]: Starting forced leader election with config: opid_index: -1 OBSOLETE_local: false peers { permanent_uuid: "2b9729b1c7e74995b61f0275e2641bd2" member_type: VOTER last_known_addr { host: "127.6.224.129" port: 33705 } } peers { permanent_uuid: "955572a7e3414bdfa6e9a99c4587abee" member_type: VOTER last_known_addr { host: "127.6.224.130" port: 43131 } } peers { permanent_uuid: "74b2606f509c4baf8fc65c55dd25417d" member_type: VOTER last_known_addr { host: "127.6.224.131" port: 45781 } }
I20260630 12:25:04.758783  7785 leader_election.cc:290] T 7ef40938ea7840c1b4630adffe09d3d6 P 955572a7e3414bdfa6e9a99c4587abee [CANDIDATE]: Term 2 election: Requested vote from peers 2b9729b1c7e74995b61f0275e2641bd2 (127.6.224.129:33705), 74b2606f509c4baf8fc65c55dd25417d (127.6.224.131:45781)
I20260630 12:25:04.759660  7710 tablet_service.cc:1917] Received RequestConsensusVote() RPC: tablet_id: "7ef40938ea7840c1b4630adffe09d3d6" candidate_uuid: "955572a7e3414bdfa6e9a99c4587abee" candidate_term: 2 candidate_status { last_received { term: 1 index: 1 } } ignore_live_leader: true dest_uuid: "2b9729b1c7e74995b61f0275e2641bd2"
I20260630 12:25:04.759886  7859 tablet_service.cc:1917] Received RequestConsensusVote() RPC: tablet_id: "7ef40938ea7840c1b4630adffe09d3d6" candidate_uuid: "955572a7e3414bdfa6e9a99c4587abee" candidate_term: 2 candidate_status { last_received { term: 1 index: 1 } } ignore_live_leader: true dest_uuid: "74b2606f509c4baf8fc65c55dd25417d"
I20260630 12:25:04.760192  7710 raft_consensus.cc:3060] T 7ef40938ea7840c1b4630adffe09d3d6 P 2b9729b1c7e74995b61f0275e2641bd2 [term 1 FOLLOWER]: Advancing to term 2
I20260630 12:25:04.760465  7859 raft_consensus.cc:3055] T 7ef40938ea7840c1b4630adffe09d3d6 P 74b2606f509c4baf8fc65c55dd25417d [term 1 LEADER]: Stepping down as leader of term 1
I20260630 12:25:04.760771  7859 raft_consensus.cc:740] T 7ef40938ea7840c1b4630adffe09d3d6 P 74b2606f509c4baf8fc65c55dd25417d [term 1 LEADER]: Becoming Follower/Learner. State: Replica: 74b2606f509c4baf8fc65c55dd25417d, State: Running, Role: LEADER
I20260630 12:25:04.761471  7859 consensus_queue.cc:260] T 7ef40938ea7840c1b4630adffe09d3d6 P 74b2606f509c4baf8fc65c55dd25417d [NON_LEADER]: Queue going to NON_LEADER mode. State: All replicated index: 0, Majority replicated index: 1, Committed index: 1, Last appended: 1.1, Last appended by leader: 1, Current term: 1, Majority size: -1, State: 0, Mode: NON_LEADER, active raft config: opid_index: -1 OBSOLETE_local: false peers { permanent_uuid: "2b9729b1c7e74995b61f0275e2641bd2" member_type: VOTER last_known_addr { host: "127.6.224.129" port: 33705 } } peers { permanent_uuid: "955572a7e3414bdfa6e9a99c4587abee" member_type: VOTER last_known_addr { host: "127.6.224.130" port: 43131 } } peers { permanent_uuid: "74b2606f509c4baf8fc65c55dd25417d" member_type: VOTER last_known_addr { host: "127.6.224.131" port: 45781 } }
I20260630 12:25:04.762382  7859 raft_consensus.cc:3060] T 7ef40938ea7840c1b4630adffe09d3d6 P 74b2606f509c4baf8fc65c55dd25417d [term 1 FOLLOWER]: Advancing to term 2
I20260630 12:25:04.764860  7710 raft_consensus.cc:2468] T 7ef40938ea7840c1b4630adffe09d3d6 P 2b9729b1c7e74995b61f0275e2641bd2 [term 2 FOLLOWER]: Leader election vote request: Granting yes vote for candidate 955572a7e3414bdfa6e9a99c4587abee in term 2.
I20260630 12:25:04.765955  7751 leader_election.cc:304] T 7ef40938ea7840c1b4630adffe09d3d6 P 955572a7e3414bdfa6e9a99c4587abee [CANDIDATE]: Term 2 election: Election decided. Result: candidate won. Election summary: received 2 responses out of 3 voters: 2 yes votes; 0 no votes. yes voters: 2b9729b1c7e74995b61f0275e2641bd2, 955572a7e3414bdfa6e9a99c4587abee; no voters: 
I20260630 12:25:04.766602  8055 raft_consensus.cc:2804] T 7ef40938ea7840c1b4630adffe09d3d6 P 955572a7e3414bdfa6e9a99c4587abee [term 2 FOLLOWER]: Leader election won for term 2
I20260630 12:25:04.767023  7859 raft_consensus.cc:2468] T 7ef40938ea7840c1b4630adffe09d3d6 P 74b2606f509c4baf8fc65c55dd25417d [term 2 FOLLOWER]: Leader election vote request: Granting yes vote for candidate 955572a7e3414bdfa6e9a99c4587abee in term 2.
I20260630 12:25:04.767037  8055 raft_consensus.cc:697] T 7ef40938ea7840c1b4630adffe09d3d6 P 955572a7e3414bdfa6e9a99c4587abee [term 2 LEADER]: Becoming Leader. State: Replica: 955572a7e3414bdfa6e9a99c4587abee, State: Running, Role: LEADER
I20260630 12:25:04.768086  8055 consensus_queue.cc:237] T 7ef40938ea7840c1b4630adffe09d3d6 P 955572a7e3414bdfa6e9a99c4587abee [LEADER]: Queue going to LEADER mode. State: All replicated index: 0, Majority replicated index: 1, Committed index: 1, Last appended: 1.1, Last appended by leader: 1, Current term: 2, Majority size: 2, State: 0, Mode: LEADER, active raft config: opid_index: -1 OBSOLETE_local: false peers { permanent_uuid: "2b9729b1c7e74995b61f0275e2641bd2" member_type: VOTER last_known_addr { host: "127.6.224.129" port: 33705 } } peers { permanent_uuid: "955572a7e3414bdfa6e9a99c4587abee" member_type: VOTER last_known_addr { host: "127.6.224.130" port: 43131 } } peers { permanent_uuid: "74b2606f509c4baf8fc65c55dd25417d" member_type: VOTER last_known_addr { host: "127.6.224.131" port: 45781 } }
I20260630 12:25:04.774673  7607 catalog_manager.cc:5697] T 7ef40938ea7840c1b4630adffe09d3d6 P 955572a7e3414bdfa6e9a99c4587abee reported cstate change: term changed from 1 to 2, leader changed from 74b2606f509c4baf8fc65c55dd25417d (127.6.224.131) to 955572a7e3414bdfa6e9a99c4587abee (127.6.224.130). New cstate: current_term: 2 leader_uuid: "955572a7e3414bdfa6e9a99c4587abee" committed_config { opid_index: -1 OBSOLETE_local: false peers { permanent_uuid: "2b9729b1c7e74995b61f0275e2641bd2" member_type: VOTER last_known_addr { host: "127.6.224.129" port: 33705 } health_report { overall_health: UNKNOWN } } peers { permanent_uuid: "955572a7e3414bdfa6e9a99c4587abee" member_type: VOTER last_known_addr { host: "127.6.224.130" port: 43131 } health_report { overall_health: HEALTHY } } peers { permanent_uuid: "74b2606f509c4baf8fc65c55dd25417d" member_type: VOTER last_known_addr { host: "127.6.224.131" port: 45781 } health_report { overall_health: UNKNOWN } } }
I20260630 12:25:04.826361  7935 raft_consensus.cc:993] T 9e9be724875940c09333ffd0c9cf2f3a P 74b2606f509c4baf8fc65c55dd25417d: : Instructing follower 2b9729b1c7e74995b61f0275e2641bd2 to start an election
I20260630 12:25:04.826787  8064 raft_consensus.cc:1081] T 9e9be724875940c09333ffd0c9cf2f3a P 74b2606f509c4baf8fc65c55dd25417d [term 1 LEADER]: Signalling peer 2b9729b1c7e74995b61f0275e2641bd2 to start an election
I20260630 12:25:04.828226  7710 tablet_service.cc:2044] Received Run Leader Election RPC: tablet_id: "9e9be724875940c09333ffd0c9cf2f3a"
dest_uuid: "2b9729b1c7e74995b61f0275e2641bd2"
 from {username='slave'} at 127.0.0.1:34250
I20260630 12:25:04.828693  7710 raft_consensus.cc:493] T 9e9be724875940c09333ffd0c9cf2f3a P 2b9729b1c7e74995b61f0275e2641bd2 [term 1 FOLLOWER]: Starting forced leader election (received explicit request)
I20260630 12:25:04.828971  7710 raft_consensus.cc:3060] T 9e9be724875940c09333ffd0c9cf2f3a P 2b9729b1c7e74995b61f0275e2641bd2 [term 1 FOLLOWER]: Advancing to term 2
I20260630 12:25:04.833300  7710 raft_consensus.cc:515] T 9e9be724875940c09333ffd0c9cf2f3a P 2b9729b1c7e74995b61f0275e2641bd2 [term 2 FOLLOWER]: Starting forced leader election with config: opid_index: -1 OBSOLETE_local: false peers { permanent_uuid: "2b9729b1c7e74995b61f0275e2641bd2" member_type: VOTER last_known_addr { host: "127.6.224.129" port: 33705 } } peers { permanent_uuid: "955572a7e3414bdfa6e9a99c4587abee" member_type: VOTER last_known_addr { host: "127.6.224.130" port: 43131 } } peers { permanent_uuid: "74b2606f509c4baf8fc65c55dd25417d" member_type: VOTER last_known_addr { host: "127.6.224.131" port: 45781 } }
I20260630 12:25:04.835026  7710 leader_election.cc:290] T 9e9be724875940c09333ffd0c9cf2f3a P 2b9729b1c7e74995b61f0275e2641bd2 [CANDIDATE]: Term 2 election: Requested vote from peers 955572a7e3414bdfa6e9a99c4587abee (127.6.224.130:43131), 74b2606f509c4baf8fc65c55dd25417d (127.6.224.131:45781)
I20260630 12:25:04.835796  7785 tablet_service.cc:1917] Received RequestConsensusVote() RPC: tablet_id: "9e9be724875940c09333ffd0c9cf2f3a" candidate_uuid: "2b9729b1c7e74995b61f0275e2641bd2" candidate_term: 2 candidate_status { last_received { term: 1 index: 1 } } ignore_live_leader: true dest_uuid: "955572a7e3414bdfa6e9a99c4587abee"
I20260630 12:25:04.836118  7859 tablet_service.cc:1917] Received RequestConsensusVote() RPC: tablet_id: "9e9be724875940c09333ffd0c9cf2f3a" candidate_uuid: "2b9729b1c7e74995b61f0275e2641bd2" candidate_term: 2 candidate_status { last_received { term: 1 index: 1 } } ignore_live_leader: true dest_uuid: "74b2606f509c4baf8fc65c55dd25417d"
I20260630 12:25:04.836411  7785 raft_consensus.cc:3060] T 9e9be724875940c09333ffd0c9cf2f3a P 955572a7e3414bdfa6e9a99c4587abee [term 1 FOLLOWER]: Advancing to term 2
I20260630 12:25:04.836711  7859 raft_consensus.cc:3055] T 9e9be724875940c09333ffd0c9cf2f3a P 74b2606f509c4baf8fc65c55dd25417d [term 1 LEADER]: Stepping down as leader of term 1
I20260630 12:25:04.837073  7859 raft_consensus.cc:740] T 9e9be724875940c09333ffd0c9cf2f3a P 74b2606f509c4baf8fc65c55dd25417d [term 1 LEADER]: Becoming Follower/Learner. State: Replica: 74b2606f509c4baf8fc65c55dd25417d, State: Running, Role: LEADER
I20260630 12:25:04.837821  7859 consensus_queue.cc:260] T 9e9be724875940c09333ffd0c9cf2f3a P 74b2606f509c4baf8fc65c55dd25417d [NON_LEADER]: Queue going to NON_LEADER mode. State: All replicated index: 0, Majority replicated index: 1, Committed index: 1, Last appended: 1.1, Last appended by leader: 1, Current term: 1, Majority size: -1, State: 0, Mode: NON_LEADER, active raft config: opid_index: -1 OBSOLETE_local: false peers { permanent_uuid: "2b9729b1c7e74995b61f0275e2641bd2" member_type: VOTER last_known_addr { host: "127.6.224.129" port: 33705 } } peers { permanent_uuid: "955572a7e3414bdfa6e9a99c4587abee" member_type: VOTER last_known_addr { host: "127.6.224.130" port: 43131 } } peers { permanent_uuid: "74b2606f509c4baf8fc65c55dd25417d" member_type: VOTER last_known_addr { host: "127.6.224.131" port: 45781 } }
I20260630 12:25:04.838688  7859 raft_consensus.cc:3060] T 9e9be724875940c09333ffd0c9cf2f3a P 74b2606f509c4baf8fc65c55dd25417d [term 1 FOLLOWER]: Advancing to term 2
I20260630 12:25:04.841404  7785 raft_consensus.cc:2468] T 9e9be724875940c09333ffd0c9cf2f3a P 955572a7e3414bdfa6e9a99c4587abee [term 2 FOLLOWER]: Leader election vote request: Granting yes vote for candidate 2b9729b1c7e74995b61f0275e2641bd2 in term 2.
I20260630 12:25:04.842510  7676 leader_election.cc:304] T 9e9be724875940c09333ffd0c9cf2f3a P 2b9729b1c7e74995b61f0275e2641bd2 [CANDIDATE]: Term 2 election: Election decided. Result: candidate won. Election summary: received 2 responses out of 3 voters: 2 yes votes; 0 no votes. yes voters: 2b9729b1c7e74995b61f0275e2641bd2, 955572a7e3414bdfa6e9a99c4587abee; no voters: 
I20260630 12:25:04.843293  8054 raft_consensus.cc:2804] T 9e9be724875940c09333ffd0c9cf2f3a P 2b9729b1c7e74995b61f0275e2641bd2 [term 2 FOLLOWER]: Leader election won for term 2
I20260630 12:25:04.843314  7859 raft_consensus.cc:2468] T 9e9be724875940c09333ffd0c9cf2f3a P 74b2606f509c4baf8fc65c55dd25417d [term 2 FOLLOWER]: Leader election vote request: Granting yes vote for candidate 2b9729b1c7e74995b61f0275e2641bd2 in term 2.
I20260630 12:25:04.844682  8054 raft_consensus.cc:697] T 9e9be724875940c09333ffd0c9cf2f3a P 2b9729b1c7e74995b61f0275e2641bd2 [term 2 LEADER]: Becoming Leader. State: Replica: 2b9729b1c7e74995b61f0275e2641bd2, State: Running, Role: LEADER
I20260630 12:25:04.845468  8054 consensus_queue.cc:237] T 9e9be724875940c09333ffd0c9cf2f3a P 2b9729b1c7e74995b61f0275e2641bd2 [LEADER]: Queue going to LEADER mode. State: All replicated index: 0, Majority replicated index: 1, Committed index: 1, Last appended: 1.1, Last appended by leader: 1, Current term: 2, Majority size: 2, State: 0, Mode: LEADER, active raft config: opid_index: -1 OBSOLETE_local: false peers { permanent_uuid: "2b9729b1c7e74995b61f0275e2641bd2" member_type: VOTER last_known_addr { host: "127.6.224.129" port: 33705 } } peers { permanent_uuid: "955572a7e3414bdfa6e9a99c4587abee" member_type: VOTER last_known_addr { host: "127.6.224.130" port: 43131 } } peers { permanent_uuid: "74b2606f509c4baf8fc65c55dd25417d" member_type: VOTER last_known_addr { host: "127.6.224.131" port: 45781 } }
I20260630 12:25:04.852699  7607 catalog_manager.cc:5697] T 9e9be724875940c09333ffd0c9cf2f3a P 2b9729b1c7e74995b61f0275e2641bd2 reported cstate change: term changed from 1 to 2, leader changed from 74b2606f509c4baf8fc65c55dd25417d (127.6.224.131) to 2b9729b1c7e74995b61f0275e2641bd2 (127.6.224.129). New cstate: current_term: 2 leader_uuid: "2b9729b1c7e74995b61f0275e2641bd2" committed_config { opid_index: -1 OBSOLETE_local: false peers { permanent_uuid: "2b9729b1c7e74995b61f0275e2641bd2" member_type: VOTER last_known_addr { host: "127.6.224.129" port: 33705 } health_report { overall_health: HEALTHY } } peers { permanent_uuid: "955572a7e3414bdfa6e9a99c4587abee" member_type: VOTER last_known_addr { host: "127.6.224.130" port: 43131 } health_report { overall_health: UNKNOWN } } peers { permanent_uuid: "74b2606f509c4baf8fc65c55dd25417d" member_type: VOTER last_known_addr { host: "127.6.224.131" port: 45781 } health_report { overall_health: UNKNOWN } } }
I20260630 12:25:05.000257  7935 raft_consensus.cc:993] T bd8e3922093f4b48a64aa3ca05131f8e P 74b2606f509c4baf8fc65c55dd25417d: : Instructing follower 955572a7e3414bdfa6e9a99c4587abee to start an election
I20260630 12:25:05.000720  8064 raft_consensus.cc:1081] T bd8e3922093f4b48a64aa3ca05131f8e P 74b2606f509c4baf8fc65c55dd25417d [term 1 LEADER]: Signalling peer 955572a7e3414bdfa6e9a99c4587abee to start an election
I20260630 12:25:05.002219  7785 tablet_service.cc:2044] Received Run Leader Election RPC: tablet_id: "bd8e3922093f4b48a64aa3ca05131f8e"
dest_uuid: "955572a7e3414bdfa6e9a99c4587abee"
 from {username='slave'} at 127.0.0.1:44564
I20260630 12:25:05.002702  7785 raft_consensus.cc:493] T bd8e3922093f4b48a64aa3ca05131f8e P 955572a7e3414bdfa6e9a99c4587abee [term 1 FOLLOWER]: Starting forced leader election (received explicit request)
I20260630 12:25:05.003039  7785 raft_consensus.cc:3060] T bd8e3922093f4b48a64aa3ca05131f8e P 955572a7e3414bdfa6e9a99c4587abee [term 1 FOLLOWER]: Advancing to term 2
I20260630 12:25:05.007618  7785 raft_consensus.cc:515] T bd8e3922093f4b48a64aa3ca05131f8e P 955572a7e3414bdfa6e9a99c4587abee [term 2 FOLLOWER]: Starting forced leader election with config: opid_index: -1 OBSOLETE_local: false peers { permanent_uuid: "2b9729b1c7e74995b61f0275e2641bd2" member_type: VOTER last_known_addr { host: "127.6.224.129" port: 33705 } } peers { permanent_uuid: "74b2606f509c4baf8fc65c55dd25417d" member_type: VOTER last_known_addr { host: "127.6.224.131" port: 45781 } } peers { permanent_uuid: "955572a7e3414bdfa6e9a99c4587abee" member_type: VOTER last_known_addr { host: "127.6.224.130" port: 43131 } }
I20260630 12:25:05.009320  7785 leader_election.cc:290] T bd8e3922093f4b48a64aa3ca05131f8e P 955572a7e3414bdfa6e9a99c4587abee [CANDIDATE]: Term 2 election: Requested vote from peers 2b9729b1c7e74995b61f0275e2641bd2 (127.6.224.129:33705), 74b2606f509c4baf8fc65c55dd25417d (127.6.224.131:45781)
I20260630 12:25:05.010083  7709 tablet_service.cc:1917] Received RequestConsensusVote() RPC: tablet_id: "bd8e3922093f4b48a64aa3ca05131f8e" candidate_uuid: "955572a7e3414bdfa6e9a99c4587abee" candidate_term: 2 candidate_status { last_received { term: 1 index: 1 } } ignore_live_leader: true dest_uuid: "2b9729b1c7e74995b61f0275e2641bd2"
I20260630 12:25:05.010612  7709 raft_consensus.cc:3060] T bd8e3922093f4b48a64aa3ca05131f8e P 2b9729b1c7e74995b61f0275e2641bd2 [term 1 FOLLOWER]: Advancing to term 2
I20260630 12:25:05.010643  7859 tablet_service.cc:1917] Received RequestConsensusVote() RPC: tablet_id: "bd8e3922093f4b48a64aa3ca05131f8e" candidate_uuid: "955572a7e3414bdfa6e9a99c4587abee" candidate_term: 2 candidate_status { last_received { term: 1 index: 1 } } ignore_live_leader: true dest_uuid: "74b2606f509c4baf8fc65c55dd25417d"
I20260630 12:25:05.011288  7859 raft_consensus.cc:3055] T bd8e3922093f4b48a64aa3ca05131f8e P 74b2606f509c4baf8fc65c55dd25417d [term 1 LEADER]: Stepping down as leader of term 1
I20260630 12:25:05.011637  7859 raft_consensus.cc:740] T bd8e3922093f4b48a64aa3ca05131f8e P 74b2606f509c4baf8fc65c55dd25417d [term 1 LEADER]: Becoming Follower/Learner. State: Replica: 74b2606f509c4baf8fc65c55dd25417d, State: Running, Role: LEADER
I20260630 12:25:05.012427  7859 consensus_queue.cc:260] T bd8e3922093f4b48a64aa3ca05131f8e P 74b2606f509c4baf8fc65c55dd25417d [NON_LEADER]: Queue going to NON_LEADER mode. State: All replicated index: 0, Majority replicated index: 1, Committed index: 1, Last appended: 1.1, Last appended by leader: 1, Current term: 1, Majority size: -1, State: 0, Mode: NON_LEADER, active raft config: opid_index: -1 OBSOLETE_local: false peers { permanent_uuid: "2b9729b1c7e74995b61f0275e2641bd2" member_type: VOTER last_known_addr { host: "127.6.224.129" port: 33705 } } peers { permanent_uuid: "74b2606f509c4baf8fc65c55dd25417d" member_type: VOTER last_known_addr { host: "127.6.224.131" port: 45781 } } peers { permanent_uuid: "955572a7e3414bdfa6e9a99c4587abee" member_type: VOTER last_known_addr { host: "127.6.224.130" port: 43131 } }
I20260630 12:25:05.013638  7859 raft_consensus.cc:3060] T bd8e3922093f4b48a64aa3ca05131f8e P 74b2606f509c4baf8fc65c55dd25417d [term 1 FOLLOWER]: Advancing to term 2
I20260630 12:25:05.017241  7709 raft_consensus.cc:2468] T bd8e3922093f4b48a64aa3ca05131f8e P 2b9729b1c7e74995b61f0275e2641bd2 [term 2 FOLLOWER]: Leader election vote request: Granting yes vote for candidate 955572a7e3414bdfa6e9a99c4587abee in term 2.
I20260630 12:25:05.018411  7751 leader_election.cc:304] T bd8e3922093f4b48a64aa3ca05131f8e P 955572a7e3414bdfa6e9a99c4587abee [CANDIDATE]: Term 2 election: Election decided. Result: candidate won. Election summary: received 2 responses out of 3 voters: 2 yes votes; 0 no votes. yes voters: 2b9729b1c7e74995b61f0275e2641bd2, 955572a7e3414bdfa6e9a99c4587abee; no voters: 
I20260630 12:25:05.019080  8055 raft_consensus.cc:2804] T bd8e3922093f4b48a64aa3ca05131f8e P 955572a7e3414bdfa6e9a99c4587abee [term 2 FOLLOWER]: Leader election won for term 2
I20260630 12:25:05.019440  7859 raft_consensus.cc:2468] T bd8e3922093f4b48a64aa3ca05131f8e P 74b2606f509c4baf8fc65c55dd25417d [term 2 FOLLOWER]: Leader election vote request: Granting yes vote for candidate 955572a7e3414bdfa6e9a99c4587abee in term 2.
I20260630 12:25:05.019459  8055 raft_consensus.cc:697] T bd8e3922093f4b48a64aa3ca05131f8e P 955572a7e3414bdfa6e9a99c4587abee [term 2 LEADER]: Becoming Leader. State: Replica: 955572a7e3414bdfa6e9a99c4587abee, State: Running, Role: LEADER
I20260630 12:25:05.020491  8055 consensus_queue.cc:237] T bd8e3922093f4b48a64aa3ca05131f8e P 955572a7e3414bdfa6e9a99c4587abee [LEADER]: Queue going to LEADER mode. State: All replicated index: 0, Majority replicated index: 1, Committed index: 1, Last appended: 1.1, Last appended by leader: 1, Current term: 2, Majority size: 2, State: 0, Mode: LEADER, active raft config: opid_index: -1 OBSOLETE_local: false peers { permanent_uuid: "2b9729b1c7e74995b61f0275e2641bd2" member_type: VOTER last_known_addr { host: "127.6.224.129" port: 33705 } } peers { permanent_uuid: "74b2606f509c4baf8fc65c55dd25417d" member_type: VOTER last_known_addr { host: "127.6.224.131" port: 45781 } } peers { permanent_uuid: "955572a7e3414bdfa6e9a99c4587abee" member_type: VOTER last_known_addr { host: "127.6.224.130" port: 43131 } }
