I20260630 12:26:15.599112 10239 raft_consensus.cc:515] T 57ac5f9ae8e24406a90c393095352169 P b34088c1d56a44cf915a8385e5fe10f3 [term 0 FOLLOWER]: Starting pre-election with config: opid_index: -1 OBSOLETE_local: false peers { permanent_uuid: "51dd8853379e4b50928588e5c938f16c" member_type: VOTER last_known_addr { host: "127.6.224.129" port: 43551 } } peers { permanent_uuid: "5fd91b40356f4397a8efed98232b08dc" member_type: VOTER last_known_addr { host: "127.6.224.130" port: 39689 } } peers { permanent_uuid: "b34088c1d56a44cf915a8385e5fe10f3" member_type: VOTER last_known_addr { host: "127.6.224.131" port: 41585 } }
I20260630 12:26:15.600705 10240 raft_consensus.cc:515] T bf8ad4ad62c3456fb4f1144c27d73970 P 51dd8853379e4b50928588e5c938f16c [term 1 FOLLOWER]: Starting leader election with config: opid_index: -1 OBSOLETE_local: false peers { permanent_uuid: "5fd91b40356f4397a8efed98232b08dc" member_type: VOTER last_known_addr { host: "127.6.224.130" port: 39689 } } peers { permanent_uuid: "51dd8853379e4b50928588e5c938f16c" member_type: VOTER last_known_addr { host: "127.6.224.129" port: 43551 } } peers { permanent_uuid: "b34088c1d56a44cf915a8385e5fe10f3" member_type: VOTER last_known_addr { host: "127.6.224.131" port: 41585 } }
I20260630 12:26:15.609452 10234 tablet_bootstrap.cc:492] T 73ded1c57fe9497e968f202897125e04 P 51dd8853379e4b50928588e5c938f16c: No bootstrap required, opened a new log
I20260630 12:26:15.609987 10234 ts_tablet_manager.cc:1403] T 73ded1c57fe9497e968f202897125e04 P 51dd8853379e4b50928588e5c938f16c: Time spent bootstrapping tablet: real 0.045s	user 0.013s	sys 0.009s
I20260630 12:26:15.612416 10111 tablet_service.cc:1917] Received RequestConsensusVote() RPC: tablet_id: "bf8ad4ad62c3456fb4f1144c27d73970" candidate_uuid: "51dd8853379e4b50928588e5c938f16c" candidate_term: 1 candidate_status { last_received { term: 0 index: 0 } } ignore_live_leader: false dest_uuid: "5fd91b40356f4397a8efed98232b08dc"
I20260630 12:26:15.613091 10111 raft_consensus.cc:3060] T bf8ad4ad62c3456fb4f1144c27d73970 P 5fd91b40356f4397a8efed98232b08dc [term 0 FOLLOWER]: Advancing to term 1
I20260630 12:26:15.612872 10234 raft_consensus.cc:359] T 73ded1c57fe9497e968f202897125e04 P 51dd8853379e4b50928588e5c938f16c [term 0 FOLLOWER]: Replica starting. Triggering 0 pending ops. Active config: opid_index: -1 OBSOLETE_local: false peers { permanent_uuid: "5fd91b40356f4397a8efed98232b08dc" member_type: VOTER last_known_addr { host: "127.6.224.130" port: 39689 } } peers { permanent_uuid: "51dd8853379e4b50928588e5c938f16c" member_type: VOTER last_known_addr { host: "127.6.224.129" port: 43551 } } peers { permanent_uuid: "b34088c1d56a44cf915a8385e5fe10f3" member_type: VOTER last_known_addr { host: "127.6.224.131" port: 41585 } }
I20260630 12:26:15.613587 10234 raft_consensus.cc:385] T 73ded1c57fe9497e968f202897125e04 P 51dd8853379e4b50928588e5c938f16c [term 0 FOLLOWER]: Consensus starting up: Expiring failure detector timer to make a prompt election more likely
I20260630 12:26:15.613871 10234 raft_consensus.cc:740] T 73ded1c57fe9497e968f202897125e04 P 51dd8853379e4b50928588e5c938f16c [term 0 FOLLOWER]: Becoming Follower/Learner. State: Replica: 51dd8853379e4b50928588e5c938f16c, State: Initialized, Role: FOLLOWER
I20260630 12:26:15.614600 10234 consensus_queue.cc:260] T 73ded1c57fe9497e968f202897125e04 P 51dd8853379e4b50928588e5c938f16c [NON_LEADER]: Queue going to NON_LEADER mode. State: All replicated index: 0, Majority replicated index: 0, Committed index: 0, Last appended: 0.0, Last appended by leader: 0, Current term: 0, Majority size: -1, State: 0, Mode: NON_LEADER, active raft config: opid_index: -1 OBSOLETE_local: false peers { permanent_uuid: "5fd91b40356f4397a8efed98232b08dc" member_type: VOTER last_known_addr { host: "127.6.224.130" port: 39689 } } peers { permanent_uuid: "51dd8853379e4b50928588e5c938f16c" member_type: VOTER last_known_addr { host: "127.6.224.129" port: 43551 } } peers { permanent_uuid: "b34088c1d56a44cf915a8385e5fe10f3" member_type: VOTER last_known_addr { host: "127.6.224.131" port: 41585 } }
I20260630 12:26:15.615934 10239 leader_election.cc:290] T 57ac5f9ae8e24406a90c393095352169 P b34088c1d56a44cf915a8385e5fe10f3 [CANDIDATE]: Term 1 pre-election: Requested pre-vote from peers 51dd8853379e4b50928588e5c938f16c (127.6.224.129:43551), 5fd91b40356f4397a8efed98232b08dc (127.6.224.130:39689)
I20260630 12:26:15.616776 10234 ts_tablet_manager.cc:1434] T 73ded1c57fe9497e968f202897125e04 P 51dd8853379e4b50928588e5c938f16c: Time spent starting tablet: real 0.006s	user 0.004s	sys 0.000s
I20260630 12:26:15.617833 10234 tablet_bootstrap.cc:492] T f976e7a3ace34dde81179f8f7139bd42 P 51dd8853379e4b50928588e5c938f16c: Bootstrap starting.
I20260630 12:26:15.617641 10112 tablet_service.cc:1917] Received RequestConsensusVote() RPC: tablet_id: "4aca942525c349589a8e7cbfafe51cd0" candidate_uuid: "51dd8853379e4b50928588e5c938f16c" candidate_term: 1 candidate_status { last_received { term: 0 index: 0 } } ignore_live_leader: false dest_uuid: "5fd91b40356f4397a8efed98232b08dc" is_pre_election: true
I20260630 12:26:15.618325 10112 raft_consensus.cc:2468] T 4aca942525c349589a8e7cbfafe51cd0 P 5fd91b40356f4397a8efed98232b08dc [term 0 FOLLOWER]: Leader pre-election vote request: Granting yes vote for candidate 51dd8853379e4b50928588e5c938f16c in term 0.
I20260630 12:26:15.622372 10113 tablet_service.cc:1917] Received RequestConsensusVote() RPC: tablet_id: "bf8ad4ad62c3456fb4f1144c27d73970" candidate_uuid: "51dd8853379e4b50928588e5c938f16c" candidate_term: 1 candidate_status { last_received { term: 0 index: 0 } } ignore_live_leader: false dest_uuid: "5fd91b40356f4397a8efed98232b08dc" is_pre_election: true
I20260630 12:26:15.624485 10001 leader_election.cc:304] T 4aca942525c349589a8e7cbfafe51cd0 P 51dd8853379e4b50928588e5c938f16c [CANDIDATE]: Term 1 pre-election: Election decided. Result: candidate won. Election summary: received 2 responses out of 3 voters: 2 yes votes; 0 no votes. yes voters: 51dd8853379e4b50928588e5c938f16c, 5fd91b40356f4397a8efed98232b08dc; no voters: 
I20260630 12:26:15.628788 10234 tablet_bootstrap.cc:654] T f976e7a3ace34dde81179f8f7139bd42 P 51dd8853379e4b50928588e5c938f16c: Neither blocks nor log segments found. Creating new log.
I20260630 12:26:15.637116 10111 raft_consensus.cc:2468] T bf8ad4ad62c3456fb4f1144c27d73970 P 5fd91b40356f4397a8efed98232b08dc [term 1 FOLLOWER]: Leader election vote request: Granting yes vote for candidate 51dd8853379e4b50928588e5c938f16c in term 1.
I20260630 12:26:15.644192 10001 leader_election.cc:304] T bf8ad4ad62c3456fb4f1144c27d73970 P 51dd8853379e4b50928588e5c938f16c [CANDIDATE]: Term 1 election: Election decided. Result: candidate won. Election summary: received 2 responses out of 3 voters: 2 yes votes; 0 no votes. yes voters: 51dd8853379e4b50928588e5c938f16c, 5fd91b40356f4397a8efed98232b08dc; no voters: 
I20260630 12:26:15.650326 10256 raft_consensus.cc:2804] T 4aca942525c349589a8e7cbfafe51cd0 P 51dd8853379e4b50928588e5c938f16c [term 0 FOLLOWER]: Leader pre-election won for term 1
I20260630 12:26:15.642187 10240 leader_election.cc:290] T bf8ad4ad62c3456fb4f1144c27d73970 P 51dd8853379e4b50928588e5c938f16c [CANDIDATE]: Term 1 election: Requested vote from peers 5fd91b40356f4397a8efed98232b08dc (127.6.224.130:39689), b34088c1d56a44cf915a8385e5fe10f3 (127.6.224.131:41585)
I20260630 12:26:15.651068 10240 raft_consensus.cc:2804] T bf8ad4ad62c3456fb4f1144c27d73970 P 51dd8853379e4b50928588e5c938f16c [term 1 FOLLOWER]: Leader election won for term 1
I20260630 12:26:15.651579 10240 raft_consensus.cc:697] T bf8ad4ad62c3456fb4f1144c27d73970 P 51dd8853379e4b50928588e5c938f16c [term 1 LEADER]: Becoming Leader. State: Replica: 51dd8853379e4b50928588e5c938f16c, State: Running, Role: LEADER
I20260630 12:26:15.652343 10233 tablet_bootstrap.cc:492] T 4fa79310d9d947118627957ac855a8dc P b34088c1d56a44cf915a8385e5fe10f3: No bootstrap required, opened a new log
I20260630 12:26:15.654383 10232 tablet_bootstrap.cc:492] T f976e7a3ace34dde81179f8f7139bd42 P 5fd91b40356f4397a8efed98232b08dc: No bootstrap required, opened a new log
I20260630 12:26:15.654489 10233 ts_tablet_manager.cc:1403] T 4fa79310d9d947118627957ac855a8dc P b34088c1d56a44cf915a8385e5fe10f3: Time spent bootstrapping tablet: real 0.112s	user 0.046s	sys 0.060s
I20260630 12:26:15.654938 10232 ts_tablet_manager.cc:1403] T f976e7a3ace34dde81179f8f7139bd42 P 5fd91b40356f4397a8efed98232b08dc: Time spent bootstrapping tablet: real 0.079s	user 0.017s	sys 0.022s
I20260630 12:26:15.653584 10240 consensus_queue.cc:237] T bf8ad4ad62c3456fb4f1144c27d73970 P 51dd8853379e4b50928588e5c938f16c [LEADER]: Queue going to LEADER mode. State: All replicated index: 0, Majority replicated index: 0, Committed index: 0, Last appended: 0.0, Last appended by leader: 0, Current term: 1, Majority size: 2, State: 0, Mode: LEADER, active raft config: opid_index: -1 OBSOLETE_local: false peers { permanent_uuid: "5fd91b40356f4397a8efed98232b08dc" member_type: VOTER last_known_addr { host: "127.6.224.130" port: 39689 } } peers { permanent_uuid: "51dd8853379e4b50928588e5c938f16c" member_type: VOTER last_known_addr { host: "127.6.224.129" port: 43551 } } peers { permanent_uuid: "b34088c1d56a44cf915a8385e5fe10f3" member_type: VOTER last_known_addr { host: "127.6.224.131" port: 41585 } }
I20260630 12:26:15.650738 10256 raft_consensus.cc:493] T 4aca942525c349589a8e7cbfafe51cd0 P 51dd8853379e4b50928588e5c938f16c [term 0 FOLLOWER]: Starting leader election (no leader contacted us within the election timeout)
I20260630 12:26:15.658013 10232 raft_consensus.cc:359] T f976e7a3ace34dde81179f8f7139bd42 P 5fd91b40356f4397a8efed98232b08dc [term 0 FOLLOWER]: Replica starting. Triggering 0 pending ops. Active config: opid_index: -1 OBSOLETE_local: false peers { permanent_uuid: "5fd91b40356f4397a8efed98232b08dc" member_type: VOTER last_known_addr { host: "127.6.224.130" port: 39689 } } peers { permanent_uuid: "51dd8853379e4b50928588e5c938f16c" member_type: VOTER last_known_addr { host: "127.6.224.129" port: 43551 } } peers { permanent_uuid: "b34088c1d56a44cf915a8385e5fe10f3" member_type: VOTER last_known_addr { host: "127.6.224.131" port: 41585 } }
I20260630 12:26:15.658887 10232 raft_consensus.cc:385] T f976e7a3ace34dde81179f8f7139bd42 P 5fd91b40356f4397a8efed98232b08dc [term 0 FOLLOWER]: Consensus starting up: Expiring failure detector timer to make a prompt election more likely
I20260630 12:26:15.658836 10256 raft_consensus.cc:3060] T 4aca942525c349589a8e7cbfafe51cd0 P 51dd8853379e4b50928588e5c938f16c [term 0 FOLLOWER]: Advancing to term 1
I20260630 12:26:15.659387 10232 raft_consensus.cc:740] T f976e7a3ace34dde81179f8f7139bd42 P 5fd91b40356f4397a8efed98232b08dc [term 0 FOLLOWER]: Becoming Follower/Learner. State: Replica: 5fd91b40356f4397a8efed98232b08dc, State: Initialized, Role: FOLLOWER
W20260630 12:26:15.660354 10003 outbound_call.cc:321] RPC callback for RPC call kudu.consensus.ConsensusService.RequestConsensusVote -> {remote=127.6.224.131:41585, user_credentials={real_user=slave}} blocked reactor thread for 80648us
I20260630 12:26:15.661247 10232 consensus_queue.cc:260] T f976e7a3ace34dde81179f8f7139bd42 P 5fd91b40356f4397a8efed98232b08dc [NON_LEADER]: Queue going to NON_LEADER mode. State: All replicated index: 0, Majority replicated index: 0, Committed index: 0, Last appended: 0.0, Last appended by leader: 0, Current term: 0, Majority size: -1, State: 0, Mode: NON_LEADER, active raft config: opid_index: -1 OBSOLETE_local: false peers { permanent_uuid: "5fd91b40356f4397a8efed98232b08dc" member_type: VOTER last_known_addr { host: "127.6.224.130" port: 39689 } } peers { permanent_uuid: "51dd8853379e4b50928588e5c938f16c" member_type: VOTER last_known_addr { host: "127.6.224.129" port: 43551 } } peers { permanent_uuid: "b34088c1d56a44cf915a8385e5fe10f3" member_type: VOTER last_known_addr { host: "127.6.224.131" port: 41585 } }
I20260630 12:26:15.662467 10187 tablet_service.cc:1917] Received RequestConsensusVote() RPC: tablet_id: "4aca942525c349589a8e7cbfafe51cd0" candidate_uuid: "51dd8853379e4b50928588e5c938f16c" candidate_term: 1 candidate_status { last_received { term: 0 index: 0 } } ignore_live_leader: false dest_uuid: "b34088c1d56a44cf915a8385e5fe10f3" is_pre_election: true
I20260630 12:26:15.663092 10187 raft_consensus.cc:2468] T 4aca942525c349589a8e7cbfafe51cd0 P b34088c1d56a44cf915a8385e5fe10f3 [term 0 FOLLOWER]: Leader pre-election vote request: Granting yes vote for candidate 51dd8853379e4b50928588e5c938f16c in term 0.
I20260630 12:26:15.663555 10232 ts_tablet_manager.cc:1434] T f976e7a3ace34dde81179f8f7139bd42 P 5fd91b40356f4397a8efed98232b08dc: Time spent starting tablet: real 0.008s	user 0.007s	sys 0.000s
I20260630 12:26:15.664528 10232 tablet_bootstrap.cc:492] T 57ac5f9ae8e24406a90c393095352169 P 5fd91b40356f4397a8efed98232b08dc: Bootstrap starting.
I20260630 12:26:15.671132 10187 tablet_service.cc:1917] Received RequestConsensusVote() RPC: tablet_id: "bf8ad4ad62c3456fb4f1144c27d73970" candidate_uuid: "51dd8853379e4b50928588e5c938f16c" candidate_term: 1 candidate_status { last_received { term: 0 index: 0 } } ignore_live_leader: false dest_uuid: "b34088c1d56a44cf915a8385e5fe10f3"
I20260630 12:26:15.671988 10187 raft_consensus.cc:3060] T bf8ad4ad62c3456fb4f1144c27d73970 P b34088c1d56a44cf915a8385e5fe10f3 [term 0 FOLLOWER]: Advancing to term 1
I20260630 12:26:15.677598 10038 tablet_service.cc:1917] Received RequestConsensusVote() RPC: tablet_id: "57ac5f9ae8e24406a90c393095352169" candidate_uuid: "b34088c1d56a44cf915a8385e5fe10f3" candidate_term: 1 candidate_status { last_received { term: 0 index: 0 } } ignore_live_leader: false dest_uuid: "51dd8853379e4b50928588e5c938f16c" is_pre_election: true
I20260630 12:26:15.678117 10251 raft_consensus.cc:493] T 73ded1c57fe9497e968f202897125e04 P 51dd8853379e4b50928588e5c938f16c [term 0 FOLLOWER]: Starting pre-election (no leader contacted us within the election timeout)
I20260630 12:26:15.673729 10234 tablet_bootstrap.cc:492] T f976e7a3ace34dde81179f8f7139bd42 P 51dd8853379e4b50928588e5c938f16c: No bootstrap required, opened a new log
I20260630 12:26:15.678560 10251 raft_consensus.cc:515] T 73ded1c57fe9497e968f202897125e04 P 51dd8853379e4b50928588e5c938f16c [term 0 FOLLOWER]: Starting pre-election with config: opid_index: -1 OBSOLETE_local: false peers { permanent_uuid: "5fd91b40356f4397a8efed98232b08dc" member_type: VOTER last_known_addr { host: "127.6.224.130" port: 39689 } } peers { permanent_uuid: "51dd8853379e4b50928588e5c938f16c" member_type: VOTER last_known_addr { host: "127.6.224.129" port: 43551 } } peers { permanent_uuid: "b34088c1d56a44cf915a8385e5fe10f3" member_type: VOTER last_known_addr { host: "127.6.224.131" port: 41585 } }
I20260630 12:26:15.679268 10234 ts_tablet_manager.cc:1403] T f976e7a3ace34dde81179f8f7139bd42 P 51dd8853379e4b50928588e5c938f16c: Time spent bootstrapping tablet: real 0.062s	user 0.012s	sys 0.009s
I20260630 12:26:15.670076 10233 raft_consensus.cc:359] T 4fa79310d9d947118627957ac855a8dc P b34088c1d56a44cf915a8385e5fe10f3 [term 0 FOLLOWER]: Replica starting. Triggering 0 pending ops. Active config: opid_index: -1 OBSOLETE_local: false peers { permanent_uuid: "51dd8853379e4b50928588e5c938f16c" member_type: VOTER last_known_addr { host: "127.6.224.129" port: 43551 } } peers { permanent_uuid: "5fd91b40356f4397a8efed98232b08dc" member_type: VOTER last_known_addr { host: "127.6.224.130" port: 39689 } } peers { permanent_uuid: "b34088c1d56a44cf915a8385e5fe10f3" member_type: VOTER last_known_addr { host: "127.6.224.131" port: 41585 } }
I20260630 12:26:15.680107 10233 raft_consensus.cc:385] T 4fa79310d9d947118627957ac855a8dc P b34088c1d56a44cf915a8385e5fe10f3 [term 0 FOLLOWER]: Consensus starting up: Expiring failure detector timer to make a prompt election more likely
I20260630 12:26:15.680398 10233 raft_consensus.cc:740] T 4fa79310d9d947118627957ac855a8dc P b34088c1d56a44cf915a8385e5fe10f3 [term 0 FOLLOWER]: Becoming Follower/Learner. State: Replica: b34088c1d56a44cf915a8385e5fe10f3, State: Initialized, Role: FOLLOWER
I20260630 12:26:15.681089 10233 consensus_queue.cc:260] T 4fa79310d9d947118627957ac855a8dc P b34088c1d56a44cf915a8385e5fe10f3 [NON_LEADER]: Queue going to NON_LEADER mode. State: All replicated index: 0, Majority replicated index: 0, Committed index: 0, Last appended: 0.0, Last appended by leader: 0, Current term: 0, Majority size: -1, State: 0, Mode: NON_LEADER, active raft config: opid_index: -1 OBSOLETE_local: false peers { permanent_uuid: "51dd8853379e4b50928588e5c938f16c" member_type: VOTER last_known_addr { host: "127.6.224.129" port: 43551 } } peers { permanent_uuid: "5fd91b40356f4397a8efed98232b08dc" member_type: VOTER last_known_addr { host: "127.6.224.130" port: 39689 } } peers { permanent_uuid: "b34088c1d56a44cf915a8385e5fe10f3" member_type: VOTER last_known_addr { host: "127.6.224.131" port: 41585 } }
I20260630 12:26:15.681597 10111 tablet_service.cc:1917] Received RequestConsensusVote() RPC: tablet_id: "73ded1c57fe9497e968f202897125e04" candidate_uuid: "51dd8853379e4b50928588e5c938f16c" candidate_term: 1 candidate_status { last_received { term: 0 index: 0 } } ignore_live_leader: false dest_uuid: "5fd91b40356f4397a8efed98232b08dc" is_pre_election: true
I20260630 12:26:15.679423 10256 raft_consensus.cc:515] T 4aca942525c349589a8e7cbfafe51cd0 P 51dd8853379e4b50928588e5c938f16c [term 1 FOLLOWER]: Starting leader election with config: opid_index: -1 OBSOLETE_local: false peers { permanent_uuid: "5fd91b40356f4397a8efed98232b08dc" member_type: VOTER last_known_addr { host: "127.6.224.130" port: 39689 } } peers { permanent_uuid: "51dd8853379e4b50928588e5c938f16c" member_type: VOTER last_known_addr { host: "127.6.224.129" port: 43551 } } peers { permanent_uuid: "b34088c1d56a44cf915a8385e5fe10f3" member_type: VOTER last_known_addr { host: "127.6.224.131" port: 41585 } }
I20260630 12:26:15.682509 10234 raft_consensus.cc:359] T f976e7a3ace34dde81179f8f7139bd42 P 51dd8853379e4b50928588e5c938f16c [term 0 FOLLOWER]: Replica starting. Triggering 0 pending ops. Active config: opid_index: -1 OBSOLETE_local: false peers { permanent_uuid: "5fd91b40356f4397a8efed98232b08dc" member_type: VOTER last_known_addr { host: "127.6.224.130" port: 39689 } } peers { permanent_uuid: "51dd8853379e4b50928588e5c938f16c" member_type: VOTER last_known_addr { host: "127.6.224.129" port: 43551 } } peers { permanent_uuid: "b34088c1d56a44cf915a8385e5fe10f3" member_type: VOTER last_known_addr { host: "127.6.224.131" port: 41585 } }
W20260630 12:26:15.683058 10001 leader_election.cc:343] T 73ded1c57fe9497e968f202897125e04 P 51dd8853379e4b50928588e5c938f16c [CANDIDATE]: Term 1 pre-election: Tablet error from VoteRequest() call to peer 5fd91b40356f4397a8efed98232b08dc (127.6.224.130:39689): Illegal state: must be running to vote when last-logged opid is not known
I20260630 12:26:15.671926 10232 tablet_bootstrap.cc:654] T 57ac5f9ae8e24406a90c393095352169 P 5fd91b40356f4397a8efed98232b08dc: Neither blocks nor log segments found. Creating new log.
I20260630 12:26:15.684655 10111 tablet_service.cc:1917] Received RequestConsensusVote() RPC: tablet_id: "4aca942525c349589a8e7cbfafe51cd0" candidate_uuid: "51dd8853379e4b50928588e5c938f16c" candidate_term: 1 candidate_status { last_received { term: 0 index: 0 } } ignore_live_leader: false dest_uuid: "5fd91b40356f4397a8efed98232b08dc"
I20260630 12:26:15.685230 10111 raft_consensus.cc:3060] T 4aca942525c349589a8e7cbfafe51cd0 P 5fd91b40356f4397a8efed98232b08dc [term 0 FOLLOWER]: Advancing to term 1
I20260630 12:26:15.685725 10233 ts_tablet_manager.cc:1434] T 4fa79310d9d947118627957ac855a8dc P b34088c1d56a44cf915a8385e5fe10f3: Time spent starting tablet: real 0.031s	user 0.004s	sys 0.003s
I20260630 12:26:15.686729 10234 raft_consensus.cc:385] T f976e7a3ace34dde81179f8f7139bd42 P 51dd8853379e4b50928588e5c938f16c [term 0 FOLLOWER]: Consensus starting up: Expiring failure detector timer to make a prompt election more likely
I20260630 12:26:15.687192 10234 raft_consensus.cc:740] T f976e7a3ace34dde81179f8f7139bd42 P 51dd8853379e4b50928588e5c938f16c [term 0 FOLLOWER]: Becoming Follower/Learner. State: Replica: 51dd8853379e4b50928588e5c938f16c, State: Initialized, Role: FOLLOWER
I20260630 12:26:15.687471 10233 tablet_bootstrap.cc:492] T 0eb4c2d51af24783b6ac2c4acf9564f8 P b34088c1d56a44cf915a8385e5fe10f3: Bootstrap starting.
I20260630 12:26:15.687944 10234 consensus_queue.cc:260] T f976e7a3ace34dde81179f8f7139bd42 P 51dd8853379e4b50928588e5c938f16c [NON_LEADER]: Queue going to NON_LEADER mode. State: All replicated index: 0, Majority replicated index: 0, Committed index: 0, Last appended: 0.0, Last appended by leader: 0, Current term: 0, Majority size: -1, State: 0, Mode: NON_LEADER, active raft config: opid_index: -1 OBSOLETE_local: false peers { permanent_uuid: "5fd91b40356f4397a8efed98232b08dc" member_type: VOTER last_known_addr { host: "127.6.224.130" port: 39689 } } peers { permanent_uuid: "51dd8853379e4b50928588e5c938f16c" member_type: VOTER last_known_addr { host: "127.6.224.129" port: 43551 } } peers { permanent_uuid: "b34088c1d56a44cf915a8385e5fe10f3" member_type: VOTER last_known_addr { host: "127.6.224.131" port: 41585 } }
I20260630 12:26:15.683815 10256 leader_election.cc:290] T 4aca942525c349589a8e7cbfafe51cd0 P 51dd8853379e4b50928588e5c938f16c [CANDIDATE]: Term 1 election: Requested vote from peers 5fd91b40356f4397a8efed98232b08dc (127.6.224.130:39689), b34088c1d56a44cf915a8385e5fe10f3 (127.6.224.131:41585)
I20260630 12:26:15.690094 10256 raft_consensus.cc:493] T 0eb4c2d51af24783b6ac2c4acf9564f8 P 51dd8853379e4b50928588e5c938f16c [term 0 FOLLOWER]: Starting pre-election (no leader contacted us within the election timeout)
I20260630 12:26:15.690536 10256 raft_consensus.cc:515] T 0eb4c2d51af24783b6ac2c4acf9564f8 P 51dd8853379e4b50928588e5c938f16c [term 0 FOLLOWER]: Starting pre-election with config: opid_index: -1 OBSOLETE_local: false peers { permanent_uuid: "51dd8853379e4b50928588e5c938f16c" member_type: VOTER last_known_addr { host: "127.6.224.129" port: 43551 } } peers { permanent_uuid: "5fd91b40356f4397a8efed98232b08dc" member_type: VOTER last_known_addr { host: "127.6.224.130" port: 39689 } } peers { permanent_uuid: "b34088c1d56a44cf915a8385e5fe10f3" member_type: VOTER last_known_addr { host: "127.6.224.131" port: 41585 } }
I20260630 12:26:15.693311 10113 tablet_service.cc:1917] Received RequestConsensusVote() RPC: tablet_id: "0eb4c2d51af24783b6ac2c4acf9564f8" candidate_uuid: "51dd8853379e4b50928588e5c938f16c" candidate_term: 1 candidate_status { last_received { term: 0 index: 0 } } ignore_live_leader: false dest_uuid: "5fd91b40356f4397a8efed98232b08dc" is_pre_election: true
I20260630 12:26:15.693933 10113 raft_consensus.cc:2468] T 0eb4c2d51af24783b6ac2c4acf9564f8 P 5fd91b40356f4397a8efed98232b08dc [term 0 FOLLOWER]: Leader pre-election vote request: Granting yes vote for candidate 51dd8853379e4b50928588e5c938f16c in term 0.
I20260630 12:26:15.694901 10112 tablet_service.cc:1917] Received RequestConsensusVote() RPC: tablet_id: "57ac5f9ae8e24406a90c393095352169" candidate_uuid: "b34088c1d56a44cf915a8385e5fe10f3" candidate_term: 1 candidate_status { last_received { term: 0 index: 0 } } ignore_live_leader: false dest_uuid: "5fd91b40356f4397a8efed98232b08dc" is_pre_election: true
I20260630 12:26:15.695130 10001 leader_election.cc:304] T 0eb4c2d51af24783b6ac2c4acf9564f8 P 51dd8853379e4b50928588e5c938f16c [CANDIDATE]: Term 1 pre-election: Election decided. Result: candidate won. Election summary: received 2 responses out of 3 voters: 2 yes votes; 0 no votes. yes voters: 51dd8853379e4b50928588e5c938f16c, 5fd91b40356f4397a8efed98232b08dc; no voters: 
I20260630 12:26:15.696097 10258 raft_consensus.cc:2804] T 0eb4c2d51af24783b6ac2c4acf9564f8 P 51dd8853379e4b50928588e5c938f16c [term 0 FOLLOWER]: Leader pre-election won for term 1
I20260630 12:26:15.696943 10258 raft_consensus.cc:493] T 0eb4c2d51af24783b6ac2c4acf9564f8 P 51dd8853379e4b50928588e5c938f16c [term 0 FOLLOWER]: Starting leader election (no leader contacted us within the election timeout)
W20260630 12:26:15.696803 10150 leader_election.cc:343] T 57ac5f9ae8e24406a90c393095352169 P b34088c1d56a44cf915a8385e5fe10f3 [CANDIDATE]: Term 1 pre-election: Tablet error from VoteRequest() call to peer 5fd91b40356f4397a8efed98232b08dc (127.6.224.130:39689): Illegal state: must be running to vote when last-logged opid is not known
I20260630 12:26:15.697299 10258 raft_consensus.cc:3060] T 0eb4c2d51af24783b6ac2c4acf9564f8 P 51dd8853379e4b50928588e5c938f16c [term 0 FOLLOWER]: Advancing to term 1
I20260630 12:26:15.697497 10256 leader_election.cc:290] T 0eb4c2d51af24783b6ac2c4acf9564f8 P 51dd8853379e4b50928588e5c938f16c [CANDIDATE]: Term 1 pre-election: Requested pre-vote from peers 5fd91b40356f4397a8efed98232b08dc (127.6.224.130:39689), b34088c1d56a44cf915a8385e5fe10f3 (127.6.224.131:41585)
I20260630 12:26:15.703526 10187 raft_consensus.cc:2468] T bf8ad4ad62c3456fb4f1144c27d73970 P b34088c1d56a44cf915a8385e5fe10f3 [term 1 FOLLOWER]: Leader election vote request: Granting yes vote for candidate 51dd8853379e4b50928588e5c938f16c in term 1.
I20260630 12:26:15.696117 10234 ts_tablet_manager.cc:1434] T f976e7a3ace34dde81179f8f7139bd42 P 51dd8853379e4b50928588e5c938f16c: Time spent starting tablet: real 0.016s	user 0.007s	sys 0.000s
I20260630 12:26:15.704797 10186 tablet_service.cc:1917] Received RequestConsensusVote() RPC: tablet_id: "4aca942525c349589a8e7cbfafe51cd0" candidate_uuid: "51dd8853379e4b50928588e5c938f16c" candidate_term: 1 candidate_status { last_received { term: 0 index: 0 } } ignore_live_leader: false dest_uuid: "b34088c1d56a44cf915a8385e5fe10f3"
I20260630 12:26:15.713558 10186 raft_consensus.cc:3060] T 4aca942525c349589a8e7cbfafe51cd0 P b34088c1d56a44cf915a8385e5fe10f3 [term 0 FOLLOWER]: Advancing to term 1
I20260630 12:26:15.714260 10234 tablet_bootstrap.cc:492] T 848388877be4457494e1fab4643cab09 P 51dd8853379e4b50928588e5c938f16c: Bootstrap starting.
W20260630 12:26:15.705731 10152 leader_election.cc:343] T 57ac5f9ae8e24406a90c393095352169 P b34088c1d56a44cf915a8385e5fe10f3 [CANDIDATE]: Term 1 pre-election: Tablet error from VoteRequest() call to peer 51dd8853379e4b50928588e5c938f16c (127.6.224.129:43551): Illegal state: must be running to vote when last-logged opid is not known
I20260630 12:26:15.706018 10258 raft_consensus.cc:515] T 0eb4c2d51af24783b6ac2c4acf9564f8 P 51dd8853379e4b50928588e5c938f16c [term 1 FOLLOWER]: Starting leader election with config: opid_index: -1 OBSOLETE_local: false peers { permanent_uuid: "51dd8853379e4b50928588e5c938f16c" member_type: VOTER last_known_addr { host: "127.6.224.129" port: 43551 } } peers { permanent_uuid: "5fd91b40356f4397a8efed98232b08dc" member_type: VOTER last_known_addr { host: "127.6.224.130" port: 39689 } } peers { permanent_uuid: "b34088c1d56a44cf915a8385e5fe10f3" member_type: VOTER last_known_addr { host: "127.6.224.131" port: 41585 } }
I20260630 12:26:15.721716 10258 leader_election.cc:290] T 0eb4c2d51af24783b6ac2c4acf9564f8 P 51dd8853379e4b50928588e5c938f16c [CANDIDATE]: Term 1 election: Requested vote from peers 5fd91b40356f4397a8efed98232b08dc (127.6.224.130:39689), b34088c1d56a44cf915a8385e5fe10f3 (127.6.224.131:41585)
I20260630 12:26:15.724352 10234 tablet_bootstrap.cc:654] T 848388877be4457494e1fab4643cab09 P 51dd8853379e4b50928588e5c938f16c: Neither blocks nor log segments found. Creating new log.
I20260630 12:26:15.723798  9936 catalog_manager.cc:5697] T bf8ad4ad62c3456fb4f1144c27d73970 P 51dd8853379e4b50928588e5c938f16c reported cstate change: term changed from 0 to 1, leader changed from <none> to 51dd8853379e4b50928588e5c938f16c (127.6.224.129). New cstate: current_term: 1 leader_uuid: "51dd8853379e4b50928588e5c938f16c" committed_config { opid_index: -1 OBSOLETE_local: false peers { permanent_uuid: "5fd91b40356f4397a8efed98232b08dc" member_type: VOTER last_known_addr { host: "127.6.224.130" port: 39689 } health_report { overall_health: UNKNOWN } } peers { permanent_uuid: "51dd8853379e4b50928588e5c938f16c" member_type: VOTER last_known_addr { host: "127.6.224.129" port: 43551 } health_report { overall_health: HEALTHY } } peers { permanent_uuid: "b34088c1d56a44cf915a8385e5fe10f3" member_type: VOTER last_known_addr { host: "127.6.224.131" port: 41585 } health_report { overall_health: UNKNOWN } } }
I20260630 12:26:15.718669 10152 leader_election.cc:304] T 57ac5f9ae8e24406a90c393095352169 P b34088c1d56a44cf915a8385e5fe10f3 [CANDIDATE]: Term 1 pre-election: Election decided. Result: candidate lost. Election summary: received 3 responses out of 3 voters: 1 yes votes; 2 no votes. yes voters: b34088c1d56a44cf915a8385e5fe10f3; no voters: 51dd8853379e4b50928588e5c938f16c, 5fd91b40356f4397a8efed98232b08dc
I20260630 12:26:15.725432 10239 raft_consensus.cc:2749] T 57ac5f9ae8e24406a90c393095352169 P b34088c1d56a44cf915a8385e5fe10f3 [term 0 FOLLOWER]: Leader pre-election lost for term 1. Reason: could not achieve majority
I20260630 12:26:15.726619 10239 raft_consensus.cc:493] T 4fa79310d9d947118627957ac855a8dc P b34088c1d56a44cf915a8385e5fe10f3 [term 0 FOLLOWER]: Starting pre-election (no leader contacted us within the election timeout)
I20260630 12:26:15.726986 10112 tablet_service.cc:1917] Received RequestConsensusVote() RPC: tablet_id: "0eb4c2d51af24783b6ac2c4acf9564f8" candidate_uuid: "51dd8853379e4b50928588e5c938f16c" candidate_term: 1 candidate_status { last_received { term: 0 index: 0 } } ignore_live_leader: false dest_uuid: "5fd91b40356f4397a8efed98232b08dc"
I20260630 12:26:15.711262 10111 raft_consensus.cc:2468] T 4aca942525c349589a8e7cbfafe51cd0 P 5fd91b40356f4397a8efed98232b08dc [term 1 FOLLOWER]: Leader election vote request: Granting yes vote for candidate 51dd8853379e4b50928588e5c938f16c in term 1.
I20260630 12:26:15.712610 10251 leader_election.cc:290] T 73ded1c57fe9497e968f202897125e04 P 51dd8853379e4b50928588e5c938f16c [CANDIDATE]: Term 1 pre-election: Requested pre-vote from peers 5fd91b40356f4397a8efed98232b08dc (127.6.224.130:39689), b34088c1d56a44cf915a8385e5fe10f3 (127.6.224.131:41585)
I20260630 12:26:15.724570 10186 raft_consensus.cc:2468] T 4aca942525c349589a8e7cbfafe51cd0 P b34088c1d56a44cf915a8385e5fe10f3 [term 1 FOLLOWER]: Leader election vote request: Granting yes vote for candidate 51dd8853379e4b50928588e5c938f16c in term 1.
I20260630 12:26:15.727736 10185 tablet_service.cc:1917] Received RequestConsensusVote() RPC: tablet_id: "73ded1c57fe9497e968f202897125e04" candidate_uuid: "51dd8853379e4b50928588e5c938f16c" candidate_term: 1 candidate_status { last_received { term: 0 index: 0 } } ignore_live_leader: false dest_uuid: "b34088c1d56a44cf915a8385e5fe10f3" is_pre_election: true
I20260630 12:26:15.727030 10239 raft_consensus.cc:515] T 4fa79310d9d947118627957ac855a8dc P b34088c1d56a44cf915a8385e5fe10f3 [term 0 FOLLOWER]: Starting pre-election with config: opid_index: -1 OBSOLETE_local: false peers { permanent_uuid: "51dd8853379e4b50928588e5c938f16c" member_type: VOTER last_known_addr { host: "127.6.224.129" port: 43551 } } peers { permanent_uuid: "5fd91b40356f4397a8efed98232b08dc" member_type: VOTER last_known_addr { host: "127.6.224.130" port: 39689 } } peers { permanent_uuid: "b34088c1d56a44cf915a8385e5fe10f3" member_type: VOTER last_known_addr { host: "127.6.224.131" port: 41585 } }
I20260630 12:26:15.728221 10184 tablet_service.cc:1917] Received RequestConsensusVote() RPC: tablet_id: "0eb4c2d51af24783b6ac2c4acf9564f8" candidate_uuid: "51dd8853379e4b50928588e5c938f16c" candidate_term: 1 candidate_status { last_received { term: 0 index: 0 } } ignore_live_leader: false dest_uuid: "b34088c1d56a44cf915a8385e5fe10f3"
I20260630 12:26:15.727777 10112 raft_consensus.cc:3060] T 0eb4c2d51af24783b6ac2c4acf9564f8 P 5fd91b40356f4397a8efed98232b08dc [term 0 FOLLOWER]: Advancing to term 1
I20260630 12:26:15.727257 10187 tablet_service.cc:1917] Received RequestConsensusVote() RPC: tablet_id: "0eb4c2d51af24783b6ac2c4acf9564f8" candidate_uuid: "51dd8853379e4b50928588e5c938f16c" candidate_term: 1 candidate_status { last_received { term: 0 index: 0 } } ignore_live_leader: false dest_uuid: "b34088c1d56a44cf915a8385e5fe10f3" is_pre_election: true
I20260630 12:26:15.712836 10233 tablet_bootstrap.cc:654] T 0eb4c2d51af24783b6ac2c4acf9564f8 P b34088c1d56a44cf915a8385e5fe10f3: Neither blocks nor log segments found. Creating new log.
I20260630 12:26:15.728583 10001 leader_election.cc:304] T 4aca942525c349589a8e7cbfafe51cd0 P 51dd8853379e4b50928588e5c938f16c [CANDIDATE]: Term 1 election: Election decided. Result: candidate won. Election summary: received 2 responses out of 3 voters: 2 yes votes; 0 no votes. yes voters: 51dd8853379e4b50928588e5c938f16c, 5fd91b40356f4397a8efed98232b08dc; no voters: 
I20260630 12:26:15.731257 10111 tablet_service.cc:1917] Received RequestConsensusVote() RPC: tablet_id: "4fa79310d9d947118627957ac855a8dc" candidate_uuid: "b34088c1d56a44cf915a8385e5fe10f3" candidate_term: 1 candidate_status { last_received { term: 0 index: 0 } } ignore_live_leader: false dest_uuid: "5fd91b40356f4397a8efed98232b08dc" is_pre_election: true
I20260630 12:26:15.731660 10251 raft_consensus.cc:2804] T 4aca942525c349589a8e7cbfafe51cd0 P 51dd8853379e4b50928588e5c938f16c [term 1 FOLLOWER]: Leader election won for term 1
I20260630 12:26:15.732128 10251 raft_consensus.cc:697] T 4aca942525c349589a8e7cbfafe51cd0 P 51dd8853379e4b50928588e5c938f16c [term 1 LEADER]: Becoming Leader. State: Replica: 51dd8853379e4b50928588e5c938f16c, State: Running, Role: LEADER
W20260630 12:26:15.732489 10150 leader_election.cc:343] T 4fa79310d9d947118627957ac855a8dc P b34088c1d56a44cf915a8385e5fe10f3 [CANDIDATE]: Term 1 pre-election: Tablet error from VoteRequest() call to peer 5fd91b40356f4397a8efed98232b08dc (127.6.224.130:39689): Illegal state: must be running to vote when last-logged opid is not known
W20260630 12:26:15.736063 10003 leader_election.cc:343] T 73ded1c57fe9497e968f202897125e04 P 51dd8853379e4b50928588e5c938f16c [CANDIDATE]: Term 1 pre-election: Tablet error from VoteRequest() call to peer b34088c1d56a44cf915a8385e5fe10f3 (127.6.224.131:41585): Illegal state: must be running to vote when last-logged opid is not known
I20260630 12:26:15.736438 10233 tablet_bootstrap.cc:492] T 0eb4c2d51af24783b6ac2c4acf9564f8 P b34088c1d56a44cf915a8385e5fe10f3: No bootstrap required, opened a new log
I20260630 12:26:15.736536 10003 leader_election.cc:304] T 73ded1c57fe9497e968f202897125e04 P 51dd8853379e4b50928588e5c938f16c [CANDIDATE]: Term 1 pre-election: Election decided. Result: candidate lost. Election summary: received 3 responses out of 3 voters: 1 yes votes; 2 no votes. yes voters: 51dd8853379e4b50928588e5c938f16c; no voters: 5fd91b40356f4397a8efed98232b08dc, b34088c1d56a44cf915a8385e5fe10f3
I20260630 12:26:15.736937 10233 ts_tablet_manager.cc:1403] T 0eb4c2d51af24783b6ac2c4acf9564f8 P b34088c1d56a44cf915a8385e5fe10f3: Time spent bootstrapping tablet: real 0.050s	user 0.007s	sys 0.005s
I20260630 12:26:15.737488 10258 raft_consensus.cc:2749] T 73ded1c57fe9497e968f202897125e04 P 51dd8853379e4b50928588e5c938f16c [term 0 FOLLOWER]: Leader pre-election lost for term 1. Reason: could not achieve majority
I20260630 12:26:15.732966 10251 consensus_queue.cc:237] T 4aca942525c349589a8e7cbfafe51cd0 P 51dd8853379e4b50928588e5c938f16c [LEADER]: Queue going to LEADER mode. State: All replicated index: 0, Majority replicated index: 0, Committed index: 0, Last appended: 0.0, Last appended by leader: 0, Current term: 1, Majority size: 2, State: 0, Mode: LEADER, active raft config: opid_index: -1 OBSOLETE_local: false peers { permanent_uuid: "5fd91b40356f4397a8efed98232b08dc" member_type: VOTER last_known_addr { host: "127.6.224.130" port: 39689 } } peers { permanent_uuid: "51dd8853379e4b50928588e5c938f16c" member_type: VOTER last_known_addr { host: "127.6.224.129" port: 43551 } } peers { permanent_uuid: "b34088c1d56a44cf915a8385e5fe10f3" member_type: VOTER last_known_addr { host: "127.6.224.131" port: 41585 } }
W20260630 12:26:15.739001 10003 leader_election.cc:343] T 0eb4c2d51af24783b6ac2c4acf9564f8 P 51dd8853379e4b50928588e5c938f16c [CANDIDATE]: Term 1 election: Tablet error from VoteRequest() call to peer b34088c1d56a44cf915a8385e5fe10f3 (127.6.224.131:41585): Illegal state: must be running to vote when last-logged opid is not known
W20260630 12:26:15.739722 10003 leader_election.cc:343] T 0eb4c2d51af24783b6ac2c4acf9564f8 P 51dd8853379e4b50928588e5c938f16c [CANDIDATE]: Term 1 pre-election: Tablet error from VoteRequest() call to peer b34088c1d56a44cf915a8385e5fe10f3 (127.6.224.131:41585): Illegal state: must be running to vote when last-logged opid is not known
I20260630 12:26:15.736900 10038 tablet_service.cc:1917] Received RequestConsensusVote() RPC: tablet_id: "4fa79310d9d947118627957ac855a8dc" candidate_uuid: "b34088c1d56a44cf915a8385e5fe10f3" candidate_term: 1 candidate_status { last_received { term: 0 index: 0 } } ignore_live_leader: false dest_uuid: "51dd8853379e4b50928588e5c938f16c" is_pre_election: true
I20260630 12:26:15.739992 10233 raft_consensus.cc:359] T 0eb4c2d51af24783b6ac2c4acf9564f8 P b34088c1d56a44cf915a8385e5fe10f3 [term 0 FOLLOWER]: Replica starting. Triggering 0 pending ops. Active config: opid_index: -1 OBSOLETE_local: false peers { permanent_uuid: "51dd8853379e4b50928588e5c938f16c" member_type: VOTER last_known_addr { host: "127.6.224.129" port: 43551 } } peers { permanent_uuid: "5fd91b40356f4397a8efed98232b08dc" member_type: VOTER last_known_addr { host: "127.6.224.130" port: 39689 } } peers { permanent_uuid: "b34088c1d56a44cf915a8385e5fe10f3" member_type: VOTER last_known_addr { host: "127.6.224.131" port: 41585 } }
I20260630 12:26:15.740712 10233 raft_consensus.cc:385] T 0eb4c2d51af24783b6ac2c4acf9564f8 P b34088c1d56a44cf915a8385e5fe10f3 [term 0 FOLLOWER]: Consensus starting up: Expiring failure detector timer to make a prompt election more likely
I20260630 12:26:15.730659 10239 leader_election.cc:290] T 4fa79310d9d947118627957ac855a8dc P b34088c1d56a44cf915a8385e5fe10f3 [CANDIDATE]: Term 1 pre-election: Requested pre-vote from peers 51dd8853379e4b50928588e5c938f16c (127.6.224.129:43551), 5fd91b40356f4397a8efed98232b08dc (127.6.224.130:39689)
I20260630 12:26:15.741024 10233 raft_consensus.cc:740] T 0eb4c2d51af24783b6ac2c4acf9564f8 P b34088c1d56a44cf915a8385e5fe10f3 [term 0 FOLLOWER]: Becoming Follower/Learner. State: Replica: b34088c1d56a44cf915a8385e5fe10f3, State: Initialized, Role: FOLLOWER
I20260630 12:26:15.743186 10233 consensus_queue.cc:260] T 0eb4c2d51af24783b6ac2c4acf9564f8 P b34088c1d56a44cf915a8385e5fe10f3 [NON_LEADER]: Queue going to NON_LEADER mode. State: All replicated index: 0, Majority replicated index: 0, Committed index: 0, Last appended: 0.0, Last appended by leader: 0, Current term: 0, Majority size: -1, State: 0, Mode: NON_LEADER, active raft config: opid_index: -1 OBSOLETE_local: false peers { permanent_uuid: "51dd8853379e4b50928588e5c938f16c" member_type: VOTER last_known_addr { host: "127.6.224.129" port: 43551 } } peers { permanent_uuid: "5fd91b40356f4397a8efed98232b08dc" member_type: VOTER last_known_addr { host: "127.6.224.130" port: 39689 } } peers { permanent_uuid: "b34088c1d56a44cf915a8385e5fe10f3" member_type: VOTER last_known_addr { host: "127.6.224.131" port: 41585 } }
I20260630 12:26:15.736527 10112 raft_consensus.cc:2468] T 0eb4c2d51af24783b6ac2c4acf9564f8 P 5fd91b40356f4397a8efed98232b08dc [term 1 FOLLOWER]: Leader election vote request: Granting yes vote for candidate 51dd8853379e4b50928588e5c938f16c in term 1.
I20260630 12:26:15.745702 10001 leader_election.cc:304] T 0eb4c2d51af24783b6ac2c4acf9564f8 P 51dd8853379e4b50928588e5c938f16c [CANDIDATE]: Term 1 election: Election decided. Result: candidate won. Election summary: received 3 responses out of 3 voters: 2 yes votes; 1 no votes. yes voters: 51dd8853379e4b50928588e5c938f16c, 5fd91b40356f4397a8efed98232b08dc; no voters: b34088c1d56a44cf915a8385e5fe10f3
W20260630 12:26:15.745849 10152 leader_election.cc:343] T 4fa79310d9d947118627957ac855a8dc P b34088c1d56a44cf915a8385e5fe10f3 [CANDIDATE]: Term 1 pre-election: Tablet error from VoteRequest() call to peer 51dd8853379e4b50928588e5c938f16c (127.6.224.129:43551): Illegal state: must be running to vote when last-logged opid is not known
I20260630 12:26:15.746644 10232 tablet_bootstrap.cc:492] T 57ac5f9ae8e24406a90c393095352169 P 5fd91b40356f4397a8efed98232b08dc: No bootstrap required, opened a new log
I20260630 12:26:15.746909 10152 leader_election.cc:304] T 4fa79310d9d947118627957ac855a8dc P b34088c1d56a44cf915a8385e5fe10f3 [CANDIDATE]: Term 1 pre-election: Election decided. Result: candidate lost. Election summary: received 3 responses out of 3 voters: 1 yes votes; 2 no votes. yes voters: b34088c1d56a44cf915a8385e5fe10f3; no voters: 51dd8853379e4b50928588e5c938f16c, 5fd91b40356f4397a8efed98232b08dc
I20260630 12:26:15.747119 10232 ts_tablet_manager.cc:1403] T 57ac5f9ae8e24406a90c393095352169 P 5fd91b40356f4397a8efed98232b08dc: Time spent bootstrapping tablet: real 0.083s	user 0.023s	sys 0.008s
I20260630 12:26:15.748642 10233 ts_tablet_manager.cc:1434] T 0eb4c2d51af24783b6ac2c4acf9564f8 P b34088c1d56a44cf915a8385e5fe10f3: Time spent starting tablet: real 0.011s	user 0.002s	sys 0.003s
I20260630 12:26:15.749648 10233 tablet_bootstrap.cc:492] T 73ded1c57fe9497e968f202897125e04 P b34088c1d56a44cf915a8385e5fe10f3: Bootstrap starting.
I20260630 12:26:15.753023 10232 raft_consensus.cc:359] T 57ac5f9ae8e24406a90c393095352169 P 5fd91b40356f4397a8efed98232b08dc [term 0 FOLLOWER]: Replica starting. Triggering 0 pending ops. Active config: opid_index: -1 OBSOLETE_local: false peers { permanent_uuid: "51dd8853379e4b50928588e5c938f16c" member_type: VOTER last_known_addr { host: "127.6.224.129" port: 43551 } } peers { permanent_uuid: "5fd91b40356f4397a8efed98232b08dc" member_type: VOTER last_known_addr { host: "127.6.224.130" port: 39689 } } peers { permanent_uuid: "b34088c1d56a44cf915a8385e5fe10f3" member_type: VOTER last_known_addr { host: "127.6.224.131" port: 41585 } }
I20260630 12:26:15.753767 10232 raft_consensus.cc:385] T 57ac5f9ae8e24406a90c393095352169 P 5fd91b40356f4397a8efed98232b08dc [term 0 FOLLOWER]: Consensus starting up: Expiring failure detector timer to make a prompt election more likely
I20260630 12:26:15.754048 10232 raft_consensus.cc:740] T 57ac5f9ae8e24406a90c393095352169 P 5fd91b40356f4397a8efed98232b08dc [term 0 FOLLOWER]: Becoming Follower/Learner. State: Replica: 5fd91b40356f4397a8efed98232b08dc, State: Initialized, Role: FOLLOWER
I20260630 12:26:15.754796 10232 consensus_queue.cc:260] T 57ac5f9ae8e24406a90c393095352169 P 5fd91b40356f4397a8efed98232b08dc [NON_LEADER]: Queue going to NON_LEADER mode. State: All replicated index: 0, Majority replicated index: 0, Committed index: 0, Last appended: 0.0, Last appended by leader: 0, Current term: 0, Majority size: -1, State: 0, Mode: NON_LEADER, active raft config: opid_index: -1 OBSOLETE_local: false peers { permanent_uuid: "51dd8853379e4b50928588e5c938f16c" member_type: VOTER last_known_addr { host: "127.6.224.129" port: 43551 } } peers { permanent_uuid: "5fd91b40356f4397a8efed98232b08dc" member_type: VOTER last_known_addr { host: "127.6.224.130" port: 39689 } } peers { permanent_uuid: "b34088c1d56a44cf915a8385e5fe10f3" member_type: VOTER last_known_addr { host: "127.6.224.131" port: 41585 } }
I20260630 12:26:15.755577 10233 tablet_bootstrap.cc:654] T 73ded1c57fe9497e968f202897125e04 P b34088c1d56a44cf915a8385e5fe10f3: Neither blocks nor log segments found. Creating new log.
I20260630 12:26:15.754763  9934 catalog_manager.cc:5697] T 4aca942525c349589a8e7cbfafe51cd0 P 51dd8853379e4b50928588e5c938f16c reported cstate change: term changed from 0 to 1, leader changed from <none> to 51dd8853379e4b50928588e5c938f16c (127.6.224.129). New cstate: current_term: 1 leader_uuid: "51dd8853379e4b50928588e5c938f16c" committed_config { opid_index: -1 OBSOLETE_local: false peers { permanent_uuid: "5fd91b40356f4397a8efed98232b08dc" member_type: VOTER last_known_addr { host: "127.6.224.130" port: 39689 } health_report { overall_health: UNKNOWN } } peers { permanent_uuid: "51dd8853379e4b50928588e5c938f16c" member_type: VOTER last_known_addr { host: "127.6.224.129" port: 43551 } health_report { overall_health: HEALTHY } } peers { permanent_uuid: "b34088c1d56a44cf915a8385e5fe10f3" member_type: VOTER last_known_addr { host: "127.6.224.131" port: 41585 } health_report { overall_health: UNKNOWN } } }
I20260630 12:26:15.747010 10251 raft_consensus.cc:2804] T 0eb4c2d51af24783b6ac2c4acf9564f8 P 51dd8853379e4b50928588e5c938f16c [term 1 FOLLOWER]: Leader election won for term 1
I20260630 12:26:15.757432 10251 raft_consensus.cc:697] T 0eb4c2d51af24783b6ac2c4acf9564f8 P 51dd8853379e4b50928588e5c938f16c [term 1 LEADER]: Becoming Leader. State: Replica: 51dd8853379e4b50928588e5c938f16c, State: Running, Role: LEADER
I20260630 12:26:15.758215 10251 consensus_queue.cc:237] T 0eb4c2d51af24783b6ac2c4acf9564f8 P 51dd8853379e4b50928588e5c938f16c [LEADER]: Queue going to LEADER mode. State: All replicated index: 0, Majority replicated index: 0, Committed index: 0, Last appended: 0.0, Last appended by leader: 0, Current term: 1, Majority size: 2, State: 0, Mode: LEADER, active raft config: opid_index: -1 OBSOLETE_local: false peers { permanent_uuid: "51dd8853379e4b50928588e5c938f16c" member_type: VOTER last_known_addr { host: "127.6.224.129" port: 43551 } } peers { permanent_uuid: "5fd91b40356f4397a8efed98232b08dc" member_type: VOTER last_known_addr { host: "127.6.224.130" port: 39689 } } peers { permanent_uuid: "b34088c1d56a44cf915a8385e5fe10f3" member_type: VOTER last_known_addr { host: "127.6.224.131" port: 41585 } }
I20260630 12:26:15.747987 10239 raft_consensus.cc:2749] T 4fa79310d9d947118627957ac855a8dc P b34088c1d56a44cf915a8385e5fe10f3 [term 0 FOLLOWER]: Leader pre-election lost for term 1. Reason: could not achieve majority
I20260630 12:26:15.760974 10234 tablet_bootstrap.cc:492] T 848388877be4457494e1fab4643cab09 P 51dd8853379e4b50928588e5c938f16c: No bootstrap required, opened a new log
I20260630 12:26:15.761533 10234 ts_tablet_manager.cc:1403] T 848388877be4457494e1fab4643cab09 P 51dd8853379e4b50928588e5c938f16c: Time spent bootstrapping tablet: real 0.048s	user 0.008s	sys 0.014s
I20260630 12:26:15.763525 10232 ts_tablet_manager.cc:1434] T 57ac5f9ae8e24406a90c393095352169 P 5fd91b40356f4397a8efed98232b08dc: Time spent starting tablet: real 0.015s	user 0.001s	sys 0.004s
I20260630 12:26:15.764479 10234 raft_consensus.cc:359] T 848388877be4457494e1fab4643cab09 P 51dd8853379e4b50928588e5c938f16c [term 0 FOLLOWER]: Replica starting. Triggering 0 pending ops. Active config: opid_index: -1 OBSOLETE_local: false peers { permanent_uuid: "5fd91b40356f4397a8efed98232b08dc" member_type: VOTER last_known_addr { host: "127.6.224.130" port: 39689 } } peers { permanent_uuid: "51dd8853379e4b50928588e5c938f16c" member_type: VOTER last_known_addr { host: "127.6.224.129" port: 43551 } } peers { permanent_uuid: "b34088c1d56a44cf915a8385e5fe10f3" member_type: VOTER last_known_addr { host: "127.6.224.131" port: 41585 } }
I20260630 12:26:15.765256 10234 raft_consensus.cc:385] T 848388877be4457494e1fab4643cab09 P 51dd8853379e4b50928588e5c938f16c [term 0 FOLLOWER]: Consensus starting up: Expiring failure detector timer to make a prompt election more likely
I20260630 12:26:15.765591 10234 raft_consensus.cc:740] T 848388877be4457494e1fab4643cab09 P 51dd8853379e4b50928588e5c938f16c [term 0 FOLLOWER]: Becoming Follower/Learner. State: Replica: 51dd8853379e4b50928588e5c938f16c, State: Initialized, Role: FOLLOWER
I20260630 12:26:15.766448 10234 consensus_queue.cc:260] T 848388877be4457494e1fab4643cab09 P 51dd8853379e4b50928588e5c938f16c [NON_LEADER]: Queue going to NON_LEADER mode. State: All replicated index: 0, Majority replicated index: 0, Committed index: 0, Last appended: 0.0, Last appended by leader: 0, Current term: 0, Majority size: -1, State: 0, Mode: NON_LEADER, active raft config: opid_index: -1 OBSOLETE_local: false peers { permanent_uuid: "5fd91b40356f4397a8efed98232b08dc" member_type: VOTER last_known_addr { host: "127.6.224.130" port: 39689 } } peers { permanent_uuid: "51dd8853379e4b50928588e5c938f16c" member_type: VOTER last_known_addr { host: "127.6.224.129" port: 43551 } } peers { permanent_uuid: "b34088c1d56a44cf915a8385e5fe10f3" member_type: VOTER last_known_addr { host: "127.6.224.131" port: 41585 } }
I20260630 12:26:15.768913 10234 ts_tablet_manager.cc:1434] T 848388877be4457494e1fab4643cab09 P 51dd8853379e4b50928588e5c938f16c: Time spent starting tablet: real 0.007s	user 0.005s	sys 0.000s
I20260630 12:26:15.769965 10234 tablet_bootstrap.cc:492] T 4fa79310d9d947118627957ac855a8dc P 51dd8853379e4b50928588e5c938f16c: Bootstrap starting.
I20260630 12:26:15.770702 10232 tablet_bootstrap.cc:492] T 73ded1c57fe9497e968f202897125e04 P 5fd91b40356f4397a8efed98232b08dc: Bootstrap starting.
I20260630 12:26:15.777827 10234 tablet_bootstrap.cc:654] T 4fa79310d9d947118627957ac855a8dc P 51dd8853379e4b50928588e5c938f16c: Neither blocks nor log segments found. Creating new log.
I20260630 12:26:15.778424 10233 tablet_bootstrap.cc:492] T 73ded1c57fe9497e968f202897125e04 P b34088c1d56a44cf915a8385e5fe10f3: No bootstrap required, opened a new log
I20260630 12:26:15.778647 10232 tablet_bootstrap.cc:654] T 73ded1c57fe9497e968f202897125e04 P 5fd91b40356f4397a8efed98232b08dc: Neither blocks nor log segments found. Creating new log.
I20260630 12:26:15.779064 10233 ts_tablet_manager.cc:1403] T 73ded1c57fe9497e968f202897125e04 P b34088c1d56a44cf915a8385e5fe10f3: Time spent bootstrapping tablet: real 0.030s	user 0.010s	sys 0.014s
