1 data directories: /tmp/dist-test-taskNsRdI3/test-tmp/auto_rebalancer-test.0.AutoRebalancerTest.OnlyLeaderDoesAutoRebalancing.1782822288489936-7038-0/minicluster-data/ts-1-root/data
Total live blocks: 0
Total live bytes: 0
Total live bytes (after alignment): 0
Total number of LBM containers: 0 (0 full)
Did not check for missing blocks
Did not check for orphaned blocks
Total full LBM containers with extra space: 0 (0 repaired)
Total full LBM container extra space in bytes: 0 (0 repaired)
Total incomplete LBM containers: 0 (0 repaired)
Total LBM partial records: 0 (0 repaired)
Total corrupted LBM metadata records in RocksDB: 0 (0 repaired)
I20260630 12:24:50.642045  7368 catalog_manager.cc:1520] Initializing Kudu cluster ID...
I20260630 12:24:50.657286  7145 raft_consensus.cc:1275] T 00000000000000000000000000000000 P da23c4796bb24a5fb36b5e53a3aa06ad [term 1 FOLLOWER]: Refusing update from remote peer 4d9da8604f0f4c759c3f02b7eea4c1d4: Log matching property violated. Preceding OpId in replica: term: 0 index: 0. Preceding OpId from leader: term: 1 index: 2. (index mismatch)
I20260630 12:24:50.657701  7080 raft_consensus.cc:1275] T 00000000000000000000000000000000 P 159e03bce89441aa8551dc4bfb39965f [term 1 FOLLOWER]: Refusing update from remote peer 4d9da8604f0f4c759c3f02b7eea4c1d4: Log matching property violated. Preceding OpId in replica: term: 0 index: 0. Preceding OpId from leader: term: 1 index: 2. (index mismatch)
I20260630 12:24:50.658998  7245 consensus_queue.cc:1048] T 00000000000000000000000000000000 P 4d9da8604f0f4c759c3f02b7eea4c1d4 [LEADER]: Connected to new peer: Peer: permanent_uuid: "da23c4796bb24a5fb36b5e53a3aa06ad" member_type: VOTER last_known_addr { host: "127.6.223.189" port: 33623 }, Status: LMP_MISMATCH, Last received: 0.0, Next index: 1, Last known committed idx: 0, Time since last communication: 0.000s
I20260630 12:24:50.660554  7361 consensus_queue.cc:1048] T 00000000000000000000000000000000 P 4d9da8604f0f4c759c3f02b7eea4c1d4 [LEADER]: Connected to new peer: Peer: permanent_uuid: "159e03bce89441aa8551dc4bfb39965f" member_type: VOTER last_known_addr { host: "127.6.223.190" port: 39097 }, Status: LMP_MISMATCH, Last received: 0.0, Next index: 1, Last known committed idx: 0, Time since last communication: 0.000s
I20260630 12:24:50.663621  7038 rpc_server.cc:225] running with OpenSSL 1.1.1  11 Sep 2018
I20260630 12:24:50.665409  7038 kserver.cc:163] Server-wide thread pool size limit: 3276
I20260630 12:24:50.676283  7038 txn_system_client.cc:432] TxnSystemClient initialization is disabled...
I20260630 12:24:50.692965  7243 sys_catalog.cc:455] T 00000000000000000000000000000000 P 159e03bce89441aa8551dc4bfb39965f [sys.catalog]: SysCatalogTable state changed. Reason: New leader 4d9da8604f0f4c759c3f02b7eea4c1d4. Latest consensus state: current_term: 1 leader_uuid: "4d9da8604f0f4c759c3f02b7eea4c1d4" committed_config { opid_index: -1 OBSOLETE_local: false peers { permanent_uuid: "159e03bce89441aa8551dc4bfb39965f" member_type: VOTER last_known_addr { host: "127.6.223.190" port: 39097 } } peers { permanent_uuid: "da23c4796bb24a5fb36b5e53a3aa06ad" member_type: VOTER last_known_addr { host: "127.6.223.189" port: 33623 } } peers { permanent_uuid: "4d9da8604f0f4c759c3f02b7eea4c1d4" member_type: VOTER last_known_addr { host: "127.6.223.188" port: 42171 } } }
I20260630 12:24:50.693787  7243 sys_catalog.cc:458] T 00000000000000000000000000000000 P 159e03bce89441aa8551dc4bfb39965f [sys.catalog]: This master's current role is: FOLLOWER
I20260630 12:24:50.694841  7244 sys_catalog.cc:455] T 00000000000000000000000000000000 P da23c4796bb24a5fb36b5e53a3aa06ad [sys.catalog]: SysCatalogTable state changed. Reason: New leader 4d9da8604f0f4c759c3f02b7eea4c1d4. Latest consensus state: current_term: 1 leader_uuid: "4d9da8604f0f4c759c3f02b7eea4c1d4" committed_config { opid_index: -1 OBSOLETE_local: false peers { permanent_uuid: "159e03bce89441aa8551dc4bfb39965f" member_type: VOTER last_known_addr { host: "127.6.223.190" port: 39097 } } peers { permanent_uuid: "da23c4796bb24a5fb36b5e53a3aa06ad" member_type: VOTER last_known_addr { host: "127.6.223.189" port: 33623 } } peers { permanent_uuid: "4d9da8604f0f4c759c3f02b7eea4c1d4" member_type: VOTER last_known_addr { host: "127.6.223.188" port: 42171 } } }
I20260630 12:24:50.695554  7244 sys_catalog.cc:458] T 00000000000000000000000000000000 P da23c4796bb24a5fb36b5e53a3aa06ad [sys.catalog]: This master's current role is: FOLLOWER
I20260630 12:24:50.698297  7038 ts_tablet_manager.cc:585] Loaded tablet metadata (0 total tablets, 0 live tablets)
I20260630 12:24:50.698609  7038 ts_tablet_manager.cc:531] Time spent load tablet metadata: real 0.000s	user 0.000s	sys 0.000s
I20260630 12:24:50.698642  7374 mvcc.cc:204] Tried to move back new op lower bound from 7302440102516396032 to 7302440102311686144. Current Snapshot: MvccSnapshot[applied={T|T < 7302440102516396032}]
I20260630 12:24:50.698982  7038 ts_tablet_manager.cc:616] Registered 0 tablets
I20260630 12:24:50.699252  7038 ts_tablet_manager.cc:595] Time spent register tablets: real 0.000s	user 0.000s	sys 0.000s
I20260630 12:24:50.708822  7243 sys_catalog.cc:455] T 00000000000000000000000000000000 P 159e03bce89441aa8551dc4bfb39965f [sys.catalog]: SysCatalogTable state changed. Reason: Replicated consensus-only round. Latest consensus state: current_term: 1 leader_uuid: "4d9da8604f0f4c759c3f02b7eea4c1d4" committed_config { opid_index: -1 OBSOLETE_local: false peers { permanent_uuid: "159e03bce89441aa8551dc4bfb39965f" member_type: VOTER last_known_addr { host: "127.6.223.190" port: 39097 } } peers { permanent_uuid: "da23c4796bb24a5fb36b5e53a3aa06ad" member_type: VOTER last_known_addr { host: "127.6.223.189" port: 33623 } } peers { permanent_uuid: "4d9da8604f0f4c759c3f02b7eea4c1d4" member_type: VOTER last_known_addr { host: "127.6.223.188" port: 42171 } } }
I20260630 12:24:50.711256  7243 sys_catalog.cc:458] T 00000000000000000000000000000000 P 159e03bce89441aa8551dc4bfb39965f [sys.catalog]: This master's current role is: FOLLOWER
I20260630 12:24:50.717044  7245 sys_catalog.cc:455] T 00000000000000000000000000000000 P 4d9da8604f0f4c759c3f02b7eea4c1d4 [sys.catalog]: SysCatalogTable state changed. Reason: Peer health change. Latest consensus state: current_term: 1 leader_uuid: "4d9da8604f0f4c759c3f02b7eea4c1d4" committed_config { opid_index: -1 OBSOLETE_local: false peers { permanent_uuid: "159e03bce89441aa8551dc4bfb39965f" member_type: VOTER last_known_addr { host: "127.6.223.190" port: 39097 } } peers { permanent_uuid: "da23c4796bb24a5fb36b5e53a3aa06ad" member_type: VOTER last_known_addr { host: "127.6.223.189" port: 33623 } } peers { permanent_uuid: "4d9da8604f0f4c759c3f02b7eea4c1d4" member_type: VOTER last_known_addr { host: "127.6.223.188" port: 42171 } } }
I20260630 12:24:50.717842  7245 sys_catalog.cc:458] T 00000000000000000000000000000000 P 4d9da8604f0f4c759c3f02b7eea4c1d4 [sys.catalog]: This master's current role is: LEADER
I20260630 12:24:50.718510  7245 sys_catalog.cc:455] T 00000000000000000000000000000000 P 4d9da8604f0f4c759c3f02b7eea4c1d4 [sys.catalog]: SysCatalogTable state changed. Reason: Peer health change. Latest consensus state: current_term: 1 leader_uuid: "4d9da8604f0f4c759c3f02b7eea4c1d4" committed_config { opid_index: -1 OBSOLETE_local: false peers { permanent_uuid: "159e03bce89441aa8551dc4bfb39965f" member_type: VOTER last_known_addr { host: "127.6.223.190" port: 39097 } } peers { permanent_uuid: "da23c4796bb24a5fb36b5e53a3aa06ad" member_type: VOTER last_known_addr { host: "127.6.223.189" port: 33623 } } peers { permanent_uuid: "4d9da8604f0f4c759c3f02b7eea4c1d4" member_type: VOTER last_known_addr { host: "127.6.223.188" port: 42171 } } }
I20260630 12:24:50.718839  7244 sys_catalog.cc:455] T 00000000000000000000000000000000 P da23c4796bb24a5fb36b5e53a3aa06ad [sys.catalog]: SysCatalogTable state changed. Reason: Replicated consensus-only round. Latest consensus state: current_term: 1 leader_uuid: "4d9da8604f0f4c759c3f02b7eea4c1d4" committed_config { opid_index: -1 OBSOLETE_local: false peers { permanent_uuid: "159e03bce89441aa8551dc4bfb39965f" member_type: VOTER last_known_addr { host: "127.6.223.190" port: 39097 } } peers { permanent_uuid: "da23c4796bb24a5fb36b5e53a3aa06ad" member_type: VOTER last_known_addr { host: "127.6.223.189" port: 33623 } } peers { permanent_uuid: "4d9da8604f0f4c759c3f02b7eea4c1d4" member_type: VOTER last_known_addr { host: "127.6.223.188" port: 42171 } } }
I20260630 12:24:50.719211  7245 sys_catalog.cc:458] T 00000000000000000000000000000000 P 4d9da8604f0f4c759c3f02b7eea4c1d4 [sys.catalog]: This master's current role is: LEADER
I20260630 12:24:50.719512  7244 sys_catalog.cc:458] T 00000000000000000000000000000000 P da23c4796bb24a5fb36b5e53a3aa06ad [sys.catalog]: This master's current role is: FOLLOWER
I20260630 12:24:50.723590  7368 catalog_manager.cc:1383] Generated new cluster ID: aeb41d74556f4cf0921864c01ede6289
I20260630 12:24:50.723946  7368 catalog_manager.cc:1531] Initializing Kudu internal certificate authority...
I20260630 12:24:50.764999  7368 catalog_manager.cc:1406] Generated new certificate authority record
I20260630 12:24:50.767141  7368 catalog_manager.cc:1540] Loading token signing keys...
I20260630 12:24:50.800295  7368 catalog_manager.cc:6070] T 00000000000000000000000000000000 P 4d9da8604f0f4c759c3f02b7eea4c1d4: Generated new TSK 0
I20260630 12:24:50.801708  7368 catalog_manager.cc:1550] Initializing in-progress tserver states...
I20260630 12:24:50.849495  7038 rpc_server.cc:307] RPC server started. Bound to: 127.6.223.130:42525
I20260630 12:24:50.849680  7440 acceptor_pool.cc:272] collecting diagnostics on the listening RPC socket 127.6.223.130:42525 every 8 connection(s)
I20260630 12:24:50.873118  7038 file_cache.cc:492] Constructed file cache file cache with capacity 419430
I20260630 12:24:50.875861  7441 heartbeater.cc:344] Connected to a master server at 127.6.223.188:42171
I20260630 12:24:50.876344  7441 heartbeater.cc:461] Registering TS with master...
I20260630 12:24:50.877450  7441 heartbeater.cc:507] Master 127.6.223.188:42171 requested a full tablet report, sending...
I20260630 12:24:50.881558  7200 ts_manager.cc:194] Registered new tserver with Master: df9fee4e1c1c4dc7997d5840f46752c0 (127.6.223.130:42525)
I20260630 12:24:50.885300  7200 master_service.cc:502] Signed X509 certificate for tserver {username='slave'} at 127.0.0.1:51824
I20260630 12:24:50.893203  7443 heartbeater.cc:344] Connected to a master server at 127.6.223.190:39097
I20260630 12:24:50.893640  7443 heartbeater.cc:461] Registering TS with master...
I20260630 12:24:50.894567  7442 heartbeater.cc:344] Connected to a master server at 127.6.223.189:33623
I20260630 12:24:50.894960  7442 heartbeater.cc:461] Registering TS with master...
I20260630 12:24:50.895680  7442 heartbeater.cc:507] Master 127.6.223.189:33623 requested a full tablet report, sending...
I20260630 12:24:50.896683  7443 heartbeater.cc:507] Master 127.6.223.190:39097 requested a full tablet report, sending...
W20260630 12:24:50.898336  7448 instance_detector.cc:116] could not retrieve AWS instance metadata: Network error: curl error: HTTP response code said error: The requested URL returned error: 404
I20260630 12:24:50.898454  7135 ts_manager.cc:194] Registered new tserver with Master: df9fee4e1c1c4dc7997d5840f46752c0 (127.6.223.130:42525)
I20260630 12:24:50.899039  7070 ts_manager.cc:194] Registered new tserver with Master: df9fee4e1c1c4dc7997d5840f46752c0 (127.6.223.130:42525)
W20260630 12:24:50.903620  7449 instance_detector.cc:116] could not retrieve Azure instance metadata: Network error: curl error: HTTP response code said error: The requested URL returned error: 404
I20260630 12:24:50.907371  7038 server_base.cc:1061] running on GCE node
W20260630 12:24:50.907649  7451 instance_detector.cc:116] could not retrieve OpenStack instance metadata: Network error: curl error: HTTP response code said error: The requested URL returned error: 404
I20260630 12:24:50.908723  7038 hybrid_clock.cc:584] initializing the hybrid clock with 'system_unsync' time source
W20260630 12:24:50.909021  7038 system_unsync_time.cc:38] NTP support is disabled. Clock error bounds will not be accurate. This configuration is not suitable for distributed clusters.
I20260630 12:24:50.909240  7038 hybrid_clock.cc:648] HybridClock initialized: now 1782822290909221 us; error 0 us; skew 500 ppm
I20260630 12:24:50.909953  7038 server_base.cc:861] Flag tcmalloc_max_total_thread_cache_bytes is not working since tcmalloc is not enabled.
I20260630 12:24:50.912731  7038 webserver.cc:533] Webserver started at http://127.6.223.131:43817/ using document root <none> and password file <none>
I20260630 12:24:50.913383  7038 fs_manager.cc:362] Metadata directory not provided
I20260630 12:24:50.913630  7038 fs_manager.cc:368] Using write-ahead log directory (fs_wal_dir) as metadata directory
I20260630 12:24:50.913952  7038 server_base.cc:909] This appears to be a new deployment of Kudu; creating new FS layout
I20260630 12:24:50.915349  7038 fs_manager.cc:1068] Generated new instance metadata in path /tmp/dist-test-taskNsRdI3/test-tmp/auto_rebalancer-test.0.AutoRebalancerTest.OnlyLeaderDoesAutoRebalancing.1782822288489936-7038-0/minicluster-data/ts-2-root/instance:
uuid: "1e8f6035d42f4f1d982efa50d905b68d"
format_stamp: "Formatted at 2026-06-30 12:24:50 on dist-test-slave-kcgh"
I20260630 12:24:50.920990  7038 fs_manager.cc:696] Time spent creating directory manager: real 0.005s	user 0.006s	sys 0.001s
I20260630 12:24:50.924741  7456 log_block_manager.cc:4031] Time spent loading block containers with low live blocks: real 0.000s	user 0.000s	sys 0.000s
I20260630 12:24:50.925657  7038 fs_manager.cc:730] Time spent opening block manager: real 0.003s	user 0.003s	sys 0.000s
I20260630 12:24:50.925962  7038 fs_manager.cc:647] Opened local filesystem: /tmp/dist-test-taskNsRdI3/test-tmp/auto_rebalancer-test.0.AutoRebalancerTest.OnlyLeaderDoesAutoRebalancing.1782822288489936-7038-0/minicluster-data/ts-2-root
uuid: "1e8f6035d42f4f1d982efa50d905b68d"
format_stamp: "Formatted at 2026-06-30 12:24:50 on dist-test-slave-kcgh"
I20260630 12:24:50.926267  7038 fs_report.cc:389] FS layout report
--------------------
wal directory: /tmp/dist-test-taskNsRdI3/test-tmp/auto_rebalancer-test.0.AutoRebalancerTest.OnlyLeaderDoesAutoRebalancing.1782822288489936-7038-0/minicluster-data/ts-2-root
metadata directory: /tmp/dist-test-taskNsRdI3/test-tmp/auto_rebalancer-test.0.AutoRebalancerTest.OnlyLeaderDoesAutoRebalancing.1782822288489936-7038-0/minicluster-data/ts-2-root
1 data directories: /tmp/dist-test-taskNsRdI3/test-tmp/auto_rebalancer-test.0.AutoRebalancerTest.OnlyLeaderDoesAutoRebalancing.1782822288489936-7038-0/minicluster-data/ts-2-root/data
Total live blocks: 0
Total live bytes: 0
Total live bytes (after alignment): 0
Total number of LBM containers: 0 (0 full)
Did not check for missing blocks
Did not check for orphaned blocks
Total full LBM containers with extra space: 0 (0 repaired)
Total full LBM container extra space in bytes: 0 (0 repaired)
Total incomplete LBM containers: 0 (0 repaired)
Total LBM partial records: 0 (0 repaired)
Total corrupted LBM metadata records in RocksDB: 0 (0 repaired)
I20260630 12:24:50.940233  7038 rpc_server.cc:225] running with OpenSSL 1.1.1  11 Sep 2018
I20260630 12:24:50.941656  7038 kserver.cc:163] Server-wide thread pool size limit: 3276
I20260630 12:24:50.943922  7038 txn_system_client.cc:432] TxnSystemClient initialization is disabled...
I20260630 12:24:50.946842  7038 ts_tablet_manager.cc:585] Loaded tablet metadata (0 total tablets, 0 live tablets)
I20260630 12:24:50.947054  7038 ts_tablet_manager.cc:531] Time spent load tablet metadata: real 0.000s	user 0.000s	sys 0.000s
I20260630 12:24:50.947274  7038 ts_tablet_manager.cc:616] Registered 0 tablets
I20260630 12:24:50.947484  7038 ts_tablet_manager.cc:595] Time spent register tablets: real 0.000s	user 0.000s	sys 0.000s
I20260630 12:24:51.033551  7038 rpc_server.cc:307] RPC server started. Bound to: 127.6.223.131:35827
I20260630 12:24:51.033675  7518 acceptor_pool.cc:272] collecting diagnostics on the listening RPC socket 127.6.223.131:35827 every 8 connection(s)
I20260630 12:24:51.059131  7519 heartbeater.cc:344] Connected to a master server at 127.6.223.188:42171
I20260630 12:24:51.059593  7519 heartbeater.cc:461] Registering TS with master...
I20260630 12:24:51.060544  7519 heartbeater.cc:507] Master 127.6.223.188:42171 requested a full tablet report, sending...
I20260630 12:24:51.062811  7200 ts_manager.cc:194] Registered new tserver with Master: 1e8f6035d42f4f1d982efa50d905b68d (127.6.223.131:35827)
I20260630 12:24:51.066123  7200 master_service.cc:502] Signed X509 certificate for tserver {username='slave'} at 127.0.0.1:51840
I20260630 12:24:51.068110  7522 heartbeater.cc:344] Connected to a master server at 127.6.223.190:39097
I20260630 12:24:51.068528  7522 heartbeater.cc:461] Registering TS with master...
I20260630 12:24:51.069196  7522 heartbeater.cc:507] Master 127.6.223.190:39097 requested a full tablet report, sending...
I20260630 12:24:51.070221  7520 heartbeater.cc:344] Connected to a master server at 127.6.223.189:33623
I20260630 12:24:51.070616  7520 heartbeater.cc:461] Registering TS with master...
I20260630 12:24:51.071126  7520 heartbeater.cc:507] Master 127.6.223.189:33623 requested a full tablet report, sending...
I20260630 12:24:51.073326  7070 ts_manager.cc:194] Registered new tserver with Master: 1e8f6035d42f4f1d982efa50d905b68d (127.6.223.131:35827)
I20260630 12:24:51.073680  7135 ts_manager.cc:194] Registered new tserver with Master: 1e8f6035d42f4f1d982efa50d905b68d (127.6.223.131:35827)
I20260630 12:24:51.074908  7038 internal_mini_cluster.cc:371] 3 TS(s) registered with all masters after 0.01815367s
I20260630 12:24:51.362583  7279 catalog_manager.cc:1295] Loaded cluster ID: aeb41d74556f4cf0921864c01ede6289
I20260630 12:24:51.362860  7279 catalog_manager.cc:1588] T 00000000000000000000000000000000 P 159e03bce89441aa8551dc4bfb39965f: loading cluster ID for follower catalog manager: success
I20260630 12:24:51.364888  7271 catalog_manager.cc:1295] Loaded cluster ID: aeb41d74556f4cf0921864c01ede6289
I20260630 12:24:51.365396  7271 catalog_manager.cc:1588] T 00000000000000000000000000000000 P da23c4796bb24a5fb36b5e53a3aa06ad: loading cluster ID for follower catalog manager: success
I20260630 12:24:51.368417  7279 catalog_manager.cc:1610] T 00000000000000000000000000000000 P 159e03bce89441aa8551dc4bfb39965f: acquiring CA information for follower catalog manager: success
I20260630 12:24:51.372470  7271 catalog_manager.cc:1610] T 00000000000000000000000000000000 P da23c4796bb24a5fb36b5e53a3aa06ad: acquiring CA information for follower catalog manager: success
I20260630 12:24:51.372686  7279 catalog_manager.cc:1638] T 00000000000000000000000000000000 P 159e03bce89441aa8551dc4bfb39965f: importing token verification keys for follower catalog manager: success; most recent TSK sequence number 0
I20260630 12:24:51.377868  7271 catalog_manager.cc:1638] T 00000000000000000000000000000000 P da23c4796bb24a5fb36b5e53a3aa06ad: importing token verification keys for follower catalog manager: success; most recent TSK sequence number 0
I20260630 12:24:51.635097  7200 master_service.cc:502] Signed X509 certificate for tserver {username='slave'} at 127.0.0.1:51816
I20260630 12:24:51.895164  7441 heartbeater.cc:499] Master 127.6.223.188:42171 was elected leader, sending a full tablet report...
I20260630 12:24:52.068856  7519 heartbeater.cc:499] Master 127.6.223.188:42171 was elected leader, sending a full tablet report...
I20260630 12:24:52.348601  7274 auto_leader_rebalancer.cc:515] All tables' leader rebalancing finished this round
I20260630 12:24:52.447842  7200 catalog_manager.cc:2283] Servicing CreateTable request from {username='slave'} at 127.0.0.1:51850:
name: "test-workload"
schema {
  columns {
    name: "key"
    type: INT32
    is_key: true
    is_nullable: false
    encoding: AUTO_ENCODING
    compression: DEFAULT_COMPRESSION
    cfile_block_size: 0
    immutable: false
  }
  columns {
    name: "int_val"
    type: INT32
    is_key: false
    is_nullable: false
    encoding: AUTO_ENCODING
    compression: DEFAULT_COMPRESSION
    cfile_block_size: 0
    immutable: false
  }
  columns {
    name: "string_val"
    type: STRING
    is_key: false
    is_nullable: true
    encoding: AUTO_ENCODING
    compression: DEFAULT_COMPRESSION
    cfile_block_size: 0
    immutable: false
  }
}
num_replicas: 1
split_rows_range_bounds {
  rows: "\004\001\000\377\377\377\037\004\001\000\376\377\377?\004\001\000\375\377\377_""\004\001\000\377\377\377\037\004\001\000\376\377\377?\004\001\000\375\377\377_"
  indirect_data: """"
}
partition_schema {
  range_schema {
    columns {
      name: "key"
    }
  }
}
I20260630 12:24:52.520804  7405 tablet_service.cc:1511] Processing CreateTablet for tablet 03f2fc1750704945a150ec3a1810ce76 (DEFAULT_TABLE table=test-workload [id=c7b03010e8f04e5cbdb3a87fdab0f2da]), partition=RANGE (key) PARTITION VALUES < 536870911
I20260630 12:24:52.522492  7405 data_dirs.cc:400] Could only allocate 1 dirs of requested 3 for tablet 03f2fc1750704945a150ec3a1810ce76. 1 dirs total, 0 dirs full, 0 dirs failed
I20260630 12:24:52.523612  7316 tablet_service.cc:1511] Processing CreateTablet for tablet f162999a443b4eeca87ac0da8d28a74f (DEFAULT_TABLE table=test-workload [id=c7b03010e8f04e5cbdb3a87fdab0f2da]), partition=RANGE (key) PARTITION 536870911 <= VALUES < 1073741822
I20260630 12:24:52.524019  7315 tablet_service.cc:1511] Processing CreateTablet for tablet a656a6ff06a940678a332c3b7319947e (DEFAULT_TABLE table=test-workload [id=c7b03010e8f04e5cbdb3a87fdab0f2da]), partition=RANGE (key) PARTITION 1610612733 <= VALUES
I20260630 12:24:52.524710  7316 data_dirs.cc:400] Could only allocate 1 dirs of requested 3 for tablet f162999a443b4eeca87ac0da8d28a74f. 1 dirs total, 0 dirs full, 0 dirs failed
I20260630 12:24:52.525274  7315 data_dirs.cc:400] Could only allocate 1 dirs of requested 3 for tablet a656a6ff06a940678a332c3b7319947e. 1 dirs total, 0 dirs full, 0 dirs failed
I20260630 12:24:52.526150  7484 tablet_service.cc:1511] Processing CreateTablet for tablet 1300514f3df140509bad347f696c8c33 (DEFAULT_TABLE table=test-workload [id=c7b03010e8f04e5cbdb3a87fdab0f2da]), partition=RANGE (key) PARTITION 1073741822 <= VALUES < 1610612733
I20260630 12:24:52.527346  7484 data_dirs.cc:400] Could only allocate 1 dirs of requested 3 for tablet 1300514f3df140509bad347f696c8c33. 1 dirs total, 0 dirs full, 0 dirs failed
I20260630 12:24:52.547019  7558 tablet_bootstrap.cc:492] T 1300514f3df140509bad347f696c8c33 P 1e8f6035d42f4f1d982efa50d905b68d: Bootstrap starting.
I20260630 12:24:52.549777  7559 tablet_bootstrap.cc:492] T 03f2fc1750704945a150ec3a1810ce76 P df9fee4e1c1c4dc7997d5840f46752c0: Bootstrap starting.
I20260630 12:24:52.549919  7557 tablet_bootstrap.cc:492] T f162999a443b4eeca87ac0da8d28a74f P f296c15cc938490f81f874910effe28c: Bootstrap starting.
I20260630 12:24:52.552961  7558 tablet_bootstrap.cc:654] T 1300514f3df140509bad347f696c8c33 P 1e8f6035d42f4f1d982efa50d905b68d: Neither blocks nor log segments found. Creating new log.
I20260630 12:24:52.557538  7559 tablet_bootstrap.cc:654] T 03f2fc1750704945a150ec3a1810ce76 P df9fee4e1c1c4dc7997d5840f46752c0: Neither blocks nor log segments found. Creating new log.
I20260630 12:24:52.557793  7557 tablet_bootstrap.cc:654] T f162999a443b4eeca87ac0da8d28a74f P f296c15cc938490f81f874910effe28c: Neither blocks nor log segments found. Creating new log.
I20260630 12:24:52.558825  7558 tablet_bootstrap.cc:492] T 1300514f3df140509bad347f696c8c33 P 1e8f6035d42f4f1d982efa50d905b68d: No bootstrap required, opened a new log
I20260630 12:24:52.559406  7558 ts_tablet_manager.cc:1403] T 1300514f3df140509bad347f696c8c33 P 1e8f6035d42f4f1d982efa50d905b68d: Time spent bootstrapping tablet: real 0.013s	user 0.010s	sys 0.002s
I20260630 12:24:52.562615  7558 raft_consensus.cc:359] T 1300514f3df140509bad347f696c8c33 P 1e8f6035d42f4f1d982efa50d905b68d [term 0 FOLLOWER]: Replica starting. Triggering 0 pending ops. Active config: opid_index: -1 OBSOLETE_local: true peers { permanent_uuid: "1e8f6035d42f4f1d982efa50d905b68d" member_type: VOTER last_known_addr { host: "127.6.223.131" port: 35827 } }
I20260630 12:24:52.563333  7558 raft_consensus.cc:385] T 1300514f3df140509bad347f696c8c33 P 1e8f6035d42f4f1d982efa50d905b68d [term 0 FOLLOWER]: Consensus starting up: Expiring failure detector timer to make a prompt election more likely
I20260630 12:24:52.563680  7558 raft_consensus.cc:740] T 1300514f3df140509bad347f696c8c33 P 1e8f6035d42f4f1d982efa50d905b68d [term 0 FOLLOWER]: Becoming Follower/Learner. State: Replica: 1e8f6035d42f4f1d982efa50d905b68d, State: Initialized, Role: FOLLOWER
I20260630 12:24:52.564603  7559 tablet_bootstrap.cc:492] T 03f2fc1750704945a150ec3a1810ce76 P df9fee4e1c1c4dc7997d5840f46752c0: No bootstrap required, opened a new log
I20260630 12:24:52.564834  7558 consensus_queue.cc:260] T 1300514f3df140509bad347f696c8c33 P 1e8f6035d42f4f1d982efa50d905b68d [NON_LEADER]: Queue going to NON_LEADER mode. State: All replicated index: 0, Majority replicated index: 0, Committed index: 0, Last appended: 0.0, Last appended by leader: 0, Current term: 0, Majority size: -1, State: 0, Mode: NON_LEADER, active raft config: opid_index: -1 OBSOLETE_local: true peers { permanent_uuid: "1e8f6035d42f4f1d982efa50d905b68d" member_type: VOTER last_known_addr { host: "127.6.223.131" port: 35827 } }
I20260630 12:24:52.565101  7559 ts_tablet_manager.cc:1403] T 03f2fc1750704945a150ec3a1810ce76 P df9fee4e1c1c4dc7997d5840f46752c0: Time spent bootstrapping tablet: real 0.016s	user 0.006s	sys 0.007s
I20260630 12:24:52.565476  7558 raft_consensus.cc:399] T 1300514f3df140509bad347f696c8c33 P 1e8f6035d42f4f1d982efa50d905b68d [term 0 FOLLOWER]: Only one voter in the Raft config. Triggering election immediately
I20260630 12:24:52.565714  7557 tablet_bootstrap.cc:492] T f162999a443b4eeca87ac0da8d28a74f P f296c15cc938490f81f874910effe28c: No bootstrap required, opened a new log
I20260630 12:24:52.565785  7558 raft_consensus.cc:493] T 1300514f3df140509bad347f696c8c33 P 1e8f6035d42f4f1d982efa50d905b68d [term 0 FOLLOWER]: Starting leader election (initial election of a single-replica configuration)
I20260630 12:24:52.566255  7558 raft_consensus.cc:3060] T 1300514f3df140509bad347f696c8c33 P 1e8f6035d42f4f1d982efa50d905b68d [term 0 FOLLOWER]: Advancing to term 1
I20260630 12:24:52.566306  7557 ts_tablet_manager.cc:1403] T f162999a443b4eeca87ac0da8d28a74f P f296c15cc938490f81f874910effe28c: Time spent bootstrapping tablet: real 0.017s	user 0.011s	sys 0.005s
I20260630 12:24:52.568214  7559 raft_consensus.cc:359] T 03f2fc1750704945a150ec3a1810ce76 P df9fee4e1c1c4dc7997d5840f46752c0 [term 0 FOLLOWER]: Replica starting. Triggering 0 pending ops. Active config: opid_index: -1 OBSOLETE_local: true peers { permanent_uuid: "df9fee4e1c1c4dc7997d5840f46752c0" member_type: VOTER last_known_addr { host: "127.6.223.130" port: 42525 } }
I20260630 12:24:52.568784  7559 raft_consensus.cc:385] T 03f2fc1750704945a150ec3a1810ce76 P df9fee4e1c1c4dc7997d5840f46752c0 [term 0 FOLLOWER]: Consensus starting up: Expiring failure detector timer to make a prompt election more likely
I20260630 12:24:52.569098  7559 raft_consensus.cc:740] T 03f2fc1750704945a150ec3a1810ce76 P df9fee4e1c1c4dc7997d5840f46752c0 [term 0 FOLLOWER]: Becoming Follower/Learner. State: Replica: df9fee4e1c1c4dc7997d5840f46752c0, State: Initialized, Role: FOLLOWER
I20260630 12:24:52.569217  7557 raft_consensus.cc:359] T f162999a443b4eeca87ac0da8d28a74f P f296c15cc938490f81f874910effe28c [term 0 FOLLOWER]: Replica starting. Triggering 0 pending ops. Active config: opid_index: -1 OBSOLETE_local: true peers { permanent_uuid: "f296c15cc938490f81f874910effe28c" member_type: VOTER last_known_addr { host: "127.6.223.129" port: 46179 } }
I20260630 12:24:52.569818  7557 raft_consensus.cc:385] T f162999a443b4eeca87ac0da8d28a74f P f296c15cc938490f81f874910effe28c [term 0 FOLLOWER]: Consensus starting up: Expiring failure detector timer to make a prompt election more likely
I20260630 12:24:52.569855  7559 consensus_queue.cc:260] T 03f2fc1750704945a150ec3a1810ce76 P df9fee4e1c1c4dc7997d5840f46752c0 [NON_LEADER]: Queue going to NON_LEADER mode. State: All replicated index: 0, Majority replicated index: 0, Committed index: 0, Last appended: 0.0, Last appended by leader: 0, Current term: 0, Majority size: -1, State: 0, Mode: NON_LEADER, active raft config: opid_index: -1 OBSOLETE_local: true peers { permanent_uuid: "df9fee4e1c1c4dc7997d5840f46752c0" member_type: VOTER last_known_addr { host: "127.6.223.130" port: 42525 } }
I20260630 12:24:52.570254  7557 raft_consensus.cc:740] T f162999a443b4eeca87ac0da8d28a74f P f296c15cc938490f81f874910effe28c [term 0 FOLLOWER]: Becoming Follower/Learner. State: Replica: f296c15cc938490f81f874910effe28c, State: Initialized, Role: FOLLOWER
I20260630 12:24:52.570606  7559 raft_consensus.cc:399] T 03f2fc1750704945a150ec3a1810ce76 P df9fee4e1c1c4dc7997d5840f46752c0 [term 0 FOLLOWER]: Only one voter in the Raft config. Triggering election immediately
I20260630 12:24:52.570995  7559 raft_consensus.cc:493] T 03f2fc1750704945a150ec3a1810ce76 P df9fee4e1c1c4dc7997d5840f46752c0 [term 0 FOLLOWER]: Starting leader election (initial election of a single-replica configuration)
I20260630 12:24:52.571058  7558 raft_consensus.cc:515] T 1300514f3df140509bad347f696c8c33 P 1e8f6035d42f4f1d982efa50d905b68d [term 1 FOLLOWER]: Starting leader election with config: opid_index: -1 OBSOLETE_local: true peers { permanent_uuid: "1e8f6035d42f4f1d982efa50d905b68d" member_type: VOTER last_known_addr { host: "127.6.223.131" port: 35827 } }
I20260630 12:24:52.570960  7557 consensus_queue.cc:260] T f162999a443b4eeca87ac0da8d28a74f P f296c15cc938490f81f874910effe28c [NON_LEADER]: Queue going to NON_LEADER mode. State: All replicated index: 0, Majority replicated index: 0, Committed index: 0, Last appended: 0.0, Last appended by leader: 0, Current term: 0, Majority size: -1, State: 0, Mode: NON_LEADER, active raft config: opid_index: -1 OBSOLETE_local: true peers { permanent_uuid: "f296c15cc938490f81f874910effe28c" member_type: VOTER last_known_addr { host: "127.6.223.129" port: 46179 } }
I20260630 12:24:52.571610  7559 raft_consensus.cc:3060] T 03f2fc1750704945a150ec3a1810ce76 P df9fee4e1c1c4dc7997d5840f46752c0 [term 0 FOLLOWER]: Advancing to term 1
I20260630 12:24:52.571879  7557 raft_consensus.cc:399] T f162999a443b4eeca87ac0da8d28a74f P f296c15cc938490f81f874910effe28c [term 0 FOLLOWER]: Only one voter in the Raft config. Triggering election immediately
I20260630 12:24:52.571883  7558 leader_election.cc:304] T 1300514f3df140509bad347f696c8c33 P 1e8f6035d42f4f1d982efa50d905b68d [CANDIDATE]: Term 1 election: Election decided. Result: candidate won. Election summary: received 1 responses out of 1 voters: 1 yes votes; 0 no votes. yes voters: 1e8f6035d42f4f1d982efa50d905b68d; no voters: 
I20260630 12:24:52.572449  7557 raft_consensus.cc:493] T f162999a443b4eeca87ac0da8d28a74f P f296c15cc938490f81f874910effe28c [term 0 FOLLOWER]: Starting leader election (initial election of a single-replica configuration)
I20260630 12:24:52.572906  7557 raft_consensus.cc:3060] T f162999a443b4eeca87ac0da8d28a74f P f296c15cc938490f81f874910effe28c [term 0 FOLLOWER]: Advancing to term 1
I20260630 12:24:52.576186  7558 leader_election.cc:290] T 1300514f3df140509bad347f696c8c33 P 1e8f6035d42f4f1d982efa50d905b68d [CANDIDATE]: Term 1 election: Requested vote from peers 
I20260630 12:24:52.576644  7563 raft_consensus.cc:2804] T 1300514f3df140509bad347f696c8c33 P 1e8f6035d42f4f1d982efa50d905b68d [term 1 FOLLOWER]: Leader election won for term 1
I20260630 12:24:52.578253  7559 raft_consensus.cc:515] T 03f2fc1750704945a150ec3a1810ce76 P df9fee4e1c1c4dc7997d5840f46752c0 [term 1 FOLLOWER]: Starting leader election with config: opid_index: -1 OBSOLETE_local: true peers { permanent_uuid: "df9fee4e1c1c4dc7997d5840f46752c0" member_type: VOTER last_known_addr { host: "127.6.223.130" port: 42525 } }
I20260630 12:24:52.579107  7559 leader_election.cc:304] T 03f2fc1750704945a150ec3a1810ce76 P df9fee4e1c1c4dc7997d5840f46752c0 [CANDIDATE]: Term 1 election: Election decided. Result: candidate won. Election summary: received 1 responses out of 1 voters: 1 yes votes; 0 no votes. yes voters: df9fee4e1c1c4dc7997d5840f46752c0; no voters: 
I20260630 12:24:52.579439  7557 raft_consensus.cc:515] T f162999a443b4eeca87ac0da8d28a74f P f296c15cc938490f81f874910effe28c [term 1 FOLLOWER]: Starting leader election with config: opid_index: -1 OBSOLETE_local: true peers { permanent_uuid: "f296c15cc938490f81f874910effe28c" member_type: VOTER last_known_addr { host: "127.6.223.129" port: 46179 } }
I20260630 12:24:52.580209  7557 leader_election.cc:304] T f162999a443b4eeca87ac0da8d28a74f P f296c15cc938490f81f874910effe28c [CANDIDATE]: Term 1 election: Election decided. Result: candidate won. Election summary: received 1 responses out of 1 voters: 1 yes votes; 0 no votes. yes voters: f296c15cc938490f81f874910effe28c; no voters: 
I20260630 12:24:52.584915  7563 raft_consensus.cc:697] T 1300514f3df140509bad347f696c8c33 P 1e8f6035d42f4f1d982efa50d905b68d [term 1 LEADER]: Becoming Leader. State: Replica: 1e8f6035d42f4f1d982efa50d905b68d, State: Running, Role: LEADER
I20260630 12:24:52.585208  7557 leader_election.cc:290] T f162999a443b4eeca87ac0da8d28a74f P f296c15cc938490f81f874910effe28c [CANDIDATE]: Term 1 election: Requested vote from peers 
I20260630 12:24:52.585846  7563 consensus_queue.cc:237] T 1300514f3df140509bad347f696c8c33 P 1e8f6035d42f4f1d982efa50d905b68d [LEADER]: Queue going to LEADER mode. State: All replicated index: 0, Majority replicated index: 0, Committed index: 0, Last appended: 0.0, Last appended by leader: 0, Current term: 1, Majority size: 1, State: 0, Mode: LEADER, active raft config: opid_index: -1 OBSOLETE_local: true peers { permanent_uuid: "1e8f6035d42f4f1d982efa50d905b68d" member_type: VOTER last_known_addr { host: "127.6.223.131" port: 35827 } }
I20260630 12:24:52.585860  7558 ts_tablet_manager.cc:1434] T 1300514f3df140509bad347f696c8c33 P 1e8f6035d42f4f1d982efa50d905b68d: Time spent starting tablet: real 0.026s	user 0.011s	sys 0.013s
I20260630 12:24:52.587561  7567 raft_consensus.cc:2804] T f162999a443b4eeca87ac0da8d28a74f P f296c15cc938490f81f874910effe28c [term 1 FOLLOWER]: Leader election won for term 1
I20260630 12:24:52.589470  7559 leader_election.cc:290] T 03f2fc1750704945a150ec3a1810ce76 P df9fee4e1c1c4dc7997d5840f46752c0 [CANDIDATE]: Term 1 election: Requested vote from peers 
I20260630 12:24:52.589886  7566 raft_consensus.cc:2804] T 03f2fc1750704945a150ec3a1810ce76 P df9fee4e1c1c4dc7997d5840f46752c0 [term 1 FOLLOWER]: Leader election won for term 1
I20260630 12:24:52.592814  7351 heartbeater.cc:499] Master 127.6.223.188:42171 was elected leader, sending a full tablet report...
I20260630 12:24:52.594609  7557 ts_tablet_manager.cc:1434] T f162999a443b4eeca87ac0da8d28a74f P f296c15cc938490f81f874910effe28c: Time spent starting tablet: real 0.028s	user 0.014s	sys 0.007s
I20260630 12:24:52.594946  7567 raft_consensus.cc:697] T f162999a443b4eeca87ac0da8d28a74f P f296c15cc938490f81f874910effe28c [term 1 LEADER]: Becoming Leader. State: Replica: f296c15cc938490f81f874910effe28c, State: Running, Role: LEADER
I20260630 12:24:52.597111  7557 tablet_bootstrap.cc:492] T a656a6ff06a940678a332c3b7319947e P f296c15cc938490f81f874910effe28c: Bootstrap starting.
I20260630 12:24:52.598556  7559 ts_tablet_manager.cc:1434] T 03f2fc1750704945a150ec3a1810ce76 P df9fee4e1c1c4dc7997d5840f46752c0: Time spent starting tablet: real 0.033s	user 0.016s	sys 0.015s
I20260630 12:24:52.597361  7567 consensus_queue.cc:237] T f162999a443b4eeca87ac0da8d28a74f P f296c15cc938490f81f874910effe28c [LEADER]: Queue going to LEADER mode. State: All replicated index: 0, Majority replicated index: 0, Committed index: 0, Last appended: 0.0, Last appended by leader: 0, Current term: 1, Majority size: 1, State: 0, Mode: LEADER, active raft config: opid_index: -1 OBSOLETE_local: true peers { permanent_uuid: "f296c15cc938490f81f874910effe28c" member_type: VOTER last_known_addr { host: "127.6.223.129" port: 46179 } }
I20260630 12:24:52.605094  7557 tablet_bootstrap.cc:654] T a656a6ff06a940678a332c3b7319947e P f296c15cc938490f81f874910effe28c: Neither blocks nor log segments found. Creating new log.
I20260630 12:24:52.611063  7566 raft_consensus.cc:697] T 03f2fc1750704945a150ec3a1810ce76 P df9fee4e1c1c4dc7997d5840f46752c0 [term 1 LEADER]: Becoming Leader. State: Replica: df9fee4e1c1c4dc7997d5840f46752c0, State: Running, Role: LEADER
I20260630 12:24:52.611881  7566 consensus_queue.cc:237] T 03f2fc1750704945a150ec3a1810ce76 P df9fee4e1c1c4dc7997d5840f46752c0 [LEADER]: Queue going to LEADER mode. State: All replicated index: 0, Majority replicated index: 0, Committed index: 0, Last appended: 0.0, Last appended by leader: 0, Current term: 1, Majority size: 1, State: 0, Mode: LEADER, active raft config: opid_index: -1 OBSOLETE_local: true peers { permanent_uuid: "df9fee4e1c1c4dc7997d5840f46752c0" member_type: VOTER last_known_addr { host: "127.6.223.130" port: 42525 } }
I20260630 12:24:52.622924  7199 catalog_manager.cc:5697] T f162999a443b4eeca87ac0da8d28a74f P f296c15cc938490f81f874910effe28c reported cstate change: term changed from 0 to 1, leader changed from <none> to f296c15cc938490f81f874910effe28c (127.6.223.129). New cstate: current_term: 1 leader_uuid: "f296c15cc938490f81f874910effe28c" committed_config { opid_index: -1 OBSOLETE_local: true peers { permanent_uuid: "f296c15cc938490f81f874910effe28c" member_type: VOTER last_known_addr { host: "127.6.223.129" port: 46179 } health_report { overall_health: HEALTHY } } }
I20260630 12:24:52.630153  7200 catalog_manager.cc:5697] T 1300514f3df140509bad347f696c8c33 P 1e8f6035d42f4f1d982efa50d905b68d reported cstate change: term changed from 0 to 1, leader changed from <none> to 1e8f6035d42f4f1d982efa50d905b68d (127.6.223.131). New cstate: current_term: 1 leader_uuid: "1e8f6035d42f4f1d982efa50d905b68d" committed_config { opid_index: -1 OBSOLETE_local: true peers { permanent_uuid: "1e8f6035d42f4f1d982efa50d905b68d" member_type: VOTER last_known_addr { host: "127.6.223.131" port: 35827 } health_report { overall_health: HEALTHY } } }
I20260630 12:24:52.639415  7557 tablet_bootstrap.cc:492] T a656a6ff06a940678a332c3b7319947e P f296c15cc938490f81f874910effe28c: No bootstrap required, opened a new log
I20260630 12:24:52.640014  7557 ts_tablet_manager.cc:1403] T a656a6ff06a940678a332c3b7319947e P f296c15cc938490f81f874910effe28c: Time spent bootstrapping tablet: real 0.043s	user 0.012s	sys 0.027s
I20260630 12:24:52.642797  7557 raft_consensus.cc:359] T a656a6ff06a940678a332c3b7319947e P f296c15cc938490f81f874910effe28c [term 0 FOLLOWER]: Replica starting. Triggering 0 pending ops. Active config: opid_index: -1 OBSOLETE_local: true peers { permanent_uuid: "f296c15cc938490f81f874910effe28c" member_type: VOTER last_known_addr { host: "127.6.223.129" port: 46179 } }
I20260630 12:24:52.643463  7557 raft_consensus.cc:385] T a656a6ff06a940678a332c3b7319947e P f296c15cc938490f81f874910effe28c [term 0 FOLLOWER]: Consensus starting up: Expiring failure detector timer to make a prompt election more likely
I20260630 12:24:52.643816  7557 raft_consensus.cc:740] T a656a6ff06a940678a332c3b7319947e P f296c15cc938490f81f874910effe28c [term 0 FOLLOWER]: Becoming Follower/Learner. State: Replica: f296c15cc938490f81f874910effe28c, State: Initialized, Role: FOLLOWER
I20260630 12:24:52.644697  7557 consensus_queue.cc:260] T a656a6ff06a940678a332c3b7319947e P f296c15cc938490f81f874910effe28c [NON_LEADER]: Queue going to NON_LEADER mode. State: All replicated index: 0, Majority replicated index: 0, Committed index: 0, Last appended: 0.0, Last appended by leader: 0, Current term: 0, Majority size: -1, State: 0, Mode: NON_LEADER, active raft config: opid_index: -1 OBSOLETE_local: true peers { permanent_uuid: "f296c15cc938490f81f874910effe28c" member_type: VOTER last_known_addr { host: "127.6.223.129" port: 46179 } }
I20260630 12:24:52.645437  7557 raft_consensus.cc:399] T a656a6ff06a940678a332c3b7319947e P f296c15cc938490f81f874910effe28c [term 0 FOLLOWER]: Only one voter in the Raft config. Triggering election immediately
I20260630 12:24:52.645844  7557 raft_consensus.cc:493] T a656a6ff06a940678a332c3b7319947e P f296c15cc938490f81f874910effe28c [term 0 FOLLOWER]: Starting leader election (initial election of a single-replica configuration)
I20260630 12:24:52.646256  7557 raft_consensus.cc:3060] T a656a6ff06a940678a332c3b7319947e P f296c15cc938490f81f874910effe28c [term 0 FOLLOWER]: Advancing to term 1
I20260630 12:24:52.652668  7557 raft_consensus.cc:515] T a656a6ff06a940678a332c3b7319947e P f296c15cc938490f81f874910effe28c [term 1 FOLLOWER]: Starting leader election with config: opid_index: -1 OBSOLETE_local: true peers { permanent_uuid: "f296c15cc938490f81f874910effe28c" member_type: VOTER last_known_addr { host: "127.6.223.129" port: 46179 } }
I20260630 12:24:52.653468  7557 leader_election.cc:304] T a656a6ff06a940678a332c3b7319947e P f296c15cc938490f81f874910effe28c [CANDIDATE]: Term 1 election: Election decided. Result: candidate won. Election summary: received 1 responses out of 1 voters: 1 yes votes; 0 no votes. yes voters: f296c15cc938490f81f874910effe28c; no voters: 
I20260630 12:24:52.654429  7570 raft_consensus.cc:2804] T a656a6ff06a940678a332c3b7319947e P f296c15cc938490f81f874910effe28c [term 1 FOLLOWER]: Leader election won for term 1
I20260630 12:24:52.654896  7570 raft_consensus.cc:697] T a656a6ff06a940678a332c3b7319947e P f296c15cc938490f81f874910effe28c [term 1 LEADER]: Becoming Leader. State: Replica: f296c15cc938490f81f874910effe28c, State: Running, Role: LEADER
I20260630 12:24:52.655542  7570 consensus_queue.cc:237] T a656a6ff06a940678a332c3b7319947e P f296c15cc938490f81f874910effe28c [LEADER]: Queue going to LEADER mode. State: All replicated index: 0, Majority replicated index: 0, Committed index: 0, Last appended: 0.0, Last appended by leader: 0, Current term: 1, Majority size: 1, State: 0, Mode: LEADER, active raft config: opid_index: -1 OBSOLETE_local: true peers { permanent_uuid: "f296c15cc938490f81f874910effe28c" member_type: VOTER last_known_addr { host: "127.6.223.129" port: 46179 } }
I20260630 12:24:52.660279  7557 leader_election.cc:290] T a656a6ff06a940678a332c3b7319947e P f296c15cc938490f81f874910effe28c [CANDIDATE]: Term 1 election: Requested vote from peers 
I20260630 12:24:52.662900  7557 ts_tablet_manager.cc:1434] T a656a6ff06a940678a332c3b7319947e P f296c15cc938490f81f874910effe28c: Time spent starting tablet: real 0.022s	user 0.014s	sys 0.000s
I20260630 12:24:52.645229  7198 catalog_manager.cc:5697] T 03f2fc1750704945a150ec3a1810ce76 P df9fee4e1c1c4dc7997d5840f46752c0 reported cstate change: term changed from 0 to 1, leader changed from <none> to df9fee4e1c1c4dc7997d5840f46752c0 (127.6.223.130). New cstate: current_term: 1 leader_uuid: "df9fee4e1c1c4dc7997d5840f46752c0" committed_config { opid_index: -1 OBSOLETE_local: true peers { permanent_uuid: "df9fee4e1c1c4dc7997d5840f46752c0" member_type: VOTER last_known_addr { host: "127.6.223.130" port: 42525 } health_report { overall_health: HEALTHY } } }
I20260630 12:24:52.691602  7199 catalog_manager.cc:5697] T a656a6ff06a940678a332c3b7319947e P f296c15cc938490f81f874910effe28c reported cstate change: term changed from 0 to 1, leader changed from <none> to f296c15cc938490f81f874910effe28c (127.6.223.129). New cstate: current_term: 1 leader_uuid: "f296c15cc938490f81f874910effe28c" committed_config { opid_index: -1 OBSOLETE_local: true peers { permanent_uuid: "f296c15cc938490f81f874910effe28c" member_type: VOTER last_known_addr { host: "127.6.223.129" port: 46179 } health_report { overall_health: HEALTHY } } }
I20260630 12:24:54.349799  7274 auto_leader_rebalancer.cc:141] leader rebalance for table test-workload
I20260630 12:24:54.352200  7274 auto_leader_rebalancer.cc:515] All tables' leader rebalancing finished this round
I20260630 12:24:54.748523  7038 tablet_server.cc:179] TabletServer@127.6.223.129:0 shutting down...
I20260630 12:24:54.765962  7038 ts_tablet_manager.cc:1507] Shutting down tablet manager...
I20260630 12:24:54.766726  7038 tablet_replica.cc:333] T a656a6ff06a940678a332c3b7319947e P f296c15cc938490f81f874910effe28c: stopping tablet replica
I20260630 12:24:54.767357  7038 raft_consensus.cc:2243] T a656a6ff06a940678a332c3b7319947e P f296c15cc938490f81f874910effe28c [term 1 LEADER]: Raft consensus shutting down.
I20260630 12:24:54.767838  7038 raft_consensus.cc:2272] T a656a6ff06a940678a332c3b7319947e P f296c15cc938490f81f874910effe28c [term 1 FOLLOWER]: Raft consensus is shut down!
I20260630 12:24:54.769899  7038 tablet_replica.cc:333] T f162999a443b4eeca87ac0da8d28a74f P f296c15cc938490f81f874910effe28c: stopping tablet replica
I20260630 12:24:54.770285  7038 raft_consensus.cc:2243] T f162999a443b4eeca87ac0da8d28a74f P f296c15cc938490f81f874910effe28c [term 1 LEADER]: Raft consensus shutting down.
I20260630 12:24:54.770628  7038 raft_consensus.cc:2272] T f162999a443b4eeca87ac0da8d28a74f P f296c15cc938490f81f874910effe28c [term 1 FOLLOWER]: Raft consensus is shut down!
I20260630 12:24:54.849502  7038 tablet_server.cc:196] TabletServer@127.6.223.129:0 shutdown complete.
I20260630 12:24:54.858771  7038 tablet_server.cc:179] TabletServer@127.6.223.130:0 shutting down...
I20260630 12:24:54.876092  7038 ts_tablet_manager.cc:1507] Shutting down tablet manager...
I20260630 12:24:54.876688  7038 tablet_replica.cc:333] T 03f2fc1750704945a150ec3a1810ce76 P df9fee4e1c1c4dc7997d5840f46752c0: stopping tablet replica
I20260630 12:24:54.877153  7038 raft_consensus.cc:2243] T 03f2fc1750704945a150ec3a1810ce76 P df9fee4e1c1c4dc7997d5840f46752c0 [term 1 LEADER]: Raft consensus shutting down.
I20260630 12:24:54.877586  7038 raft_consensus.cc:2272] T 03f2fc1750704945a150ec3a1810ce76 P df9fee4e1c1c4dc7997d5840f46752c0 [term 1 FOLLOWER]: Raft consensus is shut down!
I20260630 12:24:54.894815  7038 tablet_server.cc:196] TabletServer@127.6.223.130:0 shutdown complete.
I20260630 12:24:54.903165  7038 tablet_server.cc:179] TabletServer@127.6.223.131:0 shutting down...
I20260630 12:24:54.919430  7038 ts_tablet_manager.cc:1507] Shutting down tablet manager...
I20260630 12:24:54.920070  7038 tablet_replica.cc:333] T 1300514f3df140509bad347f696c8c33 P 1e8f6035d42f4f1d982efa50d905b68d: stopping tablet replica
I20260630 12:24:54.920570  7038 raft_consensus.cc:2243] T 1300514f3df140509bad347f696c8c33 P 1e8f6035d42f4f1d982efa50d905b68d [term 1 LEADER]: Raft consensus shutting down.
I20260630 12:24:54.920977  7038 raft_consensus.cc:2272] T 1300514f3df140509bad347f696c8c33 P 1e8f6035d42f4f1d982efa50d905b68d [term 1 FOLLOWER]: Raft consensus is shut down!
I20260630 12:24:54.938903  7038 tablet_server.cc:196] TabletServer@127.6.223.131:0 shutdown complete.
I20260630 12:24:54.946673  7038 master.cc:562] Master@127.6.223.190:39097 shutting down...
I20260630 12:24:55.041700  7038 raft_consensus.cc:2243] T 00000000000000000000000000000000 P 159e03bce89441aa8551dc4bfb39965f [term 1 FOLLOWER]: Raft consensus shutting down.
I20260630 12:24:55.042274  7038 raft_consensus.cc:2272] T 00000000000000000000000000000000 P 159e03bce89441aa8551dc4bfb39965f [term 1 FOLLOWER]: Raft consensus is shut down!
I20260630 12:24:55.042591  7038 tablet_replica.cc:333] T 00000000000000000000000000000000 P 159e03bce89441aa8551dc4bfb39965f: stopping tablet replica
I20260630 12:24:55.061551  7038 master.cc:584] Master@127.6.223.190:39097 shutdown complete.
I20260630 12:24:55.072395  7038 master.cc:562] Master@127.6.223.189:33623 shutting down...
I20260630 12:24:55.085759  7038 raft_consensus.cc:2243] T 00000000000000000000000000000000 P da23c4796bb24a5fb36b5e53a3aa06ad [term 1 FOLLOWER]: Raft consensus shutting down.
I20260630 12:24:55.086325  7038 raft_consensus.cc:2272] T 00000000000000000000000000000000 P da23c4796bb24a5fb36b5e53a3aa06ad [term 1 FOLLOWER]: Raft consensus is shut down!
I20260630 12:24:55.086616  7038 tablet_replica.cc:333] T 00000000000000000000000000000000 P da23c4796bb24a5fb36b5e53a3aa06ad: stopping tablet replica
I20260630 12:24:55.137816  7038 master.cc:584] Master@127.6.223.189:33623 shutdown complete.
I20260630 12:24:55.147495  7038 master.cc:562] Master@127.6.223.188:42171 shutting down...
I20260630 12:24:55.161069  7038 raft_consensus.cc:2243] T 00000000000000000000000000000000 P 4d9da8604f0f4c759c3f02b7eea4c1d4 [term 1 LEADER]: Raft consensus shutting down.
I20260630 12:24:55.161978  7038 raft_consensus.cc:2272] T 00000000000000000000000000000000 P 4d9da8604f0f4c759c3f02b7eea4c1d4 [term 1 FOLLOWER]: Raft consensus is shut down!
I20260630 12:24:55.162343  7038 tablet_replica.cc:333] T 00000000000000000000000000000000 P 4d9da8604f0f4c759c3f02b7eea4c1d4: stopping tablet replica
I20260630 12:24:55.180066  7038 master.cc:584] Master@127.6.223.188:42171 shutdown complete.
[       OK ] AutoRebalancerTest.OnlyLeaderDoesAutoRebalancing (6552 ms)
[ RUN      ] AutoRebalancerTest.AutoRebalancingTurnOffAndOn
I20260630 12:24:55.205937  7038 internal_mini_cluster.cc:156] Creating distributed mini masters. Addrs: 127.6.223.190:40377
I20260630 12:24:55.206908  7038 file_cache.cc:492] Constructed file cache file cache with capacity 419430
W20260630 12:24:55.211166  7582 instance_detector.cc:116] could not retrieve AWS instance metadata: Network error: curl error: HTTP response code said error: The requested URL returned error: 404
W20260630 12:24:55.212013  7583 instance_detector.cc:116] could not retrieve Azure instance metadata: Network error: curl error: HTTP response code said error: The requested URL returned error: 404
I20260630 12:24:55.214154  7038 server_base.cc:1061] running on GCE node
