I20260630 12:26:07.592376  9856 raft_consensus.cc:359] T c325b656252c4bd986db96be2bdce0dc P d2e46132c4d744618ceaf114211af7be [term 0 FOLLOWER]: Replica starting. Triggering 0 pending ops. Active config: opid_index: -1 OBSOLETE_local: false peers { permanent_uuid: "28ae684da85b45f49d8b5a481e9a5742" member_type: VOTER last_known_addr { host: "127.6.223.129" port: 34559 } } peers { permanent_uuid: "72b8940ccc664ba694bd3b20a4874eac" member_type: VOTER last_known_addr { host: "127.6.223.130" port: 33031 } } peers { permanent_uuid: "d2e46132c4d744618ceaf114211af7be" member_type: VOTER last_known_addr { host: "127.6.223.131" port: 35061 } }
I20260630 12:26:07.593226  9856 raft_consensus.cc:385] T c325b656252c4bd986db96be2bdce0dc P d2e46132c4d744618ceaf114211af7be [term 0 FOLLOWER]: Consensus starting up: Expiring failure detector timer to make a prompt election more likely
I20260630 12:26:07.593789  9856 raft_consensus.cc:740] T c325b656252c4bd986db96be2bdce0dc P d2e46132c4d744618ceaf114211af7be [term 0 FOLLOWER]: Becoming Follower/Learner. State: Replica: d2e46132c4d744618ceaf114211af7be, State: Initialized, Role: FOLLOWER
I20260630 12:26:07.593195  9858 raft_consensus.cc:359] T 46f5c44d78c34359aaeed6a9825f4a3c P 28ae684da85b45f49d8b5a481e9a5742 [term 0 FOLLOWER]: Replica starting. Triggering 0 pending ops. Active config: opid_index: -1 OBSOLETE_local: false peers { permanent_uuid: "d2e46132c4d744618ceaf114211af7be" member_type: VOTER last_known_addr { host: "127.6.223.131" port: 35061 } } peers { permanent_uuid: "72b8940ccc664ba694bd3b20a4874eac" member_type: VOTER last_known_addr { host: "127.6.223.130" port: 33031 } } peers { permanent_uuid: "28ae684da85b45f49d8b5a481e9a5742" member_type: VOTER last_known_addr { host: "127.6.223.129" port: 34559 } }
I20260630 12:26:07.594359  9858 raft_consensus.cc:385] T 46f5c44d78c34359aaeed6a9825f4a3c P 28ae684da85b45f49d8b5a481e9a5742 [term 0 FOLLOWER]: Consensus starting up: Expiring failure detector timer to make a prompt election more likely
I20260630 12:26:07.594727  9858 raft_consensus.cc:740] T 46f5c44d78c34359aaeed6a9825f4a3c P 28ae684da85b45f49d8b5a481e9a5742 [term 0 FOLLOWER]: Becoming Follower/Learner. State: Replica: 28ae684da85b45f49d8b5a481e9a5742, State: Initialized, Role: FOLLOWER
I20260630 12:26:07.594691  9856 consensus_queue.cc:260] T c325b656252c4bd986db96be2bdce0dc P d2e46132c4d744618ceaf114211af7be [NON_LEADER]: Queue going to NON_LEADER mode. State: All replicated index: 0, Majority replicated index: 0, Committed index: 0, Last appended: 0.0, Last appended by leader: 0, Current term: 0, Majority size: -1, State: 0, Mode: NON_LEADER, active raft config: opid_index: -1 OBSOLETE_local: false peers { permanent_uuid: "28ae684da85b45f49d8b5a481e9a5742" member_type: VOTER last_known_addr { host: "127.6.223.129" port: 34559 } } peers { permanent_uuid: "72b8940ccc664ba694bd3b20a4874eac" member_type: VOTER last_known_addr { host: "127.6.223.130" port: 33031 } } peers { permanent_uuid: "d2e46132c4d744618ceaf114211af7be" member_type: VOTER last_known_addr { host: "127.6.223.131" port: 35061 } }
I20260630 12:26:07.595908  9858 consensus_queue.cc:260] T 46f5c44d78c34359aaeed6a9825f4a3c P 28ae684da85b45f49d8b5a481e9a5742 [NON_LEADER]: Queue going to NON_LEADER mode. State: All replicated index: 0, Majority replicated index: 0, Committed index: 0, Last appended: 0.0, Last appended by leader: 0, Current term: 0, Majority size: -1, State: 0, Mode: NON_LEADER, active raft config: opid_index: -1 OBSOLETE_local: false peers { permanent_uuid: "d2e46132c4d744618ceaf114211af7be" member_type: VOTER last_known_addr { host: "127.6.223.131" port: 35061 } } peers { permanent_uuid: "72b8940ccc664ba694bd3b20a4874eac" member_type: VOTER last_known_addr { host: "127.6.223.130" port: 33031 } } peers { permanent_uuid: "28ae684da85b45f49d8b5a481e9a5742" member_type: VOTER last_known_addr { host: "127.6.223.129" port: 34559 } }
I20260630 12:26:07.599660  9856 ts_tablet_manager.cc:1434] T c325b656252c4bd986db96be2bdce0dc P d2e46132c4d744618ceaf114211af7be: Time spent starting tablet: real 0.010s	user 0.006s	sys 0.001s
I20260630 12:26:07.599972  9862 raft_consensus.cc:515] T c325b656252c4bd986db96be2bdce0dc P 28ae684da85b45f49d8b5a481e9a5742 [term 1 FOLLOWER]: Starting leader election with config: opid_index: -1 OBSOLETE_local: false peers { permanent_uuid: "28ae684da85b45f49d8b5a481e9a5742" member_type: VOTER last_known_addr { host: "127.6.223.129" port: 34559 } } peers { permanent_uuid: "72b8940ccc664ba694bd3b20a4874eac" member_type: VOTER last_known_addr { host: "127.6.223.130" port: 33031 } } peers { permanent_uuid: "d2e46132c4d744618ceaf114211af7be" member_type: VOTER last_known_addr { host: "127.6.223.131" port: 35061 } }
I20260630 12:26:07.602265  9862 leader_election.cc:290] T c325b656252c4bd986db96be2bdce0dc P 28ae684da85b45f49d8b5a481e9a5742 [CANDIDATE]: Term 1 election: Requested vote from peers 72b8940ccc664ba694bd3b20a4874eac (127.6.223.130:33031), d2e46132c4d744618ceaf114211af7be (127.6.223.131:35061)
I20260630 12:26:07.603169  9810 tablet_service.cc:1917] Received RequestConsensusVote() RPC: tablet_id: "c325b656252c4bd986db96be2bdce0dc" candidate_uuid: "28ae684da85b45f49d8b5a481e9a5742" candidate_term: 1 candidate_status { last_received { term: 0 index: 0 } } ignore_live_leader: false dest_uuid: "d2e46132c4d744618ceaf114211af7be" is_pre_election: true
I20260630 12:26:07.604002  9810 raft_consensus.cc:2468] T c325b656252c4bd986db96be2bdce0dc P d2e46132c4d744618ceaf114211af7be [term 0 FOLLOWER]: Leader pre-election vote request: Granting yes vote for candidate 28ae684da85b45f49d8b5a481e9a5742 in term 0.
I20260630 12:26:07.605394  9810 tablet_service.cc:1917] Received RequestConsensusVote() RPC: tablet_id: "c325b656252c4bd986db96be2bdce0dc" candidate_uuid: "28ae684da85b45f49d8b5a481e9a5742" candidate_term: 1 candidate_status { last_received { term: 0 index: 0 } } ignore_live_leader: false dest_uuid: "d2e46132c4d744618ceaf114211af7be"
I20260630 12:26:07.605963  9810 raft_consensus.cc:3060] T c325b656252c4bd986db96be2bdce0dc P d2e46132c4d744618ceaf114211af7be [term 0 FOLLOWER]: Advancing to term 1
I20260630 12:26:07.603154  9736 tablet_service.cc:1917] Received RequestConsensusVote() RPC: tablet_id: "c325b656252c4bd986db96be2bdce0dc" candidate_uuid: "28ae684da85b45f49d8b5a481e9a5742" candidate_term: 1 candidate_status { last_received { term: 0 index: 0 } } ignore_live_leader: false dest_uuid: "72b8940ccc664ba694bd3b20a4874eac"
I20260630 12:26:07.609606  9736 raft_consensus.cc:3060] T c325b656252c4bd986db96be2bdce0dc P 72b8940ccc664ba694bd3b20a4874eac [term 0 FOLLOWER]: Advancing to term 1
I20260630 12:26:07.613598  9810 raft_consensus.cc:2468] T c325b656252c4bd986db96be2bdce0dc P d2e46132c4d744618ceaf114211af7be [term 1 FOLLOWER]: Leader election vote request: Granting yes vote for candidate 28ae684da85b45f49d8b5a481e9a5742 in term 1.
I20260630 12:26:07.615105  9627 leader_election.cc:304] T c325b656252c4bd986db96be2bdce0dc P 28ae684da85b45f49d8b5a481e9a5742 [CANDIDATE]: Term 1 election: Election decided. Result: candidate won. Election summary: received 2 responses out of 3 voters: 2 yes votes; 0 no votes. yes voters: 28ae684da85b45f49d8b5a481e9a5742, d2e46132c4d744618ceaf114211af7be; no voters: 
I20260630 12:26:07.615533  9736 raft_consensus.cc:2468] T c325b656252c4bd986db96be2bdce0dc P 72b8940ccc664ba694bd3b20a4874eac [term 1 FOLLOWER]: Leader election vote request: Granting yes vote for candidate 28ae684da85b45f49d8b5a481e9a5742 in term 1.
I20260630 12:26:07.616117  9862 raft_consensus.cc:2804] T c325b656252c4bd986db96be2bdce0dc P 28ae684da85b45f49d8b5a481e9a5742 [term 1 FOLLOWER]: Leader election won for term 1
I20260630 12:26:07.616775  9862 raft_consensus.cc:697] T c325b656252c4bd986db96be2bdce0dc P 28ae684da85b45f49d8b5a481e9a5742 [term 1 LEADER]: Becoming Leader. State: Replica: 28ae684da85b45f49d8b5a481e9a5742, State: Running, Role: LEADER
I20260630 12:26:07.617583  9862 consensus_queue.cc:237] T c325b656252c4bd986db96be2bdce0dc P 28ae684da85b45f49d8b5a481e9a5742 [LEADER]: Queue going to LEADER mode. State: All replicated index: 0, Majority replicated index: 0, Committed index: 0, Last appended: 0.0, Last appended by leader: 0, Current term: 1, Majority size: 2, State: 0, Mode: LEADER, active raft config: opid_index: -1 OBSOLETE_local: false peers { permanent_uuid: "28ae684da85b45f49d8b5a481e9a5742" member_type: VOTER last_known_addr { host: "127.6.223.129" port: 34559 } } peers { permanent_uuid: "72b8940ccc664ba694bd3b20a4874eac" member_type: VOTER last_known_addr { host: "127.6.223.130" port: 33031 } } peers { permanent_uuid: "d2e46132c4d744618ceaf114211af7be" member_type: VOTER last_known_addr { host: "127.6.223.131" port: 35061 } }
I20260630 12:26:07.618903  9858 ts_tablet_manager.cc:1434] T 46f5c44d78c34359aaeed6a9825f4a3c P 28ae684da85b45f49d8b5a481e9a5742: Time spent starting tablet: real 0.029s	user 0.013s	sys 0.011s
I20260630 12:26:07.619921  9858 tablet_bootstrap.cc:492] T 8eeb7cc686754351884bf95f1831c738 P 28ae684da85b45f49d8b5a481e9a5742: Bootstrap starting.
I20260630 12:26:07.624644  9858 tablet_bootstrap.cc:654] T 8eeb7cc686754351884bf95f1831c738 P 28ae684da85b45f49d8b5a481e9a5742: Neither blocks nor log segments found. Creating new log.
I20260630 12:26:07.625510  9558 catalog_manager.cc:5697] T c325b656252c4bd986db96be2bdce0dc P 28ae684da85b45f49d8b5a481e9a5742 reported cstate change: term changed from 0 to 1, leader changed from <none> to 28ae684da85b45f49d8b5a481e9a5742 (127.6.223.129). New cstate: current_term: 1 leader_uuid: "28ae684da85b45f49d8b5a481e9a5742" committed_config { opid_index: -1 OBSOLETE_local: false peers { permanent_uuid: "28ae684da85b45f49d8b5a481e9a5742" member_type: VOTER last_known_addr { host: "127.6.223.129" port: 34559 } health_report { overall_health: HEALTHY } } peers { permanent_uuid: "72b8940ccc664ba694bd3b20a4874eac" member_type: VOTER last_known_addr { host: "127.6.223.130" port: 33031 } health_report { overall_health: UNKNOWN } } peers { permanent_uuid: "d2e46132c4d744618ceaf114211af7be" member_type: VOTER last_known_addr { host: "127.6.223.131" port: 35061 } health_report { overall_health: UNKNOWN } } }
I20260630 12:26:07.628971  9858 tablet_bootstrap.cc:492] T 8eeb7cc686754351884bf95f1831c738 P 28ae684da85b45f49d8b5a481e9a5742: No bootstrap required, opened a new log
I20260630 12:26:07.629420  9858 ts_tablet_manager.cc:1403] T 8eeb7cc686754351884bf95f1831c738 P 28ae684da85b45f49d8b5a481e9a5742: Time spent bootstrapping tablet: real 0.010s	user 0.008s	sys 0.002s
I20260630 12:26:07.631775  9858 raft_consensus.cc:359] T 8eeb7cc686754351884bf95f1831c738 P 28ae684da85b45f49d8b5a481e9a5742 [term 0 FOLLOWER]: Replica starting. Triggering 0 pending ops. Active config: opid_index: -1 OBSOLETE_local: false peers { permanent_uuid: "28ae684da85b45f49d8b5a481e9a5742" member_type: VOTER last_known_addr { host: "127.6.223.129" port: 34559 } } peers { permanent_uuid: "72b8940ccc664ba694bd3b20a4874eac" member_type: VOTER last_known_addr { host: "127.6.223.130" port: 33031 } } peers { permanent_uuid: "d2e46132c4d744618ceaf114211af7be" member_type: VOTER last_known_addr { host: "127.6.223.131" port: 35061 } }
I20260630 12:26:07.632293  9858 raft_consensus.cc:385] T 8eeb7cc686754351884bf95f1831c738 P 28ae684da85b45f49d8b5a481e9a5742 [term 0 FOLLOWER]: Consensus starting up: Expiring failure detector timer to make a prompt election more likely
I20260630 12:26:07.632529  9858 raft_consensus.cc:740] T 8eeb7cc686754351884bf95f1831c738 P 28ae684da85b45f49d8b5a481e9a5742 [term 0 FOLLOWER]: Becoming Follower/Learner. State: Replica: 28ae684da85b45f49d8b5a481e9a5742, State: Initialized, Role: FOLLOWER
I20260630 12:26:07.633249  9858 consensus_queue.cc:260] T 8eeb7cc686754351884bf95f1831c738 P 28ae684da85b45f49d8b5a481e9a5742 [NON_LEADER]: Queue going to NON_LEADER mode. State: All replicated index: 0, Majority replicated index: 0, Committed index: 0, Last appended: 0.0, Last appended by leader: 0, Current term: 0, Majority size: -1, State: 0, Mode: NON_LEADER, active raft config: opid_index: -1 OBSOLETE_local: false peers { permanent_uuid: "28ae684da85b45f49d8b5a481e9a5742" member_type: VOTER last_known_addr { host: "127.6.223.129" port: 34559 } } peers { permanent_uuid: "72b8940ccc664ba694bd3b20a4874eac" member_type: VOTER last_known_addr { host: "127.6.223.130" port: 33031 } } peers { permanent_uuid: "d2e46132c4d744618ceaf114211af7be" member_type: VOTER last_known_addr { host: "127.6.223.131" port: 35061 } }
I20260630 12:26:07.635058  9858 ts_tablet_manager.cc:1434] T 8eeb7cc686754351884bf95f1831c738 P 28ae684da85b45f49d8b5a481e9a5742: Time spent starting tablet: real 0.005s	user 0.003s	sys 0.001s
I20260630 12:26:07.689041  9861 raft_consensus.cc:493] T 18104e81f90e404d9de4ef03acfc571f P d2e46132c4d744618ceaf114211af7be [term 0 FOLLOWER]: Starting pre-election (no leader contacted us within the election timeout)
I20260630 12:26:07.689642  9861 raft_consensus.cc:515] T 18104e81f90e404d9de4ef03acfc571f P d2e46132c4d744618ceaf114211af7be [term 0 FOLLOWER]: Starting pre-election with config: opid_index: -1 OBSOLETE_local: false peers { permanent_uuid: "28ae684da85b45f49d8b5a481e9a5742" member_type: VOTER last_known_addr { host: "127.6.223.129" port: 34559 } } peers { permanent_uuid: "72b8940ccc664ba694bd3b20a4874eac" member_type: VOTER last_known_addr { host: "127.6.223.130" port: 33031 } } peers { permanent_uuid: "d2e46132c4d744618ceaf114211af7be" member_type: VOTER last_known_addr { host: "127.6.223.131" port: 35061 } }
I20260630 12:26:07.691995  9861 leader_election.cc:290] T 18104e81f90e404d9de4ef03acfc571f P d2e46132c4d744618ceaf114211af7be [CANDIDATE]: Term 1 pre-election: Requested pre-vote from peers 28ae684da85b45f49d8b5a481e9a5742 (127.6.223.129:34559), 72b8940ccc664ba694bd3b20a4874eac (127.6.223.130:33031)
I20260630 12:26:07.702834  9661 tablet_service.cc:1917] Received RequestConsensusVote() RPC: tablet_id: "18104e81f90e404d9de4ef03acfc571f" candidate_uuid: "d2e46132c4d744618ceaf114211af7be" candidate_term: 1 candidate_status { last_received { term: 0 index: 0 } } ignore_live_leader: false dest_uuid: "28ae684da85b45f49d8b5a481e9a5742" is_pre_election: true
I20260630 12:26:07.703590  9661 raft_consensus.cc:2468] T 18104e81f90e404d9de4ef03acfc571f P 28ae684da85b45f49d8b5a481e9a5742 [term 0 FOLLOWER]: Leader pre-election vote request: Granting yes vote for candidate d2e46132c4d744618ceaf114211af7be in term 0.
I20260630 12:26:07.704607  9736 tablet_service.cc:1917] Received RequestConsensusVote() RPC: tablet_id: "18104e81f90e404d9de4ef03acfc571f" candidate_uuid: "d2e46132c4d744618ceaf114211af7be" candidate_term: 1 candidate_status { last_received { term: 0 index: 0 } } ignore_live_leader: false dest_uuid: "72b8940ccc664ba694bd3b20a4874eac" is_pre_election: true
I20260630 12:26:07.704773  9774 leader_election.cc:304] T 18104e81f90e404d9de4ef03acfc571f P d2e46132c4d744618ceaf114211af7be [CANDIDATE]: Term 1 pre-election: Election decided. Result: candidate won. Election summary: received 2 responses out of 3 voters: 2 yes votes; 0 no votes. yes voters: 28ae684da85b45f49d8b5a481e9a5742, d2e46132c4d744618ceaf114211af7be; no voters: 
I20260630 12:26:07.705137  9736 raft_consensus.cc:2468] T 18104e81f90e404d9de4ef03acfc571f P 72b8940ccc664ba694bd3b20a4874eac [term 0 FOLLOWER]: Leader pre-election vote request: Granting yes vote for candidate d2e46132c4d744618ceaf114211af7be in term 0.
I20260630 12:26:07.705495  9861 raft_consensus.cc:2804] T 18104e81f90e404d9de4ef03acfc571f P d2e46132c4d744618ceaf114211af7be [term 0 FOLLOWER]: Leader pre-election won for term 1
I20260630 12:26:07.705814  9861 raft_consensus.cc:493] T 18104e81f90e404d9de4ef03acfc571f P d2e46132c4d744618ceaf114211af7be [term 0 FOLLOWER]: Starting leader election (no leader contacted us within the election timeout)
I20260630 12:26:07.706130  9861 raft_consensus.cc:3060] T 18104e81f90e404d9de4ef03acfc571f P d2e46132c4d744618ceaf114211af7be [term 0 FOLLOWER]: Advancing to term 1
I20260630 12:26:07.710639  9861 raft_consensus.cc:515] T 18104e81f90e404d9de4ef03acfc571f P d2e46132c4d744618ceaf114211af7be [term 1 FOLLOWER]: Starting leader election with config: opid_index: -1 OBSOLETE_local: false peers { permanent_uuid: "28ae684da85b45f49d8b5a481e9a5742" member_type: VOTER last_known_addr { host: "127.6.223.129" port: 34559 } } peers { permanent_uuid: "72b8940ccc664ba694bd3b20a4874eac" member_type: VOTER last_known_addr { host: "127.6.223.130" port: 33031 } } peers { permanent_uuid: "d2e46132c4d744618ceaf114211af7be" member_type: VOTER last_known_addr { host: "127.6.223.131" port: 35061 } }
I20260630 12:26:07.712108  9861 leader_election.cc:290] T 18104e81f90e404d9de4ef03acfc571f P d2e46132c4d744618ceaf114211af7be [CANDIDATE]: Term 1 election: Requested vote from peers 28ae684da85b45f49d8b5a481e9a5742 (127.6.223.129:34559), 72b8940ccc664ba694bd3b20a4874eac (127.6.223.130:33031)
I20260630 12:26:07.712920  9661 tablet_service.cc:1917] Received RequestConsensusVote() RPC: tablet_id: "18104e81f90e404d9de4ef03acfc571f" candidate_uuid: "d2e46132c4d744618ceaf114211af7be" candidate_term: 1 candidate_status { last_received { term: 0 index: 0 } } ignore_live_leader: false dest_uuid: "28ae684da85b45f49d8b5a481e9a5742"
I20260630 12:26:07.713169  9736 tablet_service.cc:1917] Received RequestConsensusVote() RPC: tablet_id: "18104e81f90e404d9de4ef03acfc571f" candidate_uuid: "d2e46132c4d744618ceaf114211af7be" candidate_term: 1 candidate_status { last_received { term: 0 index: 0 } } ignore_live_leader: false dest_uuid: "72b8940ccc664ba694bd3b20a4874eac"
I20260630 12:26:07.713424  9661 raft_consensus.cc:3060] T 18104e81f90e404d9de4ef03acfc571f P 28ae684da85b45f49d8b5a481e9a5742 [term 0 FOLLOWER]: Advancing to term 1
I20260630 12:26:07.713729  9736 raft_consensus.cc:3060] T 18104e81f90e404d9de4ef03acfc571f P 72b8940ccc664ba694bd3b20a4874eac [term 0 FOLLOWER]: Advancing to term 1
I20260630 12:26:07.718255  9736 raft_consensus.cc:2468] T 18104e81f90e404d9de4ef03acfc571f P 72b8940ccc664ba694bd3b20a4874eac [term 1 FOLLOWER]: Leader election vote request: Granting yes vote for candidate d2e46132c4d744618ceaf114211af7be in term 1.
I20260630 12:26:07.718690  9661 raft_consensus.cc:2468] T 18104e81f90e404d9de4ef03acfc571f P 28ae684da85b45f49d8b5a481e9a5742 [term 1 FOLLOWER]: Leader election vote request: Granting yes vote for candidate d2e46132c4d744618ceaf114211af7be in term 1.
I20260630 12:26:07.719336  9774 leader_election.cc:304] T 18104e81f90e404d9de4ef03acfc571f P d2e46132c4d744618ceaf114211af7be [CANDIDATE]: Term 1 election: Election decided. Result: candidate won. Election summary: received 2 responses out of 3 voters: 2 yes votes; 0 no votes. yes voters: 72b8940ccc664ba694bd3b20a4874eac, d2e46132c4d744618ceaf114211af7be; no voters: 
I20260630 12:26:07.720093  9861 raft_consensus.cc:2804] T 18104e81f90e404d9de4ef03acfc571f P d2e46132c4d744618ceaf114211af7be [term 1 FOLLOWER]: Leader election won for term 1
I20260630 12:26:07.721102  9861 raft_consensus.cc:697] T 18104e81f90e404d9de4ef03acfc571f P d2e46132c4d744618ceaf114211af7be [term 1 LEADER]: Becoming Leader. State: Replica: d2e46132c4d744618ceaf114211af7be, State: Running, Role: LEADER
I20260630 12:26:07.721784  9861 consensus_queue.cc:237] T 18104e81f90e404d9de4ef03acfc571f P d2e46132c4d744618ceaf114211af7be [LEADER]: Queue going to LEADER mode. State: All replicated index: 0, Majority replicated index: 0, Committed index: 0, Last appended: 0.0, Last appended by leader: 0, Current term: 1, Majority size: 2, State: 0, Mode: LEADER, active raft config: opid_index: -1 OBSOLETE_local: false peers { permanent_uuid: "28ae684da85b45f49d8b5a481e9a5742" member_type: VOTER last_known_addr { host: "127.6.223.129" port: 34559 } } peers { permanent_uuid: "72b8940ccc664ba694bd3b20a4874eac" member_type: VOTER last_known_addr { host: "127.6.223.130" port: 33031 } } peers { permanent_uuid: "d2e46132c4d744618ceaf114211af7be" member_type: VOTER last_known_addr { host: "127.6.223.131" port: 35061 } }
I20260630 12:26:07.728762  9558 catalog_manager.cc:5697] T 18104e81f90e404d9de4ef03acfc571f P d2e46132c4d744618ceaf114211af7be reported cstate change: term changed from 0 to 1, leader changed from <none> to d2e46132c4d744618ceaf114211af7be (127.6.223.131). New cstate: current_term: 1 leader_uuid: "d2e46132c4d744618ceaf114211af7be" committed_config { opid_index: -1 OBSOLETE_local: false peers { permanent_uuid: "28ae684da85b45f49d8b5a481e9a5742" member_type: VOTER last_known_addr { host: "127.6.223.129" port: 34559 } health_report { overall_health: UNKNOWN } } peers { permanent_uuid: "72b8940ccc664ba694bd3b20a4874eac" member_type: VOTER last_known_addr { host: "127.6.223.130" port: 33031 } health_report { overall_health: UNKNOWN } } peers { permanent_uuid: "d2e46132c4d744618ceaf114211af7be" member_type: VOTER last_known_addr { host: "127.6.223.131" port: 35061 } health_report { overall_health: HEALTHY } } }
I20260630 12:26:07.775149  9863 raft_consensus.cc:493] T 46f5c44d78c34359aaeed6a9825f4a3c P 72b8940ccc664ba694bd3b20a4874eac [term 0 FOLLOWER]: Starting pre-election (no leader contacted us within the election timeout)
I20260630 12:26:07.775580  9863 raft_consensus.cc:515] T 46f5c44d78c34359aaeed6a9825f4a3c P 72b8940ccc664ba694bd3b20a4874eac [term 0 FOLLOWER]: Starting pre-election with config: opid_index: -1 OBSOLETE_local: false peers { permanent_uuid: "d2e46132c4d744618ceaf114211af7be" member_type: VOTER last_known_addr { host: "127.6.223.131" port: 35061 } } peers { permanent_uuid: "72b8940ccc664ba694bd3b20a4874eac" member_type: VOTER last_known_addr { host: "127.6.223.130" port: 33031 } } peers { permanent_uuid: "28ae684da85b45f49d8b5a481e9a5742" member_type: VOTER last_known_addr { host: "127.6.223.129" port: 34559 } }
I20260630 12:26:07.777523  9863 leader_election.cc:290] T 46f5c44d78c34359aaeed6a9825f4a3c P 72b8940ccc664ba694bd3b20a4874eac [CANDIDATE]: Term 1 pre-election: Requested pre-vote from peers d2e46132c4d744618ceaf114211af7be (127.6.223.131:35061), 28ae684da85b45f49d8b5a481e9a5742 (127.6.223.129:34559)
I20260630 12:26:07.786751  9810 tablet_service.cc:1917] Received RequestConsensusVote() RPC: tablet_id: "46f5c44d78c34359aaeed6a9825f4a3c" candidate_uuid: "72b8940ccc664ba694bd3b20a4874eac" candidate_term: 1 candidate_status { last_received { term: 0 index: 0 } } ignore_live_leader: false dest_uuid: "d2e46132c4d744618ceaf114211af7be" is_pre_election: true
I20260630 12:26:07.786803  9661 tablet_service.cc:1917] Received RequestConsensusVote() RPC: tablet_id: "46f5c44d78c34359aaeed6a9825f4a3c" candidate_uuid: "72b8940ccc664ba694bd3b20a4874eac" candidate_term: 1 candidate_status { last_received { term: 0 index: 0 } } ignore_live_leader: false dest_uuid: "28ae684da85b45f49d8b5a481e9a5742" is_pre_election: true
I20260630 12:26:07.787405  9810 raft_consensus.cc:2468] T 46f5c44d78c34359aaeed6a9825f4a3c P d2e46132c4d744618ceaf114211af7be [term 0 FOLLOWER]: Leader pre-election vote request: Granting yes vote for candidate 72b8940ccc664ba694bd3b20a4874eac in term 0.
I20260630 12:26:07.787585  9661 raft_consensus.cc:2468] T 46f5c44d78c34359aaeed6a9825f4a3c P 28ae684da85b45f49d8b5a481e9a5742 [term 0 FOLLOWER]: Leader pre-election vote request: Granting yes vote for candidate 72b8940ccc664ba694bd3b20a4874eac in term 0.
I20260630 12:26:07.788491  9702 leader_election.cc:304] T 46f5c44d78c34359aaeed6a9825f4a3c P 72b8940ccc664ba694bd3b20a4874eac [CANDIDATE]: Term 1 pre-election: Election decided. Result: candidate won. Election summary: received 2 responses out of 3 voters: 2 yes votes; 0 no votes. yes voters: 72b8940ccc664ba694bd3b20a4874eac, d2e46132c4d744618ceaf114211af7be; no voters: 
I20260630 12:26:07.789136  9863 raft_consensus.cc:2804] T 46f5c44d78c34359aaeed6a9825f4a3c P 72b8940ccc664ba694bd3b20a4874eac [term 0 FOLLOWER]: Leader pre-election won for term 1
I20260630 12:26:07.789434  9863 raft_consensus.cc:493] T 46f5c44d78c34359aaeed6a9825f4a3c P 72b8940ccc664ba694bd3b20a4874eac [term 0 FOLLOWER]: Starting leader election (no leader contacted us within the election timeout)
I20260630 12:26:07.789662  9863 raft_consensus.cc:3060] T 46f5c44d78c34359aaeed6a9825f4a3c P 72b8940ccc664ba694bd3b20a4874eac [term 0 FOLLOWER]: Advancing to term 1
I20260630 12:26:07.794122  9863 raft_consensus.cc:515] T 46f5c44d78c34359aaeed6a9825f4a3c P 72b8940ccc664ba694bd3b20a4874eac [term 1 FOLLOWER]: Starting leader election with config: opid_index: -1 OBSOLETE_local: false peers { permanent_uuid: "d2e46132c4d744618ceaf114211af7be" member_type: VOTER last_known_addr { host: "127.6.223.131" port: 35061 } } peers { permanent_uuid: "72b8940ccc664ba694bd3b20a4874eac" member_type: VOTER last_known_addr { host: "127.6.223.130" port: 33031 } } peers { permanent_uuid: "28ae684da85b45f49d8b5a481e9a5742" member_type: VOTER last_known_addr { host: "127.6.223.129" port: 34559 } }
I20260630 12:26:07.795574  9863 leader_election.cc:290] T 46f5c44d78c34359aaeed6a9825f4a3c P 72b8940ccc664ba694bd3b20a4874eac [CANDIDATE]: Term 1 election: Requested vote from peers d2e46132c4d744618ceaf114211af7be (127.6.223.131:35061), 28ae684da85b45f49d8b5a481e9a5742 (127.6.223.129:34559)
I20260630 12:26:07.796324  9810 tablet_service.cc:1917] Received RequestConsensusVote() RPC: tablet_id: "46f5c44d78c34359aaeed6a9825f4a3c" candidate_uuid: "72b8940ccc664ba694bd3b20a4874eac" candidate_term: 1 candidate_status { last_received { term: 0 index: 0 } } ignore_live_leader: false dest_uuid: "d2e46132c4d744618ceaf114211af7be"
I20260630 12:26:07.796566  9661 tablet_service.cc:1917] Received RequestConsensusVote() RPC: tablet_id: "46f5c44d78c34359aaeed6a9825f4a3c" candidate_uuid: "72b8940ccc664ba694bd3b20a4874eac" candidate_term: 1 candidate_status { last_received { term: 0 index: 0 } } ignore_live_leader: false dest_uuid: "28ae684da85b45f49d8b5a481e9a5742"
I20260630 12:26:07.796818  9810 raft_consensus.cc:3060] T 46f5c44d78c34359aaeed6a9825f4a3c P d2e46132c4d744618ceaf114211af7be [term 0 FOLLOWER]: Advancing to term 1
I20260630 12:26:07.797108  9661 raft_consensus.cc:3060] T 46f5c44d78c34359aaeed6a9825f4a3c P 28ae684da85b45f49d8b5a481e9a5742 [term 0 FOLLOWER]: Advancing to term 1
I20260630 12:26:07.801482  9661 raft_consensus.cc:2468] T 46f5c44d78c34359aaeed6a9825f4a3c P 28ae684da85b45f49d8b5a481e9a5742 [term 1 FOLLOWER]: Leader election vote request: Granting yes vote for candidate 72b8940ccc664ba694bd3b20a4874eac in term 1.
I20260630 12:26:07.801496  9810 raft_consensus.cc:2468] T 46f5c44d78c34359aaeed6a9825f4a3c P d2e46132c4d744618ceaf114211af7be [term 1 FOLLOWER]: Leader election vote request: Granting yes vote for candidate 72b8940ccc664ba694bd3b20a4874eac in term 1.
I20260630 12:26:07.802713  9700 leader_election.cc:304] T 46f5c44d78c34359aaeed6a9825f4a3c P 72b8940ccc664ba694bd3b20a4874eac [CANDIDATE]: Term 1 election: Election decided. Result: candidate won. Election summary: received 2 responses out of 3 voters: 2 yes votes; 0 no votes. yes voters: 28ae684da85b45f49d8b5a481e9a5742, 72b8940ccc664ba694bd3b20a4874eac; no voters: 
I20260630 12:26:07.803400  9863 raft_consensus.cc:2804] T 46f5c44d78c34359aaeed6a9825f4a3c P 72b8940ccc664ba694bd3b20a4874eac [term 1 FOLLOWER]: Leader election won for term 1
I20260630 12:26:07.804456  9863 raft_consensus.cc:697] T 46f5c44d78c34359aaeed6a9825f4a3c P 72b8940ccc664ba694bd3b20a4874eac [term 1 LEADER]: Becoming Leader. State: Replica: 72b8940ccc664ba694bd3b20a4874eac, State: Running, Role: LEADER
I20260630 12:26:07.805176  9863 consensus_queue.cc:237] T 46f5c44d78c34359aaeed6a9825f4a3c P 72b8940ccc664ba694bd3b20a4874eac [LEADER]: Queue going to LEADER mode. State: All replicated index: 0, Majority replicated index: 0, Committed index: 0, Last appended: 0.0, Last appended by leader: 0, Current term: 1, Majority size: 2, State: 0, Mode: LEADER, active raft config: opid_index: -1 OBSOLETE_local: false peers { permanent_uuid: "d2e46132c4d744618ceaf114211af7be" member_type: VOTER last_known_addr { host: "127.6.223.131" port: 35061 } } peers { permanent_uuid: "72b8940ccc664ba694bd3b20a4874eac" member_type: VOTER last_known_addr { host: "127.6.223.130" port: 33031 } } peers { permanent_uuid: "28ae684da85b45f49d8b5a481e9a5742" member_type: VOTER last_known_addr { host: "127.6.223.129" port: 34559 } }
I20260630 12:26:07.811620  9558 catalog_manager.cc:5697] T 46f5c44d78c34359aaeed6a9825f4a3c P 72b8940ccc664ba694bd3b20a4874eac reported cstate change: term changed from 0 to 1, leader changed from <none> to 72b8940ccc664ba694bd3b20a4874eac (127.6.223.130). New cstate: current_term: 1 leader_uuid: "72b8940ccc664ba694bd3b20a4874eac" committed_config { opid_index: -1 OBSOLETE_local: false peers { permanent_uuid: "d2e46132c4d744618ceaf114211af7be" member_type: VOTER last_known_addr { host: "127.6.223.131" port: 35061 } health_report { overall_health: UNKNOWN } } peers { permanent_uuid: "72b8940ccc664ba694bd3b20a4874eac" member_type: VOTER last_known_addr { host: "127.6.223.130" port: 33031 } health_report { overall_health: HEALTHY } } peers { permanent_uuid: "28ae684da85b45f49d8b5a481e9a5742" member_type: VOTER last_known_addr { host: "127.6.223.129" port: 34559 } health_report { overall_health: UNKNOWN } } }
W20260630 12:26:07.874954  9607 auto_rebalancer.cc:298] Could not retrieve cluster info: Service unavailable: Tablet not running
I20260630 12:26:07.876348  9612 auto_leader_rebalancer.cc:141] leader rebalance for table range_aware_auto_rebalancer_test
W20260630 12:26:07.878391  9612 auto_leader_rebalancer.cc:524] the master instance isn't leader: Service unavailable: Tablet not running
I20260630 12:26:07.919282  9861 raft_consensus.cc:493] T 8eeb7cc686754351884bf95f1831c738 P d2e46132c4d744618ceaf114211af7be [term 0 FOLLOWER]: Starting pre-election (no leader contacted us within the election timeout)
I20260630 12:26:07.919759  9861 raft_consensus.cc:515] T 8eeb7cc686754351884bf95f1831c738 P d2e46132c4d744618ceaf114211af7be [term 0 FOLLOWER]: Starting pre-election with config: opid_index: -1 OBSOLETE_local: false peers { permanent_uuid: "28ae684da85b45f49d8b5a481e9a5742" member_type: VOTER last_known_addr { host: "127.6.223.129" port: 34559 } } peers { permanent_uuid: "72b8940ccc664ba694bd3b20a4874eac" member_type: VOTER last_known_addr { host: "127.6.223.130" port: 33031 } } peers { permanent_uuid: "d2e46132c4d744618ceaf114211af7be" member_type: VOTER last_known_addr { host: "127.6.223.131" port: 35061 } }
I20260630 12:26:07.921414  9861 leader_election.cc:290] T 8eeb7cc686754351884bf95f1831c738 P d2e46132c4d744618ceaf114211af7be [CANDIDATE]: Term 1 pre-election: Requested pre-vote from peers 28ae684da85b45f49d8b5a481e9a5742 (127.6.223.129:34559), 72b8940ccc664ba694bd3b20a4874eac (127.6.223.130:33031)
I20260630 12:26:07.922333  9661 tablet_service.cc:1917] Received RequestConsensusVote() RPC: tablet_id: "8eeb7cc686754351884bf95f1831c738" candidate_uuid: "d2e46132c4d744618ceaf114211af7be" candidate_term: 1 candidate_status { last_received { term: 0 index: 0 } } ignore_live_leader: false dest_uuid: "28ae684da85b45f49d8b5a481e9a5742" is_pre_election: true
I20260630 12:26:07.922552  9736 tablet_service.cc:1917] Received RequestConsensusVote() RPC: tablet_id: "8eeb7cc686754351884bf95f1831c738" candidate_uuid: "d2e46132c4d744618ceaf114211af7be" candidate_term: 1 candidate_status { last_received { term: 0 index: 0 } } ignore_live_leader: false dest_uuid: "72b8940ccc664ba694bd3b20a4874eac" is_pre_election: true
I20260630 12:26:07.922943  9661 raft_consensus.cc:2468] T 8eeb7cc686754351884bf95f1831c738 P 28ae684da85b45f49d8b5a481e9a5742 [term 0 FOLLOWER]: Leader pre-election vote request: Granting yes vote for candidate d2e46132c4d744618ceaf114211af7be in term 0.
I20260630 12:26:07.923079  9736 raft_consensus.cc:2468] T 8eeb7cc686754351884bf95f1831c738 P 72b8940ccc664ba694bd3b20a4874eac [term 0 FOLLOWER]: Leader pre-election vote request: Granting yes vote for candidate d2e46132c4d744618ceaf114211af7be in term 0.
I20260630 12:26:07.923878  9774 leader_election.cc:304] T 8eeb7cc686754351884bf95f1831c738 P d2e46132c4d744618ceaf114211af7be [CANDIDATE]: Term 1 pre-election: Election decided. Result: candidate won. Election summary: received 2 responses out of 3 voters: 2 yes votes; 0 no votes. yes voters: 28ae684da85b45f49d8b5a481e9a5742, d2e46132c4d744618ceaf114211af7be; no voters: 
I20260630 12:26:07.924559  9861 raft_consensus.cc:2804] T 8eeb7cc686754351884bf95f1831c738 P d2e46132c4d744618ceaf114211af7be [term 0 FOLLOWER]: Leader pre-election won for term 1
I20260630 12:26:07.924917  9861 raft_consensus.cc:493] T 8eeb7cc686754351884bf95f1831c738 P d2e46132c4d744618ceaf114211af7be [term 0 FOLLOWER]: Starting leader election (no leader contacted us within the election timeout)
I20260630 12:26:07.925201  9861 raft_consensus.cc:3060] T 8eeb7cc686754351884bf95f1831c738 P d2e46132c4d744618ceaf114211af7be [term 0 FOLLOWER]: Advancing to term 1
I20260630 12:26:07.929843  9861 raft_consensus.cc:515] T 8eeb7cc686754351884bf95f1831c738 P d2e46132c4d744618ceaf114211af7be [term 1 FOLLOWER]: Starting leader election with config: opid_index: -1 OBSOLETE_local: false peers { permanent_uuid: "28ae684da85b45f49d8b5a481e9a5742" member_type: VOTER last_known_addr { host: "127.6.223.129" port: 34559 } } peers { permanent_uuid: "72b8940ccc664ba694bd3b20a4874eac" member_type: VOTER last_known_addr { host: "127.6.223.130" port: 33031 } } peers { permanent_uuid: "d2e46132c4d744618ceaf114211af7be" member_type: VOTER last_known_addr { host: "127.6.223.131" port: 35061 } }
I20260630 12:26:07.931464  9861 leader_election.cc:290] T 8eeb7cc686754351884bf95f1831c738 P d2e46132c4d744618ceaf114211af7be [CANDIDATE]: Term 1 election: Requested vote from peers 28ae684da85b45f49d8b5a481e9a5742 (127.6.223.129:34559), 72b8940ccc664ba694bd3b20a4874eac (127.6.223.130:33031)
I20260630 12:26:07.932152  9661 tablet_service.cc:1917] Received RequestConsensusVote() RPC: tablet_id: "8eeb7cc686754351884bf95f1831c738" candidate_uuid: "d2e46132c4d744618ceaf114211af7be" candidate_term: 1 candidate_status { last_received { term: 0 index: 0 } } ignore_live_leader: false dest_uuid: "28ae684da85b45f49d8b5a481e9a5742"
I20260630 12:26:07.932468  9736 tablet_service.cc:1917] Received RequestConsensusVote() RPC: tablet_id: "8eeb7cc686754351884bf95f1831c738" candidate_uuid: "d2e46132c4d744618ceaf114211af7be" candidate_term: 1 candidate_status { last_received { term: 0 index: 0 } } ignore_live_leader: false dest_uuid: "72b8940ccc664ba694bd3b20a4874eac"
I20260630 12:26:07.932624  9661 raft_consensus.cc:3060] T 8eeb7cc686754351884bf95f1831c738 P 28ae684da85b45f49d8b5a481e9a5742 [term 0 FOLLOWER]: Advancing to term 1
I20260630 12:26:07.932972  9736 raft_consensus.cc:3060] T 8eeb7cc686754351884bf95f1831c738 P 72b8940ccc664ba694bd3b20a4874eac [term 0 FOLLOWER]: Advancing to term 1
I20260630 12:26:07.937077  9661 raft_consensus.cc:2468] T 8eeb7cc686754351884bf95f1831c738 P 28ae684da85b45f49d8b5a481e9a5742 [term 1 FOLLOWER]: Leader election vote request: Granting yes vote for candidate d2e46132c4d744618ceaf114211af7be in term 1.
I20260630 12:26:07.937283  9736 raft_consensus.cc:2468] T 8eeb7cc686754351884bf95f1831c738 P 72b8940ccc664ba694bd3b20a4874eac [term 1 FOLLOWER]: Leader election vote request: Granting yes vote for candidate d2e46132c4d744618ceaf114211af7be in term 1.
I20260630 12:26:07.938181  9774 leader_election.cc:304] T 8eeb7cc686754351884bf95f1831c738 P d2e46132c4d744618ceaf114211af7be [CANDIDATE]: Term 1 election: Election decided. Result: candidate won. Election summary: received 2 responses out of 3 voters: 2 yes votes; 0 no votes. yes voters: 28ae684da85b45f49d8b5a481e9a5742, d2e46132c4d744618ceaf114211af7be; no voters: 
I20260630 12:26:07.938828  9861 raft_consensus.cc:2804] T 8eeb7cc686754351884bf95f1831c738 P d2e46132c4d744618ceaf114211af7be [term 1 FOLLOWER]: Leader election won for term 1
I20260630 12:26:07.939213  9861 raft_consensus.cc:697] T 8eeb7cc686754351884bf95f1831c738 P d2e46132c4d744618ceaf114211af7be [term 1 LEADER]: Becoming Leader. State: Replica: d2e46132c4d744618ceaf114211af7be, State: Running, Role: LEADER
I20260630 12:26:07.939924  9861 consensus_queue.cc:237] T 8eeb7cc686754351884bf95f1831c738 P d2e46132c4d744618ceaf114211af7be [LEADER]: Queue going to LEADER mode. State: All replicated index: 0, Majority replicated index: 0, Committed index: 0, Last appended: 0.0, Last appended by leader: 0, Current term: 1, Majority size: 2, State: 0, Mode: LEADER, active raft config: opid_index: -1 OBSOLETE_local: false peers { permanent_uuid: "28ae684da85b45f49d8b5a481e9a5742" member_type: VOTER last_known_addr { host: "127.6.223.129" port: 34559 } } peers { permanent_uuid: "72b8940ccc664ba694bd3b20a4874eac" member_type: VOTER last_known_addr { host: "127.6.223.130" port: 33031 } } peers { permanent_uuid: "d2e46132c4d744618ceaf114211af7be" member_type: VOTER last_known_addr { host: "127.6.223.131" port: 35061 } }
I20260630 12:26:07.946714  9558 catalog_manager.cc:5697] T 8eeb7cc686754351884bf95f1831c738 P d2e46132c4d744618ceaf114211af7be reported cstate change: term changed from 0 to 1, leader changed from <none> to d2e46132c4d744618ceaf114211af7be (127.6.223.131). New cstate: current_term: 1 leader_uuid: "d2e46132c4d744618ceaf114211af7be" committed_config { opid_index: -1 OBSOLETE_local: false peers { permanent_uuid: "28ae684da85b45f49d8b5a481e9a5742" member_type: VOTER last_known_addr { host: "127.6.223.129" port: 34559 } health_report { overall_health: UNKNOWN } } peers { permanent_uuid: "72b8940ccc664ba694bd3b20a4874eac" member_type: VOTER last_known_addr { host: "127.6.223.130" port: 33031 } health_report { overall_health: UNKNOWN } } peers { permanent_uuid: "d2e46132c4d744618ceaf114211af7be" member_type: VOTER last_known_addr { host: "127.6.223.131" port: 35061 } health_report { overall_health: HEALTHY } } }
I20260630 12:26:08.013441  9862 consensus_queue.cc:1048] T c325b656252c4bd986db96be2bdce0dc P 28ae684da85b45f49d8b5a481e9a5742 [LEADER]: Connected to new peer: Peer: permanent_uuid: "72b8940ccc664ba694bd3b20a4874eac" member_type: VOTER last_known_addr { host: "127.6.223.130" port: 33031 }, Status: LMP_MISMATCH, Last received: 0.0, Next index: 1, Last known committed idx: 0, Time since last communication: 0.000s
I20260630 12:26:08.024497  9874 consensus_queue.cc:1048] T c325b656252c4bd986db96be2bdce0dc P 28ae684da85b45f49d8b5a481e9a5742 [LEADER]: Connected to new peer: Peer: permanent_uuid: "d2e46132c4d744618ceaf114211af7be" member_type: VOTER last_known_addr { host: "127.6.223.131" port: 35061 }, Status: LMP_MISMATCH, Last received: 0.0, Next index: 1, Last known committed idx: 0, Time since last communication: 0.001s
I20260630 12:26:08.096555  7038 tablet_server.cc:179] TabletServer@127.6.223.129:0 shutting down...
I20260630 12:26:08.112358  7038 ts_tablet_manager.cc:1507] Shutting down tablet manager...
I20260630 12:26:08.113152  7038 tablet_replica.cc:333] T 8eeb7cc686754351884bf95f1831c738 P 28ae684da85b45f49d8b5a481e9a5742: stopping tablet replica
I20260630 12:26:08.113687  7038 raft_consensus.cc:2243] T 8eeb7cc686754351884bf95f1831c738 P 28ae684da85b45f49d8b5a481e9a5742 [term 1 FOLLOWER]: Raft consensus shutting down.
I20260630 12:26:08.114063  7038 raft_consensus.cc:2272] T 8eeb7cc686754351884bf95f1831c738 P 28ae684da85b45f49d8b5a481e9a5742 [term 1 FOLLOWER]: Raft consensus is shut down!
I20260630 12:26:08.115851  7038 tablet_replica.cc:333] T 46f5c44d78c34359aaeed6a9825f4a3c P 28ae684da85b45f49d8b5a481e9a5742: stopping tablet replica
I20260630 12:26:08.116493  7038 raft_consensus.cc:2243] T 46f5c44d78c34359aaeed6a9825f4a3c P 28ae684da85b45f49d8b5a481e9a5742 [term 1 FOLLOWER]: Raft consensus shutting down.
I20260630 12:26:08.116813  7038 raft_consensus.cc:2272] T 46f5c44d78c34359aaeed6a9825f4a3c P 28ae684da85b45f49d8b5a481e9a5742 [term 1 FOLLOWER]: Raft consensus is shut down!
I20260630 12:26:08.118420  7038 tablet_replica.cc:333] T 18104e81f90e404d9de4ef03acfc571f P 28ae684da85b45f49d8b5a481e9a5742: stopping tablet replica
I20260630 12:26:08.118836  7038 raft_consensus.cc:2243] T 18104e81f90e404d9de4ef03acfc571f P 28ae684da85b45f49d8b5a481e9a5742 [term 1 FOLLOWER]: Raft consensus shutting down.
I20260630 12:26:08.119138  7038 raft_consensus.cc:2272] T 18104e81f90e404d9de4ef03acfc571f P 28ae684da85b45f49d8b5a481e9a5742 [term 1 FOLLOWER]: Raft consensus is shut down!
I20260630 12:26:08.120617  7038 tablet_replica.cc:333] T c325b656252c4bd986db96be2bdce0dc P 28ae684da85b45f49d8b5a481e9a5742: stopping tablet replica
I20260630 12:26:08.121017  7038 raft_consensus.cc:2243] T c325b656252c4bd986db96be2bdce0dc P 28ae684da85b45f49d8b5a481e9a5742 [term 1 LEADER]: Raft consensus shutting down.
I20260630 12:26:08.121764  7038 raft_consensus.cc:2272] T c325b656252c4bd986db96be2bdce0dc P 28ae684da85b45f49d8b5a481e9a5742 [term 1 FOLLOWER]: Raft consensus is shut down!
I20260630 12:26:08.134100  7038 tablet_server.cc:196] TabletServer@127.6.223.129:0 shutdown complete.
W20260630 12:26:08.139076  9774 proxy.cc:239] Call had error, refreshing address and retrying: Network error: Client connection negotiation failed: client connection to 127.6.223.129:34559: connect: Connection refused (error 111) [suppressed 7 similar messages]
W20260630 12:26:08.142360  9774 consensus_peers.cc:597] T 18104e81f90e404d9de4ef03acfc571f P d2e46132c4d744618ceaf114211af7be -> Peer 28ae684da85b45f49d8b5a481e9a5742 (127.6.223.129:34559): Couldn't send request to peer 28ae684da85b45f49d8b5a481e9a5742. Status: Network error: Client connection negotiation failed: client connection to 127.6.223.129:34559: connect: Connection refused (error 111). This is attempt 1: this message will repeat every 5th retry.
I20260630 12:26:08.146010  7038 tablet_server.cc:179] TabletServer@127.6.223.130:0 shutting down...
I20260630 12:26:08.161176  7038 ts_tablet_manager.cc:1507] Shutting down tablet manager...
I20260630 12:26:08.161832  7038 tablet_replica.cc:333] T 8eeb7cc686754351884bf95f1831c738 P 72b8940ccc664ba694bd3b20a4874eac: stopping tablet replica
I20260630 12:26:08.162346  7038 raft_consensus.cc:2243] T 8eeb7cc686754351884bf95f1831c738 P 72b8940ccc664ba694bd3b20a4874eac [term 1 FOLLOWER]: Raft consensus shutting down.
I20260630 12:26:08.162693  7038 raft_consensus.cc:2272] T 8eeb7cc686754351884bf95f1831c738 P 72b8940ccc664ba694bd3b20a4874eac [term 1 FOLLOWER]: Raft consensus is shut down!
I20260630 12:26:08.164372  7038 tablet_replica.cc:333] T 18104e81f90e404d9de4ef03acfc571f P 72b8940ccc664ba694bd3b20a4874eac: stopping tablet replica
I20260630 12:26:08.164866  7038 raft_consensus.cc:2243] T 18104e81f90e404d9de4ef03acfc571f P 72b8940ccc664ba694bd3b20a4874eac [term 1 FOLLOWER]: Raft consensus shutting down.
I20260630 12:26:08.165213  7038 raft_consensus.cc:2272] T 18104e81f90e404d9de4ef03acfc571f P 72b8940ccc664ba694bd3b20a4874eac [term 1 FOLLOWER]: Raft consensus is shut down!
I20260630 12:26:08.166896  7038 tablet_replica.cc:333] T c325b656252c4bd986db96be2bdce0dc P 72b8940ccc664ba694bd3b20a4874eac: stopping tablet replica
I20260630 12:26:08.167336  7038 raft_consensus.cc:2243] T c325b656252c4bd986db96be2bdce0dc P 72b8940ccc664ba694bd3b20a4874eac [term 1 FOLLOWER]: Raft consensus shutting down.
I20260630 12:26:08.167709  7038 raft_consensus.cc:2272] T c325b656252c4bd986db96be2bdce0dc P 72b8940ccc664ba694bd3b20a4874eac [term 1 FOLLOWER]: Raft consensus is shut down!
I20260630 12:26:08.169742  7038 tablet_replica.cc:333] T 46f5c44d78c34359aaeed6a9825f4a3c P 72b8940ccc664ba694bd3b20a4874eac: stopping tablet replica
I20260630 12:26:08.170176  7038 raft_consensus.cc:2243] T 46f5c44d78c34359aaeed6a9825f4a3c P 72b8940ccc664ba694bd3b20a4874eac [term 1 LEADER]: Raft consensus shutting down.
I20260630 12:26:08.170789  7038 pending_rounds.cc:70] T 46f5c44d78c34359aaeed6a9825f4a3c P 72b8940ccc664ba694bd3b20a4874eac: Trying to abort 1 pending ops.
I20260630 12:26:08.171097  7038 pending_rounds.cc:77] T 46f5c44d78c34359aaeed6a9825f4a3c P 72b8940ccc664ba694bd3b20a4874eac: Aborting op as it isn't in flight: id { term: 1 index: 1 } timestamp: 7302440418536865792 op_type: NO_OP noop_request { }
I20260630 12:26:08.171514  7038 raft_consensus.cc:2889] T 46f5c44d78c34359aaeed6a9825f4a3c P 72b8940ccc664ba694bd3b20a4874eac [term 1 LEADER]: NO_OP replication failed: Aborted: Op aborted
I20260630 12:26:08.171782  7038 raft_consensus.cc:2272] T 46f5c44d78c34359aaeed6a9825f4a3c P 72b8940ccc664ba694bd3b20a4874eac [term 1 FOLLOWER]: Raft consensus is shut down!
I20260630 12:26:08.183368  7038 tablet_server.cc:196] TabletServer@127.6.223.130:0 shutdown complete.
I20260630 12:26:08.193672  7038 tablet_server.cc:179] TabletServer@127.6.223.131:0 shutting down...
I20260630 12:26:08.209205  7038 ts_tablet_manager.cc:1507] Shutting down tablet manager...
I20260630 12:26:08.209846  7038 tablet_replica.cc:333] T c325b656252c4bd986db96be2bdce0dc P d2e46132c4d744618ceaf114211af7be: stopping tablet replica
I20260630 12:26:08.210366  7038 raft_consensus.cc:2243] T c325b656252c4bd986db96be2bdce0dc P d2e46132c4d744618ceaf114211af7be [term 1 FOLLOWER]: Raft consensus shutting down.
I20260630 12:26:08.210780  7038 raft_consensus.cc:2272] T c325b656252c4bd986db96be2bdce0dc P d2e46132c4d744618ceaf114211af7be [term 1 FOLLOWER]: Raft consensus is shut down!
I20260630 12:26:08.212828  7038 tablet_replica.cc:333] T 18104e81f90e404d9de4ef03acfc571f P d2e46132c4d744618ceaf114211af7be: stopping tablet replica
I20260630 12:26:08.213305  7038 raft_consensus.cc:2243] T 18104e81f90e404d9de4ef03acfc571f P d2e46132c4d744618ceaf114211af7be [term 1 LEADER]: Raft consensus shutting down.
I20260630 12:26:08.213959  7038 pending_rounds.cc:70] T 18104e81f90e404d9de4ef03acfc571f P d2e46132c4d744618ceaf114211af7be: Trying to abort 1 pending ops.
I20260630 12:26:08.214155  7038 pending_rounds.cc:77] T 18104e81f90e404d9de4ef03acfc571f P d2e46132c4d744618ceaf114211af7be: Aborting op as it isn't in flight: id { term: 1 index: 1 } timestamp: 7302440418195415040 op_type: NO_OP noop_request { }
I20260630 12:26:08.214402  7038 raft_consensus.cc:2889] T 18104e81f90e404d9de4ef03acfc571f P d2e46132c4d744618ceaf114211af7be [term 1 LEADER]: NO_OP replication failed: Aborted: Op aborted
I20260630 12:26:08.214650  7038 raft_consensus.cc:2272] T 18104e81f90e404d9de4ef03acfc571f P d2e46132c4d744618ceaf114211af7be [term 1 FOLLOWER]: Raft consensus is shut down!
I20260630 12:26:08.216606  7038 tablet_replica.cc:333] T 46f5c44d78c34359aaeed6a9825f4a3c P d2e46132c4d744618ceaf114211af7be: stopping tablet replica
I20260630 12:26:08.217084  7038 raft_consensus.cc:2243] T 46f5c44d78c34359aaeed6a9825f4a3c P d2e46132c4d744618ceaf114211af7be [term 1 FOLLOWER]: Raft consensus shutting down.
I20260630 12:26:08.217485  7038 raft_consensus.cc:2272] T 46f5c44d78c34359aaeed6a9825f4a3c P d2e46132c4d744618ceaf114211af7be [term 1 FOLLOWER]: Raft consensus is shut down!
I20260630 12:26:08.219030  7038 tablet_replica.cc:333] T 8eeb7cc686754351884bf95f1831c738 P d2e46132c4d744618ceaf114211af7be: stopping tablet replica
I20260630 12:26:08.219432  7038 raft_consensus.cc:2243] T 8eeb7cc686754351884bf95f1831c738 P d2e46132c4d744618ceaf114211af7be [term 1 LEADER]: Raft consensus shutting down.
I20260630 12:26:08.219924  7038 pending_rounds.cc:70] T 8eeb7cc686754351884bf95f1831c738 P d2e46132c4d744618ceaf114211af7be: Trying to abort 1 pending ops.
I20260630 12:26:08.220093  7038 pending_rounds.cc:77] T 8eeb7cc686754351884bf95f1831c738 P d2e46132c4d744618ceaf114211af7be: Aborting op as it isn't in flight: id { term: 1 index: 1 } timestamp: 7302440419089227776 op_type: NO_OP noop_request { }
I20260630 12:26:08.220335  7038 raft_consensus.cc:2889] T 8eeb7cc686754351884bf95f1831c738 P d2e46132c4d744618ceaf114211af7be [term 1 LEADER]: NO_OP replication failed: Aborted: Op aborted
I20260630 12:26:08.220570  7038 raft_consensus.cc:2272] T 8eeb7cc686754351884bf95f1831c738 P d2e46132c4d744618ceaf114211af7be [term 1 FOLLOWER]: Raft consensus is shut down!
I20260630 12:26:08.231479  7038 tablet_server.cc:196] TabletServer@127.6.223.131:0 shutdown complete.
I20260630 12:26:08.241755  7038 master.cc:562] Master@127.6.223.190:45291 shutting down...
I20260630 12:26:08.255702  7038 raft_consensus.cc:2243] T 00000000000000000000000000000000 P 464a25a21dd2401d87c7da6aeb86b673 [term 1 LEADER]: Raft consensus shutting down.
I20260630 12:26:08.256218  7038 raft_consensus.cc:2272] T 00000000000000000000000000000000 P 464a25a21dd2401d87c7da6aeb86b673 [term 1 FOLLOWER]: Raft consensus is shut down!
I20260630 12:26:08.256528  7038 tablet_replica.cc:333] T 00000000000000000000000000000000 P 464a25a21dd2401d87c7da6aeb86b673: stopping tablet replica
I20260630 12:26:08.274343  7038 master.cc:584] Master@127.6.223.190:45291 shutdown complete.
[       OK ] AutoRebalancerTest.RangeAwareBuildClusterInfoGroupsByRange (2558 ms)
[ RUN      ] AutoRebalancerTest.RangeAwareRebalancesNewRangeReplicas
I20260630 12:26:08.304466  7038 internal_mini_cluster.cc:156] Creating distributed mini masters. Addrs: 127.6.223.190:35383
I20260630 12:26:08.305528  7038 file_cache.cc:492] Constructed file cache file cache with capacity 419430
W20260630 12:26:08.310087  9892 instance_detector.cc:116] could not retrieve AWS instance metadata: Network error: curl error: HTTP response code said error: The requested URL returned error: 404
W20260630 12:26:08.310209  9893 instance_detector.cc:116] could not retrieve Azure instance metadata: Network error: curl error: HTTP response code said error: The requested URL returned error: 404
W20260630 12:26:08.311510  9895 instance_detector.cc:116] could not retrieve OpenStack instance metadata: Network error: curl error: HTTP response code said error: The requested URL returned error: 404
I20260630 12:26:08.312862  7038 server_base.cc:1061] running on GCE node
I20260630 12:26:08.313669  7038 hybrid_clock.cc:584] initializing the hybrid clock with 'system_unsync' time source
