I20260630 12:26:16.324791 10220 raft_consensus.cc:1275] T 96a17967d5304324a3bd234861152cbc P a0c511655932451fb3f056249a004ecd [term 2 FOLLOWER]: Refusing update from remote peer bc0932dce20543c2a3cde18caa881ee7: Log matching property violated. Preceding OpId in replica: term: 1 index: 1. Preceding OpId from leader: term: 2 index: 2. (index mismatch)
I20260630 12:26:16.326196 10589 consensus_queue.cc:1048] T 96a17967d5304324a3bd234861152cbc P bc0932dce20543c2a3cde18caa881ee7 [LEADER]: Connected to new peer: Peer: permanent_uuid: "a0c511655932451fb3f056249a004ecd" member_type: VOTER last_known_addr { host: "127.7.2.2" port: 45101 }, Status: LMP_MISMATCH, Last received: 0.0, Next index: 2, Last known committed idx: 1, Time since last communication: 0.000s
I20260630 12:26:16.361678 10459 raft_consensus.cc:1217] T f286044d13ce48e384c90ca435adfcb9 P bc0932dce20543c2a3cde18caa881ee7 [term 1 LEARNER]: Deduplicated request from leader. Original: 1.1->[1.2-1.2]   Dedup: 1.2->[]
I20260630 12:26:16.473430 10459 raft_consensus.cc:1217] T bd600dba89db418982da756ceb88b3f3 P bc0932dce20543c2a3cde18caa881ee7 [term 2 LEARNER]: Deduplicated request from leader. Original: 2.1->[2.2-2.2]   Dedup: 2.2->[]
I20260630 12:26:16.648492 10459 raft_consensus.cc:1217] T 20bd4c67990f477f8e804f4a86209d5b P bc0932dce20543c2a3cde18caa881ee7 [term 1 LEARNER]: Deduplicated request from leader. Original: 1.1->[1.2-1.2]   Dedup: 1.2->[]
I20260630 12:26:16.905108 10610 raft_consensus.cc:1064] T f286044d13ce48e384c90ca435adfcb9 P a0c511655932451fb3f056249a004ecd: attempting to promote NON_VOTER bc0932dce20543c2a3cde18caa881ee7 to VOTER
I20260630 12:26:16.907455 10610 consensus_queue.cc:237] T f286044d13ce48e384c90ca435adfcb9 P a0c511655932451fb3f056249a004ecd [LEADER]: Queue going to LEADER mode. State: All replicated index: 0, Majority replicated index: 2, Committed index: 2, Last appended: 1.2, Last appended by leader: 0, Current term: 1, Majority size: 3, State: 0, Mode: LEADER, active raft config: opid_index: 3 OBSOLETE_local: false peers { permanent_uuid: "dc75ae5c3dcb4f52b288cd01f8f31ca1" member_type: VOTER last_known_addr { host: "127.7.2.1" port: 36355 } attrs { replace: true } } peers { permanent_uuid: "a0c511655932451fb3f056249a004ecd" member_type: VOTER last_known_addr { host: "127.7.2.2" port: 45101 } } peers { permanent_uuid: "f7046ba208d447c99b22826ddb96e3ab" member_type: VOTER last_known_addr { host: "127.7.2.3" port: 38869 } } peers { permanent_uuid: "bc0932dce20543c2a3cde18caa881ee7" member_type: VOTER last_known_addr { host: "127.7.2.4" port: 38117 } attrs { promote: false } }
I20260630 12:26:16.909073 10601 raft_consensus.cc:1064] T bd600dba89db418982da756ceb88b3f3 P dc75ae5c3dcb4f52b288cd01f8f31ca1: attempting to promote NON_VOTER bc0932dce20543c2a3cde18caa881ee7 to VOTER
I20260630 12:26:16.911119 10601 consensus_queue.cc:237] T bd600dba89db418982da756ceb88b3f3 P dc75ae5c3dcb4f52b288cd01f8f31ca1 [LEADER]: Queue going to LEADER mode. State: All replicated index: 0, Majority replicated index: 2, Committed index: 2, Last appended: 2.2, Last appended by leader: 0, Current term: 2, Majority size: 3, State: 0, Mode: LEADER, active raft config: opid_index: 3 OBSOLETE_local: false peers { permanent_uuid: "dc75ae5c3dcb4f52b288cd01f8f31ca1" member_type: VOTER last_known_addr { host: "127.7.2.1" port: 36355 } } peers { permanent_uuid: "a0c511655932451fb3f056249a004ecd" member_type: VOTER last_known_addr { host: "127.7.2.2" port: 45101 } attrs { replace: true } } peers { permanent_uuid: "f7046ba208d447c99b22826ddb96e3ab" member_type: VOTER last_known_addr { host: "127.7.2.3" port: 38869 } } peers { permanent_uuid: "bc0932dce20543c2a3cde18caa881ee7" member_type: VOTER last_known_addr { host: "127.7.2.4" port: 38117 } attrs { promote: false } }
I20260630 12:26:16.918653 10459 raft_consensus.cc:1275] T f286044d13ce48e384c90ca435adfcb9 P bc0932dce20543c2a3cde18caa881ee7 [term 1 LEARNER]: Refusing update from remote peer a0c511655932451fb3f056249a004ecd: Log matching property violated. Preceding OpId in replica: term: 1 index: 2. Preceding OpId from leader: term: 1 index: 3. (index mismatch)
I20260630 12:26:16.920521 10293 raft_consensus.cc:1275] T f286044d13ce48e384c90ca435adfcb9 P f7046ba208d447c99b22826ddb96e3ab [term 1 FOLLOWER]: Refusing update from remote peer a0c511655932451fb3f056249a004ecd: Log matching property violated. Preceding OpId in replica: term: 1 index: 2. Preceding OpId from leader: term: 1 index: 3. (index mismatch)
I20260630 12:26:16.920680 10615 consensus_queue.cc:1048] T f286044d13ce48e384c90ca435adfcb9 P a0c511655932451fb3f056249a004ecd [LEADER]: Connected to new peer: Peer: permanent_uuid: "bc0932dce20543c2a3cde18caa881ee7" member_type: VOTER last_known_addr { host: "127.7.2.4" port: 38117 } attrs { promote: false }, Status: LMP_MISMATCH, Last received: 0.0, Next index: 3, Last known committed idx: 2, Time since last communication: 0.000s
I20260630 12:26:16.922135 10618 consensus_queue.cc:1048] T f286044d13ce48e384c90ca435adfcb9 P a0c511655932451fb3f056249a004ecd [LEADER]: Connected to new peer: Peer: permanent_uuid: "f7046ba208d447c99b22826ddb96e3ab" member_type: VOTER last_known_addr { host: "127.7.2.3" port: 38869 }, Status: LMP_MISMATCH, Last received: 0.0, Next index: 3, Last known committed idx: 2, Time since last communication: 0.000s
I20260630 12:26:16.929112 10144 raft_consensus.cc:1275] T f286044d13ce48e384c90ca435adfcb9 P dc75ae5c3dcb4f52b288cd01f8f31ca1 [term 1 FOLLOWER]: Refusing update from remote peer a0c511655932451fb3f056249a004ecd: Log matching property violated. Preceding OpId in replica: term: 1 index: 2. Preceding OpId from leader: term: 1 index: 3. (index mismatch)
I20260630 12:26:16.930739 10610 consensus_queue.cc:1048] T f286044d13ce48e384c90ca435adfcb9 P a0c511655932451fb3f056249a004ecd [LEADER]: Connected to new peer: Peer: permanent_uuid: "dc75ae5c3dcb4f52b288cd01f8f31ca1" member_type: VOTER last_known_addr { host: "127.7.2.1" port: 36355 } attrs { replace: true }, Status: LMP_MISMATCH, Last received: 0.0, Next index: 3, Last known committed idx: 2, Time since last communication: 0.000s
I20260630 12:26:16.936805 10293 raft_consensus.cc:1275] T bd600dba89db418982da756ceb88b3f3 P f7046ba208d447c99b22826ddb96e3ab [term 2 FOLLOWER]: Refusing update from remote peer dc75ae5c3dcb4f52b288cd01f8f31ca1: Log matching property violated. Preceding OpId in replica: term: 2 index: 2. Preceding OpId from leader: term: 2 index: 3. (index mismatch)
I20260630 12:26:16.939644 10601 consensus_queue.cc:1048] T bd600dba89db418982da756ceb88b3f3 P dc75ae5c3dcb4f52b288cd01f8f31ca1 [LEADER]: Connected to new peer: Peer: permanent_uuid: "f7046ba208d447c99b22826ddb96e3ab" member_type: VOTER last_known_addr { host: "127.7.2.3" port: 38869 }, Status: LMP_MISMATCH, Last received: 0.0, Next index: 3, Last known committed idx: 2, Time since last communication: 0.000s
I20260630 12:26:16.940753 10220 raft_consensus.cc:1275] T bd600dba89db418982da756ceb88b3f3 P a0c511655932451fb3f056249a004ecd [term 2 FOLLOWER]: Refusing update from remote peer dc75ae5c3dcb4f52b288cd01f8f31ca1: Log matching property violated. Preceding OpId in replica: term: 2 index: 2. Preceding OpId from leader: term: 2 index: 3. (index mismatch)
I20260630 12:26:16.942920 10606 consensus_queue.cc:1048] T bd600dba89db418982da756ceb88b3f3 P dc75ae5c3dcb4f52b288cd01f8f31ca1 [LEADER]: Connected to new peer: Peer: permanent_uuid: "a0c511655932451fb3f056249a004ecd" member_type: VOTER last_known_addr { host: "127.7.2.2" port: 45101 } attrs { replace: true }, Status: LMP_MISMATCH, Last received: 0.0, Next index: 3, Last known committed idx: 2, Time since last communication: 0.000s
I20260630 12:26:16.952021 10459 raft_consensus.cc:1275] T bd600dba89db418982da756ceb88b3f3 P bc0932dce20543c2a3cde18caa881ee7 [term 2 LEARNER]: Refusing update from remote peer dc75ae5c3dcb4f52b288cd01f8f31ca1: Log matching property violated. Preceding OpId in replica: term: 2 index: 2. Preceding OpId from leader: term: 2 index: 3. (index mismatch)
I20260630 12:26:16.954490 10606 consensus_queue.cc:1048] T bd600dba89db418982da756ceb88b3f3 P dc75ae5c3dcb4f52b288cd01f8f31ca1 [LEADER]: Connected to new peer: Peer: permanent_uuid: "bc0932dce20543c2a3cde18caa881ee7" member_type: VOTER last_known_addr { host: "127.7.2.4" port: 38117 } attrs { promote: false }, Status: LMP_MISMATCH, Last received: 0.0, Next index: 3, Last known committed idx: 2, Time since last communication: 0.000s
I20260630 12:26:16.966205 10601 raft_consensus.cc:2955] T bd600dba89db418982da756ceb88b3f3 P dc75ae5c3dcb4f52b288cd01f8f31ca1 [term 2 LEADER]: Committing config change with OpId 2.3: config changed from index 2 to 3, bc0932dce20543c2a3cde18caa881ee7 (127.7.2.4) changed from NON_VOTER to VOTER. New config: { opid_index: 3 OBSOLETE_local: false peers { permanent_uuid: "dc75ae5c3dcb4f52b288cd01f8f31ca1" member_type: VOTER last_known_addr { host: "127.7.2.1" port: 36355 } } peers { permanent_uuid: "a0c511655932451fb3f056249a004ecd" member_type: VOTER last_known_addr { host: "127.7.2.2" port: 45101 } attrs { replace: true } } peers { permanent_uuid: "f7046ba208d447c99b22826ddb96e3ab" member_type: VOTER last_known_addr { host: "127.7.2.3" port: 38869 } } peers { permanent_uuid: "bc0932dce20543c2a3cde18caa881ee7" member_type: VOTER last_known_addr { host: "127.7.2.4" port: 38117 } attrs { promote: false } } }
I20260630 12:26:16.973240 10615 raft_consensus.cc:2955] T f286044d13ce48e384c90ca435adfcb9 P a0c511655932451fb3f056249a004ecd [term 1 LEADER]: Committing config change with OpId 1.3: config changed from index 2 to 3, bc0932dce20543c2a3cde18caa881ee7 (127.7.2.4) changed from NON_VOTER to VOTER. New config: { opid_index: 3 OBSOLETE_local: false peers { permanent_uuid: "dc75ae5c3dcb4f52b288cd01f8f31ca1" member_type: VOTER last_known_addr { host: "127.7.2.1" port: 36355 } attrs { replace: true } } peers { permanent_uuid: "a0c511655932451fb3f056249a004ecd" member_type: VOTER last_known_addr { host: "127.7.2.2" port: 45101 } } peers { permanent_uuid: "f7046ba208d447c99b22826ddb96e3ab" member_type: VOTER last_known_addr { host: "127.7.2.3" port: 38869 } } peers { permanent_uuid: "bc0932dce20543c2a3cde18caa881ee7" member_type: VOTER last_known_addr { host: "127.7.2.4" port: 38117 } attrs { promote: false } } }
I20260630 12:26:16.973822 10220 raft_consensus.cc:2955] T bd600dba89db418982da756ceb88b3f3 P a0c511655932451fb3f056249a004ecd [term 2 FOLLOWER]: Committing config change with OpId 2.3: config changed from index 2 to 3, bc0932dce20543c2a3cde18caa881ee7 (127.7.2.4) changed from NON_VOTER to VOTER. New config: { opid_index: 3 OBSOLETE_local: false peers { permanent_uuid: "dc75ae5c3dcb4f52b288cd01f8f31ca1" member_type: VOTER last_known_addr { host: "127.7.2.1" port: 36355 } } peers { permanent_uuid: "a0c511655932451fb3f056249a004ecd" member_type: VOTER last_known_addr { host: "127.7.2.2" port: 45101 } attrs { replace: true } } peers { permanent_uuid: "f7046ba208d447c99b22826ddb96e3ab" member_type: VOTER last_known_addr { host: "127.7.2.3" port: 38869 } } peers { permanent_uuid: "bc0932dce20543c2a3cde18caa881ee7" member_type: VOTER last_known_addr { host: "127.7.2.4" port: 38117 } attrs { promote: false } } }
I20260630 12:26:16.980692 10456 raft_consensus.cc:2955] T bd600dba89db418982da756ceb88b3f3 P bc0932dce20543c2a3cde18caa881ee7 [term 2 FOLLOWER]: Committing config change with OpId 2.3: config changed from index 2 to 3, bc0932dce20543c2a3cde18caa881ee7 (127.7.2.4) changed from NON_VOTER to VOTER. New config: { opid_index: 3 OBSOLETE_local: false peers { permanent_uuid: "dc75ae5c3dcb4f52b288cd01f8f31ca1" member_type: VOTER last_known_addr { host: "127.7.2.1" port: 36355 } } peers { permanent_uuid: "a0c511655932451fb3f056249a004ecd" member_type: VOTER last_known_addr { host: "127.7.2.2" port: 45101 } attrs { replace: true } } peers { permanent_uuid: "f7046ba208d447c99b22826ddb96e3ab" member_type: VOTER last_known_addr { host: "127.7.2.3" port: 38869 } } peers { permanent_uuid: "bc0932dce20543c2a3cde18caa881ee7" member_type: VOTER last_known_addr { host: "127.7.2.4" port: 38117 } attrs { promote: false } } }
I20260630 12:26:16.981990 10293 raft_consensus.cc:2955] T f286044d13ce48e384c90ca435adfcb9 P f7046ba208d447c99b22826ddb96e3ab [term 1 FOLLOWER]: Committing config change with OpId 1.3: config changed from index 2 to 3, bc0932dce20543c2a3cde18caa881ee7 (127.7.2.4) changed from NON_VOTER to VOTER. New config: { opid_index: 3 OBSOLETE_local: false peers { permanent_uuid: "dc75ae5c3dcb4f52b288cd01f8f31ca1" member_type: VOTER last_known_addr { host: "127.7.2.1" port: 36355 } attrs { replace: true } } peers { permanent_uuid: "a0c511655932451fb3f056249a004ecd" member_type: VOTER last_known_addr { host: "127.7.2.2" port: 45101 } } peers { permanent_uuid: "f7046ba208d447c99b22826ddb96e3ab" member_type: VOTER last_known_addr { host: "127.7.2.3" port: 38869 } } peers { permanent_uuid: "bc0932dce20543c2a3cde18caa881ee7" member_type: VOTER last_known_addr { host: "127.7.2.4" port: 38117 } attrs { promote: false } } }
I20260630 12:26:16.989427 10143 raft_consensus.cc:2955] T f286044d13ce48e384c90ca435adfcb9 P dc75ae5c3dcb4f52b288cd01f8f31ca1 [term 1 FOLLOWER]: Committing config change with OpId 1.3: config changed from index 2 to 3, bc0932dce20543c2a3cde18caa881ee7 (127.7.2.4) changed from NON_VOTER to VOTER. New config: { opid_index: 3 OBSOLETE_local: false peers { permanent_uuid: "dc75ae5c3dcb4f52b288cd01f8f31ca1" member_type: VOTER last_known_addr { host: "127.7.2.1" port: 36355 } attrs { replace: true } } peers { permanent_uuid: "a0c511655932451fb3f056249a004ecd" member_type: VOTER last_known_addr { host: "127.7.2.2" port: 45101 } } peers { permanent_uuid: "f7046ba208d447c99b22826ddb96e3ab" member_type: VOTER last_known_addr { host: "127.7.2.3" port: 38869 } } peers { permanent_uuid: "bc0932dce20543c2a3cde18caa881ee7" member_type: VOTER last_known_addr { host: "127.7.2.4" port: 38117 } attrs { promote: false } } }
I20260630 12:26:16.991221 10041 catalog_manager.cc:5697] T f286044d13ce48e384c90ca435adfcb9 P a0c511655932451fb3f056249a004ecd reported cstate change: config changed from index 2 to 3, bc0932dce20543c2a3cde18caa881ee7 (127.7.2.4) changed from NON_VOTER to VOTER. New cstate: current_term: 1 leader_uuid: "a0c511655932451fb3f056249a004ecd" committed_config { opid_index: 3 OBSOLETE_local: false peers { permanent_uuid: "dc75ae5c3dcb4f52b288cd01f8f31ca1" member_type: VOTER last_known_addr { host: "127.7.2.1" port: 36355 } attrs { replace: true } health_report { overall_health: UNKNOWN } } peers { permanent_uuid: "a0c511655932451fb3f056249a004ecd" member_type: VOTER last_known_addr { host: "127.7.2.2" port: 45101 } health_report { overall_health: HEALTHY } } peers { permanent_uuid: "f7046ba208d447c99b22826ddb96e3ab" member_type: VOTER last_known_addr { host: "127.7.2.3" port: 38869 } health_report { overall_health: HEALTHY } } peers { permanent_uuid: "bc0932dce20543c2a3cde18caa881ee7" member_type: VOTER last_known_addr { host: "127.7.2.4" port: 38117 } attrs { promote: false } health_report { overall_health: HEALTHY } } }
I20260630 12:26:16.997614 10040 catalog_manager.cc:5697] T bd600dba89db418982da756ceb88b3f3 P bc0932dce20543c2a3cde18caa881ee7 reported cstate change: config changed from index 2 to 3, bc0932dce20543c2a3cde18caa881ee7 (127.7.2.4) changed from NON_VOTER to VOTER. New cstate: current_term: 2 leader_uuid: "dc75ae5c3dcb4f52b288cd01f8f31ca1" committed_config { opid_index: 3 OBSOLETE_local: false peers { permanent_uuid: "dc75ae5c3dcb4f52b288cd01f8f31ca1" member_type: VOTER last_known_addr { host: "127.7.2.1" port: 36355 } } peers { permanent_uuid: "a0c511655932451fb3f056249a004ecd" member_type: VOTER last_known_addr { host: "127.7.2.2" port: 45101 } attrs { replace: true } } peers { permanent_uuid: "f7046ba208d447c99b22826ddb96e3ab" member_type: VOTER last_known_addr { host: "127.7.2.3" port: 38869 } } peers { permanent_uuid: "bc0932dce20543c2a3cde18caa881ee7" member_type: VOTER last_known_addr { host: "127.7.2.4" port: 38117 } attrs { promote: false } } }
I20260630 12:26:16.999833 10459 raft_consensus.cc:2955] T f286044d13ce48e384c90ca435adfcb9 P bc0932dce20543c2a3cde18caa881ee7 [term 1 FOLLOWER]: Committing config change with OpId 1.3: config changed from index 2 to 3, bc0932dce20543c2a3cde18caa881ee7 (127.7.2.4) changed from NON_VOTER to VOTER. New config: { opid_index: 3 OBSOLETE_local: false peers { permanent_uuid: "dc75ae5c3dcb4f52b288cd01f8f31ca1" member_type: VOTER last_known_addr { host: "127.7.2.1" port: 36355 } attrs { replace: true } } peers { permanent_uuid: "a0c511655932451fb3f056249a004ecd" member_type: VOTER last_known_addr { host: "127.7.2.2" port: 45101 } } peers { permanent_uuid: "f7046ba208d447c99b22826ddb96e3ab" member_type: VOTER last_known_addr { host: "127.7.2.3" port: 38869 } } peers { permanent_uuid: "bc0932dce20543c2a3cde18caa881ee7" member_type: VOTER last_known_addr { host: "127.7.2.4" port: 38117 } attrs { promote: false } } }
I20260630 12:26:17.002566 10293 raft_consensus.cc:2955] T bd600dba89db418982da756ceb88b3f3 P f7046ba208d447c99b22826ddb96e3ab [term 2 FOLLOWER]: Committing config change with OpId 2.3: config changed from index 2 to 3, bc0932dce20543c2a3cde18caa881ee7 (127.7.2.4) changed from NON_VOTER to VOTER. New config: { opid_index: 3 OBSOLETE_local: false peers { permanent_uuid: "dc75ae5c3dcb4f52b288cd01f8f31ca1" member_type: VOTER last_known_addr { host: "127.7.2.1" port: 36355 } } peers { permanent_uuid: "a0c511655932451fb3f056249a004ecd" member_type: VOTER last_known_addr { host: "127.7.2.2" port: 45101 } attrs { replace: true } } peers { permanent_uuid: "f7046ba208d447c99b22826ddb96e3ab" member_type: VOTER last_known_addr { host: "127.7.2.3" port: 38869 } } peers { permanent_uuid: "bc0932dce20543c2a3cde18caa881ee7" member_type: VOTER last_known_addr { host: "127.7.2.4" port: 38117 } attrs { promote: false } } }
I20260630 12:26:17.030503 10219 consensus_queue.cc:237] T f286044d13ce48e384c90ca435adfcb9 P a0c511655932451fb3f056249a004ecd [LEADER]: Queue going to LEADER mode. State: All replicated index: 0, Majority replicated index: 3, Committed index: 3, Last appended: 1.3, Last appended by leader: 0, Current term: 1, Majority size: 2, State: 0, Mode: LEADER, active raft config: opid_index: 4 OBSOLETE_local: false peers { permanent_uuid: "a0c511655932451fb3f056249a004ecd" member_type: VOTER last_known_addr { host: "127.7.2.2" port: 45101 } } peers { permanent_uuid: "f7046ba208d447c99b22826ddb96e3ab" member_type: VOTER last_known_addr { host: "127.7.2.3" port: 38869 } } peers { permanent_uuid: "bc0932dce20543c2a3cde18caa881ee7" member_type: VOTER last_known_addr { host: "127.7.2.4" port: 38117 } attrs { promote: false } }
I20260630 12:26:17.034857 10143 consensus_queue.cc:237] T bd600dba89db418982da756ceb88b3f3 P dc75ae5c3dcb4f52b288cd01f8f31ca1 [LEADER]: Queue going to LEADER mode. State: All replicated index: 0, Majority replicated index: 3, Committed index: 3, Last appended: 2.3, Last appended by leader: 0, Current term: 2, Majority size: 2, State: 0, Mode: LEADER, active raft config: opid_index: 4 OBSOLETE_local: false peers { permanent_uuid: "dc75ae5c3dcb4f52b288cd01f8f31ca1" member_type: VOTER last_known_addr { host: "127.7.2.1" port: 36355 } } peers { permanent_uuid: "f7046ba208d447c99b22826ddb96e3ab" member_type: VOTER last_known_addr { host: "127.7.2.3" port: 38869 } } peers { permanent_uuid: "bc0932dce20543c2a3cde18caa881ee7" member_type: VOTER last_known_addr { host: "127.7.2.4" port: 38117 } attrs { promote: false } }
I20260630 12:26:17.036489 10459 raft_consensus.cc:1275] T f286044d13ce48e384c90ca435adfcb9 P bc0932dce20543c2a3cde18caa881ee7 [term 1 FOLLOWER]: Refusing update from remote peer a0c511655932451fb3f056249a004ecd: Log matching property violated. Preceding OpId in replica: term: 1 index: 3. Preceding OpId from leader: term: 1 index: 4. (index mismatch)
I20260630 12:26:17.037688 10293 raft_consensus.cc:1275] T f286044d13ce48e384c90ca435adfcb9 P f7046ba208d447c99b22826ddb96e3ab [term 1 FOLLOWER]: Refusing update from remote peer a0c511655932451fb3f056249a004ecd: Log matching property violated. Preceding OpId in replica: term: 1 index: 3. Preceding OpId from leader: term: 1 index: 4. (index mismatch)
I20260630 12:26:17.039752 10615 consensus_queue.cc:1048] T f286044d13ce48e384c90ca435adfcb9 P a0c511655932451fb3f056249a004ecd [LEADER]: Connected to new peer: Peer: permanent_uuid: "f7046ba208d447c99b22826ddb96e3ab" member_type: VOTER last_known_addr { host: "127.7.2.3" port: 38869 }, Status: LMP_MISMATCH, Last received: 0.0, Next index: 4, Last known committed idx: 3, Time since last communication: 0.000s
I20260630 12:26:17.040294 10459 raft_consensus.cc:1275] T bd600dba89db418982da756ceb88b3f3 P bc0932dce20543c2a3cde18caa881ee7 [term 2 FOLLOWER]: Refusing update from remote peer dc75ae5c3dcb4f52b288cd01f8f31ca1: Log matching property violated. Preceding OpId in replica: term: 2 index: 3. Preceding OpId from leader: term: 2 index: 4. (index mismatch)
I20260630 12:26:17.040602 10618 consensus_queue.cc:1048] T f286044d13ce48e384c90ca435adfcb9 P a0c511655932451fb3f056249a004ecd [LEADER]: Connected to new peer: Peer: permanent_uuid: "bc0932dce20543c2a3cde18caa881ee7" member_type: VOTER last_known_addr { host: "127.7.2.4" port: 38117 } attrs { promote: false }, Status: LMP_MISMATCH, Last received: 0.0, Next index: 4, Last known committed idx: 3, Time since last communication: 0.000s
I20260630 12:26:17.042418 10572 consensus_queue.cc:1048] T bd600dba89db418982da756ceb88b3f3 P dc75ae5c3dcb4f52b288cd01f8f31ca1 [LEADER]: Connected to new peer: Peer: permanent_uuid: "bc0932dce20543c2a3cde18caa881ee7" member_type: VOTER last_known_addr { host: "127.7.2.4" port: 38117 } attrs { promote: false }, Status: LMP_MISMATCH, Last received: 0.0, Next index: 4, Last known committed idx: 3, Time since last communication: 0.000s
I20260630 12:26:17.043725 10293 raft_consensus.cc:1275] T bd600dba89db418982da756ceb88b3f3 P f7046ba208d447c99b22826ddb96e3ab [term 2 FOLLOWER]: Refusing update from remote peer dc75ae5c3dcb4f52b288cd01f8f31ca1: Log matching property violated. Preceding OpId in replica: term: 2 index: 3. Preceding OpId from leader: term: 2 index: 4. (index mismatch)
I20260630 12:26:17.045332 10572 consensus_queue.cc:1048] T bd600dba89db418982da756ceb88b3f3 P dc75ae5c3dcb4f52b288cd01f8f31ca1 [LEADER]: Connected to new peer: Peer: permanent_uuid: "f7046ba208d447c99b22826ddb96e3ab" member_type: VOTER last_known_addr { host: "127.7.2.3" port: 38869 }, Status: LMP_MISMATCH, Last received: 0.0, Next index: 4, Last known committed idx: 3, Time since last communication: 0.000s
I20260630 12:26:17.050639 10606 raft_consensus.cc:2955] T bd600dba89db418982da756ceb88b3f3 P dc75ae5c3dcb4f52b288cd01f8f31ca1 [term 2 LEADER]: Committing config change with OpId 2.4: config changed from index 3 to 4, VOTER a0c511655932451fb3f056249a004ecd (127.7.2.2) evicted. New config: { opid_index: 4 OBSOLETE_local: false peers { permanent_uuid: "dc75ae5c3dcb4f52b288cd01f8f31ca1" member_type: VOTER last_known_addr { host: "127.7.2.1" port: 36355 } } peers { permanent_uuid: "f7046ba208d447c99b22826ddb96e3ab" member_type: VOTER last_known_addr { host: "127.7.2.3" port: 38869 } } peers { permanent_uuid: "bc0932dce20543c2a3cde18caa881ee7" member_type: VOTER last_known_addr { host: "127.7.2.4" port: 38117 } attrs { promote: false } } }
I20260630 12:26:17.056951 10610 raft_consensus.cc:2955] T f286044d13ce48e384c90ca435adfcb9 P a0c511655932451fb3f056249a004ecd [term 1 LEADER]: Committing config change with OpId 1.4: config changed from index 3 to 4, VOTER dc75ae5c3dcb4f52b288cd01f8f31ca1 (127.7.2.1) evicted. New config: { opid_index: 4 OBSOLETE_local: false peers { permanent_uuid: "a0c511655932451fb3f056249a004ecd" member_type: VOTER last_known_addr { host: "127.7.2.2" port: 45101 } } peers { permanent_uuid: "f7046ba208d447c99b22826ddb96e3ab" member_type: VOTER last_known_addr { host: "127.7.2.3" port: 38869 } } peers { permanent_uuid: "bc0932dce20543c2a3cde18caa881ee7" member_type: VOTER last_known_addr { host: "127.7.2.4" port: 38117 } attrs { promote: false } } }
I20260630 12:26:17.059262 10293 raft_consensus.cc:2955] T bd600dba89db418982da756ceb88b3f3 P f7046ba208d447c99b22826ddb96e3ab [term 2 FOLLOWER]: Committing config change with OpId 2.4: config changed from index 3 to 4, VOTER a0c511655932451fb3f056249a004ecd (127.7.2.2) evicted. New config: { opid_index: 4 OBSOLETE_local: false peers { permanent_uuid: "dc75ae5c3dcb4f52b288cd01f8f31ca1" member_type: VOTER last_known_addr { host: "127.7.2.1" port: 36355 } } peers { permanent_uuid: "f7046ba208d447c99b22826ddb96e3ab" member_type: VOTER last_known_addr { host: "127.7.2.3" port: 38869 } } peers { permanent_uuid: "bc0932dce20543c2a3cde18caa881ee7" member_type: VOTER last_known_addr { host: "127.7.2.4" port: 38117 } attrs { promote: false } } }
I20260630 12:26:17.061307 10027 catalog_manager.cc:5210] ChangeConfig:REMOVE_PEER RPC for tablet bd600dba89db418982da756ceb88b3f3 with cas_config_opid_index 3: ChangeConfig:REMOVE_PEER succeeded (attempt 1)
I20260630 12:26:17.067842 10292 raft_consensus.cc:2955] T f286044d13ce48e384c90ca435adfcb9 P f7046ba208d447c99b22826ddb96e3ab [term 1 FOLLOWER]: Committing config change with OpId 1.4: config changed from index 3 to 4, VOTER dc75ae5c3dcb4f52b288cd01f8f31ca1 (127.7.2.1) evicted. New config: { opid_index: 4 OBSOLETE_local: false peers { permanent_uuid: "a0c511655932451fb3f056249a004ecd" member_type: VOTER last_known_addr { host: "127.7.2.2" port: 45101 } } peers { permanent_uuid: "f7046ba208d447c99b22826ddb96e3ab" member_type: VOTER last_known_addr { host: "127.7.2.3" port: 38869 } } peers { permanent_uuid: "bc0932dce20543c2a3cde18caa881ee7" member_type: VOTER last_known_addr { host: "127.7.2.4" port: 38117 } attrs { promote: false } } }
I20260630 12:26:17.070163 10459 raft_consensus.cc:2955] T bd600dba89db418982da756ceb88b3f3 P bc0932dce20543c2a3cde18caa881ee7 [term 2 FOLLOWER]: Committing config change with OpId 2.4: config changed from index 3 to 4, VOTER a0c511655932451fb3f056249a004ecd (127.7.2.2) evicted. New config: { opid_index: 4 OBSOLETE_local: false peers { permanent_uuid: "dc75ae5c3dcb4f52b288cd01f8f31ca1" member_type: VOTER last_known_addr { host: "127.7.2.1" port: 36355 } } peers { permanent_uuid: "f7046ba208d447c99b22826ddb96e3ab" member_type: VOTER last_known_addr { host: "127.7.2.3" port: 38869 } } peers { permanent_uuid: "bc0932dce20543c2a3cde18caa881ee7" member_type: VOTER last_known_addr { host: "127.7.2.4" port: 38117 } attrs { promote: false } } }
I20260630 12:26:17.071249 10040 catalog_manager.cc:5697] T bd600dba89db418982da756ceb88b3f3 P f7046ba208d447c99b22826ddb96e3ab reported cstate change: config changed from index 3 to 4, VOTER a0c511655932451fb3f056249a004ecd (127.7.2.2) evicted. New cstate: current_term: 2 leader_uuid: "dc75ae5c3dcb4f52b288cd01f8f31ca1" committed_config { opid_index: 4 OBSOLETE_local: false peers { permanent_uuid: "dc75ae5c3dcb4f52b288cd01f8f31ca1" member_type: VOTER last_known_addr { host: "127.7.2.1" port: 36355 } } peers { permanent_uuid: "f7046ba208d447c99b22826ddb96e3ab" member_type: VOTER last_known_addr { host: "127.7.2.3" port: 38869 } } peers { permanent_uuid: "bc0932dce20543c2a3cde18caa881ee7" member_type: VOTER last_known_addr { host: "127.7.2.4" port: 38117 } attrs { promote: false } } }
I20260630 12:26:17.078867 10027 catalog_manager.cc:5210] ChangeConfig:REMOVE_PEER RPC for tablet f286044d13ce48e384c90ca435adfcb9 with cas_config_opid_index 3: ChangeConfig:REMOVE_PEER succeeded (attempt 1)
I20260630 12:26:17.081768 10204 tablet_service.cc:1558] Processing DeleteTablet for tablet bd600dba89db418982da756ceb88b3f3 with delete_type TABLET_DATA_TOMBSTONED (TS a0c511655932451fb3f056249a004ecd not found in new config with opid_index 4) from {username='slave'} at 127.0.0.1:50846
I20260630 12:26:17.094863 10631 tablet_replica.cc:333] T bd600dba89db418982da756ceb88b3f3 P a0c511655932451fb3f056249a004ecd: stopping tablet replica
I20260630 12:26:17.094180 10459 raft_consensus.cc:2955] T f286044d13ce48e384c90ca435adfcb9 P bc0932dce20543c2a3cde18caa881ee7 [term 1 FOLLOWER]: Committing config change with OpId 1.4: config changed from index 3 to 4, VOTER dc75ae5c3dcb4f52b288cd01f8f31ca1 (127.7.2.1) evicted. New config: { opid_index: 4 OBSOLETE_local: false peers { permanent_uuid: "a0c511655932451fb3f056249a004ecd" member_type: VOTER last_known_addr { host: "127.7.2.2" port: 45101 } } peers { permanent_uuid: "f7046ba208d447c99b22826ddb96e3ab" member_type: VOTER last_known_addr { host: "127.7.2.3" port: 38869 } } peers { permanent_uuid: "bc0932dce20543c2a3cde18caa881ee7" member_type: VOTER last_known_addr { host: "127.7.2.4" port: 38117 } attrs { promote: false } } }
I20260630 12:26:17.095695 10631 raft_consensus.cc:2243] T bd600dba89db418982da756ceb88b3f3 P a0c511655932451fb3f056249a004ecd [term 2 FOLLOWER]: Raft consensus shutting down.
I20260630 12:26:17.096457 10631 raft_consensus.cc:2272] T bd600dba89db418982da756ceb88b3f3 P a0c511655932451fb3f056249a004ecd [term 2 FOLLOWER]: Raft consensus is shut down!
I20260630 12:26:17.099947 10631 ts_tablet_manager.cc:1916] T bd600dba89db418982da756ceb88b3f3 P a0c511655932451fb3f056249a004ecd: Deleting tablet data with delete state TABLET_DATA_TOMBSTONED
I20260630 12:26:17.096482 10040 catalog_manager.cc:5697] T f286044d13ce48e384c90ca435adfcb9 P f7046ba208d447c99b22826ddb96e3ab reported cstate change: config changed from index 3 to 4, VOTER dc75ae5c3dcb4f52b288cd01f8f31ca1 (127.7.2.1) evicted. New cstate: current_term: 1 leader_uuid: "a0c511655932451fb3f056249a004ecd" committed_config { opid_index: 4 OBSOLETE_local: false peers { permanent_uuid: "a0c511655932451fb3f056249a004ecd" member_type: VOTER last_known_addr { host: "127.7.2.2" port: 45101 } } peers { permanent_uuid: "f7046ba208d447c99b22826ddb96e3ab" member_type: VOTER last_known_addr { host: "127.7.2.3" port: 38869 } } peers { permanent_uuid: "bc0932dce20543c2a3cde18caa881ee7" member_type: VOTER last_known_addr { host: "127.7.2.4" port: 38117 } attrs { promote: false } } }
I20260630 12:26:17.116461 10631 ts_tablet_manager.cc:1929] T bd600dba89db418982da756ceb88b3f3 P a0c511655932451fb3f056249a004ecd: tablet deleted with delete type TABLET_DATA_TOMBSTONED: last-logged OpId 2.3
I20260630 12:26:17.116897 10631 log.cc:1199] T bd600dba89db418982da756ceb88b3f3 P a0c511655932451fb3f056249a004ecd: Deleting WAL directory at /tmp/dist-test-taskXYpE8R/test-tmp/auto_rebalancer-test.0.AutoRebalancerTest.RangeAwareRebalancesNewRangeReplicas.1782822287564206-7176-0/minicluster-data/ts-1-root/wals/bd600dba89db418982da756ceb88b3f3
I20260630 12:26:17.118261 10129 tablet_service.cc:1558] Processing DeleteTablet for tablet f286044d13ce48e384c90ca435adfcb9 with delete_type TABLET_DATA_TOMBSTONED (TS dc75ae5c3dcb4f52b288cd01f8f31ca1 not found in new config with opid_index 4) from {username='slave'} at 127.0.0.1:57230
I20260630 12:26:17.118902 10027 catalog_manager.cc:5028] TS a0c511655932451fb3f056249a004ecd (127.7.2.2:45101): tablet bd600dba89db418982da756ceb88b3f3 (table range_aware_rebalance_new_range [id=029ccfdc4a4e451f8cb099c2f477c100]) successfully deleted
I20260630 12:26:17.120910 10632 tablet_replica.cc:333] T f286044d13ce48e384c90ca435adfcb9 P dc75ae5c3dcb4f52b288cd01f8f31ca1: stopping tablet replica
I20260630 12:26:17.121841 10632 raft_consensus.cc:2243] T f286044d13ce48e384c90ca435adfcb9 P dc75ae5c3dcb4f52b288cd01f8f31ca1 [term 1 FOLLOWER]: Raft consensus shutting down.
I20260630 12:26:17.122466 10632 raft_consensus.cc:2272] T f286044d13ce48e384c90ca435adfcb9 P dc75ae5c3dcb4f52b288cd01f8f31ca1 [term 1 FOLLOWER]: Raft consensus is shut down!
I20260630 12:26:17.123898 10611 raft_consensus.cc:1064] T 20bd4c67990f477f8e804f4a86209d5b P f7046ba208d447c99b22826ddb96e3ab: attempting to promote NON_VOTER bc0932dce20543c2a3cde18caa881ee7 to VOTER
I20260630 12:26:17.125571 10632 ts_tablet_manager.cc:1916] T f286044d13ce48e384c90ca435adfcb9 P dc75ae5c3dcb4f52b288cd01f8f31ca1: Deleting tablet data with delete state TABLET_DATA_TOMBSTONED
I20260630 12:26:17.125896 10611 consensus_queue.cc:237] T 20bd4c67990f477f8e804f4a86209d5b P f7046ba208d447c99b22826ddb96e3ab [LEADER]: Queue going to LEADER mode. State: All replicated index: 0, Majority replicated index: 2, Committed index: 2, Last appended: 1.2, Last appended by leader: 0, Current term: 1, Majority size: 3, State: 0, Mode: LEADER, active raft config: opid_index: 3 OBSOLETE_local: false peers { permanent_uuid: "a0c511655932451fb3f056249a004ecd" member_type: VOTER last_known_addr { host: "127.7.2.2" port: 45101 } } peers { permanent_uuid: "dc75ae5c3dcb4f52b288cd01f8f31ca1" member_type: VOTER last_known_addr { host: "127.7.2.1" port: 36355 } attrs { replace: true } } peers { permanent_uuid: "f7046ba208d447c99b22826ddb96e3ab" member_type: VOTER last_known_addr { host: "127.7.2.3" port: 38869 } } peers { permanent_uuid: "bc0932dce20543c2a3cde18caa881ee7" member_type: VOTER last_known_addr { host: "127.7.2.4" port: 38117 } attrs { promote: false } }
I20260630 12:26:17.131515 10456 raft_consensus.cc:1275] T 20bd4c67990f477f8e804f4a86209d5b P bc0932dce20543c2a3cde18caa881ee7 [term 1 LEARNER]: Refusing update from remote peer f7046ba208d447c99b22826ddb96e3ab: Log matching property violated. Preceding OpId in replica: term: 1 index: 2. Preceding OpId from leader: term: 1 index: 3. (index mismatch)
I20260630 12:26:17.132931 10144 raft_consensus.cc:1275] T 20bd4c67990f477f8e804f4a86209d5b P dc75ae5c3dcb4f52b288cd01f8f31ca1 [term 1 FOLLOWER]: Refusing update from remote peer f7046ba208d447c99b22826ddb96e3ab: Log matching property violated. Preceding OpId in replica: term: 1 index: 2. Preceding OpId from leader: term: 1 index: 3. (index mismatch)
I20260630 12:26:17.133162 10612 consensus_queue.cc:1048] T 20bd4c67990f477f8e804f4a86209d5b P f7046ba208d447c99b22826ddb96e3ab [LEADER]: Connected to new peer: Peer: permanent_uuid: "bc0932dce20543c2a3cde18caa881ee7" member_type: VOTER last_known_addr { host: "127.7.2.4" port: 38117 } attrs { promote: false }, Status: LMP_MISMATCH, Last received: 0.0, Next index: 3, Last known committed idx: 2, Time since last communication: 0.001s
I20260630 12:26:17.134583 10568 consensus_queue.cc:1048] T 20bd4c67990f477f8e804f4a86209d5b P f7046ba208d447c99b22826ddb96e3ab [LEADER]: Connected to new peer: Peer: permanent_uuid: "dc75ae5c3dcb4f52b288cd01f8f31ca1" member_type: VOTER last_known_addr { host: "127.7.2.1" port: 36355 } attrs { replace: true }, Status: LMP_MISMATCH, Last received: 0.0, Next index: 3, Last known committed idx: 2, Time since last communication: 0.001s
I20260630 12:26:17.140110 10632 ts_tablet_manager.cc:1929] T f286044d13ce48e384c90ca435adfcb9 P dc75ae5c3dcb4f52b288cd01f8f31ca1: tablet deleted with delete type TABLET_DATA_TOMBSTONED: last-logged OpId 1.3
I20260630 12:26:17.140563 10632 log.cc:1199] T f286044d13ce48e384c90ca435adfcb9 P dc75ae5c3dcb4f52b288cd01f8f31ca1: Deleting WAL directory at /tmp/dist-test-taskXYpE8R/test-tmp/auto_rebalancer-test.0.AutoRebalancerTest.RangeAwareRebalancesNewRangeReplicas.1782822287564206-7176-0/minicluster-data/ts-0-root/wals/f286044d13ce48e384c90ca435adfcb9
I20260630 12:26:17.142668 10219 raft_consensus.cc:1275] T 20bd4c67990f477f8e804f4a86209d5b P a0c511655932451fb3f056249a004ecd [term 1 FOLLOWER]: Refusing update from remote peer f7046ba208d447c99b22826ddb96e3ab: Log matching property violated. Preceding OpId in replica: term: 1 index: 2. Preceding OpId from leader: term: 1 index: 3. (index mismatch)
I20260630 12:26:17.144387 10027 catalog_manager.cc:5028] TS dc75ae5c3dcb4f52b288cd01f8f31ca1 (127.7.2.1:36355): tablet f286044d13ce48e384c90ca435adfcb9 (table range_aware_rebalance_new_range [id=029ccfdc4a4e451f8cb099c2f477c100]) successfully deleted
I20260630 12:26:17.145478 10568 consensus_queue.cc:1048] T 20bd4c67990f477f8e804f4a86209d5b P f7046ba208d447c99b22826ddb96e3ab [LEADER]: Connected to new peer: Peer: permanent_uuid: "a0c511655932451fb3f056249a004ecd" member_type: VOTER last_known_addr { host: "127.7.2.2" port: 45101 }, Status: LMP_MISMATCH, Last received: 0.0, Next index: 3, Last known committed idx: 2, Time since last communication: 0.001s
I20260630 12:26:17.153707 10612 raft_consensus.cc:2955] T 20bd4c67990f477f8e804f4a86209d5b P f7046ba208d447c99b22826ddb96e3ab [term 1 LEADER]: Committing config change with OpId 1.3: config changed from index 2 to 3, bc0932dce20543c2a3cde18caa881ee7 (127.7.2.4) changed from NON_VOTER to VOTER. New config: { opid_index: 3 OBSOLETE_local: false peers { permanent_uuid: "a0c511655932451fb3f056249a004ecd" member_type: VOTER last_known_addr { host: "127.7.2.2" port: 45101 } } peers { permanent_uuid: "dc75ae5c3dcb4f52b288cd01f8f31ca1" member_type: VOTER last_known_addr { host: "127.7.2.1" port: 36355 } attrs { replace: true } } peers { permanent_uuid: "f7046ba208d447c99b22826ddb96e3ab" member_type: VOTER last_known_addr { host: "127.7.2.3" port: 38869 } } peers { permanent_uuid: "bc0932dce20543c2a3cde18caa881ee7" member_type: VOTER last_known_addr { host: "127.7.2.4" port: 38117 } attrs { promote: false } } }
I20260630 12:26:17.162328 10456 raft_consensus.cc:2955] T 20bd4c67990f477f8e804f4a86209d5b P bc0932dce20543c2a3cde18caa881ee7 [term 1 FOLLOWER]: Committing config change with OpId 1.3: config changed from index 2 to 3, bc0932dce20543c2a3cde18caa881ee7 (127.7.2.4) changed from NON_VOTER to VOTER. New config: { opid_index: 3 OBSOLETE_local: false peers { permanent_uuid: "a0c511655932451fb3f056249a004ecd" member_type: VOTER last_known_addr { host: "127.7.2.2" port: 45101 } } peers { permanent_uuid: "dc75ae5c3dcb4f52b288cd01f8f31ca1" member_type: VOTER last_known_addr { host: "127.7.2.1" port: 36355 } attrs { replace: true } } peers { permanent_uuid: "f7046ba208d447c99b22826ddb96e3ab" member_type: VOTER last_known_addr { host: "127.7.2.3" port: 38869 } } peers { permanent_uuid: "bc0932dce20543c2a3cde18caa881ee7" member_type: VOTER last_known_addr { host: "127.7.2.4" port: 38117 } attrs { promote: false } } }
I20260630 12:26:17.163981 10144 raft_consensus.cc:2955] T 20bd4c67990f477f8e804f4a86209d5b P dc75ae5c3dcb4f52b288cd01f8f31ca1 [term 1 FOLLOWER]: Committing config change with OpId 1.3: config changed from index 2 to 3, bc0932dce20543c2a3cde18caa881ee7 (127.7.2.4) changed from NON_VOTER to VOTER. New config: { opid_index: 3 OBSOLETE_local: false peers { permanent_uuid: "a0c511655932451fb3f056249a004ecd" member_type: VOTER last_known_addr { host: "127.7.2.2" port: 45101 } } peers { permanent_uuid: "dc75ae5c3dcb4f52b288cd01f8f31ca1" member_type: VOTER last_known_addr { host: "127.7.2.1" port: 36355 } attrs { replace: true } } peers { permanent_uuid: "f7046ba208d447c99b22826ddb96e3ab" member_type: VOTER last_known_addr { host: "127.7.2.3" port: 38869 } } peers { permanent_uuid: "bc0932dce20543c2a3cde18caa881ee7" member_type: VOTER last_known_addr { host: "127.7.2.4" port: 38117 } attrs { promote: false } } }
I20260630 12:26:17.166041 10039 catalog_manager.cc:5697] T 20bd4c67990f477f8e804f4a86209d5b P f7046ba208d447c99b22826ddb96e3ab reported cstate change: config changed from index 2 to 3, bc0932dce20543c2a3cde18caa881ee7 (127.7.2.4) changed from NON_VOTER to VOTER. New cstate: current_term: 1 leader_uuid: "f7046ba208d447c99b22826ddb96e3ab" committed_config { opid_index: 3 OBSOLETE_local: false peers { permanent_uuid: "a0c511655932451fb3f056249a004ecd" member_type: VOTER last_known_addr { host: "127.7.2.2" port: 45101 } health_report { overall_health: HEALTHY } } peers { permanent_uuid: "dc75ae5c3dcb4f52b288cd01f8f31ca1" member_type: VOTER last_known_addr { host: "127.7.2.1" port: 36355 } attrs { replace: true } health_report { overall_health: HEALTHY } } peers { permanent_uuid: "f7046ba208d447c99b22826ddb96e3ab" member_type: VOTER last_known_addr { host: "127.7.2.3" port: 38869 } health_report { overall_health: HEALTHY } } peers { permanent_uuid: "bc0932dce20543c2a3cde18caa881ee7" member_type: VOTER last_known_addr { host: "127.7.2.4" port: 38117 } attrs { promote: false } health_report { overall_health: HEALTHY } } }
I20260630 12:26:17.163156 10220 raft_consensus.cc:2955] T 20bd4c67990f477f8e804f4a86209d5b P a0c511655932451fb3f056249a004ecd [term 1 FOLLOWER]: Committing config change with OpId 1.3: config changed from index 2 to 3, bc0932dce20543c2a3cde18caa881ee7 (127.7.2.4) changed from NON_VOTER to VOTER. New config: { opid_index: 3 OBSOLETE_local: false peers { permanent_uuid: "a0c511655932451fb3f056249a004ecd" member_type: VOTER last_known_addr { host: "127.7.2.2" port: 45101 } } peers { permanent_uuid: "dc75ae5c3dcb4f52b288cd01f8f31ca1" member_type: VOTER last_known_addr { host: "127.7.2.1" port: 36355 } attrs { replace: true } } peers { permanent_uuid: "f7046ba208d447c99b22826ddb96e3ab" member_type: VOTER last_known_addr { host: "127.7.2.3" port: 38869 } } peers { permanent_uuid: "bc0932dce20543c2a3cde18caa881ee7" member_type: VOTER last_known_addr { host: "127.7.2.4" port: 38117 } attrs { promote: false } } }
I20260630 12:26:17.192566 10292 consensus_queue.cc:237] T 20bd4c67990f477f8e804f4a86209d5b P f7046ba208d447c99b22826ddb96e3ab [LEADER]: Queue going to LEADER mode. State: All replicated index: 0, Majority replicated index: 3, Committed index: 3, Last appended: 1.3, Last appended by leader: 0, Current term: 1, Majority size: 2, State: 0, Mode: LEADER, active raft config: opid_index: 4 OBSOLETE_local: false peers { permanent_uuid: "a0c511655932451fb3f056249a004ecd" member_type: VOTER last_known_addr { host: "127.7.2.2" port: 45101 } } peers { permanent_uuid: "f7046ba208d447c99b22826ddb96e3ab" member_type: VOTER last_known_addr { host: "127.7.2.3" port: 38869 } } peers { permanent_uuid: "bc0932dce20543c2a3cde18caa881ee7" member_type: VOTER last_known_addr { host: "127.7.2.4" port: 38117 } attrs { promote: false } }
I20260630 12:26:17.197516 10456 raft_consensus.cc:1275] T 20bd4c67990f477f8e804f4a86209d5b P bc0932dce20543c2a3cde18caa881ee7 [term 1 FOLLOWER]: Refusing update from remote peer f7046ba208d447c99b22826ddb96e3ab: Log matching property violated. Preceding OpId in replica: term: 1 index: 3. Preceding OpId from leader: term: 1 index: 4. (index mismatch)
I20260630 12:26:17.198486 10220 raft_consensus.cc:1275] T 20bd4c67990f477f8e804f4a86209d5b P a0c511655932451fb3f056249a004ecd [term 1 FOLLOWER]: Refusing update from remote peer f7046ba208d447c99b22826ddb96e3ab: Log matching property violated. Preceding OpId in replica: term: 1 index: 3. Preceding OpId from leader: term: 1 index: 4. (index mismatch)
I20260630 12:26:17.199105 10612 consensus_queue.cc:1048] T 20bd4c67990f477f8e804f4a86209d5b P f7046ba208d447c99b22826ddb96e3ab [LEADER]: Connected to new peer: Peer: permanent_uuid: "bc0932dce20543c2a3cde18caa881ee7" member_type: VOTER last_known_addr { host: "127.7.2.4" port: 38117 } attrs { promote: false }, Status: LMP_MISMATCH, Last received: 0.0, Next index: 4, Last known committed idx: 3, Time since last communication: 0.000s
I20260630 12:26:17.199961 10611 consensus_queue.cc:1048] T 20bd4c67990f477f8e804f4a86209d5b P f7046ba208d447c99b22826ddb96e3ab [LEADER]: Connected to new peer: Peer: permanent_uuid: "a0c511655932451fb3f056249a004ecd" member_type: VOTER last_known_addr { host: "127.7.2.2" port: 45101 }, Status: LMP_MISMATCH, Last received: 0.0, Next index: 4, Last known committed idx: 3, Time since last communication: 0.000s
I20260630 12:26:17.205895 10568 raft_consensus.cc:2955] T 20bd4c67990f477f8e804f4a86209d5b P f7046ba208d447c99b22826ddb96e3ab [term 1 LEADER]: Committing config change with OpId 1.4: config changed from index 3 to 4, VOTER dc75ae5c3dcb4f52b288cd01f8f31ca1 (127.7.2.1) evicted. New config: { opid_index: 4 OBSOLETE_local: false peers { permanent_uuid: "a0c511655932451fb3f056249a004ecd" member_type: VOTER last_known_addr { host: "127.7.2.2" port: 45101 } } peers { permanent_uuid: "f7046ba208d447c99b22826ddb96e3ab" member_type: VOTER last_known_addr { host: "127.7.2.3" port: 38869 } } peers { permanent_uuid: "bc0932dce20543c2a3cde18caa881ee7" member_type: VOTER last_known_addr { host: "127.7.2.4" port: 38117 } attrs { promote: false } } }
I20260630 12:26:17.207535 10220 raft_consensus.cc:2955] T 20bd4c67990f477f8e804f4a86209d5b P a0c511655932451fb3f056249a004ecd [term 1 FOLLOWER]: Committing config change with OpId 1.4: config changed from index 3 to 4, VOTER dc75ae5c3dcb4f52b288cd01f8f31ca1 (127.7.2.1) evicted. New config: { opid_index: 4 OBSOLETE_local: false peers { permanent_uuid: "a0c511655932451fb3f056249a004ecd" member_type: VOTER last_known_addr { host: "127.7.2.2" port: 45101 } } peers { permanent_uuid: "f7046ba208d447c99b22826ddb96e3ab" member_type: VOTER last_known_addr { host: "127.7.2.3" port: 38869 } } peers { permanent_uuid: "bc0932dce20543c2a3cde18caa881ee7" member_type: VOTER last_known_addr { host: "127.7.2.4" port: 38117 } attrs { promote: false } } }
I20260630 12:26:17.212680 10030 catalog_manager.cc:5210] ChangeConfig:REMOVE_PEER RPC for tablet 20bd4c67990f477f8e804f4a86209d5b with cas_config_opid_index 3: ChangeConfig:REMOVE_PEER succeeded (attempt 1)
I20260630 12:26:17.214171 10456 raft_consensus.cc:2955] T 20bd4c67990f477f8e804f4a86209d5b P bc0932dce20543c2a3cde18caa881ee7 [term 1 FOLLOWER]: Committing config change with OpId 1.4: config changed from index 3 to 4, VOTER dc75ae5c3dcb4f52b288cd01f8f31ca1 (127.7.2.1) evicted. New config: { opid_index: 4 OBSOLETE_local: false peers { permanent_uuid: "a0c511655932451fb3f056249a004ecd" member_type: VOTER last_known_addr { host: "127.7.2.2" port: 45101 } } peers { permanent_uuid: "f7046ba208d447c99b22826ddb96e3ab" member_type: VOTER last_known_addr { host: "127.7.2.3" port: 38869 } } peers { permanent_uuid: "bc0932dce20543c2a3cde18caa881ee7" member_type: VOTER last_known_addr { host: "127.7.2.4" port: 38117 } attrs { promote: false } } }
I20260630 12:26:17.217579 10040 catalog_manager.cc:5697] T 20bd4c67990f477f8e804f4a86209d5b P f7046ba208d447c99b22826ddb96e3ab reported cstate change: config changed from index 3 to 4, VOTER dc75ae5c3dcb4f52b288cd01f8f31ca1 (127.7.2.1) evicted. New cstate: current_term: 1 leader_uuid: "f7046ba208d447c99b22826ddb96e3ab" committed_config { opid_index: 4 OBSOLETE_local: false peers { permanent_uuid: "a0c511655932451fb3f056249a004ecd" member_type: VOTER last_known_addr { host: "127.7.2.2" port: 45101 } health_report { overall_health: HEALTHY } } peers { permanent_uuid: "f7046ba208d447c99b22826ddb96e3ab" member_type: VOTER last_known_addr { host: "127.7.2.3" port: 38869 } health_report { overall_health: HEALTHY } } peers { permanent_uuid: "bc0932dce20543c2a3cde18caa881ee7" member_type: VOTER last_known_addr { host: "127.7.2.4" port: 38117 } attrs { promote: false } health_report { overall_health: HEALTHY } } }
I20260630 12:26:17.229271 10129 tablet_service.cc:1558] Processing DeleteTablet for tablet 20bd4c67990f477f8e804f4a86209d5b with delete_type TABLET_DATA_TOMBSTONED (TS dc75ae5c3dcb4f52b288cd01f8f31ca1 not found in new config with opid_index 4) from {username='slave'} at 127.0.0.1:57230
I20260630 12:26:17.230145 10632 tablet_replica.cc:333] T 20bd4c67990f477f8e804f4a86209d5b P dc75ae5c3dcb4f52b288cd01f8f31ca1: stopping tablet replica
I20260630 12:26:17.230912 10632 raft_consensus.cc:2243] T 20bd4c67990f477f8e804f4a86209d5b P dc75ae5c3dcb4f52b288cd01f8f31ca1 [term 1 FOLLOWER]: Raft consensus shutting down.
I20260630 12:26:17.231329 10632 raft_consensus.cc:2272] T 20bd4c67990f477f8e804f4a86209d5b P dc75ae5c3dcb4f52b288cd01f8f31ca1 [term 1 FOLLOWER]: Raft consensus is shut down!
I20260630 12:26:17.233753 10632 ts_tablet_manager.cc:1916] T 20bd4c67990f477f8e804f4a86209d5b P dc75ae5c3dcb4f52b288cd01f8f31ca1: Deleting tablet data with delete state TABLET_DATA_TOMBSTONED
I20260630 12:26:17.243171 10632 ts_tablet_manager.cc:1929] T 20bd4c67990f477f8e804f4a86209d5b P dc75ae5c3dcb4f52b288cd01f8f31ca1: tablet deleted with delete type TABLET_DATA_TOMBSTONED: last-logged OpId 1.3
I20260630 12:26:17.243448 10632 log.cc:1199] T 20bd4c67990f477f8e804f4a86209d5b P dc75ae5c3dcb4f52b288cd01f8f31ca1: Deleting WAL directory at /tmp/dist-test-taskXYpE8R/test-tmp/auto_rebalancer-test.0.AutoRebalancerTest.RangeAwareRebalancesNewRangeReplicas.1782822287564206-7176-0/minicluster-data/ts-0-root/wals/20bd4c67990f477f8e804f4a86209d5b
I20260630 12:26:17.244598 10027 catalog_manager.cc:5028] TS dc75ae5c3dcb4f52b288cd01f8f31ca1 (127.7.2.1:36355): tablet 20bd4c67990f477f8e804f4a86209d5b (table range_aware_rebalance_new_range [id=029ccfdc4a4e451f8cb099c2f477c100]) successfully deleted
I20260630 12:26:17.401142 10096 auto_leader_rebalancer.cc:141] leader rebalance for table range_aware_rebalance_new_range
I20260630 12:26:17.422210 10144 tablet_service.cc:2072] Received LeaderStepDown RPC: tablet_id: "ccc0f812ee5b4245a0d5f0b5d2cd6355"
dest_uuid: "dc75ae5c3dcb4f52b288cd01f8f31ca1"
mode: GRACEFUL
new_leader_uuid: "f7046ba208d447c99b22826ddb96e3ab"
 from {username='slave'} at 127.0.0.1:36392
I20260630 12:26:17.422659 10144 raft_consensus.cc:606] T ccc0f812ee5b4245a0d5f0b5d2cd6355 P dc75ae5c3dcb4f52b288cd01f8f31ca1 [term 1 LEADER]: Received request to transfer leadership to TS f7046ba208d447c99b22826ddb96e3ab
I20260630 12:26:17.423571 10096 auto_leader_rebalancer.cc:440] table: range_aware_rebalance_new_range, leader rebalance finish, leader transfer count: 1
I20260630 12:26:17.424113 10096 auto_leader_rebalancer.cc:515] All tables' leader rebalancing finished this round
I20260630 12:26:17.901813 10606 raft_consensus.cc:993] T ccc0f812ee5b4245a0d5f0b5d2cd6355 P dc75ae5c3dcb4f52b288cd01f8f31ca1: : Instructing follower f7046ba208d447c99b22826ddb96e3ab to start an election
I20260630 12:26:17.902263 10639 raft_consensus.cc:1081] T ccc0f812ee5b4245a0d5f0b5d2cd6355 P dc75ae5c3dcb4f52b288cd01f8f31ca1 [term 1 LEADER]: Signalling peer f7046ba208d447c99b22826ddb96e3ab to start an election
I20260630 12:26:17.903601 10292 tablet_service.cc:2044] Received Run Leader Election RPC: tablet_id: "ccc0f812ee5b4245a0d5f0b5d2cd6355"
