I20260630 12:26:49.180126 11818 tablet_bootstrap.cc:492] T fa5322134a3344c9b6feb30a9a33e1e4 P 1069a473b21a46349414c6a98f900498: Bootstrap starting.
I20260630 12:26:49.185730 11817 tablet_bootstrap.cc:654] T 3e7172344bf54b218fff9e603bc0d9bd P 143987113713478ea14b7d71600fc302: Neither blocks nor log segments found. Creating new log.
I20260630 12:26:49.188123 11818 tablet_bootstrap.cc:654] T fa5322134a3344c9b6feb30a9a33e1e4 P 1069a473b21a46349414c6a98f900498: Neither blocks nor log segments found. Creating new log.
I20260630 12:26:49.187717 11826 consensus_queue.cc:1048] T 79c476d8dad44dab8b2c518355864f1c P 1069a473b21a46349414c6a98f900498 [LEADER]: Connected to new peer: Peer: permanent_uuid: "143987113713478ea14b7d71600fc302" member_type: VOTER last_known_addr { host: "127.6.240.129" port: 35883 }, Status: LMP_MISMATCH, Last received: 0.0, Next index: 1, Last known committed idx: 0, Time since last communication: 0.001s
I20260630 12:26:49.190156 11821 tablet_bootstrap.cc:492] T 4ccf40fad3ce4943b30c7d3123cc7ca6 P aab3201c04374f37b44c080a579f5ca0: No bootstrap required, opened a new log
I20260630 12:26:49.190743 11821 ts_tablet_manager.cc:1403] T 4ccf40fad3ce4943b30c7d3123cc7ca6 P aab3201c04374f37b44c080a579f5ca0: Time spent bootstrapping tablet: real 0.032s	user 0.004s	sys 0.012s
I20260630 12:26:49.190804 11817 tablet_bootstrap.cc:492] T 3e7172344bf54b218fff9e603bc0d9bd P 143987113713478ea14b7d71600fc302: No bootstrap required, opened a new log
I20260630 12:26:49.191493 11817 ts_tablet_manager.cc:1403] T 3e7172344bf54b218fff9e603bc0d9bd P 143987113713478ea14b7d71600fc302: Time spent bootstrapping tablet: real 0.013s	user 0.010s	sys 0.001s
I20260630 12:26:49.194051 11821 raft_consensus.cc:359] T 4ccf40fad3ce4943b30c7d3123cc7ca6 P aab3201c04374f37b44c080a579f5ca0 [term 0 FOLLOWER]: Replica starting. Triggering 0 pending ops. Active config: opid_index: -1 OBSOLETE_local: false peers { permanent_uuid: "143987113713478ea14b7d71600fc302" member_type: VOTER last_known_addr { host: "127.6.240.129" port: 35883 } } peers { permanent_uuid: "1069a473b21a46349414c6a98f900498" member_type: VOTER last_known_addr { host: "127.6.240.130" port: 39867 } } peers { permanent_uuid: "aab3201c04374f37b44c080a579f5ca0" member_type: VOTER last_known_addr { host: "127.6.240.131" port: 43645 } }
I20260630 12:26:49.194373 11817 raft_consensus.cc:359] T 3e7172344bf54b218fff9e603bc0d9bd P 143987113713478ea14b7d71600fc302 [term 0 FOLLOWER]: Replica starting. Triggering 0 pending ops. Active config: opid_index: -1 OBSOLETE_local: false peers { permanent_uuid: "143987113713478ea14b7d71600fc302" member_type: VOTER last_known_addr { host: "127.6.240.129" port: 35883 } } peers { permanent_uuid: "1069a473b21a46349414c6a98f900498" member_type: VOTER last_known_addr { host: "127.6.240.130" port: 39867 } } peers { permanent_uuid: "aab3201c04374f37b44c080a579f5ca0" member_type: VOTER last_known_addr { host: "127.6.240.131" port: 43645 } }
I20260630 12:26:49.194865 11821 raft_consensus.cc:385] T 4ccf40fad3ce4943b30c7d3123cc7ca6 P aab3201c04374f37b44c080a579f5ca0 [term 0 FOLLOWER]: Consensus starting up: Expiring failure detector timer to make a prompt election more likely
I20260630 12:26:49.195000 11817 raft_consensus.cc:385] T 3e7172344bf54b218fff9e603bc0d9bd P 143987113713478ea14b7d71600fc302 [term 0 FOLLOWER]: Consensus starting up: Expiring failure detector timer to make a prompt election more likely
I20260630 12:26:49.195175 11821 raft_consensus.cc:740] T 4ccf40fad3ce4943b30c7d3123cc7ca6 P aab3201c04374f37b44c080a579f5ca0 [term 0 FOLLOWER]: Becoming Follower/Learner. State: Replica: aab3201c04374f37b44c080a579f5ca0, State: Initialized, Role: FOLLOWER
I20260630 12:26:49.195326 11817 raft_consensus.cc:740] T 3e7172344bf54b218fff9e603bc0d9bd P 143987113713478ea14b7d71600fc302 [term 0 FOLLOWER]: Becoming Follower/Learner. State: Replica: 143987113713478ea14b7d71600fc302, State: Initialized, Role: FOLLOWER
I20260630 12:26:49.195969 11821 consensus_queue.cc:260] T 4ccf40fad3ce4943b30c7d3123cc7ca6 P aab3201c04374f37b44c080a579f5ca0 [NON_LEADER]: Queue going to NON_LEADER mode. State: All replicated index: 0, Majority replicated index: 0, Committed index: 0, Last appended: 0.0, Last appended by leader: 0, Current term: 0, Majority size: -1, State: 0, Mode: NON_LEADER, active raft config: opid_index: -1 OBSOLETE_local: false peers { permanent_uuid: "143987113713478ea14b7d71600fc302" member_type: VOTER last_known_addr { host: "127.6.240.129" port: 35883 } } peers { permanent_uuid: "1069a473b21a46349414c6a98f900498" member_type: VOTER last_known_addr { host: "127.6.240.130" port: 39867 } } peers { permanent_uuid: "aab3201c04374f37b44c080a579f5ca0" member_type: VOTER last_known_addr { host: "127.6.240.131" port: 43645 } }
I20260630 12:26:49.196133 11817 consensus_queue.cc:260] T 3e7172344bf54b218fff9e603bc0d9bd P 143987113713478ea14b7d71600fc302 [NON_LEADER]: Queue going to NON_LEADER mode. State: All replicated index: 0, Majority replicated index: 0, Committed index: 0, Last appended: 0.0, Last appended by leader: 0, Current term: 0, Majority size: -1, State: 0, Mode: NON_LEADER, active raft config: opid_index: -1 OBSOLETE_local: false peers { permanent_uuid: "143987113713478ea14b7d71600fc302" member_type: VOTER last_known_addr { host: "127.6.240.129" port: 35883 } } peers { permanent_uuid: "1069a473b21a46349414c6a98f900498" member_type: VOTER last_known_addr { host: "127.6.240.130" port: 39867 } } peers { permanent_uuid: "aab3201c04374f37b44c080a579f5ca0" member_type: VOTER last_known_addr { host: "127.6.240.131" port: 43645 } }
I20260630 12:26:49.198179 11817 ts_tablet_manager.cc:1434] T 3e7172344bf54b218fff9e603bc0d9bd P 143987113713478ea14b7d71600fc302: Time spent starting tablet: real 0.006s	user 0.005s	sys 0.000s
I20260630 12:26:49.198514 11821 ts_tablet_manager.cc:1434] T 4ccf40fad3ce4943b30c7d3123cc7ca6 P aab3201c04374f37b44c080a579f5ca0: Time spent starting tablet: real 0.007s	user 0.006s	sys 0.000s
I20260630 12:26:49.199137 11817 tablet_bootstrap.cc:492] T 6aa44886c5d44c79bb252489642bb071 P 143987113713478ea14b7d71600fc302: Bootstrap starting.
I20260630 12:26:49.199983 11821 tablet_bootstrap.cc:492] T 104981cf809647889b3fb057d5dc4c19 P aab3201c04374f37b44c080a579f5ca0: Bootstrap starting.
I20260630 12:26:49.203311 11848 raft_consensus.cc:493] T 16387fc324044ab19e89df1992c69221 P aab3201c04374f37b44c080a579f5ca0 [term 0 FOLLOWER]: Starting pre-election (no leader contacted us within the election timeout)
I20260630 12:26:49.203974 11848 raft_consensus.cc:515] T 16387fc324044ab19e89df1992c69221 P aab3201c04374f37b44c080a579f5ca0 [term 0 FOLLOWER]: Starting pre-election with config: opid_index: -1 OBSOLETE_local: false peers { permanent_uuid: "143987113713478ea14b7d71600fc302" member_type: VOTER last_known_addr { host: "127.6.240.129" port: 35883 } } peers { permanent_uuid: "1069a473b21a46349414c6a98f900498" member_type: VOTER last_known_addr { host: "127.6.240.130" port: 39867 } } peers { permanent_uuid: "aab3201c04374f37b44c080a579f5ca0" member_type: VOTER last_known_addr { host: "127.6.240.131" port: 43645 } }
I20260630 12:26:49.205636 11817 tablet_bootstrap.cc:654] T 6aa44886c5d44c79bb252489642bb071 P 143987113713478ea14b7d71600fc302: Neither blocks nor log segments found. Creating new log.
I20260630 12:26:49.206197 11821 tablet_bootstrap.cc:654] T 104981cf809647889b3fb057d5dc4c19 P aab3201c04374f37b44c080a579f5ca0: Neither blocks nor log segments found. Creating new log.
I20260630 12:26:49.207276 11620 tablet_service.cc:1917] Received RequestConsensusVote() RPC: tablet_id: "16387fc324044ab19e89df1992c69221" candidate_uuid: "aab3201c04374f37b44c080a579f5ca0" candidate_term: 1 candidate_status { last_received { term: 0 index: 0 } } ignore_live_leader: false dest_uuid: "143987113713478ea14b7d71600fc302" is_pre_election: true
I20260630 12:26:49.209484 11698 tablet_service.cc:1917] Received RequestConsensusVote() RPC: tablet_id: "16387fc324044ab19e89df1992c69221" candidate_uuid: "aab3201c04374f37b44c080a579f5ca0" candidate_term: 1 candidate_status { last_received { term: 0 index: 0 } } ignore_live_leader: false dest_uuid: "1069a473b21a46349414c6a98f900498" is_pre_election: true
I20260630 12:26:49.210315 11698 raft_consensus.cc:2393] T 16387fc324044ab19e89df1992c69221 P 1069a473b21a46349414c6a98f900498 [term 1 FOLLOWER]: Leader pre-election vote request: Denying vote to candidate aab3201c04374f37b44c080a579f5ca0 in current term 1: Already voted for candidate 143987113713478ea14b7d71600fc302 in this term.
I20260630 12:26:49.211630 11737 leader_election.cc:304] T 16387fc324044ab19e89df1992c69221 P aab3201c04374f37b44c080a579f5ca0 [CANDIDATE]: Term 1 pre-election: Election decided. Result: candidate lost. Election summary: received 3 responses out of 3 voters: 1 yes votes; 2 no votes. yes voters: aab3201c04374f37b44c080a579f5ca0; no voters: 1069a473b21a46349414c6a98f900498, 143987113713478ea14b7d71600fc302
I20260630 12:26:49.213068 11818 tablet_bootstrap.cc:492] T fa5322134a3344c9b6feb30a9a33e1e4 P 1069a473b21a46349414c6a98f900498: No bootstrap required, opened a new log
I20260630 12:26:49.213568 11818 ts_tablet_manager.cc:1403] T fa5322134a3344c9b6feb30a9a33e1e4 P 1069a473b21a46349414c6a98f900498: Time spent bootstrapping tablet: real 0.034s	user 0.011s	sys 0.003s
I20260630 12:26:49.216984 11865 raft_consensus.cc:3060] T 16387fc324044ab19e89df1992c69221 P aab3201c04374f37b44c080a579f5ca0 [term 0 FOLLOWER]: Advancing to term 1
I20260630 12:26:49.216732 11818 raft_consensus.cc:359] T fa5322134a3344c9b6feb30a9a33e1e4 P 1069a473b21a46349414c6a98f900498 [term 0 FOLLOWER]: Replica starting. Triggering 0 pending ops. Active config: opid_index: -1 OBSOLETE_local: false peers { permanent_uuid: "143987113713478ea14b7d71600fc302" member_type: VOTER last_known_addr { host: "127.6.240.129" port: 35883 } } peers { permanent_uuid: "1069a473b21a46349414c6a98f900498" member_type: VOTER last_known_addr { host: "127.6.240.130" port: 39867 } } peers { permanent_uuid: "aab3201c04374f37b44c080a579f5ca0" member_type: VOTER last_known_addr { host: "127.6.240.131" port: 43645 } }
I20260630 12:26:49.217728 11818 raft_consensus.cc:385] T fa5322134a3344c9b6feb30a9a33e1e4 P 1069a473b21a46349414c6a98f900498 [term 0 FOLLOWER]: Consensus starting up: Expiring failure detector timer to make a prompt election more likely
I20260630 12:26:49.218127 11818 raft_consensus.cc:740] T fa5322134a3344c9b6feb30a9a33e1e4 P 1069a473b21a46349414c6a98f900498 [term 0 FOLLOWER]: Becoming Follower/Learner. State: Replica: 1069a473b21a46349414c6a98f900498, State: Initialized, Role: FOLLOWER
I20260630 12:26:49.219198 11818 consensus_queue.cc:260] T fa5322134a3344c9b6feb30a9a33e1e4 P 1069a473b21a46349414c6a98f900498 [NON_LEADER]: Queue going to NON_LEADER mode. State: All replicated index: 0, Majority replicated index: 0, Committed index: 0, Last appended: 0.0, Last appended by leader: 0, Current term: 0, Majority size: -1, State: 0, Mode: NON_LEADER, active raft config: opid_index: -1 OBSOLETE_local: false peers { permanent_uuid: "143987113713478ea14b7d71600fc302" member_type: VOTER last_known_addr { host: "127.6.240.129" port: 35883 } } peers { permanent_uuid: "1069a473b21a46349414c6a98f900498" member_type: VOTER last_known_addr { host: "127.6.240.130" port: 39867 } } peers { permanent_uuid: "aab3201c04374f37b44c080a579f5ca0" member_type: VOTER last_known_addr { host: "127.6.240.131" port: 43645 } }
I20260630 12:26:49.208472 11848 leader_election.cc:290] T 16387fc324044ab19e89df1992c69221 P aab3201c04374f37b44c080a579f5ca0 [CANDIDATE]: Term 1 pre-election: Requested pre-vote from peers 143987113713478ea14b7d71600fc302 (127.6.240.129:35883), 1069a473b21a46349414c6a98f900498 (127.6.240.130:39867)
I20260630 12:26:49.229462 11818 ts_tablet_manager.cc:1434] T fa5322134a3344c9b6feb30a9a33e1e4 P 1069a473b21a46349414c6a98f900498: Time spent starting tablet: real 0.016s	user 0.007s	sys 0.001s
I20260630 12:26:49.230521 11818 tablet_bootstrap.cc:492] T 104981cf809647889b3fb057d5dc4c19 P 1069a473b21a46349414c6a98f900498: Bootstrap starting.
I20260630 12:26:49.231138 11772 raft_consensus.cc:3060] T 79c476d8dad44dab8b2c518355864f1c P aab3201c04374f37b44c080a579f5ca0 [term 0 FOLLOWER]: Advancing to term 1
I20260630 12:26:49.235495 11865 raft_consensus.cc:2749] T 16387fc324044ab19e89df1992c69221 P aab3201c04374f37b44c080a579f5ca0 [term 1 FOLLOWER]: Leader pre-election lost for term 1. Reason: could not achieve majority
I20260630 12:26:49.239212 11820 raft_consensus.cc:493] T fa5322134a3344c9b6feb30a9a33e1e4 P 143987113713478ea14b7d71600fc302 [term 0 FOLLOWER]: Starting pre-election (no leader contacted us within the election timeout)
I20260630 12:26:49.239764 11820 raft_consensus.cc:515] T fa5322134a3344c9b6feb30a9a33e1e4 P 143987113713478ea14b7d71600fc302 [term 0 FOLLOWER]: Starting pre-election with config: opid_index: -1 OBSOLETE_local: false peers { permanent_uuid: "143987113713478ea14b7d71600fc302" member_type: VOTER last_known_addr { host: "127.6.240.129" port: 35883 } } peers { permanent_uuid: "1069a473b21a46349414c6a98f900498" member_type: VOTER last_known_addr { host: "127.6.240.130" port: 39867 } } peers { permanent_uuid: "aab3201c04374f37b44c080a579f5ca0" member_type: VOTER last_known_addr { host: "127.6.240.131" port: 43645 } }
I20260630 12:26:49.245266 11698 tablet_service.cc:1917] Received RequestConsensusVote() RPC: tablet_id: "fa5322134a3344c9b6feb30a9a33e1e4" candidate_uuid: "143987113713478ea14b7d71600fc302" candidate_term: 1 candidate_status { last_received { term: 0 index: 0 } } ignore_live_leader: false dest_uuid: "1069a473b21a46349414c6a98f900498" is_pre_election: true
I20260630 12:26:49.246269 11836 consensus_queue.cc:1048] T 79c476d8dad44dab8b2c518355864f1c P 1069a473b21a46349414c6a98f900498 [LEADER]: Connected to new peer: Peer: permanent_uuid: "aab3201c04374f37b44c080a579f5ca0" member_type: VOTER last_known_addr { host: "127.6.240.131" port: 43645 }, Status: LMP_MISMATCH, Last received: 0.0, Next index: 1, Last known committed idx: 0, Time since last communication: 0.001s
I20260630 12:26:49.246374 11698 raft_consensus.cc:2468] T fa5322134a3344c9b6feb30a9a33e1e4 P 1069a473b21a46349414c6a98f900498 [term 0 FOLLOWER]: Leader pre-election vote request: Granting yes vote for candidate 143987113713478ea14b7d71600fc302 in term 0.
I20260630 12:26:49.248708 11771 tablet_service.cc:1917] Received RequestConsensusVote() RPC: tablet_id: "fa5322134a3344c9b6feb30a9a33e1e4" candidate_uuid: "143987113713478ea14b7d71600fc302" candidate_term: 1 candidate_status { last_received { term: 0 index: 0 } } ignore_live_leader: false dest_uuid: "aab3201c04374f37b44c080a579f5ca0" is_pre_election: true
I20260630 12:26:49.249454 11771 raft_consensus.cc:2468] T fa5322134a3344c9b6feb30a9a33e1e4 P aab3201c04374f37b44c080a579f5ca0 [term 0 FOLLOWER]: Leader pre-election vote request: Granting yes vote for candidate 143987113713478ea14b7d71600fc302 in term 0.
I20260630 12:26:49.250257 11588 leader_election.cc:304] T fa5322134a3344c9b6feb30a9a33e1e4 P 143987113713478ea14b7d71600fc302 [CANDIDATE]: Term 1 pre-election: Election decided. Result: candidate won. Election summary: received 2 responses out of 3 voters: 2 yes votes; 0 no votes. yes voters: 1069a473b21a46349414c6a98f900498, 143987113713478ea14b7d71600fc302; no voters: 
I20260630 12:26:49.251502 11846 raft_consensus.cc:2804] T fa5322134a3344c9b6feb30a9a33e1e4 P 143987113713478ea14b7d71600fc302 [term 0 FOLLOWER]: Leader pre-election won for term 1
I20260630 12:26:49.251994 11846 raft_consensus.cc:493] T fa5322134a3344c9b6feb30a9a33e1e4 P 143987113713478ea14b7d71600fc302 [term 0 FOLLOWER]: Starting leader election (no leader contacted us within the election timeout)
I20260630 12:26:49.252449 11846 raft_consensus.cc:3060] T fa5322134a3344c9b6feb30a9a33e1e4 P 143987113713478ea14b7d71600fc302 [term 0 FOLLOWER]: Advancing to term 1
I20260630 12:26:49.256840 11817 tablet_bootstrap.cc:492] T 6aa44886c5d44c79bb252489642bb071 P 143987113713478ea14b7d71600fc302: No bootstrap required, opened a new log
I20260630 12:26:49.257377 11817 ts_tablet_manager.cc:1403] T 6aa44886c5d44c79bb252489642bb071 P 143987113713478ea14b7d71600fc302: Time spent bootstrapping tablet: real 0.058s	user 0.020s	sys 0.003s
I20260630 12:26:49.259243 11818 tablet_bootstrap.cc:654] T 104981cf809647889b3fb057d5dc4c19 P 1069a473b21a46349414c6a98f900498: Neither blocks nor log segments found. Creating new log.
I20260630 12:26:49.260772 11820 leader_election.cc:290] T fa5322134a3344c9b6feb30a9a33e1e4 P 143987113713478ea14b7d71600fc302 [CANDIDATE]: Term 1 pre-election: Requested pre-vote from peers 1069a473b21a46349414c6a98f900498 (127.6.240.130:39867), aab3201c04374f37b44c080a579f5ca0 (127.6.240.131:43645)
I20260630 12:26:49.260061 11817 raft_consensus.cc:359] T 6aa44886c5d44c79bb252489642bb071 P 143987113713478ea14b7d71600fc302 [term 0 FOLLOWER]: Replica starting. Triggering 0 pending ops. Active config: opid_index: -1 OBSOLETE_local: false peers { permanent_uuid: "143987113713478ea14b7d71600fc302" member_type: VOTER last_known_addr { host: "127.6.240.129" port: 35883 } } peers { permanent_uuid: "1069a473b21a46349414c6a98f900498" member_type: VOTER last_known_addr { host: "127.6.240.130" port: 39867 } } peers { permanent_uuid: "aab3201c04374f37b44c080a579f5ca0" member_type: VOTER last_known_addr { host: "127.6.240.131" port: 43645 } }
I20260630 12:26:49.268210 11817 raft_consensus.cc:385] T 6aa44886c5d44c79bb252489642bb071 P 143987113713478ea14b7d71600fc302 [term 0 FOLLOWER]: Consensus starting up: Expiring failure detector timer to make a prompt election more likely
I20260630 12:26:49.268676 11817 raft_consensus.cc:740] T 6aa44886c5d44c79bb252489642bb071 P 143987113713478ea14b7d71600fc302 [term 0 FOLLOWER]: Becoming Follower/Learner. State: Replica: 143987113713478ea14b7d71600fc302, State: Initialized, Role: FOLLOWER
I20260630 12:26:49.270484 11821 tablet_bootstrap.cc:492] T 104981cf809647889b3fb057d5dc4c19 P aab3201c04374f37b44c080a579f5ca0: No bootstrap required, opened a new log
I20260630 12:26:49.270994 11821 ts_tablet_manager.cc:1403] T 104981cf809647889b3fb057d5dc4c19 P aab3201c04374f37b44c080a579f5ca0: Time spent bootstrapping tablet: real 0.071s	user 0.006s	sys 0.017s
I20260630 12:26:49.271611 11817 consensus_queue.cc:260] T 6aa44886c5d44c79bb252489642bb071 P 143987113713478ea14b7d71600fc302 [NON_LEADER]: Queue going to NON_LEADER mode. State: All replicated index: 0, Majority replicated index: 0, Committed index: 0, Last appended: 0.0, Last appended by leader: 0, Current term: 0, Majority size: -1, State: 0, Mode: NON_LEADER, active raft config: opid_index: -1 OBSOLETE_local: false peers { permanent_uuid: "143987113713478ea14b7d71600fc302" member_type: VOTER last_known_addr { host: "127.6.240.129" port: 35883 } } peers { permanent_uuid: "1069a473b21a46349414c6a98f900498" member_type: VOTER last_known_addr { host: "127.6.240.130" port: 39867 } } peers { permanent_uuid: "aab3201c04374f37b44c080a579f5ca0" member_type: VOTER last_known_addr { host: "127.6.240.131" port: 43645 } }
I20260630 12:26:49.273661 11821 raft_consensus.cc:359] T 104981cf809647889b3fb057d5dc4c19 P aab3201c04374f37b44c080a579f5ca0 [term 0 FOLLOWER]: Replica starting. Triggering 0 pending ops. Active config: opid_index: -1 OBSOLETE_local: false peers { permanent_uuid: "143987113713478ea14b7d71600fc302" member_type: VOTER last_known_addr { host: "127.6.240.129" port: 35883 } } peers { permanent_uuid: "1069a473b21a46349414c6a98f900498" member_type: VOTER last_known_addr { host: "127.6.240.130" port: 39867 } } peers { permanent_uuid: "aab3201c04374f37b44c080a579f5ca0" member_type: VOTER last_known_addr { host: "127.6.240.131" port: 43645 } }
I20260630 12:26:49.274387 11821 raft_consensus.cc:385] T 104981cf809647889b3fb057d5dc4c19 P aab3201c04374f37b44c080a579f5ca0 [term 0 FOLLOWER]: Consensus starting up: Expiring failure detector timer to make a prompt election more likely
I20260630 12:26:49.274642 11821 raft_consensus.cc:740] T 104981cf809647889b3fb057d5dc4c19 P aab3201c04374f37b44c080a579f5ca0 [term 0 FOLLOWER]: Becoming Follower/Learner. State: Replica: aab3201c04374f37b44c080a579f5ca0, State: Initialized, Role: FOLLOWER
I20260630 12:26:49.275561 11821 consensus_queue.cc:260] T 104981cf809647889b3fb057d5dc4c19 P aab3201c04374f37b44c080a579f5ca0 [NON_LEADER]: Queue going to NON_LEADER mode. State: All replicated index: 0, Majority replicated index: 0, Committed index: 0, Last appended: 0.0, Last appended by leader: 0, Current term: 0, Majority size: -1, State: 0, Mode: NON_LEADER, active raft config: opid_index: -1 OBSOLETE_local: false peers { permanent_uuid: "143987113713478ea14b7d71600fc302" member_type: VOTER last_known_addr { host: "127.6.240.129" port: 35883 } } peers { permanent_uuid: "1069a473b21a46349414c6a98f900498" member_type: VOTER last_known_addr { host: "127.6.240.130" port: 39867 } } peers { permanent_uuid: "aab3201c04374f37b44c080a579f5ca0" member_type: VOTER last_known_addr { host: "127.6.240.131" port: 43645 } }
I20260630 12:26:49.277846 11821 ts_tablet_manager.cc:1434] T 104981cf809647889b3fb057d5dc4c19 P aab3201c04374f37b44c080a579f5ca0: Time spent starting tablet: real 0.007s	user 0.006s	sys 0.000s
I20260630 12:26:49.278398 11817 ts_tablet_manager.cc:1434] T 6aa44886c5d44c79bb252489642bb071 P 143987113713478ea14b7d71600fc302: Time spent starting tablet: real 0.021s	user 0.009s	sys 0.000s
I20260630 12:26:49.267489 11846 raft_consensus.cc:515] T fa5322134a3344c9b6feb30a9a33e1e4 P 143987113713478ea14b7d71600fc302 [term 1 FOLLOWER]: Starting leader election with config: opid_index: -1 OBSOLETE_local: false peers { permanent_uuid: "143987113713478ea14b7d71600fc302" member_type: VOTER last_known_addr { host: "127.6.240.129" port: 35883 } } peers { permanent_uuid: "1069a473b21a46349414c6a98f900498" member_type: VOTER last_known_addr { host: "127.6.240.130" port: 39867 } } peers { permanent_uuid: "aab3201c04374f37b44c080a579f5ca0" member_type: VOTER last_known_addr { host: "127.6.240.131" port: 43645 } }
I20260630 12:26:49.279042 11821 tablet_bootstrap.cc:492] T 2cae4a70509f4f47a1ee00fdb6a2603f P aab3201c04374f37b44c080a579f5ca0: Bootstrap starting.
I20260630 12:26:49.281630 11846 leader_election.cc:290] T fa5322134a3344c9b6feb30a9a33e1e4 P 143987113713478ea14b7d71600fc302 [CANDIDATE]: Term 1 election: Requested vote from peers 1069a473b21a46349414c6a98f900498 (127.6.240.130:39867), aab3201c04374f37b44c080a579f5ca0 (127.6.240.131:43645)
I20260630 12:26:49.282145 11818 tablet_bootstrap.cc:492] T 104981cf809647889b3fb057d5dc4c19 P 1069a473b21a46349414c6a98f900498: No bootstrap required, opened a new log
I20260630 12:26:49.282491 11698 tablet_service.cc:1917] Received RequestConsensusVote() RPC: tablet_id: "fa5322134a3344c9b6feb30a9a33e1e4" candidate_uuid: "143987113713478ea14b7d71600fc302" candidate_term: 1 candidate_status { last_received { term: 0 index: 0 } } ignore_live_leader: false dest_uuid: "1069a473b21a46349414c6a98f900498"
I20260630 12:26:49.283151 11698 raft_consensus.cc:3060] T fa5322134a3344c9b6feb30a9a33e1e4 P 1069a473b21a46349414c6a98f900498 [term 0 FOLLOWER]: Advancing to term 1
I20260630 12:26:49.283264 11818 ts_tablet_manager.cc:1403] T 104981cf809647889b3fb057d5dc4c19 P 1069a473b21a46349414c6a98f900498: Time spent bootstrapping tablet: real 0.053s	user 0.017s	sys 0.010s
I20260630 12:26:49.284847 11772 tablet_service.cc:1917] Received RequestConsensusVote() RPC: tablet_id: "fa5322134a3344c9b6feb30a9a33e1e4" candidate_uuid: "143987113713478ea14b7d71600fc302" candidate_term: 1 candidate_status { last_received { term: 0 index: 0 } } ignore_live_leader: false dest_uuid: "aab3201c04374f37b44c080a579f5ca0"
I20260630 12:26:49.285579 11772 raft_consensus.cc:3060] T fa5322134a3344c9b6feb30a9a33e1e4 P aab3201c04374f37b44c080a579f5ca0 [term 0 FOLLOWER]: Advancing to term 1
I20260630 12:26:49.286955 11818 raft_consensus.cc:359] T 104981cf809647889b3fb057d5dc4c19 P 1069a473b21a46349414c6a98f900498 [term 0 FOLLOWER]: Replica starting. Triggering 0 pending ops. Active config: opid_index: -1 OBSOLETE_local: false peers { permanent_uuid: "143987113713478ea14b7d71600fc302" member_type: VOTER last_known_addr { host: "127.6.240.129" port: 35883 } } peers { permanent_uuid: "1069a473b21a46349414c6a98f900498" member_type: VOTER last_known_addr { host: "127.6.240.130" port: 39867 } } peers { permanent_uuid: "aab3201c04374f37b44c080a579f5ca0" member_type: VOTER last_known_addr { host: "127.6.240.131" port: 43645 } }
I20260630 12:26:49.287904 11818 raft_consensus.cc:385] T 104981cf809647889b3fb057d5dc4c19 P 1069a473b21a46349414c6a98f900498 [term 0 FOLLOWER]: Consensus starting up: Expiring failure detector timer to make a prompt election more likely
I20260630 12:26:49.288259 11818 raft_consensus.cc:740] T 104981cf809647889b3fb057d5dc4c19 P 1069a473b21a46349414c6a98f900498 [term 0 FOLLOWER]: Becoming Follower/Learner. State: Replica: 1069a473b21a46349414c6a98f900498, State: Initialized, Role: FOLLOWER
I20260630 12:26:49.289142 11818 consensus_queue.cc:260] T 104981cf809647889b3fb057d5dc4c19 P 1069a473b21a46349414c6a98f900498 [NON_LEADER]: Queue going to NON_LEADER mode. State: All replicated index: 0, Majority replicated index: 0, Committed index: 0, Last appended: 0.0, Last appended by leader: 0, Current term: 0, Majority size: -1, State: 0, Mode: NON_LEADER, active raft config: opid_index: -1 OBSOLETE_local: false peers { permanent_uuid: "143987113713478ea14b7d71600fc302" member_type: VOTER last_known_addr { host: "127.6.240.129" port: 35883 } } peers { permanent_uuid: "1069a473b21a46349414c6a98f900498" member_type: VOTER last_known_addr { host: "127.6.240.130" port: 39867 } } peers { permanent_uuid: "aab3201c04374f37b44c080a579f5ca0" member_type: VOTER last_known_addr { host: "127.6.240.131" port: 43645 } }
I20260630 12:26:49.291827 11818 ts_tablet_manager.cc:1434] T 104981cf809647889b3fb057d5dc4c19 P 1069a473b21a46349414c6a98f900498: Time spent starting tablet: real 0.008s	user 0.005s	sys 0.000s
I20260630 12:26:49.293041 11818 tablet_bootstrap.cc:492] T 6aa44886c5d44c79bb252489642bb071 P 1069a473b21a46349414c6a98f900498: Bootstrap starting.
I20260630 12:26:49.293212 11772 raft_consensus.cc:2468] T fa5322134a3344c9b6feb30a9a33e1e4 P aab3201c04374f37b44c080a579f5ca0 [term 1 FOLLOWER]: Leader election vote request: Granting yes vote for candidate 143987113713478ea14b7d71600fc302 in term 1.
I20260630 12:26:49.294549 11589 leader_election.cc:304] T fa5322134a3344c9b6feb30a9a33e1e4 P 143987113713478ea14b7d71600fc302 [CANDIDATE]: Term 1 election: Election decided. Result: candidate won. Election summary: received 2 responses out of 3 voters: 2 yes votes; 0 no votes. yes voters: 143987113713478ea14b7d71600fc302, aab3201c04374f37b44c080a579f5ca0; no voters: 
I20260630 12:26:49.295414 11820 raft_consensus.cc:493] T 2cae4a70509f4f47a1ee00fdb6a2603f P 143987113713478ea14b7d71600fc302 [term 0 FOLLOWER]: Starting pre-election (no leader contacted us within the election timeout)
I20260630 12:26:49.295938 11846 raft_consensus.cc:2804] T fa5322134a3344c9b6feb30a9a33e1e4 P 143987113713478ea14b7d71600fc302 [term 1 FOLLOWER]: Leader election won for term 1
I20260630 12:26:49.299860 11846 raft_consensus.cc:697] T fa5322134a3344c9b6feb30a9a33e1e4 P 143987113713478ea14b7d71600fc302 [term 1 LEADER]: Becoming Leader. State: Replica: 143987113713478ea14b7d71600fc302, State: Running, Role: LEADER
I20260630 12:26:49.295869 11820 raft_consensus.cc:515] T 2cae4a70509f4f47a1ee00fdb6a2603f P 143987113713478ea14b7d71600fc302 [term 0 FOLLOWER]: Starting pre-election with config: opid_index: -1 OBSOLETE_local: false peers { permanent_uuid: "143987113713478ea14b7d71600fc302" member_type: VOTER last_known_addr { host: "127.6.240.129" port: 35883 } } peers { permanent_uuid: "1069a473b21a46349414c6a98f900498" member_type: VOTER last_known_addr { host: "127.6.240.130" port: 39867 } } peers { permanent_uuid: "aab3201c04374f37b44c080a579f5ca0" member_type: VOTER last_known_addr { host: "127.6.240.131" port: 43645 } }
I20260630 12:26:49.300904 11846 consensus_queue.cc:237] T fa5322134a3344c9b6feb30a9a33e1e4 P 143987113713478ea14b7d71600fc302 [LEADER]: Queue going to LEADER mode. State: All replicated index: 0, Majority replicated index: 0, Committed index: 0, Last appended: 0.0, Last appended by leader: 0, Current term: 1, Majority size: 2, State: 0, Mode: LEADER, active raft config: opid_index: -1 OBSOLETE_local: false peers { permanent_uuid: "143987113713478ea14b7d71600fc302" member_type: VOTER last_known_addr { host: "127.6.240.129" port: 35883 } } peers { permanent_uuid: "1069a473b21a46349414c6a98f900498" member_type: VOTER last_known_addr { host: "127.6.240.130" port: 39867 } } peers { permanent_uuid: "aab3201c04374f37b44c080a579f5ca0" member_type: VOTER last_known_addr { host: "127.6.240.131" port: 43645 } }
I20260630 12:26:49.302500 11820 leader_election.cc:290] T 2cae4a70509f4f47a1ee00fdb6a2603f P 143987113713478ea14b7d71600fc302 [CANDIDATE]: Term 1 pre-election: Requested pre-vote from peers 1069a473b21a46349414c6a98f900498 (127.6.240.130:39867), aab3201c04374f37b44c080a579f5ca0 (127.6.240.131:43645)
I20260630 12:26:49.286985 11821 tablet_bootstrap.cc:654] T 2cae4a70509f4f47a1ee00fdb6a2603f P aab3201c04374f37b44c080a579f5ca0: Neither blocks nor log segments found. Creating new log.
I20260630 12:26:49.303985 11695 tablet_service.cc:1917] Received RequestConsensusVote() RPC: tablet_id: "2cae4a70509f4f47a1ee00fdb6a2603f" candidate_uuid: "143987113713478ea14b7d71600fc302" candidate_term: 1 candidate_status { last_received { term: 0 index: 0 } } ignore_live_leader: false dest_uuid: "1069a473b21a46349414c6a98f900498" is_pre_election: true
I20260630 12:26:49.309731 11818 tablet_bootstrap.cc:654] T 6aa44886c5d44c79bb252489642bb071 P 1069a473b21a46349414c6a98f900498: Neither blocks nor log segments found. Creating new log.
W20260630 12:26:49.309788 11588 leader_election.cc:343] T 2cae4a70509f4f47a1ee00fdb6a2603f P 143987113713478ea14b7d71600fc302 [CANDIDATE]: Term 1 pre-election: Tablet error from VoteRequest() call to peer 1069a473b21a46349414c6a98f900498 (127.6.240.130:39867): Illegal state: must be running to vote when last-logged opid is not known
I20260630 12:26:49.305102 11770 tablet_service.cc:1917] Received RequestConsensusVote() RPC: tablet_id: "2cae4a70509f4f47a1ee00fdb6a2603f" candidate_uuid: "143987113713478ea14b7d71600fc302" candidate_term: 1 candidate_status { last_received { term: 0 index: 0 } } ignore_live_leader: false dest_uuid: "aab3201c04374f37b44c080a579f5ca0" is_pre_election: true
W20260630 12:26:49.311725 11589 leader_election.cc:343] T 2cae4a70509f4f47a1ee00fdb6a2603f P 143987113713478ea14b7d71600fc302 [CANDIDATE]: Term 1 pre-election: Tablet error from VoteRequest() call to peer aab3201c04374f37b44c080a579f5ca0 (127.6.240.131:43645): Illegal state: must be running to vote when last-logged opid is not known
I20260630 12:26:49.309965 11698 raft_consensus.cc:2468] T fa5322134a3344c9b6feb30a9a33e1e4 P 1069a473b21a46349414c6a98f900498 [term 1 FOLLOWER]: Leader election vote request: Granting yes vote for candidate 143987113713478ea14b7d71600fc302 in term 1.
I20260630 12:26:49.312206 11589 leader_election.cc:304] T 2cae4a70509f4f47a1ee00fdb6a2603f P 143987113713478ea14b7d71600fc302 [CANDIDATE]: Term 1 pre-election: Election decided. Result: candidate lost. Election summary: received 3 responses out of 3 voters: 1 yes votes; 2 no votes. yes voters: 143987113713478ea14b7d71600fc302; no voters: 1069a473b21a46349414c6a98f900498, aab3201c04374f37b44c080a579f5ca0
I20260630 12:26:49.313525 11820 raft_consensus.cc:2749] T 2cae4a70509f4f47a1ee00fdb6a2603f P 143987113713478ea14b7d71600fc302 [term 0 FOLLOWER]: Leader pre-election lost for term 1. Reason: could not achieve majority
I20260630 12:26:49.319552 11821 tablet_bootstrap.cc:492] T 2cae4a70509f4f47a1ee00fdb6a2603f P aab3201c04374f37b44c080a579f5ca0: No bootstrap required, opened a new log
I20260630 12:26:49.320252 11821 ts_tablet_manager.cc:1403] T 2cae4a70509f4f47a1ee00fdb6a2603f P aab3201c04374f37b44c080a579f5ca0: Time spent bootstrapping tablet: real 0.042s	user 0.006s	sys 0.007s
I20260630 12:26:49.324020 11818 tablet_bootstrap.cc:492] T 6aa44886c5d44c79bb252489642bb071 P 1069a473b21a46349414c6a98f900498: No bootstrap required, opened a new log
I20260630 12:26:49.323984 11821 raft_consensus.cc:359] T 2cae4a70509f4f47a1ee00fdb6a2603f P aab3201c04374f37b44c080a579f5ca0 [term 0 FOLLOWER]: Replica starting. Triggering 0 pending ops. Active config: opid_index: -1 OBSOLETE_local: false peers { permanent_uuid: "143987113713478ea14b7d71600fc302" member_type: VOTER last_known_addr { host: "127.6.240.129" port: 35883 } } peers { permanent_uuid: "1069a473b21a46349414c6a98f900498" member_type: VOTER last_known_addr { host: "127.6.240.130" port: 39867 } } peers { permanent_uuid: "aab3201c04374f37b44c080a579f5ca0" member_type: VOTER last_known_addr { host: "127.6.240.131" port: 43645 } }
I20260630 12:26:49.324951 11818 ts_tablet_manager.cc:1403] T 6aa44886c5d44c79bb252489642bb071 P 1069a473b21a46349414c6a98f900498: Time spent bootstrapping tablet: real 0.032s	user 0.012s	sys 0.010s
I20260630 12:26:49.325245 11821 raft_consensus.cc:385] T 2cae4a70509f4f47a1ee00fdb6a2603f P aab3201c04374f37b44c080a579f5ca0 [term 0 FOLLOWER]: Consensus starting up: Expiring failure detector timer to make a prompt election more likely
I20260630 12:26:49.325688 11821 raft_consensus.cc:740] T 2cae4a70509f4f47a1ee00fdb6a2603f P aab3201c04374f37b44c080a579f5ca0 [term 0 FOLLOWER]: Becoming Follower/Learner. State: Replica: aab3201c04374f37b44c080a579f5ca0, State: Initialized, Role: FOLLOWER
I20260630 12:26:49.328533 11818 raft_consensus.cc:359] T 6aa44886c5d44c79bb252489642bb071 P 1069a473b21a46349414c6a98f900498 [term 0 FOLLOWER]: Replica starting. Triggering 0 pending ops. Active config: opid_index: -1 OBSOLETE_local: false peers { permanent_uuid: "143987113713478ea14b7d71600fc302" member_type: VOTER last_known_addr { host: "127.6.240.129" port: 35883 } } peers { permanent_uuid: "1069a473b21a46349414c6a98f900498" member_type: VOTER last_known_addr { host: "127.6.240.130" port: 39867 } } peers { permanent_uuid: "aab3201c04374f37b44c080a579f5ca0" member_type: VOTER last_known_addr { host: "127.6.240.131" port: 43645 } }
I20260630 12:26:49.329690 11818 raft_consensus.cc:385] T 6aa44886c5d44c79bb252489642bb071 P 1069a473b21a46349414c6a98f900498 [term 0 FOLLOWER]: Consensus starting up: Expiring failure detector timer to make a prompt election more likely
I20260630 12:26:49.330133 11818 raft_consensus.cc:740] T 6aa44886c5d44c79bb252489642bb071 P 1069a473b21a46349414c6a98f900498 [term 0 FOLLOWER]: Becoming Follower/Learner. State: Replica: 1069a473b21a46349414c6a98f900498, State: Initialized, Role: FOLLOWER
I20260630 12:26:49.330821 11821 consensus_queue.cc:260] T 2cae4a70509f4f47a1ee00fdb6a2603f P aab3201c04374f37b44c080a579f5ca0 [NON_LEADER]: Queue going to NON_LEADER mode. State: All replicated index: 0, Majority replicated index: 0, Committed index: 0, Last appended: 0.0, Last appended by leader: 0, Current term: 0, Majority size: -1, State: 0, Mode: NON_LEADER, active raft config: opid_index: -1 OBSOLETE_local: false peers { permanent_uuid: "143987113713478ea14b7d71600fc302" member_type: VOTER last_known_addr { host: "127.6.240.129" port: 35883 } } peers { permanent_uuid: "1069a473b21a46349414c6a98f900498" member_type: VOTER last_known_addr { host: "127.6.240.130" port: 39867 } } peers { permanent_uuid: "aab3201c04374f37b44c080a579f5ca0" member_type: VOTER last_known_addr { host: "127.6.240.131" port: 43645 } }
I20260630 12:26:49.331133 11818 consensus_queue.cc:260] T 6aa44886c5d44c79bb252489642bb071 P 1069a473b21a46349414c6a98f900498 [NON_LEADER]: Queue going to NON_LEADER mode. State: All replicated index: 0, Majority replicated index: 0, Committed index: 0, Last appended: 0.0, Last appended by leader: 0, Current term: 0, Majority size: -1, State: 0, Mode: NON_LEADER, active raft config: opid_index: -1 OBSOLETE_local: false peers { permanent_uuid: "143987113713478ea14b7d71600fc302" member_type: VOTER last_known_addr { host: "127.6.240.129" port: 35883 } } peers { permanent_uuid: "1069a473b21a46349414c6a98f900498" member_type: VOTER last_known_addr { host: "127.6.240.130" port: 39867 } } peers { permanent_uuid: "aab3201c04374f37b44c080a579f5ca0" member_type: VOTER last_known_addr { host: "127.6.240.131" port: 43645 } }
I20260630 12:26:49.330176 11846 raft_consensus.cc:493] T 6aa44886c5d44c79bb252489642bb071 P 143987113713478ea14b7d71600fc302 [term 0 FOLLOWER]: Starting pre-election (no leader contacted us within the election timeout)
I20260630 12:26:49.332255 11846 raft_consensus.cc:515] T 6aa44886c5d44c79bb252489642bb071 P 143987113713478ea14b7d71600fc302 [term 0 FOLLOWER]: Starting pre-election with config: opid_index: -1 OBSOLETE_local: false peers { permanent_uuid: "143987113713478ea14b7d71600fc302" member_type: VOTER last_known_addr { host: "127.6.240.129" port: 35883 } } peers { permanent_uuid: "1069a473b21a46349414c6a98f900498" member_type: VOTER last_known_addr { host: "127.6.240.130" port: 39867 } } peers { permanent_uuid: "aab3201c04374f37b44c080a579f5ca0" member_type: VOTER last_known_addr { host: "127.6.240.131" port: 43645 } }
I20260630 12:26:49.335327 11698 tablet_service.cc:1917] Received RequestConsensusVote() RPC: tablet_id: "6aa44886c5d44c79bb252489642bb071" candidate_uuid: "143987113713478ea14b7d71600fc302" candidate_term: 1 candidate_status { last_received { term: 0 index: 0 } } ignore_live_leader: false dest_uuid: "1069a473b21a46349414c6a98f900498" is_pre_election: true
I20260630 12:26:49.335525 11772 tablet_service.cc:1917] Received RequestConsensusVote() RPC: tablet_id: "6aa44886c5d44c79bb252489642bb071" candidate_uuid: "143987113713478ea14b7d71600fc302" candidate_term: 1 candidate_status { last_received { term: 0 index: 0 } } ignore_live_leader: false dest_uuid: "aab3201c04374f37b44c080a579f5ca0" is_pre_election: true
I20260630 12:26:49.336001 11698 raft_consensus.cc:2468] T 6aa44886c5d44c79bb252489642bb071 P 1069a473b21a46349414c6a98f900498 [term 0 FOLLOWER]: Leader pre-election vote request: Granting yes vote for candidate 143987113713478ea14b7d71600fc302 in term 0.
I20260630 12:26:49.336849 11821 ts_tablet_manager.cc:1434] T 2cae4a70509f4f47a1ee00fdb6a2603f P aab3201c04374f37b44c080a579f5ca0: Time spent starting tablet: real 0.016s	user 0.007s	sys 0.001s
I20260630 12:26:49.339088 11818 ts_tablet_manager.cc:1434] T 6aa44886c5d44c79bb252489642bb071 P 1069a473b21a46349414c6a98f900498: Time spent starting tablet: real 0.014s	user 0.003s	sys 0.005s
I20260630 12:26:49.339545 11821 tablet_bootstrap.cc:492] T 6aa44886c5d44c79bb252489642bb071 P aab3201c04374f37b44c080a579f5ca0: Bootstrap starting.
I20260630 12:26:49.340108 11818 tablet_bootstrap.cc:492] T 2cae4a70509f4f47a1ee00fdb6a2603f P 1069a473b21a46349414c6a98f900498: Bootstrap starting.
W20260630 12:26:49.336897 11589 leader_election.cc:343] T 6aa44886c5d44c79bb252489642bb071 P 143987113713478ea14b7d71600fc302 [CANDIDATE]: Term 1 pre-election: Tablet error from VoteRequest() call to peer aab3201c04374f37b44c080a579f5ca0 (127.6.240.131:43645): Illegal state: must be running to vote when last-logged opid is not known
I20260630 12:26:49.337604 11846 leader_election.cc:290] T 6aa44886c5d44c79bb252489642bb071 P 143987113713478ea14b7d71600fc302 [CANDIDATE]: Term 1 pre-election: Requested pre-vote from peers 1069a473b21a46349414c6a98f900498 (127.6.240.130:39867), aab3201c04374f37b44c080a579f5ca0 (127.6.240.131:43645)
I20260630 12:26:49.345568 11821 tablet_bootstrap.cc:654] T 6aa44886c5d44c79bb252489642bb071 P aab3201c04374f37b44c080a579f5ca0: Neither blocks nor log segments found. Creating new log.
I20260630 12:26:49.346186 11588 leader_election.cc:304] T 6aa44886c5d44c79bb252489642bb071 P 143987113713478ea14b7d71600fc302 [CANDIDATE]: Term 1 pre-election: Election decided. Result: candidate won. Election summary: received 3 responses out of 3 voters: 2 yes votes; 1 no votes. yes voters: 1069a473b21a46349414c6a98f900498, 143987113713478ea14b7d71600fc302; no voters: aab3201c04374f37b44c080a579f5ca0
I20260630 12:26:49.347287 11846 raft_consensus.cc:2804] T 6aa44886c5d44c79bb252489642bb071 P 143987113713478ea14b7d71600fc302 [term 0 FOLLOWER]: Leader pre-election won for term 1
I20260630 12:26:49.347675 11846 raft_consensus.cc:493] T 6aa44886c5d44c79bb252489642bb071 P 143987113713478ea14b7d71600fc302 [term 0 FOLLOWER]: Starting leader election (no leader contacted us within the election timeout)
I20260630 12:26:49.348083 11846 raft_consensus.cc:3060] T 6aa44886c5d44c79bb252489642bb071 P 143987113713478ea14b7d71600fc302 [term 0 FOLLOWER]: Advancing to term 1
I20260630 12:26:49.350802 11519 catalog_manager.cc:5697] T fa5322134a3344c9b6feb30a9a33e1e4 P 143987113713478ea14b7d71600fc302 reported cstate change: term changed from 0 to 1, leader changed from <none> to 143987113713478ea14b7d71600fc302 (127.6.240.129). New cstate: current_term: 1 leader_uuid: "143987113713478ea14b7d71600fc302" committed_config { opid_index: -1 OBSOLETE_local: false peers { permanent_uuid: "143987113713478ea14b7d71600fc302" member_type: VOTER last_known_addr { host: "127.6.240.129" port: 35883 } health_report { overall_health: HEALTHY } } peers { permanent_uuid: "1069a473b21a46349414c6a98f900498" member_type: VOTER last_known_addr { host: "127.6.240.130" port: 39867 } health_report { overall_health: UNKNOWN } } peers { permanent_uuid: "aab3201c04374f37b44c080a579f5ca0" member_type: VOTER last_known_addr { host: "127.6.240.131" port: 43645 } health_report { overall_health: UNKNOWN } } }
I20260630 12:26:49.374053 11846 raft_consensus.cc:515] T 6aa44886c5d44c79bb252489642bb071 P 143987113713478ea14b7d71600fc302 [term 1 FOLLOWER]: Starting leader election with config: opid_index: -1 OBSOLETE_local: false peers { permanent_uuid: "143987113713478ea14b7d71600fc302" member_type: VOTER last_known_addr { host: "127.6.240.129" port: 35883 } } peers { permanent_uuid: "1069a473b21a46349414c6a98f900498" member_type: VOTER last_known_addr { host: "127.6.240.130" port: 39867 } } peers { permanent_uuid: "aab3201c04374f37b44c080a579f5ca0" member_type: VOTER last_known_addr { host: "127.6.240.131" port: 43645 } }
I20260630 12:26:49.376328 11846 leader_election.cc:290] T 6aa44886c5d44c79bb252489642bb071 P 143987113713478ea14b7d71600fc302 [CANDIDATE]: Term 1 election: Requested vote from peers 1069a473b21a46349414c6a98f900498 (127.6.240.130:39867), aab3201c04374f37b44c080a579f5ca0 (127.6.240.131:43645)
I20260630 12:26:49.378079 11771 tablet_service.cc:1917] Received RequestConsensusVote() RPC: tablet_id: "6aa44886c5d44c79bb252489642bb071" candidate_uuid: "143987113713478ea14b7d71600fc302" candidate_term: 1 candidate_status { last_received { term: 0 index: 0 } } ignore_live_leader: false dest_uuid: "aab3201c04374f37b44c080a579f5ca0"
W20260630 12:26:49.379683 11589 leader_election.cc:343] T 6aa44886c5d44c79bb252489642bb071 P 143987113713478ea14b7d71600fc302 [CANDIDATE]: Term 1 election: Tablet error from VoteRequest() call to peer aab3201c04374f37b44c080a579f5ca0 (127.6.240.131:43645): Illegal state: must be running to vote when last-logged opid is not known
I20260630 12:26:49.381894 11818 tablet_bootstrap.cc:654] T 2cae4a70509f4f47a1ee00fdb6a2603f P 1069a473b21a46349414c6a98f900498: Neither blocks nor log segments found. Creating new log.
I20260630 12:26:49.383482 11821 tablet_bootstrap.cc:492] T 6aa44886c5d44c79bb252489642bb071 P aab3201c04374f37b44c080a579f5ca0: No bootstrap required, opened a new log
I20260630 12:26:49.383965 11821 ts_tablet_manager.cc:1403] T 6aa44886c5d44c79bb252489642bb071 P aab3201c04374f37b44c080a579f5ca0: Time spent bootstrapping tablet: real 0.045s	user 0.024s	sys 0.007s
I20260630 12:26:49.385149 11698 tablet_service.cc:1917] Received RequestConsensusVote() RPC: tablet_id: "6aa44886c5d44c79bb252489642bb071" candidate_uuid: "143987113713478ea14b7d71600fc302" candidate_term: 1 candidate_status { last_received { term: 0 index: 0 } } ignore_live_leader: false dest_uuid: "1069a473b21a46349414c6a98f900498"
I20260630 12:26:49.385754 11698 raft_consensus.cc:3060] T 6aa44886c5d44c79bb252489642bb071 P 1069a473b21a46349414c6a98f900498 [term 0 FOLLOWER]: Advancing to term 1
I20260630 12:26:49.386596 11818 tablet_bootstrap.cc:492] T 2cae4a70509f4f47a1ee00fdb6a2603f P 1069a473b21a46349414c6a98f900498: No bootstrap required, opened a new log
I20260630 12:26:49.386662 11821 raft_consensus.cc:359] T 6aa44886c5d44c79bb252489642bb071 P aab3201c04374f37b44c080a579f5ca0 [term 0 FOLLOWER]: Replica starting. Triggering 0 pending ops. Active config: opid_index: -1 OBSOLETE_local: false peers { permanent_uuid: "143987113713478ea14b7d71600fc302" member_type: VOTER last_known_addr { host: "127.6.240.129" port: 35883 } } peers { permanent_uuid: "1069a473b21a46349414c6a98f900498" member_type: VOTER last_known_addr { host: "127.6.240.130" port: 39867 } } peers { permanent_uuid: "aab3201c04374f37b44c080a579f5ca0" member_type: VOTER last_known_addr { host: "127.6.240.131" port: 43645 } }
I20260630 12:26:49.388106 11818 ts_tablet_manager.cc:1403] T 2cae4a70509f4f47a1ee00fdb6a2603f P 1069a473b21a46349414c6a98f900498: Time spent bootstrapping tablet: real 0.048s	user 0.011s	sys 0.000s
I20260630 12:26:49.388417 11821 raft_consensus.cc:385] T 6aa44886c5d44c79bb252489642bb071 P aab3201c04374f37b44c080a579f5ca0 [term 0 FOLLOWER]: Consensus starting up: Expiring failure detector timer to make a prompt election more likely
I20260630 12:26:49.388764 11821 raft_consensus.cc:740] T 6aa44886c5d44c79bb252489642bb071 P aab3201c04374f37b44c080a579f5ca0 [term 0 FOLLOWER]: Becoming Follower/Learner. State: Replica: aab3201c04374f37b44c080a579f5ca0, State: Initialized, Role: FOLLOWER
I20260630 12:26:49.389575 11821 consensus_queue.cc:260] T 6aa44886c5d44c79bb252489642bb071 P aab3201c04374f37b44c080a579f5ca0 [NON_LEADER]: Queue going to NON_LEADER mode. State: All replicated index: 0, Majority replicated index: 0, Committed index: 0, Last appended: 0.0, Last appended by leader: 0, Current term: 0, Majority size: -1, State: 0, Mode: NON_LEADER, active raft config: opid_index: -1 OBSOLETE_local: false peers { permanent_uuid: "143987113713478ea14b7d71600fc302" member_type: VOTER last_known_addr { host: "127.6.240.129" port: 35883 } } peers { permanent_uuid: "1069a473b21a46349414c6a98f900498" member_type: VOTER last_known_addr { host: "127.6.240.130" port: 39867 } } peers { permanent_uuid: "aab3201c04374f37b44c080a579f5ca0" member_type: VOTER last_known_addr { host: "127.6.240.131" port: 43645 } }
I20260630 12:26:49.391012 11818 raft_consensus.cc:359] T 2cae4a70509f4f47a1ee00fdb6a2603f P 1069a473b21a46349414c6a98f900498 [term 0 FOLLOWER]: Replica starting. Triggering 0 pending ops. Active config: opid_index: -1 OBSOLETE_local: false peers { permanent_uuid: "143987113713478ea14b7d71600fc302" member_type: VOTER last_known_addr { host: "127.6.240.129" port: 35883 } } peers { permanent_uuid: "1069a473b21a46349414c6a98f900498" member_type: VOTER last_known_addr { host: "127.6.240.130" port: 39867 } } peers { permanent_uuid: "aab3201c04374f37b44c080a579f5ca0" member_type: VOTER last_known_addr { host: "127.6.240.131" port: 43645 } }
I20260630 12:26:49.391706 11818 raft_consensus.cc:385] T 2cae4a70509f4f47a1ee00fdb6a2603f P 1069a473b21a46349414c6a98f900498 [term 0 FOLLOWER]: Consensus starting up: Expiring failure detector timer to make a prompt election more likely
I20260630 12:26:49.391976 11818 raft_consensus.cc:740] T 2cae4a70509f4f47a1ee00fdb6a2603f P 1069a473b21a46349414c6a98f900498 [term 0 FOLLOWER]: Becoming Follower/Learner. State: Replica: 1069a473b21a46349414c6a98f900498, State: Initialized, Role: FOLLOWER
I20260630 12:26:49.392030 11821 ts_tablet_manager.cc:1434] T 6aa44886c5d44c79bb252489642bb071 P aab3201c04374f37b44c080a579f5ca0: Time spent starting tablet: real 0.008s	user 0.007s	sys 0.000s
I20260630 12:26:49.393152 11821 tablet_bootstrap.cc:492] T 3e7172344bf54b218fff9e603bc0d9bd P aab3201c04374f37b44c080a579f5ca0: Bootstrap starting.
I20260630 12:26:49.392865 11818 consensus_queue.cc:260] T 2cae4a70509f4f47a1ee00fdb6a2603f P 1069a473b21a46349414c6a98f900498 [NON_LEADER]: Queue going to NON_LEADER mode. State: All replicated index: 0, Majority replicated index: 0, Committed index: 0, Last appended: 0.0, Last appended by leader: 0, Current term: 0, Majority size: -1, State: 0, Mode: NON_LEADER, active raft config: opid_index: -1 OBSOLETE_local: false peers { permanent_uuid: "143987113713478ea14b7d71600fc302" member_type: VOTER last_known_addr { host: "127.6.240.129" port: 35883 } } peers { permanent_uuid: "1069a473b21a46349414c6a98f900498" member_type: VOTER last_known_addr { host: "127.6.240.130" port: 39867 } } peers { permanent_uuid: "aab3201c04374f37b44c080a579f5ca0" member_type: VOTER last_known_addr { host: "127.6.240.131" port: 43645 } }
I20260630 12:26:49.394905 11818 ts_tablet_manager.cc:1434] T 2cae4a70509f4f47a1ee00fdb6a2603f P 1069a473b21a46349414c6a98f900498: Time spent starting tablet: real 0.006s	user 0.000s	sys 0.004s
I20260630 12:26:49.395912 11818 tablet_bootstrap.cc:492] T 3e7172344bf54b218fff9e603bc0d9bd P 1069a473b21a46349414c6a98f900498: Bootstrap starting.
I20260630 12:26:49.398703 11865 raft_consensus.cc:493] T 6aa44886c5d44c79bb252489642bb071 P aab3201c04374f37b44c080a579f5ca0 [term 0 FOLLOWER]: Starting pre-election (no leader contacted us within the election timeout)
I20260630 12:26:49.393427 11698 raft_consensus.cc:2468] T 6aa44886c5d44c79bb252489642bb071 P 1069a473b21a46349414c6a98f900498 [term 1 FOLLOWER]: Leader election vote request: Granting yes vote for candidate 143987113713478ea14b7d71600fc302 in term 1.
