I20260630 12:26:05.350270 10036 catalog_manager.cc:6070] T 00000000000000000000000000000000 P ce7809a6847544ce9e748c40259d925a: Generated new TSK 0
I20260630 12:26:05.350914 10036 catalog_manager.cc:1550] Initializing in-progress tserver states...
I20260630 12:26:05.374454  7106 file_cache.cc:492] Constructed file cache file cache with capacity 419430
W20260630 12:26:05.380108 10049 instance_detector.cc:116] could not retrieve AWS instance metadata: Network error: curl error: HTTP response code said error: The requested URL returned error: 404
W20260630 12:26:05.381346 10050 instance_detector.cc:116] could not retrieve Azure instance metadata: Network error: curl error: HTTP response code said error: The requested URL returned error: 404
I20260630 12:26:05.383183  7106 server_base.cc:1061] running on GCE node
W20260630 12:26:05.383464 10052 instance_detector.cc:116] could not retrieve OpenStack instance metadata: Network error: curl error: HTTP response code said error: The requested URL returned error: 404
I20260630 12:26:05.384402  7106 hybrid_clock.cc:584] initializing the hybrid clock with 'system_unsync' time source
W20260630 12:26:05.384688  7106 system_unsync_time.cc:38] NTP support is disabled. Clock error bounds will not be accurate. This configuration is not suitable for distributed clusters.
I20260630 12:26:05.384922  7106 hybrid_clock.cc:648] HybridClock initialized: now 1782822365384903 us; error 0 us; skew 500 ppm
I20260630 12:26:05.385432  7106 server_base.cc:861] Flag tcmalloc_max_total_thread_cache_bytes is not working since tcmalloc is not enabled.
I20260630 12:26:05.387799  7106 webserver.cc:533] Webserver started at http://127.6.240.129:38883/ using document root <none> and password file <none>
I20260630 12:26:05.388273  7106 fs_manager.cc:362] Metadata directory not provided
I20260630 12:26:05.388481  7106 fs_manager.cc:368] Using write-ahead log directory (fs_wal_dir) as metadata directory
I20260630 12:26:05.388800  7106 server_base.cc:909] This appears to be a new deployment of Kudu; creating new FS layout
I20260630 12:26:05.389851  7106 fs_manager.cc:1068] Generated new instance metadata in path /tmp/dist-test-taskBf4rOS/test-tmp/auto_rebalancer-test.0.AutoRebalancerTest.RangeAwareRebalancesNewRangeReplicas.1782822285683302-7106-0/minicluster-data/ts-0-root/instance:
uuid: "59d0fdf898344466bd30f2bbf80ffa1d"
format_stamp: "Formatted at 2026-06-30 12:26:05 on dist-test-slave-w3p3"
I20260630 12:26:05.394513  7106 fs_manager.cc:696] Time spent creating directory manager: real 0.004s	user 0.005s	sys 0.000s
I20260630 12:26:05.398075 10057 log_block_manager.cc:4031] Time spent loading block containers with low live blocks: real 0.000s	user 0.000s	sys 0.000s
I20260630 12:26:05.398936  7106 fs_manager.cc:730] Time spent opening block manager: real 0.002s	user 0.003s	sys 0.001s
I20260630 12:26:05.399178  7106 fs_manager.cc:647] Opened local filesystem: /tmp/dist-test-taskBf4rOS/test-tmp/auto_rebalancer-test.0.AutoRebalancerTest.RangeAwareRebalancesNewRangeReplicas.1782822285683302-7106-0/minicluster-data/ts-0-root
uuid: "59d0fdf898344466bd30f2bbf80ffa1d"
format_stamp: "Formatted at 2026-06-30 12:26:05 on dist-test-slave-w3p3"
I20260630 12:26:05.399466  7106 fs_report.cc:389] FS layout report
--------------------
wal directory: /tmp/dist-test-taskBf4rOS/test-tmp/auto_rebalancer-test.0.AutoRebalancerTest.RangeAwareRebalancesNewRangeReplicas.1782822285683302-7106-0/minicluster-data/ts-0-root
metadata directory: /tmp/dist-test-taskBf4rOS/test-tmp/auto_rebalancer-test.0.AutoRebalancerTest.RangeAwareRebalancesNewRangeReplicas.1782822285683302-7106-0/minicluster-data/ts-0-root
1 data directories: /tmp/dist-test-taskBf4rOS/test-tmp/auto_rebalancer-test.0.AutoRebalancerTest.RangeAwareRebalancesNewRangeReplicas.1782822285683302-7106-0/minicluster-data/ts-0-root/data
Total live blocks: 0
Total live bytes: 0
Total live bytes (after alignment): 0
Total number of LBM containers: 0 (0 full)
Did not check for missing blocks
Did not check for orphaned blocks
Total full LBM containers with extra space: 0 (0 repaired)
Total full LBM container extra space in bytes: 0 (0 repaired)
Total incomplete LBM containers: 0 (0 repaired)
Total LBM partial records: 0 (0 repaired)
Total corrupted LBM metadata records in RocksDB: 0 (0 repaired)
I20260630 12:26:05.414449  7106 rpc_server.cc:225] running with OpenSSL 1.1.1  11 Sep 2018
I20260630 12:26:05.415556  7106 kserver.cc:163] Server-wide thread pool size limit: 3276
I20260630 12:26:05.417028  7106 txn_system_client.cc:432] TxnSystemClient initialization is disabled...
I20260630 12:26:05.419314  7106 ts_tablet_manager.cc:585] Loaded tablet metadata (0 total tablets, 0 live tablets)
I20260630 12:26:05.419544  7106 ts_tablet_manager.cc:531] Time spent load tablet metadata: real 0.000s	user 0.000s	sys 0.000s
I20260630 12:26:05.419799  7106 ts_tablet_manager.cc:616] Registered 0 tablets
I20260630 12:26:05.419970  7106 ts_tablet_manager.cc:595] Time spent register tablets: real 0.000s	user 0.000s	sys 0.000s
I20260630 12:26:05.460701  7106 rpc_server.cc:307] RPC server started. Bound to: 127.6.240.129:42097
I20260630 12:26:05.460752 10119 acceptor_pool.cc:272] collecting diagnostics on the listening RPC socket 127.6.240.129:42097 every 8 connection(s)
I20260630 12:26:05.465634  7106 file_cache.cc:492] Constructed file cache file cache with capacity 419430
W20260630 12:26:05.472584 10124 instance_detector.cc:116] could not retrieve AWS instance metadata: Network error: curl error: HTTP response code said error: The requested URL returned error: 404
W20260630 12:26:05.472972 10125 instance_detector.cc:116] could not retrieve Azure instance metadata: Network error: curl error: HTTP response code said error: The requested URL returned error: 404
W20260630 12:26:05.479488 10127 instance_detector.cc:116] could not retrieve OpenStack instance metadata: Network error: curl error: HTTP response code said error: The requested URL returned error: 404
I20260630 12:26:05.479842  7106 server_base.cc:1061] running on GCE node
I20260630 12:26:05.481043  7106 hybrid_clock.cc:584] initializing the hybrid clock with 'system_unsync' time source
W20260630 12:26:05.481315  7106 system_unsync_time.cc:38] NTP support is disabled. Clock error bounds will not be accurate. This configuration is not suitable for distributed clusters.
I20260630 12:26:05.481514  7106 hybrid_clock.cc:648] HybridClock initialized: now 1782822365481497 us; error 0 us; skew 500 ppm
I20260630 12:26:05.482197  7106 server_base.cc:861] Flag tcmalloc_max_total_thread_cache_bytes is not working since tcmalloc is not enabled.
I20260630 12:26:05.482959 10120 heartbeater.cc:344] Connected to a master server at 127.6.240.190:38395
I20260630 12:26:05.483721 10120 heartbeater.cc:461] Registering TS with master...
I20260630 12:26:05.484529 10120 heartbeater.cc:507] Master 127.6.240.190:38395 requested a full tablet report, sending...
I20260630 12:26:05.485142  7106 webserver.cc:533] Webserver started at http://127.6.240.130:35983/ using document root <none> and password file <none>
I20260630 12:26:05.485643  7106 fs_manager.cc:362] Metadata directory not provided
I20260630 12:26:05.485862  7106 fs_manager.cc:368] Using write-ahead log directory (fs_wal_dir) as metadata directory
I20260630 12:26:05.486171  7106 server_base.cc:909] This appears to be a new deployment of Kudu; creating new FS layout
I20260630 12:26:05.486883  9993 ts_manager.cc:194] Registered new tserver with Master: 59d0fdf898344466bd30f2bbf80ffa1d (127.6.240.129:42097)
I20260630 12:26:05.487365  7106 fs_manager.cc:1068] Generated new instance metadata in path /tmp/dist-test-taskBf4rOS/test-tmp/auto_rebalancer-test.0.AutoRebalancerTest.RangeAwareRebalancesNewRangeReplicas.1782822285683302-7106-0/minicluster-data/ts-1-root/instance:
uuid: "e79e11d5ccf54a5a8075794646c5720a"
format_stamp: "Formatted at 2026-06-30 12:26:05 on dist-test-slave-w3p3"
I20260630 12:26:05.488777  9993 master_service.cc:502] Signed X509 certificate for tserver {username='slave'} at 127.0.0.1:46940
I20260630 12:26:05.492229  7106 fs_manager.cc:696] Time spent creating directory manager: real 0.004s	user 0.000s	sys 0.006s
I20260630 12:26:05.495954 10132 log_block_manager.cc:4031] Time spent loading block containers with low live blocks: real 0.000s	user 0.000s	sys 0.000s
I20260630 12:26:05.497169  7106 fs_manager.cc:730] Time spent opening block manager: real 0.003s	user 0.003s	sys 0.001s
I20260630 12:26:05.497490  7106 fs_manager.cc:647] Opened local filesystem: /tmp/dist-test-taskBf4rOS/test-tmp/auto_rebalancer-test.0.AutoRebalancerTest.RangeAwareRebalancesNewRangeReplicas.1782822285683302-7106-0/minicluster-data/ts-1-root
uuid: "e79e11d5ccf54a5a8075794646c5720a"
format_stamp: "Formatted at 2026-06-30 12:26:05 on dist-test-slave-w3p3"
I20260630 12:26:05.497797  7106 fs_report.cc:389] FS layout report
--------------------
wal directory: /tmp/dist-test-taskBf4rOS/test-tmp/auto_rebalancer-test.0.AutoRebalancerTest.RangeAwareRebalancesNewRangeReplicas.1782822285683302-7106-0/minicluster-data/ts-1-root
metadata directory: /tmp/dist-test-taskBf4rOS/test-tmp/auto_rebalancer-test.0.AutoRebalancerTest.RangeAwareRebalancesNewRangeReplicas.1782822285683302-7106-0/minicluster-data/ts-1-root
1 data directories: /tmp/dist-test-taskBf4rOS/test-tmp/auto_rebalancer-test.0.AutoRebalancerTest.RangeAwareRebalancesNewRangeReplicas.1782822285683302-7106-0/minicluster-data/ts-1-root/data
Total live blocks: 0
Total live bytes: 0
Total live bytes (after alignment): 0
Total number of LBM containers: 0 (0 full)
Did not check for missing blocks
Did not check for orphaned blocks
Total full LBM containers with extra space: 0 (0 repaired)
Total full LBM container extra space in bytes: 0 (0 repaired)
Total incomplete LBM containers: 0 (0 repaired)
Total LBM partial records: 0 (0 repaired)
Total corrupted LBM metadata records in RocksDB: 0 (0 repaired)
I20260630 12:26:05.519107  7106 rpc_server.cc:225] running with OpenSSL 1.1.1  11 Sep 2018
I20260630 12:26:05.520152  7106 kserver.cc:163] Server-wide thread pool size limit: 3276
I20260630 12:26:05.521618  7106 txn_system_client.cc:432] TxnSystemClient initialization is disabled...
I20260630 12:26:05.524266  7106 ts_tablet_manager.cc:585] Loaded tablet metadata (0 total tablets, 0 live tablets)
I20260630 12:26:05.524506  7106 ts_tablet_manager.cc:531] Time spent load tablet metadata: real 0.000s	user 0.000s	sys 0.000s
I20260630 12:26:05.524842  7106 ts_tablet_manager.cc:616] Registered 0 tablets
I20260630 12:26:05.525017  7106 ts_tablet_manager.cc:595] Time spent register tablets: real 0.000s	user 0.000s	sys 0.000s
I20260630 12:26:05.567008  7106 rpc_server.cc:307] RPC server started. Bound to: 127.6.240.130:44151
I20260630 12:26:05.567106 10194 acceptor_pool.cc:272] collecting diagnostics on the listening RPC socket 127.6.240.130:44151 every 8 connection(s)
I20260630 12:26:05.571776  7106 file_cache.cc:492] Constructed file cache file cache with capacity 419430
W20260630 12:26:05.578344 10198 instance_detector.cc:116] could not retrieve AWS instance metadata: Network error: curl error: HTTP response code said error: The requested URL returned error: 404
W20260630 12:26:05.580286 10199 instance_detector.cc:116] could not retrieve Azure instance metadata: Network error: curl error: HTTP response code said error: The requested URL returned error: 404
I20260630 12:26:05.582388  7106 server_base.cc:1061] running on GCE node
W20260630 12:26:05.582583 10201 instance_detector.cc:116] could not retrieve OpenStack instance metadata: Network error: curl error: HTTP response code said error: The requested URL returned error: 404
I20260630 12:26:05.583966  7106 hybrid_clock.cc:584] initializing the hybrid clock with 'system_unsync' time source
W20260630 12:26:05.584208  7106 system_unsync_time.cc:38] NTP support is disabled. Clock error bounds will not be accurate. This configuration is not suitable for distributed clusters.
I20260630 12:26:05.584403  7106 hybrid_clock.cc:648] HybridClock initialized: now 1782822365584387 us; error 0 us; skew 500 ppm
I20260630 12:26:05.584698 10195 heartbeater.cc:344] Connected to a master server at 127.6.240.190:38395
I20260630 12:26:05.585011  7106 server_base.cc:861] Flag tcmalloc_max_total_thread_cache_bytes is not working since tcmalloc is not enabled.
I20260630 12:26:05.585090 10195 heartbeater.cc:461] Registering TS with master...
I20260630 12:26:05.585929 10195 heartbeater.cc:507] Master 127.6.240.190:38395 requested a full tablet report, sending...
I20260630 12:26:05.587934  7106 webserver.cc:533] Webserver started at http://127.6.240.131:33343/ using document root <none> and password file <none>
I20260630 12:26:05.588245  9993 ts_manager.cc:194] Registered new tserver with Master: e79e11d5ccf54a5a8075794646c5720a (127.6.240.130:44151)
I20260630 12:26:05.588420  7106 fs_manager.cc:362] Metadata directory not provided
I20260630 12:26:05.588747  7106 fs_manager.cc:368] Using write-ahead log directory (fs_wal_dir) as metadata directory
I20260630 12:26:05.589102  7106 server_base.cc:909] This appears to be a new deployment of Kudu; creating new FS layout
I20260630 12:26:05.589650  9993 master_service.cc:502] Signed X509 certificate for tserver {username='slave'} at 127.0.0.1:46950
I20260630 12:26:05.590219  7106 fs_manager.cc:1068] Generated new instance metadata in path /tmp/dist-test-taskBf4rOS/test-tmp/auto_rebalancer-test.0.AutoRebalancerTest.RangeAwareRebalancesNewRangeReplicas.1782822285683302-7106-0/minicluster-data/ts-2-root/instance:
uuid: "bb491c9600ce40f6a65947305e74c0dd"
format_stamp: "Formatted at 2026-06-30 12:26:05 on dist-test-slave-w3p3"
I20260630 12:26:05.594880  7106 fs_manager.cc:696] Time spent creating directory manager: real 0.004s	user 0.006s	sys 0.000s
I20260630 12:26:05.598331 10206 log_block_manager.cc:4031] Time spent loading block containers with low live blocks: real 0.000s	user 0.000s	sys 0.000s
I20260630 12:26:05.599288  7106 fs_manager.cc:730] Time spent opening block manager: real 0.002s	user 0.001s	sys 0.000s
I20260630 12:26:05.599606  7106 fs_manager.cc:647] Opened local filesystem: /tmp/dist-test-taskBf4rOS/test-tmp/auto_rebalancer-test.0.AutoRebalancerTest.RangeAwareRebalancesNewRangeReplicas.1782822285683302-7106-0/minicluster-data/ts-2-root
uuid: "bb491c9600ce40f6a65947305e74c0dd"
format_stamp: "Formatted at 2026-06-30 12:26:05 on dist-test-slave-w3p3"
I20260630 12:26:05.600008  7106 fs_report.cc:389] FS layout report
--------------------
wal directory: /tmp/dist-test-taskBf4rOS/test-tmp/auto_rebalancer-test.0.AutoRebalancerTest.RangeAwareRebalancesNewRangeReplicas.1782822285683302-7106-0/minicluster-data/ts-2-root
metadata directory: /tmp/dist-test-taskBf4rOS/test-tmp/auto_rebalancer-test.0.AutoRebalancerTest.RangeAwareRebalancesNewRangeReplicas.1782822285683302-7106-0/minicluster-data/ts-2-root
1 data directories: /tmp/dist-test-taskBf4rOS/test-tmp/auto_rebalancer-test.0.AutoRebalancerTest.RangeAwareRebalancesNewRangeReplicas.1782822285683302-7106-0/minicluster-data/ts-2-root/data
Total live blocks: 0
Total live bytes: 0
Total live bytes (after alignment): 0
Total number of LBM containers: 0 (0 full)
Did not check for missing blocks
Did not check for orphaned blocks
Total full LBM containers with extra space: 0 (0 repaired)
Total full LBM container extra space in bytes: 0 (0 repaired)
Total incomplete LBM containers: 0 (0 repaired)
Total LBM partial records: 0 (0 repaired)
Total corrupted LBM metadata records in RocksDB: 0 (0 repaired)
I20260630 12:26:05.616353  7106 rpc_server.cc:225] running with OpenSSL 1.1.1  11 Sep 2018
I20260630 12:26:05.617492  7106 kserver.cc:163] Server-wide thread pool size limit: 3276
I20260630 12:26:05.619077  7106 txn_system_client.cc:432] TxnSystemClient initialization is disabled...
I20260630 12:26:05.621487  7106 ts_tablet_manager.cc:585] Loaded tablet metadata (0 total tablets, 0 live tablets)
I20260630 12:26:05.621680  7106 ts_tablet_manager.cc:531] Time spent load tablet metadata: real 0.000s	user 0.000s	sys 0.000s
I20260630 12:26:05.622102  7106 ts_tablet_manager.cc:616] Registered 0 tablets
I20260630 12:26:05.622277  7106 ts_tablet_manager.cc:595] Time spent register tablets: real 0.000s	user 0.000s	sys 0.000s
I20260630 12:26:05.667124  7106 rpc_server.cc:307] RPC server started. Bound to: 127.6.240.131:35055
I20260630 12:26:05.667239 10268 acceptor_pool.cc:272] collecting diagnostics on the listening RPC socket 127.6.240.131:35055 every 8 connection(s)
I20260630 12:26:05.682018 10269 heartbeater.cc:344] Connected to a master server at 127.6.240.190:38395
I20260630 12:26:05.682766 10269 heartbeater.cc:461] Registering TS with master...
I20260630 12:26:05.683740 10269 heartbeater.cc:507] Master 127.6.240.190:38395 requested a full tablet report, sending...
I20260630 12:26:05.686111  9993 ts_manager.cc:194] Registered new tserver with Master: bb491c9600ce40f6a65947305e74c0dd (127.6.240.131:35055)
I20260630 12:26:05.687297  7106 internal_mini_cluster.cc:371] 3 TS(s) registered with all masters after 0.016522149s
I20260630 12:26:05.687626  9993 master_service.cc:502] Signed X509 certificate for tserver {username='slave'} at 127.0.0.1:46964
I20260630 12:26:06.491631 10120 heartbeater.cc:499] Master 127.6.240.190:38395 was elected leader, sending a full tablet report...
I20260630 12:26:06.592305 10195 heartbeater.cc:499] Master 127.6.240.190:38395 was elected leader, sending a full tablet report...
I20260630 12:26:06.690912 10269 heartbeater.cc:499] Master 127.6.240.190:38395 was elected leader, sending a full tablet report...
I20260630 12:26:06.746248  9993 catalog_manager.cc:2283] Servicing CreateTable request from {username='slave'} at 127.0.0.1:46970:
name: "range_aware_rebalance_new_range"
schema {
  columns {
    name: "key"
    type: INT32
    is_key: true
    is_nullable: false
    encoding: AUTO_ENCODING
    compression: DEFAULT_COMPRESSION
    cfile_block_size: 0
    immutable: false
  }
}
num_replicas: 3
split_rows_range_bounds {
  rows: "\006\001\000\000\000\000\007\001\n\000\000\000""\006\001\000\000\000\000\007\001\n\000\000\000"
  indirect_data: """"
}
partition_schema {
  hash_schema {
    columns {
      name: "key"
    }
    num_buckets: 8
    seed: 0
  }
  range_schema {
    columns {
      name: "key"
    }
  }
}
W20260630 12:26:06.748859  9993 catalog_manager.cc:7077] The number of live tablet servers is not enough to re-replicate a tablet replica of the newly created table range_aware_rebalance_new_range in case of a server failure: 4 tablet servers would be needed, 3 are available. Consider bringing up more tablet servers.
I20260630 12:26:06.825451 10085 tablet_service.cc:1511] Processing CreateTablet for tablet 209564c3c95048158d466cb6df19cf66 (DEFAULT_TABLE table=range_aware_rebalance_new_range [id=c968d916b4ee44c88370c9939bcb092e]), partition=HASH (key) PARTITION 0, RANGE (key) PARTITION 0 <= VALUES < 10
I20260630 12:26:06.827654 10085 data_dirs.cc:400] Could only allocate 1 dirs of requested 3 for tablet 209564c3c95048158d466cb6df19cf66. 1 dirs total, 0 dirs full, 0 dirs failed
I20260630 12:26:06.832212 10082 tablet_service.cc:1511] Processing CreateTablet for tablet 36d0ce4724c1450d84c9ae61dcfa036d (DEFAULT_TABLE table=range_aware_rebalance_new_range [id=c968d916b4ee44c88370c9939bcb092e]), partition=HASH (key) PARTITION 3, RANGE (key) PARTITION 0 <= VALUES < 10
I20260630 12:26:06.830513 10159 tablet_service.cc:1511] Processing CreateTablet for tablet 08f35b3e97d240ea8e856b89167b9ec4 (DEFAULT_TABLE table=range_aware_rebalance_new_range [id=c968d916b4ee44c88370c9939bcb092e]), partition=HASH (key) PARTITION 1, RANGE (key) PARTITION 0 <= VALUES < 10
I20260630 12:26:06.850456 10082 data_dirs.cc:400] Could only allocate 1 dirs of requested 3 for tablet 36d0ce4724c1450d84c9ae61dcfa036d. 1 dirs total, 0 dirs full, 0 dirs failed
I20260630 12:26:06.830586 10081 tablet_service.cc:1511] Processing CreateTablet for tablet a50c3ae49b3a4c9e9172246b96b5182f (DEFAULT_TABLE table=range_aware_rebalance_new_range [id=c968d916b4ee44c88370c9939bcb092e]), partition=HASH (key) PARTITION 4, RANGE (key) PARTITION 0 <= VALUES < 10
I20260630 12:26:06.851353 10159 data_dirs.cc:400] Could only allocate 1 dirs of requested 3 for tablet 08f35b3e97d240ea8e856b89167b9ec4. 1 dirs total, 0 dirs full, 0 dirs failed
I20260630 12:26:06.852190 10081 data_dirs.cc:400] Could only allocate 1 dirs of requested 3 for tablet a50c3ae49b3a4c9e9172246b96b5182f. 1 dirs total, 0 dirs full, 0 dirs failed
I20260630 12:26:06.827764 10084 tablet_service.cc:1511] Processing CreateTablet for tablet 08f35b3e97d240ea8e856b89167b9ec4 (DEFAULT_TABLE table=range_aware_rebalance_new_range [id=c968d916b4ee44c88370c9939bcb092e]), partition=HASH (key) PARTITION 1, RANGE (key) PARTITION 0 <= VALUES < 10
I20260630 12:26:06.837400 10156 tablet_service.cc:1511] Processing CreateTablet for tablet a50c3ae49b3a4c9e9172246b96b5182f (DEFAULT_TABLE table=range_aware_rebalance_new_range [id=c968d916b4ee44c88370c9939bcb092e]), partition=HASH (key) PARTITION 4, RANGE (key) PARTITION 0 <= VALUES < 10
I20260630 12:26:06.853336 10084 data_dirs.cc:400] Could only allocate 1 dirs of requested 3 for tablet 08f35b3e97d240ea8e856b89167b9ec4. 1 dirs total, 0 dirs full, 0 dirs failed
I20260630 12:26:06.834342 10154 tablet_service.cc:1511] Processing CreateTablet for tablet 652ffc4f0b34491fb472ae0b4664b971 (DEFAULT_TABLE table=range_aware_rebalance_new_range [id=c968d916b4ee44c88370c9939bcb092e]), partition=HASH (key) PARTITION 6, RANGE (key) PARTITION 0 <= VALUES < 10
I20260630 12:26:06.856526 10078 tablet_service.cc:1511] Processing CreateTablet for tablet 54d3f83a713145c8b79f0cdffce38295 (DEFAULT_TABLE table=range_aware_rebalance_new_range [id=c968d916b4ee44c88370c9939bcb092e]), partition=HASH (key) PARTITION 7, RANGE (key) PARTITION 0 <= VALUES < 10
I20260630 12:26:06.858078 10078 data_dirs.cc:400] Could only allocate 1 dirs of requested 3 for tablet 54d3f83a713145c8b79f0cdffce38295. 1 dirs total, 0 dirs full, 0 dirs failed
I20260630 12:26:06.854681 10080 tablet_service.cc:1511] Processing CreateTablet for tablet ce3ec546746c4724bc88efffca26c8e9 (DEFAULT_TABLE table=range_aware_rebalance_new_range [id=c968d916b4ee44c88370c9939bcb092e]), partition=HASH (key) PARTITION 5, RANGE (key) PARTITION 0 <= VALUES < 10
I20260630 12:26:06.859236 10080 data_dirs.cc:400] Could only allocate 1 dirs of requested 3 for tablet ce3ec546746c4724bc88efffca26c8e9. 1 dirs total, 0 dirs full, 0 dirs failed
I20260630 12:26:06.829188 10160 tablet_service.cc:1511] Processing CreateTablet for tablet 209564c3c95048158d466cb6df19cf66 (DEFAULT_TABLE table=range_aware_rebalance_new_range [id=c968d916b4ee44c88370c9939bcb092e]), partition=HASH (key) PARTITION 0, RANGE (key) PARTITION 0 <= VALUES < 10
I20260630 12:26:06.834174 10153 tablet_service.cc:1511] Processing CreateTablet for tablet 54d3f83a713145c8b79f0cdffce38295 (DEFAULT_TABLE table=range_aware_rebalance_new_range [id=c968d916b4ee44c88370c9939bcb092e]), partition=HASH (key) PARTITION 7, RANGE (key) PARTITION 0 <= VALUES < 10
I20260630 12:26:06.833047 10157 tablet_service.cc:1511] Processing CreateTablet for tablet 36d0ce4724c1450d84c9ae61dcfa036d (DEFAULT_TABLE table=range_aware_rebalance_new_range [id=c968d916b4ee44c88370c9939bcb092e]), partition=HASH (key) PARTITION 3, RANGE (key) PARTITION 0 <= VALUES < 10
I20260630 12:26:06.831785 10158 tablet_service.cc:1511] Processing CreateTablet for tablet 1b967ee951a1404e803d2c9812f44416 (DEFAULT_TABLE table=range_aware_rebalance_new_range [id=c968d916b4ee44c88370c9939bcb092e]), partition=HASH (key) PARTITION 2, RANGE (key) PARTITION 0 <= VALUES < 10
I20260630 12:26:06.835784 10155 tablet_service.cc:1511] Processing CreateTablet for tablet ce3ec546746c4724bc88efffca26c8e9 (DEFAULT_TABLE table=range_aware_rebalance_new_range [id=c968d916b4ee44c88370c9939bcb092e]), partition=HASH (key) PARTITION 5, RANGE (key) PARTITION 0 <= VALUES < 10
I20260630 12:26:06.855183 10079 tablet_service.cc:1511] Processing CreateTablet for tablet 652ffc4f0b34491fb472ae0b4664b971 (DEFAULT_TABLE table=range_aware_rebalance_new_range [id=c968d916b4ee44c88370c9939bcb092e]), partition=HASH (key) PARTITION 6, RANGE (key) PARTITION 0 <= VALUES < 10
I20260630 12:26:06.864975 10079 data_dirs.cc:400] Could only allocate 1 dirs of requested 3 for tablet 652ffc4f0b34491fb472ae0b4664b971. 1 dirs total, 0 dirs full, 0 dirs failed
I20260630 12:26:06.869107 10157 data_dirs.cc:400] Could only allocate 1 dirs of requested 3 for tablet 36d0ce4724c1450d84c9ae61dcfa036d. 1 dirs total, 0 dirs full, 0 dirs failed
I20260630 12:26:06.829027 10083 tablet_service.cc:1511] Processing CreateTablet for tablet 1b967ee951a1404e803d2c9812f44416 (DEFAULT_TABLE table=range_aware_rebalance_new_range [id=c968d916b4ee44c88370c9939bcb092e]), partition=HASH (key) PARTITION 2, RANGE (key) PARTITION 0 <= VALUES < 10
I20260630 12:26:06.870983 10160 data_dirs.cc:400] Could only allocate 1 dirs of requested 3 for tablet 209564c3c95048158d466cb6df19cf66. 1 dirs total, 0 dirs full, 0 dirs failed
I20260630 12:26:06.871974 10083 data_dirs.cc:400] Could only allocate 1 dirs of requested 3 for tablet 1b967ee951a1404e803d2c9812f44416. 1 dirs total, 0 dirs full, 0 dirs failed
I20260630 12:26:06.876081 10232 tablet_service.cc:1511] Processing CreateTablet for tablet 1b967ee951a1404e803d2c9812f44416 (DEFAULT_TABLE table=range_aware_rebalance_new_range [id=c968d916b4ee44c88370c9939bcb092e]), partition=HASH (key) PARTITION 2, RANGE (key) PARTITION 0 <= VALUES < 10
I20260630 12:26:06.877655 10232 data_dirs.cc:400] Could only allocate 1 dirs of requested 3 for tablet 1b967ee951a1404e803d2c9812f44416. 1 dirs total, 0 dirs full, 0 dirs failed
I20260630 12:26:06.871582 10234 tablet_service.cc:1511] Processing CreateTablet for tablet 209564c3c95048158d466cb6df19cf66 (DEFAULT_TABLE table=range_aware_rebalance_new_range [id=c968d916b4ee44c88370c9939bcb092e]), partition=HASH (key) PARTITION 0, RANGE (key) PARTITION 0 <= VALUES < 10
I20260630 12:26:06.881425 10234 data_dirs.cc:400] Could only allocate 1 dirs of requested 3 for tablet 209564c3c95048158d466cb6df19cf66. 1 dirs total, 0 dirs full, 0 dirs failed
I20260630 12:26:06.886199 10231 tablet_service.cc:1511] Processing CreateTablet for tablet 36d0ce4724c1450d84c9ae61dcfa036d (DEFAULT_TABLE table=range_aware_rebalance_new_range [id=c968d916b4ee44c88370c9939bcb092e]), partition=HASH (key) PARTITION 3, RANGE (key) PARTITION 0 <= VALUES < 10
I20260630 12:26:06.887668 10231 data_dirs.cc:400] Could only allocate 1 dirs of requested 3 for tablet 36d0ce4724c1450d84c9ae61dcfa036d. 1 dirs total, 0 dirs full, 0 dirs failed
I20260630 12:26:06.892982 10230 tablet_service.cc:1511] Processing CreateTablet for tablet a50c3ae49b3a4c9e9172246b96b5182f (DEFAULT_TABLE table=range_aware_rebalance_new_range [id=c968d916b4ee44c88370c9939bcb092e]), partition=HASH (key) PARTITION 4, RANGE (key) PARTITION 0 <= VALUES < 10
I20260630 12:26:06.894415 10230 data_dirs.cc:400] Could only allocate 1 dirs of requested 3 for tablet a50c3ae49b3a4c9e9172246b96b5182f. 1 dirs total, 0 dirs full, 0 dirs failed
I20260630 12:26:06.898254 10229 tablet_service.cc:1511] Processing CreateTablet for tablet ce3ec546746c4724bc88efffca26c8e9 (DEFAULT_TABLE table=range_aware_rebalance_new_range [id=c968d916b4ee44c88370c9939bcb092e]), partition=HASH (key) PARTITION 5, RANGE (key) PARTITION 0 <= VALUES < 10
I20260630 12:26:06.899699 10229 data_dirs.cc:400] Could only allocate 1 dirs of requested 3 for tablet ce3ec546746c4724bc88efffca26c8e9. 1 dirs total, 0 dirs full, 0 dirs failed
I20260630 12:26:06.872972 10155 data_dirs.cc:400] Could only allocate 1 dirs of requested 3 for tablet ce3ec546746c4724bc88efffca26c8e9. 1 dirs total, 0 dirs full, 0 dirs failed
I20260630 12:26:06.873884 10233 tablet_service.cc:1511] Processing CreateTablet for tablet 08f35b3e97d240ea8e856b89167b9ec4 (DEFAULT_TABLE table=range_aware_rebalance_new_range [id=c968d916b4ee44c88370c9939bcb092e]), partition=HASH (key) PARTITION 1, RANGE (key) PARTITION 0 <= VALUES < 10
I20260630 12:26:06.905682 10233 data_dirs.cc:400] Could only allocate 1 dirs of requested 3 for tablet 08f35b3e97d240ea8e856b89167b9ec4. 1 dirs total, 0 dirs full, 0 dirs failed
I20260630 12:26:06.909202 10153 data_dirs.cc:400] Could only allocate 1 dirs of requested 3 for tablet 54d3f83a713145c8b79f0cdffce38295. 1 dirs total, 0 dirs full, 0 dirs failed
I20260630 12:26:06.913081 10156 data_dirs.cc:400] Could only allocate 1 dirs of requested 3 for tablet a50c3ae49b3a4c9e9172246b96b5182f. 1 dirs total, 0 dirs full, 0 dirs failed
I20260630 12:26:06.916932 10158 data_dirs.cc:400] Could only allocate 1 dirs of requested 3 for tablet 1b967ee951a1404e803d2c9812f44416. 1 dirs total, 0 dirs full, 0 dirs failed
I20260630 12:26:06.917550 10154 data_dirs.cc:400] Could only allocate 1 dirs of requested 3 for tablet 652ffc4f0b34491fb472ae0b4664b971. 1 dirs total, 0 dirs full, 0 dirs failed
I20260630 12:26:06.938290 10228 tablet_service.cc:1511] Processing CreateTablet for tablet 652ffc4f0b34491fb472ae0b4664b971 (DEFAULT_TABLE table=range_aware_rebalance_new_range [id=c968d916b4ee44c88370c9939bcb092e]), partition=HASH (key) PARTITION 6, RANGE (key) PARTITION 0 <= VALUES < 10
I20260630 12:26:06.938732 10227 tablet_service.cc:1511] Processing CreateTablet for tablet 54d3f83a713145c8b79f0cdffce38295 (DEFAULT_TABLE table=range_aware_rebalance_new_range [id=c968d916b4ee44c88370c9939bcb092e]), partition=HASH (key) PARTITION 7, RANGE (key) PARTITION 0 <= VALUES < 10
I20260630 12:26:06.939867 10228 data_dirs.cc:400] Could only allocate 1 dirs of requested 3 for tablet 652ffc4f0b34491fb472ae0b4664b971. 1 dirs total, 0 dirs full, 0 dirs failed
I20260630 12:26:06.944977 10227 data_dirs.cc:400] Could only allocate 1 dirs of requested 3 for tablet 54d3f83a713145c8b79f0cdffce38295. 1 dirs total, 0 dirs full, 0 dirs failed
I20260630 12:26:06.995365 10290 tablet_bootstrap.cc:492] T 1b967ee951a1404e803d2c9812f44416 P bb491c9600ce40f6a65947305e74c0dd: Bootstrap starting.
I20260630 12:26:07.018862 10290 tablet_bootstrap.cc:654] T 1b967ee951a1404e803d2c9812f44416 P bb491c9600ce40f6a65947305e74c0dd: Neither blocks nor log segments found. Creating new log.
I20260630 12:26:07.019713 10292 tablet_bootstrap.cc:492] T a50c3ae49b3a4c9e9172246b96b5182f P e79e11d5ccf54a5a8075794646c5720a: Bootstrap starting.
I20260630 12:26:07.020372 10291 tablet_bootstrap.cc:492] T 36d0ce4724c1450d84c9ae61dcfa036d P 59d0fdf898344466bd30f2bbf80ffa1d: Bootstrap starting.
I20260630 12:26:07.024863 10290 tablet_bootstrap.cc:492] T 1b967ee951a1404e803d2c9812f44416 P bb491c9600ce40f6a65947305e74c0dd: No bootstrap required, opened a new log
I20260630 12:26:07.025336 10290 ts_tablet_manager.cc:1403] T 1b967ee951a1404e803d2c9812f44416 P bb491c9600ce40f6a65947305e74c0dd: Time spent bootstrapping tablet: real 0.030s	user 0.011s	sys 0.004s
I20260630 12:26:07.027272 10292 tablet_bootstrap.cc:654] T a50c3ae49b3a4c9e9172246b96b5182f P e79e11d5ccf54a5a8075794646c5720a: Neither blocks nor log segments found. Creating new log.
I20260630 12:26:07.027664 10291 tablet_bootstrap.cc:654] T 36d0ce4724c1450d84c9ae61dcfa036d P 59d0fdf898344466bd30f2bbf80ffa1d: Neither blocks nor log segments found. Creating new log.
I20260630 12:26:07.027680 10290 raft_consensus.cc:359] T 1b967ee951a1404e803d2c9812f44416 P bb491c9600ce40f6a65947305e74c0dd [term 0 FOLLOWER]: Replica starting. Triggering 0 pending ops. Active config: opid_index: -1 OBSOLETE_local: false peers { permanent_uuid: "e79e11d5ccf54a5a8075794646c5720a" member_type: VOTER last_known_addr { host: "127.6.240.130" port: 44151 } } peers { permanent_uuid: "59d0fdf898344466bd30f2bbf80ffa1d" member_type: VOTER last_known_addr { host: "127.6.240.129" port: 42097 } } peers { permanent_uuid: "bb491c9600ce40f6a65947305e74c0dd" member_type: VOTER last_known_addr { host: "127.6.240.131" port: 35055 } }
I20260630 12:26:07.028792 10290 raft_consensus.cc:385] T 1b967ee951a1404e803d2c9812f44416 P bb491c9600ce40f6a65947305e74c0dd [term 0 FOLLOWER]: Consensus starting up: Expiring failure detector timer to make a prompt election more likely
I20260630 12:26:07.029084 10290 raft_consensus.cc:740] T 1b967ee951a1404e803d2c9812f44416 P bb491c9600ce40f6a65947305e74c0dd [term 0 FOLLOWER]: Becoming Follower/Learner. State: Replica: bb491c9600ce40f6a65947305e74c0dd, State: Initialized, Role: FOLLOWER
I20260630 12:26:07.029866 10290 consensus_queue.cc:260] T 1b967ee951a1404e803d2c9812f44416 P bb491c9600ce40f6a65947305e74c0dd [NON_LEADER]: Queue going to NON_LEADER mode. State: All replicated index: 0, Majority replicated index: 0, Committed index: 0, Last appended: 0.0, Last appended by leader: 0, Current term: 0, Majority size: -1, State: 0, Mode: NON_LEADER, active raft config: opid_index: -1 OBSOLETE_local: false peers { permanent_uuid: "e79e11d5ccf54a5a8075794646c5720a" member_type: VOTER last_known_addr { host: "127.6.240.130" port: 44151 } } peers { permanent_uuid: "59d0fdf898344466bd30f2bbf80ffa1d" member_type: VOTER last_known_addr { host: "127.6.240.129" port: 42097 } } peers { permanent_uuid: "bb491c9600ce40f6a65947305e74c0dd" member_type: VOTER last_known_addr { host: "127.6.240.131" port: 35055 } }
I20260630 12:26:07.032804 10290 ts_tablet_manager.cc:1434] T 1b967ee951a1404e803d2c9812f44416 P bb491c9600ce40f6a65947305e74c0dd: Time spent starting tablet: real 0.007s	user 0.005s	sys 0.003s
I20260630 12:26:07.033779 10292 tablet_bootstrap.cc:492] T a50c3ae49b3a4c9e9172246b96b5182f P e79e11d5ccf54a5a8075794646c5720a: No bootstrap required, opened a new log
I20260630 12:26:07.033787 10290 tablet_bootstrap.cc:492] T 08f35b3e97d240ea8e856b89167b9ec4 P bb491c9600ce40f6a65947305e74c0dd: Bootstrap starting.
I20260630 12:26:07.034548 10292 ts_tablet_manager.cc:1403] T a50c3ae49b3a4c9e9172246b96b5182f P e79e11d5ccf54a5a8075794646c5720a: Time spent bootstrapping tablet: real 0.015s	user 0.008s	sys 0.004s
I20260630 12:26:07.037999 10292 raft_consensus.cc:359] T a50c3ae49b3a4c9e9172246b96b5182f P e79e11d5ccf54a5a8075794646c5720a [term 0 FOLLOWER]: Replica starting. Triggering 0 pending ops. Active config: opid_index: -1 OBSOLETE_local: false peers { permanent_uuid: "59d0fdf898344466bd30f2bbf80ffa1d" member_type: VOTER last_known_addr { host: "127.6.240.129" port: 42097 } } peers { permanent_uuid: "e79e11d5ccf54a5a8075794646c5720a" member_type: VOTER last_known_addr { host: "127.6.240.130" port: 44151 } } peers { permanent_uuid: "bb491c9600ce40f6a65947305e74c0dd" member_type: VOTER last_known_addr { host: "127.6.240.131" port: 35055 } }
I20260630 12:26:07.038938 10292 raft_consensus.cc:385] T a50c3ae49b3a4c9e9172246b96b5182f P e79e11d5ccf54a5a8075794646c5720a [term 0 FOLLOWER]: Consensus starting up: Expiring failure detector timer to make a prompt election more likely
I20260630 12:26:07.039290 10292 raft_consensus.cc:740] T a50c3ae49b3a4c9e9172246b96b5182f P e79e11d5ccf54a5a8075794646c5720a [term 0 FOLLOWER]: Becoming Follower/Learner. State: Replica: e79e11d5ccf54a5a8075794646c5720a, State: Initialized, Role: FOLLOWER
I20260630 12:26:07.039860 10291 tablet_bootstrap.cc:492] T 36d0ce4724c1450d84c9ae61dcfa036d P 59d0fdf898344466bd30f2bbf80ffa1d: No bootstrap required, opened a new log
I20260630 12:26:07.040352 10291 ts_tablet_manager.cc:1403] T 36d0ce4724c1450d84c9ae61dcfa036d P 59d0fdf898344466bd30f2bbf80ffa1d: Time spent bootstrapping tablet: real 0.020s	user 0.008s	sys 0.009s
I20260630 12:26:07.040262 10292 consensus_queue.cc:260] T a50c3ae49b3a4c9e9172246b96b5182f P e79e11d5ccf54a5a8075794646c5720a [NON_LEADER]: Queue going to NON_LEADER mode. State: All replicated index: 0, Majority replicated index: 0, Committed index: 0, Last appended: 0.0, Last appended by leader: 0, Current term: 0, Majority size: -1, State: 0, Mode: NON_LEADER, active raft config: opid_index: -1 OBSOLETE_local: false peers { permanent_uuid: "59d0fdf898344466bd30f2bbf80ffa1d" member_type: VOTER last_known_addr { host: "127.6.240.129" port: 42097 } } peers { permanent_uuid: "e79e11d5ccf54a5a8075794646c5720a" member_type: VOTER last_known_addr { host: "127.6.240.130" port: 44151 } } peers { permanent_uuid: "bb491c9600ce40f6a65947305e74c0dd" member_type: VOTER last_known_addr { host: "127.6.240.131" port: 35055 } }
I20260630 12:26:07.041395 10290 tablet_bootstrap.cc:654] T 08f35b3e97d240ea8e856b89167b9ec4 P bb491c9600ce40f6a65947305e74c0dd: Neither blocks nor log segments found. Creating new log.
I20260630 12:26:07.043500 10291 raft_consensus.cc:359] T 36d0ce4724c1450d84c9ae61dcfa036d P 59d0fdf898344466bd30f2bbf80ffa1d [term 0 FOLLOWER]: Replica starting. Triggering 0 pending ops. Active config: opid_index: -1 OBSOLETE_local: false peers { permanent_uuid: "e79e11d5ccf54a5a8075794646c5720a" member_type: VOTER last_known_addr { host: "127.6.240.130" port: 44151 } } peers { permanent_uuid: "59d0fdf898344466bd30f2bbf80ffa1d" member_type: VOTER last_known_addr { host: "127.6.240.129" port: 42097 } } peers { permanent_uuid: "bb491c9600ce40f6a65947305e74c0dd" member_type: VOTER last_known_addr { host: "127.6.240.131" port: 35055 } }
I20260630 12:26:07.044440 10291 raft_consensus.cc:385] T 36d0ce4724c1450d84c9ae61dcfa036d P 59d0fdf898344466bd30f2bbf80ffa1d [term 0 FOLLOWER]: Consensus starting up: Expiring failure detector timer to make a prompt election more likely
I20260630 12:26:07.044785 10291 raft_consensus.cc:740] T 36d0ce4724c1450d84c9ae61dcfa036d P 59d0fdf898344466bd30f2bbf80ffa1d [term 0 FOLLOWER]: Becoming Follower/Learner. State: Replica: 59d0fdf898344466bd30f2bbf80ffa1d, State: Initialized, Role: FOLLOWER
I20260630 12:26:07.045581 10291 consensus_queue.cc:260] T 36d0ce4724c1450d84c9ae61dcfa036d P 59d0fdf898344466bd30f2bbf80ffa1d [NON_LEADER]: Queue going to NON_LEADER mode. State: All replicated index: 0, Majority replicated index: 0, Committed index: 0, Last appended: 0.0, Last appended by leader: 0, Current term: 0, Majority size: -1, State: 0, Mode: NON_LEADER, active raft config: opid_index: -1 OBSOLETE_local: false peers { permanent_uuid: "e79e11d5ccf54a5a8075794646c5720a" member_type: VOTER last_known_addr { host: "127.6.240.130" port: 44151 } } peers { permanent_uuid: "59d0fdf898344466bd30f2bbf80ffa1d" member_type: VOTER last_known_addr { host: "127.6.240.129" port: 42097 } } peers { permanent_uuid: "bb491c9600ce40f6a65947305e74c0dd" member_type: VOTER last_known_addr { host: "127.6.240.131" port: 35055 } }
I20260630 12:26:07.046649 10292 ts_tablet_manager.cc:1434] T a50c3ae49b3a4c9e9172246b96b5182f P e79e11d5ccf54a5a8075794646c5720a: Time spent starting tablet: real 0.012s	user 0.011s	sys 0.000s
I20260630 12:26:07.055465 10290 tablet_bootstrap.cc:492] T 08f35b3e97d240ea8e856b89167b9ec4 P bb491c9600ce40f6a65947305e74c0dd: No bootstrap required, opened a new log
I20260630 12:26:07.055595 10292 tablet_bootstrap.cc:492] T 1b967ee951a1404e803d2c9812f44416 P e79e11d5ccf54a5a8075794646c5720a: Bootstrap starting.
I20260630 12:26:07.055987 10290 ts_tablet_manager.cc:1403] T 08f35b3e97d240ea8e856b89167b9ec4 P bb491c9600ce40f6a65947305e74c0dd: Time spent bootstrapping tablet: real 0.022s	user 0.017s	sys 0.003s
I20260630 12:26:07.059119 10290 raft_consensus.cc:359] T 08f35b3e97d240ea8e856b89167b9ec4 P bb491c9600ce40f6a65947305e74c0dd [term 0 FOLLOWER]: Replica starting. Triggering 0 pending ops. Active config: opid_index: -1 OBSOLETE_local: false peers { permanent_uuid: "59d0fdf898344466bd30f2bbf80ffa1d" member_type: VOTER last_known_addr { host: "127.6.240.129" port: 42097 } } peers { permanent_uuid: "e79e11d5ccf54a5a8075794646c5720a" member_type: VOTER last_known_addr { host: "127.6.240.130" port: 44151 } } peers { permanent_uuid: "bb491c9600ce40f6a65947305e74c0dd" member_type: VOTER last_known_addr { host: "127.6.240.131" port: 35055 } }
I20260630 12:26:07.059862 10290 raft_consensus.cc:385] T 08f35b3e97d240ea8e856b89167b9ec4 P bb491c9600ce40f6a65947305e74c0dd [term 0 FOLLOWER]: Consensus starting up: Expiring failure detector timer to make a prompt election more likely
I20260630 12:26:07.060184 10290 raft_consensus.cc:740] T 08f35b3e97d240ea8e856b89167b9ec4 P bb491c9600ce40f6a65947305e74c0dd [term 0 FOLLOWER]: Becoming Follower/Learner. State: Replica: bb491c9600ce40f6a65947305e74c0dd, State: Initialized, Role: FOLLOWER
I20260630 12:26:07.060983 10290 consensus_queue.cc:260] T 08f35b3e97d240ea8e856b89167b9ec4 P bb491c9600ce40f6a65947305e74c0dd [NON_LEADER]: Queue going to NON_LEADER mode. State: All replicated index: 0, Majority replicated index: 0, Committed index: 0, Last appended: 0.0, Last appended by leader: 0, Current term: 0, Majority size: -1, State: 0, Mode: NON_LEADER, active raft config: opid_index: -1 OBSOLETE_local: false peers { permanent_uuid: "59d0fdf898344466bd30f2bbf80ffa1d" member_type: VOTER last_known_addr { host: "127.6.240.129" port: 42097 } } peers { permanent_uuid: "e79e11d5ccf54a5a8075794646c5720a" member_type: VOTER last_known_addr { host: "127.6.240.130" port: 44151 } } peers { permanent_uuid: "bb491c9600ce40f6a65947305e74c0dd" member_type: VOTER last_known_addr { host: "127.6.240.131" port: 35055 } }
I20260630 12:26:07.062234 10291 ts_tablet_manager.cc:1434] T 36d0ce4724c1450d84c9ae61dcfa036d P 59d0fdf898344466bd30f2bbf80ffa1d: Time spent starting tablet: real 0.022s	user 0.013s	sys 0.007s
I20260630 12:26:07.063181 10291 tablet_bootstrap.cc:492] T a50c3ae49b3a4c9e9172246b96b5182f P 59d0fdf898344466bd30f2bbf80ffa1d: Bootstrap starting.
I20260630 12:26:07.063225 10290 ts_tablet_manager.cc:1434] T 08f35b3e97d240ea8e856b89167b9ec4 P bb491c9600ce40f6a65947305e74c0dd: Time spent starting tablet: real 0.007s	user 0.007s	sys 0.000s
I20260630 12:26:07.064368 10290 tablet_bootstrap.cc:492] T 36d0ce4724c1450d84c9ae61dcfa036d P bb491c9600ce40f6a65947305e74c0dd: Bootstrap starting.
I20260630 12:26:07.070192 10291 tablet_bootstrap.cc:654] T a50c3ae49b3a4c9e9172246b96b5182f P 59d0fdf898344466bd30f2bbf80ffa1d: Neither blocks nor log segments found. Creating new log.
I20260630 12:26:07.070698 10290 tablet_bootstrap.cc:654] T 36d0ce4724c1450d84c9ae61dcfa036d P bb491c9600ce40f6a65947305e74c0dd: Neither blocks nor log segments found. Creating new log.
I20260630 12:26:07.075997 10291 tablet_bootstrap.cc:492] T a50c3ae49b3a4c9e9172246b96b5182f P 59d0fdf898344466bd30f2bbf80ffa1d: No bootstrap required, opened a new log
I20260630 12:26:07.076618 10291 ts_tablet_manager.cc:1403] T a50c3ae49b3a4c9e9172246b96b5182f P 59d0fdf898344466bd30f2bbf80ffa1d: Time spent bootstrapping tablet: real 0.014s	user 0.013s	sys 0.000s
I20260630 12:26:07.078434 10290 tablet_bootstrap.cc:492] T 36d0ce4724c1450d84c9ae61dcfa036d P bb491c9600ce40f6a65947305e74c0dd: No bootstrap required, opened a new log
I20260630 12:26:07.078946 10290 ts_tablet_manager.cc:1403] T 36d0ce4724c1450d84c9ae61dcfa036d P bb491c9600ce40f6a65947305e74c0dd: Time spent bootstrapping tablet: real 0.015s	user 0.007s	sys 0.005s
I20260630 12:26:07.079025 10292 tablet_bootstrap.cc:654] T 1b967ee951a1404e803d2c9812f44416 P e79e11d5ccf54a5a8075794646c5720a: Neither blocks nor log segments found. Creating new log.
I20260630 12:26:07.079389 10291 raft_consensus.cc:359] T a50c3ae49b3a4c9e9172246b96b5182f P 59d0fdf898344466bd30f2bbf80ffa1d [term 0 FOLLOWER]: Replica starting. Triggering 0 pending ops. Active config: opid_index: -1 OBSOLETE_local: false peers { permanent_uuid: "59d0fdf898344466bd30f2bbf80ffa1d" member_type: VOTER last_known_addr { host: "127.6.240.129" port: 42097 } } peers { permanent_uuid: "e79e11d5ccf54a5a8075794646c5720a" member_type: VOTER last_known_addr { host: "127.6.240.130" port: 44151 } } peers { permanent_uuid: "bb491c9600ce40f6a65947305e74c0dd" member_type: VOTER last_known_addr { host: "127.6.240.131" port: 35055 } }
I20260630 12:26:07.080000 10291 raft_consensus.cc:385] T a50c3ae49b3a4c9e9172246b96b5182f P 59d0fdf898344466bd30f2bbf80ffa1d [term 0 FOLLOWER]: Consensus starting up: Expiring failure detector timer to make a prompt election more likely
I20260630 12:26:07.080251 10291 raft_consensus.cc:740] T a50c3ae49b3a4c9e9172246b96b5182f P 59d0fdf898344466bd30f2bbf80ffa1d [term 0 FOLLOWER]: Becoming Follower/Learner. State: Replica: 59d0fdf898344466bd30f2bbf80ffa1d, State: Initialized, Role: FOLLOWER
I20260630 12:26:07.080998 10291 consensus_queue.cc:260] T a50c3ae49b3a4c9e9172246b96b5182f P 59d0fdf898344466bd30f2bbf80ffa1d [NON_LEADER]: Queue going to NON_LEADER mode. State: All replicated index: 0, Majority replicated index: 0, Committed index: 0, Last appended: 0.0, Last appended by leader: 0, Current term: 0, Majority size: -1, State: 0, Mode: NON_LEADER, active raft config: opid_index: -1 OBSOLETE_local: false peers { permanent_uuid: "59d0fdf898344466bd30f2bbf80ffa1d" member_type: VOTER last_known_addr { host: "127.6.240.129" port: 42097 } } peers { permanent_uuid: "e79e11d5ccf54a5a8075794646c5720a" member_type: VOTER last_known_addr { host: "127.6.240.130" port: 44151 } } peers { permanent_uuid: "bb491c9600ce40f6a65947305e74c0dd" member_type: VOTER last_known_addr { host: "127.6.240.131" port: 35055 } }
I20260630 12:26:07.082054 10290 raft_consensus.cc:359] T 36d0ce4724c1450d84c9ae61dcfa036d P bb491c9600ce40f6a65947305e74c0dd [term 0 FOLLOWER]: Replica starting. Triggering 0 pending ops. Active config: opid_index: -1 OBSOLETE_local: false peers { permanent_uuid: "e79e11d5ccf54a5a8075794646c5720a" member_type: VOTER last_known_addr { host: "127.6.240.130" port: 44151 } } peers { permanent_uuid: "59d0fdf898344466bd30f2bbf80ffa1d" member_type: VOTER last_known_addr { host: "127.6.240.129" port: 42097 } } peers { permanent_uuid: "bb491c9600ce40f6a65947305e74c0dd" member_type: VOTER last_known_addr { host: "127.6.240.131" port: 35055 } }
I20260630 12:26:07.083004 10291 ts_tablet_manager.cc:1434] T a50c3ae49b3a4c9e9172246b96b5182f P 59d0fdf898344466bd30f2bbf80ffa1d: Time spent starting tablet: real 0.006s	user 0.004s	sys 0.000s
I20260630 12:26:07.083001 10290 raft_consensus.cc:385] T 36d0ce4724c1450d84c9ae61dcfa036d P bb491c9600ce40f6a65947305e74c0dd [term 0 FOLLOWER]: Consensus starting up: Expiring failure detector timer to make a prompt election more likely
I20260630 12:26:07.083709 10290 raft_consensus.cc:740] T 36d0ce4724c1450d84c9ae61dcfa036d P bb491c9600ce40f6a65947305e74c0dd [term 0 FOLLOWER]: Becoming Follower/Learner. State: Replica: bb491c9600ce40f6a65947305e74c0dd, State: Initialized, Role: FOLLOWER
I20260630 12:26:07.084231 10291 tablet_bootstrap.cc:492] T 209564c3c95048158d466cb6df19cf66 P 59d0fdf898344466bd30f2bbf80ffa1d: Bootstrap starting.
I20260630 12:26:07.084714 10290 consensus_queue.cc:260] T 36d0ce4724c1450d84c9ae61dcfa036d P bb491c9600ce40f6a65947305e74c0dd [NON_LEADER]: Queue going to NON_LEADER mode. State: All replicated index: 0, Majority replicated index: 0, Committed index: 0, Last appended: 0.0, Last appended by leader: 0, Current term: 0, Majority size: -1, State: 0, Mode: NON_LEADER, active raft config: opid_index: -1 OBSOLETE_local: false peers { permanent_uuid: "e79e11d5ccf54a5a8075794646c5720a" member_type: VOTER last_known_addr { host: "127.6.240.130" port: 44151 } } peers { permanent_uuid: "59d0fdf898344466bd30f2bbf80ffa1d" member_type: VOTER last_known_addr { host: "127.6.240.129" port: 42097 } } peers { permanent_uuid: "bb491c9600ce40f6a65947305e74c0dd" member_type: VOTER last_known_addr { host: "127.6.240.131" port: 35055 } }
I20260630 12:26:07.088972 10290 ts_tablet_manager.cc:1434] T 36d0ce4724c1450d84c9ae61dcfa036d P bb491c9600ce40f6a65947305e74c0dd: Time spent starting tablet: real 0.010s	user 0.010s	sys 0.000s
I20260630 12:26:07.090922 10290 tablet_bootstrap.cc:492] T a50c3ae49b3a4c9e9172246b96b5182f P bb491c9600ce40f6a65947305e74c0dd: Bootstrap starting.
I20260630 12:26:07.092532 10291 tablet_bootstrap.cc:654] T 209564c3c95048158d466cb6df19cf66 P 59d0fdf898344466bd30f2bbf80ffa1d: Neither blocks nor log segments found. Creating new log.
I20260630 12:26:07.099912 10290 tablet_bootstrap.cc:654] T a50c3ae49b3a4c9e9172246b96b5182f P bb491c9600ce40f6a65947305e74c0dd: Neither blocks nor log segments found. Creating new log.
I20260630 12:26:07.109356 10291 tablet_bootstrap.cc:492] T 209564c3c95048158d466cb6df19cf66 P 59d0fdf898344466bd30f2bbf80ffa1d: No bootstrap required, opened a new log
I20260630 12:26:07.109504 10292 tablet_bootstrap.cc:492] T 1b967ee951a1404e803d2c9812f44416 P e79e11d5ccf54a5a8075794646c5720a: No bootstrap required, opened a new log
I20260630 12:26:07.109898 10291 ts_tablet_manager.cc:1403] T 209564c3c95048158d466cb6df19cf66 P 59d0fdf898344466bd30f2bbf80ffa1d: Time spent bootstrapping tablet: real 0.026s	user 0.016s	sys 0.007s
I20260630 12:26:07.110088 10292 ts_tablet_manager.cc:1403] T 1b967ee951a1404e803d2c9812f44416 P e79e11d5ccf54a5a8075794646c5720a: Time spent bootstrapping tablet: real 0.055s	user 0.002s	sys 0.020s
I20260630 12:26:07.111187 10290 tablet_bootstrap.cc:492] T a50c3ae49b3a4c9e9172246b96b5182f P bb491c9600ce40f6a65947305e74c0dd: No bootstrap required, opened a new log
I20260630 12:26:07.111713 10290 ts_tablet_manager.cc:1403] T a50c3ae49b3a4c9e9172246b96b5182f P bb491c9600ce40f6a65947305e74c0dd: Time spent bootstrapping tablet: real 0.021s	user 0.016s	sys 0.000s
I20260630 12:26:07.113022 10291 raft_consensus.cc:359] T 209564c3c95048158d466cb6df19cf66 P 59d0fdf898344466bd30f2bbf80ffa1d [term 0 FOLLOWER]: Replica starting. Triggering 0 pending ops. Active config: opid_index: -1 OBSOLETE_local: false peers { permanent_uuid: "59d0fdf898344466bd30f2bbf80ffa1d" member_type: VOTER last_known_addr { host: "127.6.240.129" port: 42097 } } peers { permanent_uuid: "e79e11d5ccf54a5a8075794646c5720a" member_type: VOTER last_known_addr { host: "127.6.240.130" port: 44151 } } peers { permanent_uuid: "bb491c9600ce40f6a65947305e74c0dd" member_type: VOTER last_known_addr { host: "127.6.240.131" port: 35055 } }
