I20260630 12:12:53.126538  4628 tablet_service.cc:1511] Processing CreateTablet for tablet 955281ecbdc84bc69c193d29dcf8af00 (DEFAULT_TABLE table=test-workload [id=c78b3ddb89614fd3a7e47fb2857b075a]), partition=RANGE (key) PARTITION UNBOUNDED
I20260630 12:12:53.127111  4702 data_dirs.cc:400] Could only allocate 1 dirs of requested 3 for tablet 955281ecbdc84bc69c193d29dcf8af00. 1 dirs total, 0 dirs full, 0 dirs failed
I20260630 12:12:53.127524  4628 data_dirs.cc:400] Could only allocate 1 dirs of requested 3 for tablet 955281ecbdc84bc69c193d29dcf8af00. 1 dirs total, 0 dirs full, 0 dirs failed
I20260630 12:12:53.141743  4758 tablet_bootstrap.cc:492] T 955281ecbdc84bc69c193d29dcf8af00 P 22cc062fa62249219374aab76a93bb24: Bootstrap starting.
I20260630 12:12:53.145064  4759 tablet_bootstrap.cc:492] T 955281ecbdc84bc69c193d29dcf8af00 P 0086dd7301aa49e3b12501ee0101269e: Bootstrap starting.
I20260630 12:12:53.147389  4758 tablet_bootstrap.cc:654] T 955281ecbdc84bc69c193d29dcf8af00 P 22cc062fa62249219374aab76a93bb24: Neither blocks nor log segments found. Creating new log.
I20260630 12:12:53.148152  4760 tablet_bootstrap.cc:492] T 955281ecbdc84bc69c193d29dcf8af00 P ad2c4ff1687e43e196f7293fa174c613: Bootstrap starting.
I20260630 12:12:53.152218  4759 tablet_bootstrap.cc:654] T 955281ecbdc84bc69c193d29dcf8af00 P 0086dd7301aa49e3b12501ee0101269e: Neither blocks nor log segments found. Creating new log.
I20260630 12:12:53.153951  4760 tablet_bootstrap.cc:654] T 955281ecbdc84bc69c193d29dcf8af00 P ad2c4ff1687e43e196f7293fa174c613: Neither blocks nor log segments found. Creating new log.
I20260630 12:12:53.158926  4759 tablet_bootstrap.cc:492] T 955281ecbdc84bc69c193d29dcf8af00 P 0086dd7301aa49e3b12501ee0101269e: No bootstrap required, opened a new log
I20260630 12:12:53.158938  4758 tablet_bootstrap.cc:492] T 955281ecbdc84bc69c193d29dcf8af00 P 22cc062fa62249219374aab76a93bb24: No bootstrap required, opened a new log
I20260630 12:12:53.159020  4760 tablet_bootstrap.cc:492] T 955281ecbdc84bc69c193d29dcf8af00 P ad2c4ff1687e43e196f7293fa174c613: No bootstrap required, opened a new log
I20260630 12:12:53.159611  4758 ts_tablet_manager.cc:1403] T 955281ecbdc84bc69c193d29dcf8af00 P 22cc062fa62249219374aab76a93bb24: Time spent bootstrapping tablet: real 0.018s	user 0.017s	sys 0.000s
I20260630 12:12:53.159690  4760 ts_tablet_manager.cc:1403] T 955281ecbdc84bc69c193d29dcf8af00 P ad2c4ff1687e43e196f7293fa174c613: Time spent bootstrapping tablet: real 0.012s	user 0.000s	sys 0.011s
I20260630 12:12:53.159610  4759 ts_tablet_manager.cc:1403] T 955281ecbdc84bc69c193d29dcf8af00 P 0086dd7301aa49e3b12501ee0101269e: Time spent bootstrapping tablet: real 0.015s	user 0.012s	sys 0.002s
I20260630 12:12:53.162678  4760 raft_consensus.cc:359] T 955281ecbdc84bc69c193d29dcf8af00 P ad2c4ff1687e43e196f7293fa174c613 [term 0 FOLLOWER]: Replica starting. Triggering 0 pending ops. Active config: opid_index: -1 OBSOLETE_local: false peers { permanent_uuid: "0086dd7301aa49e3b12501ee0101269e" member_type: VOTER last_known_addr { host: "127.0.107.193" port: 34485 } } peers { permanent_uuid: "ad2c4ff1687e43e196f7293fa174c613" member_type: VOTER last_known_addr { host: "127.0.107.195" port: 38155 } } peers { permanent_uuid: "22cc062fa62249219374aab76a93bb24" member_type: VOTER last_known_addr { host: "127.0.107.194" port: 33371 } }
I20260630 12:12:53.162993  4759 raft_consensus.cc:359] T 955281ecbdc84bc69c193d29dcf8af00 P 0086dd7301aa49e3b12501ee0101269e [term 0 FOLLOWER]: Replica starting. Triggering 0 pending ops. Active config: opid_index: -1 OBSOLETE_local: false peers { permanent_uuid: "0086dd7301aa49e3b12501ee0101269e" member_type: VOTER last_known_addr { host: "127.0.107.193" port: 34485 } } peers { permanent_uuid: "ad2c4ff1687e43e196f7293fa174c613" member_type: VOTER last_known_addr { host: "127.0.107.195" port: 38155 } } peers { permanent_uuid: "22cc062fa62249219374aab76a93bb24" member_type: VOTER last_known_addr { host: "127.0.107.194" port: 33371 } }
I20260630 12:12:53.163525  4760 raft_consensus.cc:385] T 955281ecbdc84bc69c193d29dcf8af00 P ad2c4ff1687e43e196f7293fa174c613 [term 0 FOLLOWER]: Consensus starting up: Expiring failure detector timer to make a prompt election more likely
I20260630 12:12:53.163353  4758 raft_consensus.cc:359] T 955281ecbdc84bc69c193d29dcf8af00 P 22cc062fa62249219374aab76a93bb24 [term 0 FOLLOWER]: Replica starting. Triggering 0 pending ops. Active config: opid_index: -1 OBSOLETE_local: false peers { permanent_uuid: "0086dd7301aa49e3b12501ee0101269e" member_type: VOTER last_known_addr { host: "127.0.107.193" port: 34485 } } peers { permanent_uuid: "ad2c4ff1687e43e196f7293fa174c613" member_type: VOTER last_known_addr { host: "127.0.107.195" port: 38155 } } peers { permanent_uuid: "22cc062fa62249219374aab76a93bb24" member_type: VOTER last_known_addr { host: "127.0.107.194" port: 33371 } }
I20260630 12:12:53.163808  4759 raft_consensus.cc:385] T 955281ecbdc84bc69c193d29dcf8af00 P 0086dd7301aa49e3b12501ee0101269e [term 0 FOLLOWER]: Consensus starting up: Expiring failure detector timer to make a prompt election more likely
I20260630 12:12:53.163903  4760 raft_consensus.cc:740] T 955281ecbdc84bc69c193d29dcf8af00 P ad2c4ff1687e43e196f7293fa174c613 [term 0 FOLLOWER]: Becoming Follower/Learner. State: Replica: ad2c4ff1687e43e196f7293fa174c613, State: Initialized, Role: FOLLOWER
I20260630 12:12:53.164111  4758 raft_consensus.cc:385] T 955281ecbdc84bc69c193d29dcf8af00 P 22cc062fa62249219374aab76a93bb24 [term 0 FOLLOWER]: Consensus starting up: Expiring failure detector timer to make a prompt election more likely
I20260630 12:12:53.164268  4759 raft_consensus.cc:740] T 955281ecbdc84bc69c193d29dcf8af00 P 0086dd7301aa49e3b12501ee0101269e [term 0 FOLLOWER]: Becoming Follower/Learner. State: Replica: 0086dd7301aa49e3b12501ee0101269e, State: Initialized, Role: FOLLOWER
I20260630 12:12:53.164443  4758 raft_consensus.cc:740] T 955281ecbdc84bc69c193d29dcf8af00 P 22cc062fa62249219374aab76a93bb24 [term 0 FOLLOWER]: Becoming Follower/Learner. State: Replica: 22cc062fa62249219374aab76a93bb24, State: Initialized, Role: FOLLOWER
I20260630 12:12:53.164791  4760 consensus_queue.cc:260] T 955281ecbdc84bc69c193d29dcf8af00 P ad2c4ff1687e43e196f7293fa174c613 [NON_LEADER]: Queue going to NON_LEADER mode. State: All replicated index: 0, Majority replicated index: 0, Committed index: 0, Last appended: 0.0, Last appended by leader: 0, Current term: 0, Majority size: -1, State: 0, Mode: NON_LEADER, active raft config: opid_index: -1 OBSOLETE_local: false peers { permanent_uuid: "0086dd7301aa49e3b12501ee0101269e" member_type: VOTER last_known_addr { host: "127.0.107.193" port: 34485 } } peers { permanent_uuid: "ad2c4ff1687e43e196f7293fa174c613" member_type: VOTER last_known_addr { host: "127.0.107.195" port: 38155 } } peers { permanent_uuid: "22cc062fa62249219374aab76a93bb24" member_type: VOTER last_known_addr { host: "127.0.107.194" port: 33371 } }
I20260630 12:12:53.165122  4759 consensus_queue.cc:260] T 955281ecbdc84bc69c193d29dcf8af00 P 0086dd7301aa49e3b12501ee0101269e [NON_LEADER]: Queue going to NON_LEADER mode. State: All replicated index: 0, Majority replicated index: 0, Committed index: 0, Last appended: 0.0, Last appended by leader: 0, Current term: 0, Majority size: -1, State: 0, Mode: NON_LEADER, active raft config: opid_index: -1 OBSOLETE_local: false peers { permanent_uuid: "0086dd7301aa49e3b12501ee0101269e" member_type: VOTER last_known_addr { host: "127.0.107.193" port: 34485 } } peers { permanent_uuid: "ad2c4ff1687e43e196f7293fa174c613" member_type: VOTER last_known_addr { host: "127.0.107.195" port: 38155 } } peers { permanent_uuid: "22cc062fa62249219374aab76a93bb24" member_type: VOTER last_known_addr { host: "127.0.107.194" port: 33371 } }
I20260630 12:12:53.165273  4758 consensus_queue.cc:260] T 955281ecbdc84bc69c193d29dcf8af00 P 22cc062fa62249219374aab76a93bb24 [NON_LEADER]: Queue going to NON_LEADER mode. State: All replicated index: 0, Majority replicated index: 0, Committed index: 0, Last appended: 0.0, Last appended by leader: 0, Current term: 0, Majority size: -1, State: 0, Mode: NON_LEADER, active raft config: opid_index: -1 OBSOLETE_local: false peers { permanent_uuid: "0086dd7301aa49e3b12501ee0101269e" member_type: VOTER last_known_addr { host: "127.0.107.193" port: 34485 } } peers { permanent_uuid: "ad2c4ff1687e43e196f7293fa174c613" member_type: VOTER last_known_addr { host: "127.0.107.195" port: 38155 } } peers { permanent_uuid: "22cc062fa62249219374aab76a93bb24" member_type: VOTER last_known_addr { host: "127.0.107.194" port: 33371 } }
I20260630 12:12:53.168051  4760 ts_tablet_manager.cc:1434] T 955281ecbdc84bc69c193d29dcf8af00 P ad2c4ff1687e43e196f7293fa174c613: Time spent starting tablet: real 0.008s	user 0.006s	sys 0.000s
I20260630 12:12:53.170646  4759 ts_tablet_manager.cc:1434] T 955281ecbdc84bc69c193d29dcf8af00 P 0086dd7301aa49e3b12501ee0101269e: Time spent starting tablet: real 0.010s	user 0.008s	sys 0.001s
I20260630 12:12:53.171581  4758 ts_tablet_manager.cc:1434] T 955281ecbdc84bc69c193d29dcf8af00 P 22cc062fa62249219374aab76a93bb24: Time spent starting tablet: real 0.011s	user 0.003s	sys 0.007s
I20260630 12:12:53.268289  4765 raft_consensus.cc:493] T 955281ecbdc84bc69c193d29dcf8af00 P 0086dd7301aa49e3b12501ee0101269e [term 0 FOLLOWER]: Starting pre-election (no leader contacted us within the election timeout)
I20260630 12:12:53.268867  4765 raft_consensus.cc:515] T 955281ecbdc84bc69c193d29dcf8af00 P 0086dd7301aa49e3b12501ee0101269e [term 0 FOLLOWER]: Starting pre-election with config: opid_index: -1 OBSOLETE_local: false peers { permanent_uuid: "0086dd7301aa49e3b12501ee0101269e" member_type: VOTER last_known_addr { host: "127.0.107.193" port: 34485 } } peers { permanent_uuid: "ad2c4ff1687e43e196f7293fa174c613" member_type: VOTER last_known_addr { host: "127.0.107.195" port: 38155 } } peers { permanent_uuid: "22cc062fa62249219374aab76a93bb24" member_type: VOTER last_known_addr { host: "127.0.107.194" port: 33371 } }
I20260630 12:12:53.271358  4765 leader_election.cc:290] T 955281ecbdc84bc69c193d29dcf8af00 P 0086dd7301aa49e3b12501ee0101269e [CANDIDATE]: Term 1 pre-election: Requested pre-vote from peers ad2c4ff1687e43e196f7293fa174c613 (127.0.107.195:38155), 22cc062fa62249219374aab76a93bb24 (127.0.107.194:33371)
I20260630 12:12:53.283277  4712 tablet_service.cc:1917] Received RequestConsensusVote() RPC: tablet_id: "955281ecbdc84bc69c193d29dcf8af00" candidate_uuid: "0086dd7301aa49e3b12501ee0101269e" candidate_term: 1 candidate_status { last_received { term: 0 index: 0 } } ignore_live_leader: false dest_uuid: "ad2c4ff1687e43e196f7293fa174c613" is_pre_election: true
I20260630 12:12:53.283161  4638 tablet_service.cc:1917] Received RequestConsensusVote() RPC: tablet_id: "955281ecbdc84bc69c193d29dcf8af00" candidate_uuid: "0086dd7301aa49e3b12501ee0101269e" candidate_term: 1 candidate_status { last_received { term: 0 index: 0 } } ignore_live_leader: false dest_uuid: "22cc062fa62249219374aab76a93bb24" is_pre_election: true
I20260630 12:12:53.284101  4638 raft_consensus.cc:2468] T 955281ecbdc84bc69c193d29dcf8af00 P 22cc062fa62249219374aab76a93bb24 [term 0 FOLLOWER]: Leader pre-election vote request: Granting yes vote for candidate 0086dd7301aa49e3b12501ee0101269e in term 0.
I20260630 12:12:53.284078  4712 raft_consensus.cc:2468] T 955281ecbdc84bc69c193d29dcf8af00 P ad2c4ff1687e43e196f7293fa174c613 [term 0 FOLLOWER]: Leader pre-election vote request: Granting yes vote for candidate 0086dd7301aa49e3b12501ee0101269e in term 0.
I20260630 12:12:53.285586  4527 leader_election.cc:304] T 955281ecbdc84bc69c193d29dcf8af00 P 0086dd7301aa49e3b12501ee0101269e [CANDIDATE]: Term 1 pre-election: Election decided. Result: candidate won. Election summary: received 2 responses out of 3 voters: 2 yes votes; 0 no votes. yes voters: 0086dd7301aa49e3b12501ee0101269e, ad2c4ff1687e43e196f7293fa174c613; no voters: 
I20260630 12:12:53.286266  4765 raft_consensus.cc:2804] T 955281ecbdc84bc69c193d29dcf8af00 P 0086dd7301aa49e3b12501ee0101269e [term 0 FOLLOWER]: Leader pre-election won for term 1
I20260630 12:12:53.286569  4765 raft_consensus.cc:493] T 955281ecbdc84bc69c193d29dcf8af00 P 0086dd7301aa49e3b12501ee0101269e [term 0 FOLLOWER]: Starting leader election (no leader contacted us within the election timeout)
I20260630 12:12:53.286857  4765 raft_consensus.cc:3060] T 955281ecbdc84bc69c193d29dcf8af00 P 0086dd7301aa49e3b12501ee0101269e [term 0 FOLLOWER]: Advancing to term 1
I20260630 12:12:53.291806  4765 raft_consensus.cc:515] T 955281ecbdc84bc69c193d29dcf8af00 P 0086dd7301aa49e3b12501ee0101269e [term 1 FOLLOWER]: Starting leader election with config: opid_index: -1 OBSOLETE_local: false peers { permanent_uuid: "0086dd7301aa49e3b12501ee0101269e" member_type: VOTER last_known_addr { host: "127.0.107.193" port: 34485 } } peers { permanent_uuid: "ad2c4ff1687e43e196f7293fa174c613" member_type: VOTER last_known_addr { host: "127.0.107.195" port: 38155 } } peers { permanent_uuid: "22cc062fa62249219374aab76a93bb24" member_type: VOTER last_known_addr { host: "127.0.107.194" port: 33371 } }
I20260630 12:12:53.293340  4765 leader_election.cc:290] T 955281ecbdc84bc69c193d29dcf8af00 P 0086dd7301aa49e3b12501ee0101269e [CANDIDATE]: Term 1 election: Requested vote from peers ad2c4ff1687e43e196f7293fa174c613 (127.0.107.195:38155), 22cc062fa62249219374aab76a93bb24 (127.0.107.194:33371)
I20260630 12:12:53.294260  4712 tablet_service.cc:1917] Received RequestConsensusVote() RPC: tablet_id: "955281ecbdc84bc69c193d29dcf8af00" candidate_uuid: "0086dd7301aa49e3b12501ee0101269e" candidate_term: 1 candidate_status { last_received { term: 0 index: 0 } } ignore_live_leader: false dest_uuid: "ad2c4ff1687e43e196f7293fa174c613"
I20260630 12:12:53.294389  4638 tablet_service.cc:1917] Received RequestConsensusVote() RPC: tablet_id: "955281ecbdc84bc69c193d29dcf8af00" candidate_uuid: "0086dd7301aa49e3b12501ee0101269e" candidate_term: 1 candidate_status { last_received { term: 0 index: 0 } } ignore_live_leader: false dest_uuid: "22cc062fa62249219374aab76a93bb24"
I20260630 12:12:53.294790  4712 raft_consensus.cc:3060] T 955281ecbdc84bc69c193d29dcf8af00 P ad2c4ff1687e43e196f7293fa174c613 [term 0 FOLLOWER]: Advancing to term 1
I20260630 12:12:53.294922  4638 raft_consensus.cc:3060] T 955281ecbdc84bc69c193d29dcf8af00 P 22cc062fa62249219374aab76a93bb24 [term 0 FOLLOWER]: Advancing to term 1
I20260630 12:12:53.300110  4638 raft_consensus.cc:2468] T 955281ecbdc84bc69c193d29dcf8af00 P 22cc062fa62249219374aab76a93bb24 [term 1 FOLLOWER]: Leader election vote request: Granting yes vote for candidate 0086dd7301aa49e3b12501ee0101269e in term 1.
I20260630 12:12:53.300267  4712 raft_consensus.cc:2468] T 955281ecbdc84bc69c193d29dcf8af00 P ad2c4ff1687e43e196f7293fa174c613 [term 1 FOLLOWER]: Leader election vote request: Granting yes vote for candidate 0086dd7301aa49e3b12501ee0101269e in term 1.
I20260630 12:12:53.301357  4529 leader_election.cc:304] T 955281ecbdc84bc69c193d29dcf8af00 P 0086dd7301aa49e3b12501ee0101269e [CANDIDATE]: Term 1 election: Election decided. Result: candidate won. Election summary: received 2 responses out of 3 voters: 2 yes votes; 0 no votes. yes voters: 0086dd7301aa49e3b12501ee0101269e, 22cc062fa62249219374aab76a93bb24; no voters: 
I20260630 12:12:53.302067  4765 raft_consensus.cc:2804] T 955281ecbdc84bc69c193d29dcf8af00 P 0086dd7301aa49e3b12501ee0101269e [term 1 FOLLOWER]: Leader election won for term 1
I20260630 12:12:53.303182  4765 raft_consensus.cc:697] T 955281ecbdc84bc69c193d29dcf8af00 P 0086dd7301aa49e3b12501ee0101269e [term 1 LEADER]: Becoming Leader. State: Replica: 0086dd7301aa49e3b12501ee0101269e, State: Running, Role: LEADER
I20260630 12:12:53.303956  4765 consensus_queue.cc:237] T 955281ecbdc84bc69c193d29dcf8af00 P 0086dd7301aa49e3b12501ee0101269e [LEADER]: Queue going to LEADER mode. State: All replicated index: 0, Majority replicated index: 0, Committed index: 0, Last appended: 0.0, Last appended by leader: 0, Current term: 1, Majority size: 2, State: 0, Mode: LEADER, active raft config: opid_index: -1 OBSOLETE_local: false peers { permanent_uuid: "0086dd7301aa49e3b12501ee0101269e" member_type: VOTER last_known_addr { host: "127.0.107.193" port: 34485 } } peers { permanent_uuid: "ad2c4ff1687e43e196f7293fa174c613" member_type: VOTER last_known_addr { host: "127.0.107.195" port: 38155 } } peers { permanent_uuid: "22cc062fa62249219374aab76a93bb24" member_type: VOTER last_known_addr { host: "127.0.107.194" port: 33371 } }
I20260630 12:12:53.312449  4460 catalog_manager.cc:5697] T 955281ecbdc84bc69c193d29dcf8af00 P 0086dd7301aa49e3b12501ee0101269e reported cstate change: term changed from 0 to 1, leader changed from <none> to 0086dd7301aa49e3b12501ee0101269e (127.0.107.193). New cstate: current_term: 1 leader_uuid: "0086dd7301aa49e3b12501ee0101269e" committed_config { opid_index: -1 OBSOLETE_local: false peers { permanent_uuid: "0086dd7301aa49e3b12501ee0101269e" member_type: VOTER last_known_addr { host: "127.0.107.193" port: 34485 } health_report { overall_health: HEALTHY } } peers { permanent_uuid: "ad2c4ff1687e43e196f7293fa174c613" member_type: VOTER last_known_addr { host: "127.0.107.195" port: 38155 } health_report { overall_health: UNKNOWN } } peers { permanent_uuid: "22cc062fa62249219374aab76a93bb24" member_type: VOTER last_known_addr { host: "127.0.107.194" port: 33371 } health_report { overall_health: UNKNOWN } } }
W20260630 12:12:53.486631  4584 debug-util.cc:398] Leaking SignalData structure 0x7b08000a53e0 after lost signal to thread 434
I20260630 12:12:53.526965  4509 placement_policy_util.cc:411] tablet 955281ecbdc84bc69c193d29dcf8af00: detected majority of replicas (2 of 3) at location L0
I20260630 12:12:53.528048  4514 auto_leader_rebalancer.cc:141] leader rebalance for table test-workload
I20260630 12:12:53.529932  4514 auto_leader_rebalancer.cc:440] table: test-workload, leader rebalance finish, leader transfer count: 0
I20260630 12:12:53.530349  4514 auto_leader_rebalancer.cc:515] All tables' leader rebalancing finished this round
I20260630 12:12:53.891453  4772 consensus_queue.cc:1048] T 955281ecbdc84bc69c193d29dcf8af00 P 0086dd7301aa49e3b12501ee0101269e [LEADER]: Connected to new peer: Peer: permanent_uuid: "ad2c4ff1687e43e196f7293fa174c613" member_type: VOTER last_known_addr { host: "127.0.107.195" port: 38155 }, Status: LMP_MISMATCH, Last received: 0.0, Next index: 1, Last known committed idx: 0, Time since last communication: 0.001s
I20260630 12:12:53.912703  4772 consensus_queue.cc:1048] T 955281ecbdc84bc69c193d29dcf8af00 P 0086dd7301aa49e3b12501ee0101269e [LEADER]: Connected to new peer: Peer: permanent_uuid: "22cc062fa62249219374aab76a93bb24" member_type: VOTER last_known_addr { host: "127.0.107.194" port: 33371 }, Status: LMP_MISMATCH, Last received: 0.0, Next index: 1, Last known committed idx: 0, Time since last communication: 0.000s
I20260630 12:12:54.536201  4509 placement_policy_util.cc:411] tablet 955281ecbdc84bc69c193d29dcf8af00: detected majority of replicas (2 of 3) at location L0
I20260630 12:12:55.531643  4514 auto_leader_rebalancer.cc:141] leader rebalance for table test-workload
I20260630 12:12:55.533509  4514 auto_leader_rebalancer.cc:440] table: test-workload, leader rebalance finish, leader transfer count: 0
I20260630 12:12:55.533937  4514 auto_leader_rebalancer.cc:515] All tables' leader rebalancing finished this round
I20260630 12:12:55.544462  4509 placement_policy_util.cc:411] tablet 955281ecbdc84bc69c193d29dcf8af00: detected majority of replicas (2 of 3) at location L0
I20260630 12:12:56.553449  4509 placement_policy_util.cc:411] tablet 955281ecbdc84bc69c193d29dcf8af00: detected majority of replicas (2 of 3) at location L0
I20260630 12:12:57.534875  4514 auto_leader_rebalancer.cc:141] leader rebalance for table test-workload
I20260630 12:12:57.536520  4514 auto_leader_rebalancer.cc:440] table: test-workload, leader rebalance finish, leader transfer count: 0
I20260630 12:12:57.536885  4514 auto_leader_rebalancer.cc:515] All tables' leader rebalancing finished this round
I20260630 12:12:57.562227  4509 placement_policy_util.cc:411] tablet 955281ecbdc84bc69c193d29dcf8af00: detected majority of replicas (2 of 3) at location L0
I20260630 12:12:58.570051  4509 placement_policy_util.cc:411] tablet 955281ecbdc84bc69c193d29dcf8af00: detected majority of replicas (2 of 3) at location L0
I20260630 12:12:59.537887  4514 auto_leader_rebalancer.cc:141] leader rebalance for table test-workload
I20260630 12:12:59.539181  4514 auto_leader_rebalancer.cc:440] table: test-workload, leader rebalance finish, leader transfer count: 0
I20260630 12:12:59.539503  4514 auto_leader_rebalancer.cc:515] All tables' leader rebalancing finished this round
I20260630 12:12:59.578210  4509 placement_policy_util.cc:411] tablet 955281ecbdc84bc69c193d29dcf8af00: detected majority of replicas (2 of 3) at location L0
I20260630 12:13:00.586400  4509 placement_policy_util.cc:411] tablet 955281ecbdc84bc69c193d29dcf8af00: detected majority of replicas (2 of 3) at location L0
I20260630 12:13:01.540428  4514 auto_leader_rebalancer.cc:141] leader rebalance for table test-workload
I20260630 12:13:01.541790  4514 auto_leader_rebalancer.cc:440] table: test-workload, leader rebalance finish, leader transfer count: 0
I20260630 12:13:01.542092  4514 auto_leader_rebalancer.cc:515] All tables' leader rebalancing finished this round
I20260630 12:13:01.594352  4509 placement_policy_util.cc:411] tablet 955281ecbdc84bc69c193d29dcf8af00: detected majority of replicas (2 of 3) at location L0
I20260630 12:13:02.647710  4509 placement_policy_util.cc:411] tablet 955281ecbdc84bc69c193d29dcf8af00: detected majority of replicas (2 of 3) at location L0
I20260630 12:13:03.543082  4514 auto_leader_rebalancer.cc:141] leader rebalance for table test-workload
I20260630 12:13:03.544385  4514 auto_leader_rebalancer.cc:440] table: test-workload, leader rebalance finish, leader transfer count: 0
I20260630 12:13:03.544714  4514 auto_leader_rebalancer.cc:515] All tables' leader rebalancing finished this round
I20260630 12:13:03.658805  4509 placement_policy_util.cc:411] tablet 955281ecbdc84bc69c193d29dcf8af00: detected majority of replicas (2 of 3) at location L0
W20260630 12:13:03.772524  4659 debug-util.cc:398] Leaking SignalData structure 0x7b08001a4da0 after lost signal to thread 434
W20260630 12:13:03.773563  4659 debug-util.cc:398] Leaking SignalData structure 0x7b080009d2a0 after lost signal to thread 4495
W20260630 12:13:03.774525  4659 debug-util.cc:398] Leaking SignalData structure 0x7b08001c04e0 after lost signal to thread 4587
W20260630 12:13:03.775346  4659 debug-util.cc:398] Leaking SignalData structure 0x7b08001ee400 after lost signal to thread 4662
W20260630 12:13:03.776156  4659 debug-util.cc:398] Leaking SignalData structure 0x7b08000f5160 after lost signal to thread 4736
I20260630 12:13:04.509342   431 tablet_server.cc:179] TabletServer@127.0.107.193:0 shutting down...
I20260630 12:13:04.554677   431 ts_tablet_manager.cc:1507] Shutting down tablet manager...
I20260630 12:13:04.555667   431 tablet_replica.cc:333] T 955281ecbdc84bc69c193d29dcf8af00 P 0086dd7301aa49e3b12501ee0101269e: stopping tablet replica
I20260630 12:13:04.556456   431 raft_consensus.cc:2243] T 955281ecbdc84bc69c193d29dcf8af00 P 0086dd7301aa49e3b12501ee0101269e [term 1 LEADER]: Raft consensus shutting down.
I20260630 12:13:04.557926   431 raft_consensus.cc:2272] T 955281ecbdc84bc69c193d29dcf8af00 P 0086dd7301aa49e3b12501ee0101269e [term 1 FOLLOWER]: Raft consensus is shut down!
I20260630 12:13:04.620781   431 tablet_server.cc:196] TabletServer@127.0.107.193:0 shutdown complete.
I20260630 12:13:04.640267   431 tablet_server.cc:179] TabletServer@127.0.107.194:0 shutting down...
I20260630 12:13:04.667137  4509 placement_policy_util.cc:411] tablet 955281ecbdc84bc69c193d29dcf8af00: detected majority of replicas (2 of 3) at location L0
I20260630 12:13:04.678447   431 ts_tablet_manager.cc:1507] Shutting down tablet manager...
I20260630 12:13:04.679364   431 tablet_replica.cc:333] T 955281ecbdc84bc69c193d29dcf8af00 P 22cc062fa62249219374aab76a93bb24: stopping tablet replica
I20260630 12:13:04.679949   431 raft_consensus.cc:2243] T 955281ecbdc84bc69c193d29dcf8af00 P 22cc062fa62249219374aab76a93bb24 [term 1 FOLLOWER]: Raft consensus shutting down.
I20260630 12:13:04.680527   431 raft_consensus.cc:2272] T 955281ecbdc84bc69c193d29dcf8af00 P 22cc062fa62249219374aab76a93bb24 [term 1 FOLLOWER]: Raft consensus is shut down!
I20260630 12:13:05.545941  4514 auto_leader_rebalancer.cc:141] leader rebalance for table test-workload
I20260630 12:13:05.547411  4514 auto_leader_rebalancer.cc:440] table: test-workload, leader rebalance finish, leader transfer count: 0
I20260630 12:13:05.547765  4514 auto_leader_rebalancer.cc:515] All tables' leader rebalancing finished this round
I20260630 12:13:05.678555  4509 placement_policy_util.cc:411] tablet 955281ecbdc84bc69c193d29dcf8af00: detected majority of replicas (2 of 3) at location L0
W20260630 12:13:05.699571   431 thread.cc:527] Waited for 1000ms trying to join with diag-logger (tid 4659)
I20260630 12:13:05.734537  4788 raft_consensus.cc:493] T 955281ecbdc84bc69c193d29dcf8af00 P ad2c4ff1687e43e196f7293fa174c613 [term 1 FOLLOWER]: Starting pre-election (detected failure of leader 0086dd7301aa49e3b12501ee0101269e)
I20260630 12:13:05.735154  4788 raft_consensus.cc:515] T 955281ecbdc84bc69c193d29dcf8af00 P ad2c4ff1687e43e196f7293fa174c613 [term 1 FOLLOWER]: Starting pre-election with config: opid_index: -1 OBSOLETE_local: false peers { permanent_uuid: "0086dd7301aa49e3b12501ee0101269e" member_type: VOTER last_known_addr { host: "127.0.107.193" port: 34485 } } peers { permanent_uuid: "ad2c4ff1687e43e196f7293fa174c613" member_type: VOTER last_known_addr { host: "127.0.107.195" port: 38155 } } peers { permanent_uuid: "22cc062fa62249219374aab76a93bb24" member_type: VOTER last_known_addr { host: "127.0.107.194" port: 33371 } }
I20260630 12:13:05.737936  4788 leader_election.cc:290] T 955281ecbdc84bc69c193d29dcf8af00 P ad2c4ff1687e43e196f7293fa174c613 [CANDIDATE]: Term 2 pre-election: Requested pre-vote from peers 0086dd7301aa49e3b12501ee0101269e (127.0.107.193:34485), 22cc062fa62249219374aab76a93bb24 (127.0.107.194:33371)
W20260630 12:13:05.741178  4675 proxy.cc:239] Call had error, refreshing address and retrying: Network error: Client connection negotiation failed: client connection to 127.0.107.193:34485: connect: Connection refused (error 111) [suppressed 1 similar messages]
W20260630 12:13:05.744922  4678 leader_election.cc:336] T 955281ecbdc84bc69c193d29dcf8af00 P ad2c4ff1687e43e196f7293fa174c613 [CANDIDATE]: Term 2 pre-election: RPC error from VoteRequest() call to peer 22cc062fa62249219374aab76a93bb24 (127.0.107.194:33371): Network error: Client connection negotiation failed: client connection to 127.0.107.194:33371: connect: Connection refused (error 111)
W20260630 12:13:05.745841  4675 leader_election.cc:336] T 955281ecbdc84bc69c193d29dcf8af00 P ad2c4ff1687e43e196f7293fa174c613 [CANDIDATE]: Term 2 pre-election: RPC error from VoteRequest() call to peer 0086dd7301aa49e3b12501ee0101269e (127.0.107.193:34485): Network error: Client connection negotiation failed: client connection to 127.0.107.193:34485: connect: Connection refused (error 111)
I20260630 12:13:05.746335  4675 leader_election.cc:304] T 955281ecbdc84bc69c193d29dcf8af00 P ad2c4ff1687e43e196f7293fa174c613 [CANDIDATE]: Term 2 pre-election: Election decided. Result: candidate lost. Election summary: received 3 responses out of 3 voters: 1 yes votes; 2 no votes. yes voters: ad2c4ff1687e43e196f7293fa174c613; no voters: 0086dd7301aa49e3b12501ee0101269e, 22cc062fa62249219374aab76a93bb24
I20260630 12:13:05.747145  4788 raft_consensus.cc:2749] T 955281ecbdc84bc69c193d29dcf8af00 P ad2c4ff1687e43e196f7293fa174c613 [term 1 FOLLOWER]: Leader pre-election lost for term 2. Reason: could not achieve majority
I20260630 12:13:06.317830   431 tablet_server.cc:196] TabletServer@127.0.107.194:0 shutdown complete.
I20260630 12:13:06.329592   431 tablet_server.cc:179] TabletServer@127.0.107.195:0 shutting down...
I20260630 12:13:06.351946   431 ts_tablet_manager.cc:1507] Shutting down tablet manager...
I20260630 12:13:06.352646   431 tablet_replica.cc:333] T 955281ecbdc84bc69c193d29dcf8af00 P ad2c4ff1687e43e196f7293fa174c613: stopping tablet replica
I20260630 12:13:06.353188   431 raft_consensus.cc:2243] T 955281ecbdc84bc69c193d29dcf8af00 P ad2c4ff1687e43e196f7293fa174c613 [term 1 FOLLOWER]: Raft consensus shutting down.
I20260630 12:13:06.353763   431 raft_consensus.cc:2272] T 955281ecbdc84bc69c193d29dcf8af00 P ad2c4ff1687e43e196f7293fa174c613 [term 1 FOLLOWER]: Raft consensus is shut down!
I20260630 12:13:06.372641   431 tablet_server.cc:196] TabletServer@127.0.107.195:0 shutdown complete.
I20260630 12:13:06.383495   431 master.cc:562] Master@127.0.107.254:34431 shutting down...
I20260630 12:13:06.404459   431 raft_consensus.cc:2243] T 00000000000000000000000000000000 P 8d582d789b8d47f3a6eb8b546e2418eb [term 1 LEADER]: Raft consensus shutting down.
I20260630 12:13:06.405128   431 raft_consensus.cc:2272] T 00000000000000000000000000000000 P 8d582d789b8d47f3a6eb8b546e2418eb [term 1 FOLLOWER]: Raft consensus is shut down!
I20260630 12:13:06.405481   431 tablet_replica.cc:333] T 00000000000000000000000000000000 P 8d582d789b8d47f3a6eb8b546e2418eb: stopping tablet replica
I20260630 12:13:06.424471   431 master.cc:584] Master@127.0.107.254:34431 shutdown complete.
[       OK ] AutoRebalancerTest.NoReplicaMovesIfCannotFixPlacementPolicy (15065 ms)
[ RUN      ] AutoRebalancerTest.TestMaxMovesPerServer
I20260630 12:13:06.459905   431 internal_mini_cluster.cc:156] Creating distributed mini masters. Addrs: 127.0.107.254:34671
I20260630 12:13:06.460940   431 file_cache.cc:492] Constructed file cache file cache with capacity 419430
W20260630 12:13:06.466511  4792 instance_detector.cc:116] could not retrieve AWS instance metadata: Network error: curl error: HTTP response code said error: The requested URL returned error: 404
W20260630 12:13:06.466753  4793 instance_detector.cc:116] could not retrieve Azure instance metadata: Network error: curl error: HTTP response code said error: The requested URL returned error: 404
W20260630 12:13:06.467550  4795 instance_detector.cc:116] could not retrieve OpenStack instance metadata: Network error: curl error: HTTP response code said error: The requested URL returned error: 404
I20260630 12:13:06.467996   431 server_base.cc:1061] running on GCE node
I20260630 12:13:06.468909   431 hybrid_clock.cc:584] initializing the hybrid clock with 'system_unsync' time source
W20260630 12:13:06.469110   431 system_unsync_time.cc:38] NTP support is disabled. Clock error bounds will not be accurate. This configuration is not suitable for distributed clusters.
I20260630 12:13:06.469283   431 hybrid_clock.cc:648] HybridClock initialized: now 1782821586469248 us; error 0 us; skew 500 ppm
I20260630 12:13:06.469946   431 server_base.cc:861] Flag tcmalloc_max_total_thread_cache_bytes is not working since tcmalloc is not enabled.
I20260630 12:13:06.472232   431 webserver.cc:533] Webserver started at http://127.0.107.254:40221/ using document root <none> and password file <none>
I20260630 12:13:06.472715   431 fs_manager.cc:362] Metadata directory not provided
I20260630 12:13:06.472909   431 fs_manager.cc:368] Using write-ahead log directory (fs_wal_dir) as metadata directory
I20260630 12:13:06.473227   431 server_base.cc:909] This appears to be a new deployment of Kudu; creating new FS layout
I20260630 12:13:06.474459   431 fs_manager.cc:1068] Generated new instance metadata in path /tmp/dist-test-taskuUoTCF/test-tmp/auto_rebalancer-test.0.AutoRebalancerTest.TestMaxMovesPerServer.1782821463202658-431-0/minicluster-data/master-0-root/instance:
uuid: "2e29c6a7ff8649ebb971c9c153bf3e65"
format_stamp: "Formatted at 2026-06-30 12:13:06 on dist-test-slave-t06f"
I20260630 12:13:06.479005   431 fs_manager.cc:696] Time spent creating directory manager: real 0.004s	user 0.004s	sys 0.001s
I20260630 12:13:06.482405  4800 log_block_manager.cc:4031] Time spent loading block containers with low live blocks: real 0.000s	user 0.000s	sys 0.000s
I20260630 12:13:06.483175   431 fs_manager.cc:730] Time spent opening block manager: real 0.002s	user 0.003s	sys 0.000s
I20260630 12:13:06.483503   431 fs_manager.cc:647] Opened local filesystem: /tmp/dist-test-taskuUoTCF/test-tmp/auto_rebalancer-test.0.AutoRebalancerTest.TestMaxMovesPerServer.1782821463202658-431-0/minicluster-data/master-0-root
uuid: "2e29c6a7ff8649ebb971c9c153bf3e65"
format_stamp: "Formatted at 2026-06-30 12:13:06 on dist-test-slave-t06f"
I20260630 12:13:06.483791   431 fs_report.cc:389] FS layout report
--------------------
wal directory: /tmp/dist-test-taskuUoTCF/test-tmp/auto_rebalancer-test.0.AutoRebalancerTest.TestMaxMovesPerServer.1782821463202658-431-0/minicluster-data/master-0-root
metadata directory: /tmp/dist-test-taskuUoTCF/test-tmp/auto_rebalancer-test.0.AutoRebalancerTest.TestMaxMovesPerServer.1782821463202658-431-0/minicluster-data/master-0-root
1 data directories: /tmp/dist-test-taskuUoTCF/test-tmp/auto_rebalancer-test.0.AutoRebalancerTest.TestMaxMovesPerServer.1782821463202658-431-0/minicluster-data/master-0-root/data
Total live blocks: 0
Total live bytes: 0
Total live bytes (after alignment): 0
Total number of LBM containers: 0 (0 full)
Did not check for missing blocks
Did not check for orphaned blocks
Total full LBM containers with extra space: 0 (0 repaired)
Total full LBM container extra space in bytes: 0 (0 repaired)
Total incomplete LBM containers: 0 (0 repaired)
Total LBM partial records: 0 (0 repaired)
Total corrupted LBM metadata records in RocksDB: 0 (0 repaired)
I20260630 12:13:06.516216   431 rpc_server.cc:225] running with OpenSSL 1.1.1  11 Sep 2018
I20260630 12:13:06.517544   431 kserver.cc:163] Server-wide thread pool size limit: 3276
I20260630 12:13:06.556591   431 rpc_server.cc:307] RPC server started. Bound to: 127.0.107.254:34671
I20260630 12:13:06.556672  4851 acceptor_pool.cc:272] collecting diagnostics on the listening RPC socket 127.0.107.254:34671 every 8 connection(s)
I20260630 12:13:06.560640  4852 data_dirs.cc:400] Could only allocate 1 dirs of requested 3 for tablet 00000000000000000000000000000000. 1 dirs total, 0 dirs full, 0 dirs failed
I20260630 12:13:06.571743  4852 tablet_bootstrap.cc:492] T 00000000000000000000000000000000 P 2e29c6a7ff8649ebb971c9c153bf3e65: Bootstrap starting.
I20260630 12:13:06.576262  4852 tablet_bootstrap.cc:654] T 00000000000000000000000000000000 P 2e29c6a7ff8649ebb971c9c153bf3e65: Neither blocks nor log segments found. Creating new log.
I20260630 12:13:06.580360  4852 tablet_bootstrap.cc:492] T 00000000000000000000000000000000 P 2e29c6a7ff8649ebb971c9c153bf3e65: No bootstrap required, opened a new log
I20260630 12:13:06.582414  4852 raft_consensus.cc:359] T 00000000000000000000000000000000 P 2e29c6a7ff8649ebb971c9c153bf3e65 [term 0 FOLLOWER]: Replica starting. Triggering 0 pending ops. Active config: opid_index: -1 OBSOLETE_local: true peers { permanent_uuid: "2e29c6a7ff8649ebb971c9c153bf3e65" member_type: VOTER }
I20260630 12:13:06.582795  4852 raft_consensus.cc:385] T 00000000000000000000000000000000 P 2e29c6a7ff8649ebb971c9c153bf3e65 [term 0 FOLLOWER]: Consensus starting up: Expiring failure detector timer to make a prompt election more likely
I20260630 12:13:06.582971  4852 raft_consensus.cc:740] T 00000000000000000000000000000000 P 2e29c6a7ff8649ebb971c9c153bf3e65 [term 0 FOLLOWER]: Becoming Follower/Learner. State: Replica: 2e29c6a7ff8649ebb971c9c153bf3e65, State: Initialized, Role: FOLLOWER
I20260630 12:13:06.583539  4852 consensus_queue.cc:260] T 00000000000000000000000000000000 P 2e29c6a7ff8649ebb971c9c153bf3e65 [NON_LEADER]: Queue going to NON_LEADER mode. State: All replicated index: 0, Majority replicated index: 0, Committed index: 0, Last appended: 0.0, Last appended by leader: 0, Current term: 0, Majority size: -1, State: 0, Mode: NON_LEADER, active raft config: opid_index: -1 OBSOLETE_local: true peers { permanent_uuid: "2e29c6a7ff8649ebb971c9c153bf3e65" member_type: VOTER }
I20260630 12:13:06.583952  4852 raft_consensus.cc:399] T 00000000000000000000000000000000 P 2e29c6a7ff8649ebb971c9c153bf3e65 [term 0 FOLLOWER]: Only one voter in the Raft config. Triggering election immediately
I20260630 12:13:06.584132  4852 raft_consensus.cc:493] T 00000000000000000000000000000000 P 2e29c6a7ff8649ebb971c9c153bf3e65 [term 0 FOLLOWER]: Starting leader election (initial election of a single-replica configuration)
I20260630 12:13:06.584347  4852 raft_consensus.cc:3060] T 00000000000000000000000000000000 P 2e29c6a7ff8649ebb971c9c153bf3e65 [term 0 FOLLOWER]: Advancing to term 1
I20260630 12:13:06.589079  4852 raft_consensus.cc:515] T 00000000000000000000000000000000 P 2e29c6a7ff8649ebb971c9c153bf3e65 [term 1 FOLLOWER]: Starting leader election with config: opid_index: -1 OBSOLETE_local: true peers { permanent_uuid: "2e29c6a7ff8649ebb971c9c153bf3e65" member_type: VOTER }
I20260630 12:13:06.589571  4852 leader_election.cc:304] T 00000000000000000000000000000000 P 2e29c6a7ff8649ebb971c9c153bf3e65 [CANDIDATE]: Term 1 election: Election decided. Result: candidate won. Election summary: received 1 responses out of 1 voters: 1 yes votes; 0 no votes. yes voters: 2e29c6a7ff8649ebb971c9c153bf3e65; no voters: 
I20260630 12:13:06.590684  4852 leader_election.cc:290] T 00000000000000000000000000000000 P 2e29c6a7ff8649ebb971c9c153bf3e65 [CANDIDATE]: Term 1 election: Requested vote from peers 
I20260630 12:13:06.591043  4855 raft_consensus.cc:2804] T 00000000000000000000000000000000 P 2e29c6a7ff8649ebb971c9c153bf3e65 [term 1 FOLLOWER]: Leader election won for term 1
I20260630 12:13:06.592371  4855 raft_consensus.cc:697] T 00000000000000000000000000000000 P 2e29c6a7ff8649ebb971c9c153bf3e65 [term 1 LEADER]: Becoming Leader. State: Replica: 2e29c6a7ff8649ebb971c9c153bf3e65, State: Running, Role: LEADER
I20260630 12:13:06.593065  4855 consensus_queue.cc:237] T 00000000000000000000000000000000 P 2e29c6a7ff8649ebb971c9c153bf3e65 [LEADER]: Queue going to LEADER mode. State: All replicated index: 0, Majority replicated index: 0, Committed index: 0, Last appended: 0.0, Last appended by leader: 0, Current term: 1, Majority size: 1, State: 0, Mode: LEADER, active raft config: opid_index: -1 OBSOLETE_local: true peers { permanent_uuid: "2e29c6a7ff8649ebb971c9c153bf3e65" member_type: VOTER }
I20260630 12:13:06.593614  4852 sys_catalog.cc:565] T 00000000000000000000000000000000 P 2e29c6a7ff8649ebb971c9c153bf3e65 [sys.catalog]: configured and running, proceeding with master startup.
I20260630 12:13:06.598372  4856 sys_catalog.cc:455] T 00000000000000000000000000000000 P 2e29c6a7ff8649ebb971c9c153bf3e65 [sys.catalog]: SysCatalogTable state changed. Reason: RaftConsensus started. Latest consensus state: current_term: 1 leader_uuid: "2e29c6a7ff8649ebb971c9c153bf3e65" committed_config { opid_index: -1 OBSOLETE_local: true peers { permanent_uuid: "2e29c6a7ff8649ebb971c9c153bf3e65" member_type: VOTER } }
I20260630 12:13:06.599061  4856 sys_catalog.cc:458] T 00000000000000000000000000000000 P 2e29c6a7ff8649ebb971c9c153bf3e65 [sys.catalog]: This master's current role is: LEADER
I20260630 12:13:06.599262  4857 sys_catalog.cc:455] T 00000000000000000000000000000000 P 2e29c6a7ff8649ebb971c9c153bf3e65 [sys.catalog]: SysCatalogTable state changed. Reason: New leader 2e29c6a7ff8649ebb971c9c153bf3e65. Latest consensus state: current_term: 1 leader_uuid: "2e29c6a7ff8649ebb971c9c153bf3e65" committed_config { opid_index: -1 OBSOLETE_local: true peers { permanent_uuid: "2e29c6a7ff8649ebb971c9c153bf3e65" member_type: VOTER } }
I20260630 12:13:06.600045  4857 sys_catalog.cc:458] T 00000000000000000000000000000000 P 2e29c6a7ff8649ebb971c9c153bf3e65 [sys.catalog]: This master's current role is: LEADER
I20260630 12:13:06.600781  4862 catalog_manager.cc:1511] Loading table and tablet metadata into memory...
I20260630 12:13:06.606020  4862 catalog_manager.cc:1520] Initializing Kudu cluster ID...
I20260630 12:13:06.609577   431 internal_mini_cluster.cc:184] Waiting to initialize catalog manager on master 0
I20260630 12:13:06.616604  4862 catalog_manager.cc:1383] Generated new cluster ID: 67137385e16943fd9b2ac4809c488416
I20260630 12:13:06.616938  4862 catalog_manager.cc:1531] Initializing Kudu internal certificate authority...
I20260630 12:13:06.646297  4862 catalog_manager.cc:1406] Generated new certificate authority record
I20260630 12:13:06.647565  4862 catalog_manager.cc:1540] Loading token signing keys...
I20260630 12:13:06.662541  4862 catalog_manager.cc:6070] T 00000000000000000000000000000000 P 2e29c6a7ff8649ebb971c9c153bf3e65: Generated new TSK 0
I20260630 12:13:06.663188  4862 catalog_manager.cc:1550] Initializing in-progress tserver states...
I20260630 12:13:06.679435   431 file_cache.cc:492] Constructed file cache file cache with capacity 419430
W20260630 12:13:06.684896  4873 instance_detector.cc:116] could not retrieve AWS instance metadata: Network error: curl error: HTTP response code said error: The requested URL returned error: 404
W20260630 12:13:06.685938  4874 instance_detector.cc:116] could not retrieve Azure instance metadata: Network error: curl error: HTTP response code said error: The requested URL returned error: 404
W20260630 12:13:06.687433  4876 instance_detector.cc:116] could not retrieve OpenStack instance metadata: Network error: curl error: HTTP response code said error: The requested URL returned error: 404
I20260630 12:13:06.687860   431 server_base.cc:1061] running on GCE node
I20260630 12:13:06.688687   431 hybrid_clock.cc:584] initializing the hybrid clock with 'system_unsync' time source
W20260630 12:13:06.688920   431 system_unsync_time.cc:38] NTP support is disabled. Clock error bounds will not be accurate. This configuration is not suitable for distributed clusters.
I20260630 12:13:06.689095   431 hybrid_clock.cc:648] HybridClock initialized: now 1782821586689073 us; error 0 us; skew 500 ppm
I20260630 12:13:06.689563   431 server_base.cc:861] Flag tcmalloc_max_total_thread_cache_bytes is not working since tcmalloc is not enabled.
I20260630 12:13:06.691789   431 webserver.cc:533] Webserver started at http://127.0.107.193:34091/ using document root <none> and password file <none>
I20260630 12:13:06.692252   431 fs_manager.cc:362] Metadata directory not provided
I20260630 12:13:06.692456   431 fs_manager.cc:368] Using write-ahead log directory (fs_wal_dir) as metadata directory
I20260630 12:13:06.692725   431 server_base.cc:909] This appears to be a new deployment of Kudu; creating new FS layout
I20260630 12:13:06.693892   431 fs_manager.cc:1068] Generated new instance metadata in path /tmp/dist-test-taskuUoTCF/test-tmp/auto_rebalancer-test.0.AutoRebalancerTest.TestMaxMovesPerServer.1782821463202658-431-0/minicluster-data/ts-0-root/instance:
uuid: "c43019dfe1cd489585c275e491a50ecf"
format_stamp: "Formatted at 2026-06-30 12:13:06 on dist-test-slave-t06f"
I20260630 12:13:06.698428   431 fs_manager.cc:696] Time spent creating directory manager: real 0.004s	user 0.003s	sys 0.001s
I20260630 12:13:06.701609  4881 log_block_manager.cc:4031] Time spent loading block containers with low live blocks: real 0.000s	user 0.000s	sys 0.000s
I20260630 12:13:06.702404   431 fs_manager.cc:730] Time spent opening block manager: real 0.002s	user 0.003s	sys 0.000s
I20260630 12:13:06.702684   431 fs_manager.cc:647] Opened local filesystem: /tmp/dist-test-taskuUoTCF/test-tmp/auto_rebalancer-test.0.AutoRebalancerTest.TestMaxMovesPerServer.1782821463202658-431-0/minicluster-data/ts-0-root
uuid: "c43019dfe1cd489585c275e491a50ecf"
format_stamp: "Formatted at 2026-06-30 12:13:06 on dist-test-slave-t06f"
I20260630 12:13:06.702977   431 fs_report.cc:389] FS layout report
--------------------
wal directory: /tmp/dist-test-taskuUoTCF/test-tmp/auto_rebalancer-test.0.AutoRebalancerTest.TestMaxMovesPerServer.1782821463202658-431-0/minicluster-data/ts-0-root
metadata directory: /tmp/dist-test-taskuUoTCF/test-tmp/auto_rebalancer-test.0.AutoRebalancerTest.TestMaxMovesPerServer.1782821463202658-431-0/minicluster-data/ts-0-root
1 data directories: /tmp/dist-test-taskuUoTCF/test-tmp/auto_rebalancer-test.0.AutoRebalancerTest.TestMaxMovesPerServer.1782821463202658-431-0/minicluster-data/ts-0-root/data
Total live blocks: 0
Total live bytes: 0
Total live bytes (after alignment): 0
Total number of LBM containers: 0 (0 full)
Did not check for missing blocks
Did not check for orphaned blocks
Total full LBM containers with extra space: 0 (0 repaired)
Total full LBM container extra space in bytes: 0 (0 repaired)
Total incomplete LBM containers: 0 (0 repaired)
Total LBM partial records: 0 (0 repaired)
Total corrupted LBM metadata records in RocksDB: 0 (0 repaired)
I20260630 12:13:06.726730   431 rpc_server.cc:225] running with OpenSSL 1.1.1  11 Sep 2018
I20260630 12:13:06.727875   431 kserver.cc:163] Server-wide thread pool size limit: 3276
I20260630 12:13:06.729295   431 txn_system_client.cc:432] TxnSystemClient initialization is disabled...
I20260630 12:13:06.731544   431 ts_tablet_manager.cc:585] Loaded tablet metadata (0 total tablets, 0 live tablets)
I20260630 12:13:06.731769   431 ts_tablet_manager.cc:531] Time spent load tablet metadata: real 0.000s	user 0.000s	sys 0.000s
I20260630 12:13:06.732002   431 ts_tablet_manager.cc:616] Registered 0 tablets
I20260630 12:13:06.732188   431 ts_tablet_manager.cc:595] Time spent register tablets: real 0.000s	user 0.000s	sys 0.000s
I20260630 12:13:06.771523   431 rpc_server.cc:307] RPC server started. Bound to: 127.0.107.193:38573
I20260630 12:13:06.771613  4943 acceptor_pool.cc:272] collecting diagnostics on the listening RPC socket 127.0.107.193:38573 every 8 connection(s)
I20260630 12:13:06.776551   431 file_cache.cc:492] Constructed file cache file cache with capacity 419430
W20260630 12:13:06.784068  4949 instance_detector.cc:116] could not retrieve Azure instance metadata: Network error: curl error: HTTP response code said error: The requested URL returned error: 404
W20260630 12:13:06.787199  4948 instance_detector.cc:116] could not retrieve AWS instance metadata: Network error: curl error: HTTP response code said error: The requested URL returned error: 404
W20260630 12:13:06.787315  4951 instance_detector.cc:116] could not retrieve OpenStack instance metadata: Network error: curl error: HTTP response code said error: The requested URL returned error: 404
I20260630 12:13:06.788372   431 server_base.cc:1061] running on GCE node
I20260630 12:13:06.789270   431 hybrid_clock.cc:584] initializing the hybrid clock with 'system_unsync' time source
W20260630 12:13:06.789456   431 system_unsync_time.cc:38] NTP support is disabled. Clock error bounds will not be accurate. This configuration is not suitable for distributed clusters.
I20260630 12:13:06.789582   431 hybrid_clock.cc:648] HybridClock initialized: now 1782821586789571 us; error 0 us; skew 500 ppm
I20260630 12:13:06.790156   431 server_base.cc:861] Flag tcmalloc_max_total_thread_cache_bytes is not working since tcmalloc is not enabled.
I20260630 12:13:06.792872   431 webserver.cc:533] Webserver started at http://127.0.107.194:42639/ using document root <none> and password file <none>
I20260630 12:13:06.793345   431 fs_manager.cc:362] Metadata directory not provided
I20260630 12:13:06.793577   431 fs_manager.cc:368] Using write-ahead log directory (fs_wal_dir) as metadata directory
I20260630 12:13:06.793728  4944 heartbeater.cc:344] Connected to a master server at 127.0.107.254:34671
I20260630 12:13:06.793936   431 server_base.cc:909] This appears to be a new deployment of Kudu; creating new FS layout
I20260630 12:13:06.794108  4944 heartbeater.cc:461] Registering TS with master...
I20260630 12:13:06.794922  4944 heartbeater.cc:507] Master 127.0.107.254:34671 requested a full tablet report, sending...
I20260630 12:13:06.795274   431 fs_manager.cc:1068] Generated new instance metadata in path /tmp/dist-test-taskuUoTCF/test-tmp/auto_rebalancer-test.0.AutoRebalancerTest.TestMaxMovesPerServer.1782821463202658-431-0/minicluster-data/ts-1-root/instance:
uuid: "155038e20a884416b5464bdd6de97336"
format_stamp: "Formatted at 2026-06-30 12:13:06 on dist-test-slave-t06f"
I20260630 12:13:06.797062  4817 ts_manager.cc:194] Registered new tserver with Master: c43019dfe1cd489585c275e491a50ecf (127.0.107.193:38573)
I20260630 12:13:06.798856  4817 master_service.cc:502] Signed X509 certificate for tserver {username='slave'} at 127.0.0.1:40974
I20260630 12:13:06.800318   431 fs_manager.cc:696] Time spent creating directory manager: real 0.004s	user 0.006s	sys 0.000s
I20260630 12:13:06.803723  4956 log_block_manager.cc:4031] Time spent loading block containers with low live blocks: real 0.000s	user 0.000s	sys 0.000s
I20260630 12:13:06.804557   431 fs_manager.cc:730] Time spent opening block manager: real 0.002s	user 0.002s	sys 0.000s
I20260630 12:13:06.804847   431 fs_manager.cc:647] Opened local filesystem: /tmp/dist-test-taskuUoTCF/test-tmp/auto_rebalancer-test.0.AutoRebalancerTest.TestMaxMovesPerServer.1782821463202658-431-0/minicluster-data/ts-1-root
uuid: "155038e20a884416b5464bdd6de97336"
format_stamp: "Formatted at 2026-06-30 12:13:06 on dist-test-slave-t06f"
I20260630 12:13:06.805128   431 fs_report.cc:389] FS layout report
--------------------
wal directory: /tmp/dist-test-taskuUoTCF/test-tmp/auto_rebalancer-test.0.AutoRebalancerTest.TestMaxMovesPerServer.1782821463202658-431-0/minicluster-data/ts-1-root
metadata directory: /tmp/dist-test-taskuUoTCF/test-tmp/auto_rebalancer-test.0.AutoRebalancerTest.TestMaxMovesPerServer.1782821463202658-431-0/minicluster-data/ts-1-root
1 data directories: /tmp/dist-test-taskuUoTCF/test-tmp/auto_rebalancer-test.0.AutoRebalancerTest.TestMaxMovesPerServer.1782821463202658-431-0/minicluster-data/ts-1-root/data
Total live blocks: 0
Total live bytes: 0
Total live bytes (after alignment): 0
