I20260630 12:11:12.443171   431 raft_consensus.cc:2272] T 117a8c1cd1fa4dbd942f572ae732ddf0 P d9bb89bb67ce4112966551224099fa1b [term 3 FOLLOWER]: Raft consensus is shut down!
I20260630 12:11:12.445140   431 tablet_replica.cc:333] T 9459fc0791e44251af15c54308f1f4b5 P d9bb89bb67ce4112966551224099fa1b: stopping tablet replica
I20260630 12:11:12.445587   431 raft_consensus.cc:2243] T 9459fc0791e44251af15c54308f1f4b5 P d9bb89bb67ce4112966551224099fa1b [term 1 FOLLOWER]: Raft consensus shutting down.
I20260630 12:11:12.445974   431 raft_consensus.cc:2272] T 9459fc0791e44251af15c54308f1f4b5 P d9bb89bb67ce4112966551224099fa1b [term 1 FOLLOWER]: Raft consensus is shut down!
I20260630 12:11:12.447943   431 tablet_replica.cc:333] T 20ffcf71a53947668bd2dad5eae689c9 P d9bb89bb67ce4112966551224099fa1b: stopping tablet replica
I20260630 12:11:12.448491   431 raft_consensus.cc:2243] T 20ffcf71a53947668bd2dad5eae689c9 P d9bb89bb67ce4112966551224099fa1b [term 1 LEADER]: Raft consensus shutting down.
I20260630 12:11:12.449273   431 raft_consensus.cc:2272] T 20ffcf71a53947668bd2dad5eae689c9 P d9bb89bb67ce4112966551224099fa1b [term 1 FOLLOWER]: Raft consensus is shut down!
I20260630 12:11:12.451257   431 tablet_replica.cc:333] T f0b7b31535684f549717b046707e520f P d9bb89bb67ce4112966551224099fa1b: stopping tablet replica
I20260630 12:11:12.451696   431 raft_consensus.cc:2243] T f0b7b31535684f549717b046707e520f P d9bb89bb67ce4112966551224099fa1b [term 1 FOLLOWER]: Raft consensus shutting down.
I20260630 12:11:12.452065   431 raft_consensus.cc:2272] T f0b7b31535684f549717b046707e520f P d9bb89bb67ce4112966551224099fa1b [term 1 FOLLOWER]: Raft consensus is shut down!
I20260630 12:11:12.489892   431 tablet_server.cc:196] TabletServer@127.0.107.193:0 shutdown complete.
I20260630 12:11:12.508533   431 tablet_server.cc:179] TabletServer@127.0.107.194:0 shutting down...
W20260630 12:11:12.514655  1212 proxy.cc:239] Call had error, refreshing address and retrying: Network error: Client connection negotiation failed: client connection to 127.0.107.193:36543: connect: Connection refused (error 111) [suppressed 5 similar messages]
W20260630 12:11:12.521085  1212 consensus_peers.cc:597] T 77a0d2ddd3474b5c8f477f1568b88d76 P 6b9d93f051ff4bed844f621444f87f4b -> Peer d9bb89bb67ce4112966551224099fa1b (127.0.107.193:36543): Couldn't send request to peer d9bb89bb67ce4112966551224099fa1b. Status: Network error: Client connection negotiation failed: client connection to 127.0.107.193:36543: connect: Connection refused (error 111). This is attempt 1: this message will repeat every 5th retry.
W20260630 12:11:12.528095  1211 consensus_peers.cc:597] T 77a0d2ddd3474b5c8f477f1568b88d76 P 6b9d93f051ff4bed844f621444f87f4b -> Peer d8dd76fd780a48ce866617fed9ff4dc5 (127.0.107.194:38739): Couldn't send request to peer d8dd76fd780a48ce866617fed9ff4dc5. Status: Remote error: Service unavailable: service kudu.consensus.ConsensusService not registered on TabletServer. This is attempt 1: this message will repeat every 5th retry.
I20260630 12:11:12.536716   431 ts_tablet_manager.cc:1507] Shutting down tablet manager...
I20260630 12:11:12.537417   431 tablet_replica.cc:333] T 9459fc0791e44251af15c54308f1f4b5 P d8dd76fd780a48ce866617fed9ff4dc5: stopping tablet replica
I20260630 12:11:12.538129   431 raft_consensus.cc:2243] T 9459fc0791e44251af15c54308f1f4b5 P d8dd76fd780a48ce866617fed9ff4dc5 [term 1 FOLLOWER]: Raft consensus shutting down.
I20260630 12:11:12.538734   431 raft_consensus.cc:2272] T 9459fc0791e44251af15c54308f1f4b5 P d8dd76fd780a48ce866617fed9ff4dc5 [term 1 FOLLOWER]: Raft consensus is shut down!
I20260630 12:11:12.541026   431 tablet_replica.cc:333] T 117a8c1cd1fa4dbd942f572ae732ddf0 P d8dd76fd780a48ce866617fed9ff4dc5: stopping tablet replica
I20260630 12:11:12.541532   431 raft_consensus.cc:2243] T 117a8c1cd1fa4dbd942f572ae732ddf0 P d8dd76fd780a48ce866617fed9ff4dc5 [term 3 LEADER]: Raft consensus shutting down.
I20260630 12:11:12.542409   431 raft_consensus.cc:2272] T 117a8c1cd1fa4dbd942f572ae732ddf0 P d8dd76fd780a48ce866617fed9ff4dc5 [term 3 FOLLOWER]: Raft consensus is shut down!
I20260630 12:11:12.544268   431 tablet_replica.cc:333] T 20ffcf71a53947668bd2dad5eae689c9 P d8dd76fd780a48ce866617fed9ff4dc5: stopping tablet replica
I20260630 12:11:12.544788   431 raft_consensus.cc:2243] T 20ffcf71a53947668bd2dad5eae689c9 P d8dd76fd780a48ce866617fed9ff4dc5 [term 1 FOLLOWER]: Raft consensus shutting down.
I20260630 12:11:12.545199   431 raft_consensus.cc:2272] T 20ffcf71a53947668bd2dad5eae689c9 P d8dd76fd780a48ce866617fed9ff4dc5 [term 1 FOLLOWER]: Raft consensus is shut down!
I20260630 12:11:12.547153   431 tablet_replica.cc:333] T f0b7b31535684f549717b046707e520f P d8dd76fd780a48ce866617fed9ff4dc5: stopping tablet replica
I20260630 12:11:12.547607   431 raft_consensus.cc:2243] T f0b7b31535684f549717b046707e520f P d8dd76fd780a48ce866617fed9ff4dc5 [term 1 LEADER]: Raft consensus shutting down.
I20260630 12:11:12.548225   431 raft_consensus.cc:2272] T f0b7b31535684f549717b046707e520f P d8dd76fd780a48ce866617fed9ff4dc5 [term 1 FOLLOWER]: Raft consensus is shut down!
I20260630 12:11:12.550004   431 tablet_replica.cc:333] T 2c24181f31784741991e4f298c9d9609 P d8dd76fd780a48ce866617fed9ff4dc5: stopping tablet replica
I20260630 12:11:12.550450   431 raft_consensus.cc:2243] T 2c24181f31784741991e4f298c9d9609 P d8dd76fd780a48ce866617fed9ff4dc5 [term 1 FOLLOWER]: Raft consensus shutting down.
I20260630 12:11:12.550796   431 raft_consensus.cc:2272] T 2c24181f31784741991e4f298c9d9609 P d8dd76fd780a48ce866617fed9ff4dc5 [term 1 FOLLOWER]: Raft consensus is shut down!
I20260630 12:11:12.552380   431 tablet_replica.cc:333] T 77a0d2ddd3474b5c8f477f1568b88d76 P d8dd76fd780a48ce866617fed9ff4dc5: stopping tablet replica
I20260630 12:11:12.552802   431 raft_consensus.cc:2243] T 77a0d2ddd3474b5c8f477f1568b88d76 P d8dd76fd780a48ce866617fed9ff4dc5 [term 1 FOLLOWER]: Raft consensus shutting down.
I20260630 12:11:12.553155   431 raft_consensus.cc:2272] T 77a0d2ddd3474b5c8f477f1568b88d76 P d8dd76fd780a48ce866617fed9ff4dc5 [term 1 FOLLOWER]: Raft consensus is shut down!
I20260630 12:11:12.554848   431 tablet_replica.cc:333] T d018215f10624248831bc5291c007bc5 P d8dd76fd780a48ce866617fed9ff4dc5: stopping tablet replica
I20260630 12:11:12.555413   431 raft_consensus.cc:2243] T d018215f10624248831bc5291c007bc5 P d8dd76fd780a48ce866617fed9ff4dc5 [term 1 LEADER]: Raft consensus shutting down.
I20260630 12:11:12.556123   431 raft_consensus.cc:2272] T d018215f10624248831bc5291c007bc5 P d8dd76fd780a48ce866617fed9ff4dc5 [term 1 FOLLOWER]: Raft consensus is shut down!
I20260630 12:11:12.557694   431 tablet_replica.cc:333] T 614351940f244c18a2f3d5c22afa9459 P d8dd76fd780a48ce866617fed9ff4dc5: stopping tablet replica
I20260630 12:11:12.558085   431 raft_consensus.cc:2243] T 614351940f244c18a2f3d5c22afa9459 P d8dd76fd780a48ce866617fed9ff4dc5 [term 2 FOLLOWER]: Raft consensus shutting down.
I20260630 12:11:12.558531   431 raft_consensus.cc:2272] T 614351940f244c18a2f3d5c22afa9459 P d8dd76fd780a48ce866617fed9ff4dc5 [term 2 FOLLOWER]: Raft consensus is shut down!
I20260630 12:11:12.585132   431 tablet_server.cc:196] TabletServer@127.0.107.194:0 shutdown complete.
I20260630 12:11:12.603153   431 tablet_server.cc:179] TabletServer@127.0.107.195:0 shutting down...
I20260630 12:11:12.629563   431 ts_tablet_manager.cc:1507] Shutting down tablet manager...
I20260630 12:11:12.630304   431 tablet_replica.cc:333] T 117a8c1cd1fa4dbd942f572ae732ddf0 P 6b9d93f051ff4bed844f621444f87f4b: stopping tablet replica
I20260630 12:11:12.630944   431 raft_consensus.cc:2243] T 117a8c1cd1fa4dbd942f572ae732ddf0 P 6b9d93f051ff4bed844f621444f87f4b [term 3 FOLLOWER]: Raft consensus shutting down.
I20260630 12:11:12.631404   431 raft_consensus.cc:2272] T 117a8c1cd1fa4dbd942f572ae732ddf0 P 6b9d93f051ff4bed844f621444f87f4b [term 3 FOLLOWER]: Raft consensus is shut down!
I20260630 12:11:12.633586   431 tablet_replica.cc:333] T 2c24181f31784741991e4f298c9d9609 P 6b9d93f051ff4bed844f621444f87f4b: stopping tablet replica
I20260630 12:11:12.634088   431 raft_consensus.cc:2243] T 2c24181f31784741991e4f298c9d9609 P 6b9d93f051ff4bed844f621444f87f4b [term 1 FOLLOWER]: Raft consensus shutting down.
I20260630 12:11:12.634516   431 raft_consensus.cc:2272] T 2c24181f31784741991e4f298c9d9609 P 6b9d93f051ff4bed844f621444f87f4b [term 1 FOLLOWER]: Raft consensus is shut down!
I20260630 12:11:12.636315   431 tablet_replica.cc:333] T 20ffcf71a53947668bd2dad5eae689c9 P 6b9d93f051ff4bed844f621444f87f4b: stopping tablet replica
I20260630 12:11:12.636761   431 raft_consensus.cc:2243] T 20ffcf71a53947668bd2dad5eae689c9 P 6b9d93f051ff4bed844f621444f87f4b [term 1 FOLLOWER]: Raft consensus shutting down.
I20260630 12:11:12.637148   431 raft_consensus.cc:2272] T 20ffcf71a53947668bd2dad5eae689c9 P 6b9d93f051ff4bed844f621444f87f4b [term 1 FOLLOWER]: Raft consensus is shut down!
I20260630 12:11:12.639106   431 tablet_replica.cc:333] T f0b7b31535684f549717b046707e520f P 6b9d93f051ff4bed844f621444f87f4b: stopping tablet replica
I20260630 12:11:12.639604   431 raft_consensus.cc:2243] T f0b7b31535684f549717b046707e520f P 6b9d93f051ff4bed844f621444f87f4b [term 1 FOLLOWER]: Raft consensus shutting down.
I20260630 12:11:12.639993   431 raft_consensus.cc:2272] T f0b7b31535684f549717b046707e520f P 6b9d93f051ff4bed844f621444f87f4b [term 1 FOLLOWER]: Raft consensus is shut down!
I20260630 12:11:12.641564   431 tablet_replica.cc:333] T 9459fc0791e44251af15c54308f1f4b5 P 6b9d93f051ff4bed844f621444f87f4b: stopping tablet replica
I20260630 12:11:12.642176   431 raft_consensus.cc:2243] T 9459fc0791e44251af15c54308f1f4b5 P 6b9d93f051ff4bed844f621444f87f4b [term 1 LEADER]: Raft consensus shutting down.
I20260630 12:11:12.642261  1048 auto_leader_rebalancer.cc:141] leader rebalance for table test-workload
I20260630 12:11:12.643318   431 raft_consensus.cc:2272] T 9459fc0791e44251af15c54308f1f4b5 P 6b9d93f051ff4bed844f621444f87f4b [term 1 FOLLOWER]: Raft consensus is shut down!
I20260630 12:11:12.645761   431 tablet_replica.cc:333] T 614351940f244c18a2f3d5c22afa9459 P 6b9d93f051ff4bed844f621444f87f4b: stopping tablet replica
I20260630 12:11:12.646405   431 raft_consensus.cc:2243] T 614351940f244c18a2f3d5c22afa9459 P 6b9d93f051ff4bed844f621444f87f4b [term 2 FOLLOWER]: Raft consensus shutting down.
I20260630 12:11:12.646919   431 raft_consensus.cc:2272] T 614351940f244c18a2f3d5c22afa9459 P 6b9d93f051ff4bed844f621444f87f4b [term 2 FOLLOWER]: Raft consensus is shut down!
I20260630 12:11:12.649410   431 tablet_replica.cc:333] T 77a0d2ddd3474b5c8f477f1568b88d76 P 6b9d93f051ff4bed844f621444f87f4b: stopping tablet replica
I20260630 12:11:12.650007   431 raft_consensus.cc:2243] T 77a0d2ddd3474b5c8f477f1568b88d76 P 6b9d93f051ff4bed844f621444f87f4b [term 1 LEADER]: Raft consensus shutting down.
I20260630 12:11:12.650964   431 raft_consensus.cc:2272] T 77a0d2ddd3474b5c8f477f1568b88d76 P 6b9d93f051ff4bed844f621444f87f4b [term 1 FOLLOWER]: Raft consensus is shut down!
I20260630 12:11:12.652794   431 tablet_replica.cc:333] T d018215f10624248831bc5291c007bc5 P 6b9d93f051ff4bed844f621444f87f4b: stopping tablet replica
I20260630 12:11:12.653367   431 raft_consensus.cc:2243] T d018215f10624248831bc5291c007bc5 P 6b9d93f051ff4bed844f621444f87f4b [term 1 FOLLOWER]: Raft consensus shutting down.
I20260630 12:11:12.653874   431 raft_consensus.cc:2272] T d018215f10624248831bc5291c007bc5 P 6b9d93f051ff4bed844f621444f87f4b [term 1 FOLLOWER]: Raft consensus is shut down!
W20260630 12:11:12.654994  1048 auto_leader_rebalancer.cc:524] the master instance isn't leader: Network error: Client connection negotiation failed: client connection to 127.0.107.194:38739: connect: Connection refused (error 111)
I20260630 12:11:12.681205   431 tablet_server.cc:196] TabletServer@127.0.107.195:0 shutdown complete.
I20260630 12:11:12.704823   431 tablet_server.cc:179] TabletServer@127.0.107.196:0 shutting down...
I20260630 12:11:12.725263   431 ts_tablet_manager.cc:1507] Shutting down tablet manager...
I20260630 12:11:12.741107   431 tablet_server.cc:196] TabletServer@127.0.107.196:0 shutdown complete.
I20260630 12:11:12.749294   431 master.cc:562] Master@127.0.107.254:37523 shutting down...
W20260630 12:11:12.771798  1043 auto_rebalancer.cc:340] scheduled replica move failed to complete: Service unavailable: Catalog manager is not initialized. State: Closing
I20260630 12:11:12.772863   431 raft_consensus.cc:2243] T 00000000000000000000000000000000 P 03ebfd5cc8644266a06718d5a7b5f66c [term 1 LEADER]: Raft consensus shutting down.
I20260630 12:11:12.773278   431 raft_consensus.cc:2272] T 00000000000000000000000000000000 P 03ebfd5cc8644266a06718d5a7b5f66c [term 1 FOLLOWER]: Raft consensus is shut down!
I20260630 12:11:12.773573   431 tablet_replica.cc:333] T 00000000000000000000000000000000 P 03ebfd5cc8644266a06718d5a7b5f66c: stopping tablet replica
I20260630 12:11:12.791525   431 master.cc:584] Master@127.0.107.254:37523 shutdown complete.
[       OK ] AutoRebalancerTest.AutoRebalancingTurnOffAndOn (8979 ms)
[ RUN      ] AutoRebalancerTest.NextLeaderResumesAutoRebalancing
I20260630 12:11:12.824710   431 internal_mini_cluster.cc:156] Creating distributed mini masters. Addrs: 127.0.107.254:39353,127.0.107.253:35525,127.0.107.252:33271
I20260630 12:11:12.825987   431 file_cache.cc:492] Constructed file cache file cache with capacity 419430
W20260630 12:11:12.830907  1517 instance_detector.cc:116] could not retrieve AWS instance metadata: Network error: curl error: HTTP response code said error: The requested URL returned error: 404
W20260630 12:11:12.831598  1518 instance_detector.cc:116] could not retrieve Azure instance metadata: Network error: curl error: HTTP response code said error: The requested URL returned error: 404
W20260630 12:11:12.832240  1520 instance_detector.cc:116] could not retrieve OpenStack instance metadata: Network error: curl error: HTTP response code said error: The requested URL returned error: 404
I20260630 12:11:12.832715   431 server_base.cc:1061] running on GCE node
I20260630 12:11:12.833526   431 hybrid_clock.cc:584] initializing the hybrid clock with 'system_unsync' time source
W20260630 12:11:12.833720   431 system_unsync_time.cc:38] NTP support is disabled. Clock error bounds will not be accurate. This configuration is not suitable for distributed clusters.
I20260630 12:11:12.833863   431 hybrid_clock.cc:648] HybridClock initialized: now 1782821472833844 us; error 0 us; skew 500 ppm
I20260630 12:11:12.834379   431 server_base.cc:861] Flag tcmalloc_max_total_thread_cache_bytes is not working since tcmalloc is not enabled.
I20260630 12:11:12.836582   431 webserver.cc:533] Webserver started at http://127.0.107.254:42187/ using document root <none> and password file <none>
I20260630 12:11:12.837023   431 fs_manager.cc:362] Metadata directory not provided
I20260630 12:11:12.837191   431 fs_manager.cc:368] Using write-ahead log directory (fs_wal_dir) as metadata directory
I20260630 12:11:12.837450   431 server_base.cc:909] This appears to be a new deployment of Kudu; creating new FS layout
I20260630 12:11:12.838559   431 fs_manager.cc:1068] Generated new instance metadata in path /tmp/dist-test-task2ayOTB/test-tmp/auto_rebalancer-test.0.AutoRebalancerTest.NextLeaderResumesAutoRebalancing.1782821457070136-431-0/minicluster-data/master-0-root/instance:
uuid: "ef962a1bd4bb4870b650732236d6e8c8"
format_stamp: "Formatted at 2026-06-30 12:11:12 on dist-test-slave-04br"
I20260630 12:11:12.842651   431 fs_manager.cc:696] Time spent creating directory manager: real 0.004s	user 0.004s	sys 0.000s
I20260630 12:11:12.845564  1525 log_block_manager.cc:4031] Time spent loading block containers with low live blocks: real 0.000s	user 0.000s	sys 0.000s
I20260630 12:11:12.846246   431 fs_manager.cc:730] Time spent opening block manager: real 0.002s	user 0.003s	sys 0.000s
I20260630 12:11:12.846498   431 fs_manager.cc:647] Opened local filesystem: /tmp/dist-test-task2ayOTB/test-tmp/auto_rebalancer-test.0.AutoRebalancerTest.NextLeaderResumesAutoRebalancing.1782821457070136-431-0/minicluster-data/master-0-root
uuid: "ef962a1bd4bb4870b650732236d6e8c8"
format_stamp: "Formatted at 2026-06-30 12:11:12 on dist-test-slave-04br"
I20260630 12:11:12.846732   431 fs_report.cc:389] FS layout report
--------------------
wal directory: /tmp/dist-test-task2ayOTB/test-tmp/auto_rebalancer-test.0.AutoRebalancerTest.NextLeaderResumesAutoRebalancing.1782821457070136-431-0/minicluster-data/master-0-root
metadata directory: /tmp/dist-test-task2ayOTB/test-tmp/auto_rebalancer-test.0.AutoRebalancerTest.NextLeaderResumesAutoRebalancing.1782821457070136-431-0/minicluster-data/master-0-root
1 data directories: /tmp/dist-test-task2ayOTB/test-tmp/auto_rebalancer-test.0.AutoRebalancerTest.NextLeaderResumesAutoRebalancing.1782821457070136-431-0/minicluster-data/master-0-root/data
Total live blocks: 0
Total live bytes: 0
Total live bytes (after alignment): 0
Total number of LBM containers: 0 (0 full)
Did not check for missing blocks
Did not check for orphaned blocks
Total full LBM containers with extra space: 0 (0 repaired)
Total full LBM container extra space in bytes: 0 (0 repaired)
Total incomplete LBM containers: 0 (0 repaired)
Total LBM partial records: 0 (0 repaired)
Total corrupted LBM metadata records in RocksDB: 0 (0 repaired)
I20260630 12:11:12.863315   431 rpc_server.cc:225] running with OpenSSL 1.1.1  11 Sep 2018
I20260630 12:11:12.864387   431 kserver.cc:163] Server-wide thread pool size limit: 3276
I20260630 12:11:12.898733   431 rpc_server.cc:307] RPC server started. Bound to: 127.0.107.254:39353
I20260630 12:11:12.898829  1576 acceptor_pool.cc:272] collecting diagnostics on the listening RPC socket 127.0.107.254:39353 every 8 connection(s)
I20260630 12:11:12.902302  1577 data_dirs.cc:400] Could only allocate 1 dirs of requested 3 for tablet 00000000000000000000000000000000. 1 dirs total, 0 dirs full, 0 dirs failed
I20260630 12:11:12.902473   431 file_cache.cc:492] Constructed file cache file cache with capacity 419430
W20260630 12:11:12.907240  1579 instance_detector.cc:116] could not retrieve AWS instance metadata: Network error: curl error: HTTP response code said error: The requested URL returned error: 404
W20260630 12:11:12.908126  1580 instance_detector.cc:116] could not retrieve Azure instance metadata: Network error: curl error: HTTP response code said error: The requested URL returned error: 404
I20260630 12:11:12.909102  1577 sys_catalog.cc:422] member_type: VOTER last_known_addr { host: "127.0.107.254" port: 39353 } has no permanent_uuid. Determining permanent_uuid...
I20260630 12:11:12.909711   431 server_base.cc:1061] running on GCE node
W20260630 12:11:12.910585  1582 instance_detector.cc:116] could not retrieve OpenStack instance metadata: Network error: curl error: HTTP response code said error: The requested URL returned error: 404
I20260630 12:11:12.911537   431 hybrid_clock.cc:584] initializing the hybrid clock with 'system_unsync' time source
W20260630 12:11:12.911787   431 system_unsync_time.cc:38] NTP support is disabled. Clock error bounds will not be accurate. This configuration is not suitable for distributed clusters.
I20260630 12:11:12.911952   431 hybrid_clock.cc:648] HybridClock initialized: now 1782821472911933 us; error 0 us; skew 500 ppm
I20260630 12:11:12.912423   431 server_base.cc:861] Flag tcmalloc_max_total_thread_cache_bytes is not working since tcmalloc is not enabled.
I20260630 12:11:12.916107   431 webserver.cc:533] Webserver started at http://127.0.107.253:41099/ using document root <none> and password file <none>
I20260630 12:11:12.916673   431 fs_manager.cc:362] Metadata directory not provided
I20260630 12:11:12.916872   431 fs_manager.cc:368] Using write-ahead log directory (fs_wal_dir) as metadata directory
I20260630 12:11:12.917140   431 server_base.cc:909] This appears to be a new deployment of Kudu; creating new FS layout
I20260630 12:11:12.918377   431 fs_manager.cc:1068] Generated new instance metadata in path /tmp/dist-test-task2ayOTB/test-tmp/auto_rebalancer-test.0.AutoRebalancerTest.NextLeaderResumesAutoRebalancing.1782821457070136-431-0/minicluster-data/master-1-root/instance:
uuid: "849a30a47cba4abc93bfd2c28a6694ea"
format_stamp: "Formatted at 2026-06-30 12:11:12 on dist-test-slave-04br"
I20260630 12:11:12.922497  1577 sys_catalog.cc:422] member_type: VOTER last_known_addr { host: "127.0.107.253" port: 35525 } has no permanent_uuid. Determining permanent_uuid...
I20260630 12:11:12.923696   431 fs_manager.cc:696] Time spent creating directory manager: real 0.005s	user 0.005s	sys 0.000s
W20260630 12:11:12.927886  1577 consensus_peers.cc:760] Error getting permanent uuid from config peer 127.0.107.253:35525: Network error: Client connection negotiation failed: client connection to 127.0.107.253:35525: connect: Connection refused (error 111)
I20260630 12:11:12.928022  1590 log_block_manager.cc:4031] Time spent loading block containers with low live blocks: real 0.000s	user 0.000s	sys 0.000s
I20260630 12:11:12.928747   431 fs_manager.cc:730] Time spent opening block manager: real 0.003s	user 0.001s	sys 0.000s
I20260630 12:11:12.928994   431 fs_manager.cc:647] Opened local filesystem: /tmp/dist-test-task2ayOTB/test-tmp/auto_rebalancer-test.0.AutoRebalancerTest.NextLeaderResumesAutoRebalancing.1782821457070136-431-0/minicluster-data/master-1-root
uuid: "849a30a47cba4abc93bfd2c28a6694ea"
format_stamp: "Formatted at 2026-06-30 12:11:12 on dist-test-slave-04br"
I20260630 12:11:12.929222   431 fs_report.cc:389] FS layout report
--------------------
wal directory: /tmp/dist-test-task2ayOTB/test-tmp/auto_rebalancer-test.0.AutoRebalancerTest.NextLeaderResumesAutoRebalancing.1782821457070136-431-0/minicluster-data/master-1-root
metadata directory: /tmp/dist-test-task2ayOTB/test-tmp/auto_rebalancer-test.0.AutoRebalancerTest.NextLeaderResumesAutoRebalancing.1782821457070136-431-0/minicluster-data/master-1-root
1 data directories: /tmp/dist-test-task2ayOTB/test-tmp/auto_rebalancer-test.0.AutoRebalancerTest.NextLeaderResumesAutoRebalancing.1782821457070136-431-0/minicluster-data/master-1-root/data
Total live blocks: 0
Total live bytes: 0
Total live bytes (after alignment): 0
Total number of LBM containers: 0 (0 full)
Did not check for missing blocks
Did not check for orphaned blocks
Total full LBM containers with extra space: 0 (0 repaired)
Total full LBM container extra space in bytes: 0 (0 repaired)
Total incomplete LBM containers: 0 (0 repaired)
Total LBM partial records: 0 (0 repaired)
Total corrupted LBM metadata records in RocksDB: 0 (0 repaired)
I20260630 12:11:12.955930   431 rpc_server.cc:225] running with OpenSSL 1.1.1  11 Sep 2018
I20260630 12:11:12.957022   431 kserver.cc:163] Server-wide thread pool size limit: 3276
I20260630 12:11:12.975348  1577 consensus_peers.cc:770] Retrying to get permanent uuid for remote peer: member_type: VOTER last_known_addr { host: "127.0.107.253" port: 35525 } attempt: 1
W20260630 12:11:12.980588  1577 consensus_peers.cc:760] Error getting permanent uuid from config peer 127.0.107.253:35525: Network error: Client connection negotiation failed: client connection to 127.0.107.253:35525: connect: Connection refused (error 111)
I20260630 12:11:12.992542   431 rpc_server.cc:307] RPC server started. Bound to: 127.0.107.253:35525
I20260630 12:11:12.992638  1641 acceptor_pool.cc:272] collecting diagnostics on the listening RPC socket 127.0.107.253:35525 every 8 connection(s)
I20260630 12:11:12.995995   431 file_cache.cc:492] Constructed file cache file cache with capacity 419430
I20260630 12:11:12.996166  1642 data_dirs.cc:400] Could only allocate 1 dirs of requested 3 for tablet 00000000000000000000000000000000. 1 dirs total, 0 dirs full, 0 dirs failed
W20260630 12:11:13.000751  1644 instance_detector.cc:116] could not retrieve AWS instance metadata: Network error: curl error: HTTP response code said error: The requested URL returned error: 404
W20260630 12:11:13.001549  1645 instance_detector.cc:116] could not retrieve Azure instance metadata: Network error: curl error: HTTP response code said error: The requested URL returned error: 404
I20260630 12:11:13.003898  1642 sys_catalog.cc:422] member_type: VOTER last_known_addr { host: "127.0.107.254" port: 39353 } has no permanent_uuid. Determining permanent_uuid...
W20260630 12:11:13.004391  1647 instance_detector.cc:116] could not retrieve OpenStack instance metadata: Network error: curl error: HTTP response code said error: The requested URL returned error: 404
I20260630 12:11:13.004814   431 server_base.cc:1061] running on GCE node
I20260630 12:11:13.005694   431 hybrid_clock.cc:584] initializing the hybrid clock with 'system_unsync' time source
W20260630 12:11:13.005944   431 system_unsync_time.cc:38] NTP support is disabled. Clock error bounds will not be accurate. This configuration is not suitable for distributed clusters.
I20260630 12:11:13.006124   431 hybrid_clock.cc:648] HybridClock initialized: now 1782821473006105 us; error 0 us; skew 500 ppm
I20260630 12:11:13.006770   431 server_base.cc:861] Flag tcmalloc_max_total_thread_cache_bytes is not working since tcmalloc is not enabled.
I20260630 12:11:13.009198   431 webserver.cc:533] Webserver started at http://127.0.107.252:46545/ using document root <none> and password file <none>
I20260630 12:11:13.009770   431 fs_manager.cc:362] Metadata directory not provided
I20260630 12:11:13.009997   431 fs_manager.cc:368] Using write-ahead log directory (fs_wal_dir) as metadata directory
I20260630 12:11:13.010317   431 server_base.cc:909] This appears to be a new deployment of Kudu; creating new FS layout
I20260630 12:11:13.011348   431 fs_manager.cc:1068] Generated new instance metadata in path /tmp/dist-test-task2ayOTB/test-tmp/auto_rebalancer-test.0.AutoRebalancerTest.NextLeaderResumesAutoRebalancing.1782821457070136-431-0/minicluster-data/master-2-root/instance:
uuid: "6aabd20c68734cfb9ec18c938c154221"
format_stamp: "Formatted at 2026-06-30 12:11:13 on dist-test-slave-04br"
I20260630 12:11:13.014784  1642 sys_catalog.cc:422] member_type: VOTER last_known_addr { host: "127.0.107.253" port: 35525 } has no permanent_uuid. Determining permanent_uuid...
I20260630 12:11:13.016382   431 fs_manager.cc:696] Time spent creating directory manager: real 0.004s	user 0.005s	sys 0.000s
I20260630 12:11:13.020406  1654 log_block_manager.cc:4031] Time spent loading block containers with low live blocks: real 0.000s	user 0.000s	sys 0.000s
I20260630 12:11:13.021201   431 fs_manager.cc:730] Time spent opening block manager: real 0.003s	user 0.002s	sys 0.000s
I20260630 12:11:13.021466   431 fs_manager.cc:647] Opened local filesystem: /tmp/dist-test-task2ayOTB/test-tmp/auto_rebalancer-test.0.AutoRebalancerTest.NextLeaderResumesAutoRebalancing.1782821457070136-431-0/minicluster-data/master-2-root
uuid: "6aabd20c68734cfb9ec18c938c154221"
format_stamp: "Formatted at 2026-06-30 12:11:13 on dist-test-slave-04br"
I20260630 12:11:13.021718   431 fs_report.cc:389] FS layout report
--------------------
wal directory: /tmp/dist-test-task2ayOTB/test-tmp/auto_rebalancer-test.0.AutoRebalancerTest.NextLeaderResumesAutoRebalancing.1782821457070136-431-0/minicluster-data/master-2-root
metadata directory: /tmp/dist-test-task2ayOTB/test-tmp/auto_rebalancer-test.0.AutoRebalancerTest.NextLeaderResumesAutoRebalancing.1782821457070136-431-0/minicluster-data/master-2-root
1 data directories: /tmp/dist-test-task2ayOTB/test-tmp/auto_rebalancer-test.0.AutoRebalancerTest.NextLeaderResumesAutoRebalancing.1782821457070136-431-0/minicluster-data/master-2-root/data
Total live blocks: 0
Total live bytes: 0
Total live bytes (after alignment): 0
Total number of LBM containers: 0 (0 full)
Did not check for missing blocks
Did not check for orphaned blocks
Total full LBM containers with extra space: 0 (0 repaired)
Total full LBM container extra space in bytes: 0 (0 repaired)
Total incomplete LBM containers: 0 (0 repaired)
Total LBM partial records: 0 (0 repaired)
Total corrupted LBM metadata records in RocksDB: 0 (0 repaired)
I20260630 12:11:13.026628  1642 sys_catalog.cc:422] member_type: VOTER last_known_addr { host: "127.0.107.252" port: 33271 } has no permanent_uuid. Determining permanent_uuid...
W20260630 12:11:13.031975  1642 consensus_peers.cc:760] Error getting permanent uuid from config peer 127.0.107.252:33271: Network error: Client connection negotiation failed: client connection to 127.0.107.252:33271: connect: Connection refused (error 111)
I20260630 12:11:13.033361   431 rpc_server.cc:225] running with OpenSSL 1.1.1  11 Sep 2018
I20260630 12:11:13.034483   431 kserver.cc:163] Server-wide thread pool size limit: 3276
I20260630 12:11:13.049453  1642 consensus_peers.cc:770] Retrying to get permanent uuid for remote peer: member_type: VOTER last_known_addr { host: "127.0.107.252" port: 33271 } attempt: 1
W20260630 12:11:13.054694  1642 consensus_peers.cc:760] Error getting permanent uuid from config peer 127.0.107.252:33271: Network error: Client connection negotiation failed: client connection to 127.0.107.252:33271: connect: Connection refused (error 111)
I20260630 12:11:13.059072  1577 consensus_peers.cc:770] Retrying to get permanent uuid for remote peer: member_type: VOTER last_known_addr { host: "127.0.107.253" port: 35525 } attempt: 2
I20260630 12:11:13.068965  1577 sys_catalog.cc:422] member_type: VOTER last_known_addr { host: "127.0.107.252" port: 33271 } has no permanent_uuid. Determining permanent_uuid...
W20260630 12:11:13.073829  1577 consensus_peers.cc:760] Error getting permanent uuid from config peer 127.0.107.252:33271: Network error: Client connection negotiation failed: client connection to 127.0.107.252:33271: connect: Connection refused (error 111)
I20260630 12:11:13.075925   431 rpc_server.cc:307] RPC server started. Bound to: 127.0.107.252:33271
I20260630 12:11:13.076011  1706 acceptor_pool.cc:272] collecting diagnostics on the listening RPC socket 127.0.107.252:33271 every 8 connection(s)
I20260630 12:11:13.078779   431 internal_mini_cluster.cc:184] Waiting to initialize catalog manager on master 0
I20260630 12:11:13.079399  1707 data_dirs.cc:400] Could only allocate 1 dirs of requested 3 for tablet 00000000000000000000000000000000. 1 dirs total, 0 dirs full, 0 dirs failed
I20260630 12:11:13.084592  1707 sys_catalog.cc:422] member_type: VOTER last_known_addr { host: "127.0.107.254" port: 39353 } has no permanent_uuid. Determining permanent_uuid...
I20260630 12:11:13.094506  1707 sys_catalog.cc:422] member_type: VOTER last_known_addr { host: "127.0.107.253" port: 35525 } has no permanent_uuid. Determining permanent_uuid...
I20260630 12:11:13.100121  1642 consensus_peers.cc:770] Retrying to get permanent uuid for remote peer: member_type: VOTER last_known_addr { host: "127.0.107.252" port: 33271 } attempt: 2
I20260630 12:11:13.103819  1707 sys_catalog.cc:422] member_type: VOTER last_known_addr { host: "127.0.107.252" port: 33271 } has no permanent_uuid. Determining permanent_uuid...
I20260630 12:11:13.114444  1577 consensus_peers.cc:770] Retrying to get permanent uuid for remote peer: member_type: VOTER last_known_addr { host: "127.0.107.252" port: 33271 } attempt: 1
I20260630 12:11:13.117444  1642 tablet_bootstrap.cc:492] T 00000000000000000000000000000000 P 849a30a47cba4abc93bfd2c28a6694ea: Bootstrap starting.
I20260630 12:11:13.120585  1707 tablet_bootstrap.cc:492] T 00000000000000000000000000000000 P 6aabd20c68734cfb9ec18c938c154221: Bootstrap starting.
I20260630 12:11:13.123150  1642 tablet_bootstrap.cc:654] T 00000000000000000000000000000000 P 849a30a47cba4abc93bfd2c28a6694ea: Neither blocks nor log segments found. Creating new log.
I20260630 12:11:13.126662  1707 tablet_bootstrap.cc:654] T 00000000000000000000000000000000 P 6aabd20c68734cfb9ec18c938c154221: Neither blocks nor log segments found. Creating new log.
I20260630 12:11:13.128535  1642 tablet_bootstrap.cc:492] T 00000000000000000000000000000000 P 849a30a47cba4abc93bfd2c28a6694ea: No bootstrap required, opened a new log
I20260630 12:11:13.130918  1707 tablet_bootstrap.cc:492] T 00000000000000000000000000000000 P 6aabd20c68734cfb9ec18c938c154221: No bootstrap required, opened a new log
I20260630 12:11:13.131340  1642 raft_consensus.cc:359] T 00000000000000000000000000000000 P 849a30a47cba4abc93bfd2c28a6694ea [term 0 FOLLOWER]: Replica starting. Triggering 0 pending ops. Active config: opid_index: -1 OBSOLETE_local: false peers { permanent_uuid: "ef962a1bd4bb4870b650732236d6e8c8" member_type: VOTER last_known_addr { host: "127.0.107.254" port: 39353 } } peers { permanent_uuid: "849a30a47cba4abc93bfd2c28a6694ea" member_type: VOTER last_known_addr { host: "127.0.107.253" port: 35525 } } peers { permanent_uuid: "6aabd20c68734cfb9ec18c938c154221" member_type: VOTER last_known_addr { host: "127.0.107.252" port: 33271 } }
I20260630 12:11:13.132046  1642 raft_consensus.cc:385] T 00000000000000000000000000000000 P 849a30a47cba4abc93bfd2c28a6694ea [term 0 FOLLOWER]: Consensus starting up: Expiring failure detector timer to make a prompt election more likely
I20260630 12:11:13.132325  1642 raft_consensus.cc:740] T 00000000000000000000000000000000 P 849a30a47cba4abc93bfd2c28a6694ea [term 0 FOLLOWER]: Becoming Follower/Learner. State: Replica: 849a30a47cba4abc93bfd2c28a6694ea, State: Initialized, Role: FOLLOWER
I20260630 12:11:13.132465  1577 tablet_bootstrap.cc:492] T 00000000000000000000000000000000 P ef962a1bd4bb4870b650732236d6e8c8: Bootstrap starting.
I20260630 12:11:13.133080  1707 raft_consensus.cc:359] T 00000000000000000000000000000000 P 6aabd20c68734cfb9ec18c938c154221 [term 0 FOLLOWER]: Replica starting. Triggering 0 pending ops. Active config: opid_index: -1 OBSOLETE_local: false peers { permanent_uuid: "ef962a1bd4bb4870b650732236d6e8c8" member_type: VOTER last_known_addr { host: "127.0.107.254" port: 39353 } } peers { permanent_uuid: "849a30a47cba4abc93bfd2c28a6694ea" member_type: VOTER last_known_addr { host: "127.0.107.253" port: 35525 } } peers { permanent_uuid: "6aabd20c68734cfb9ec18c938c154221" member_type: VOTER last_known_addr { host: "127.0.107.252" port: 33271 } }
I20260630 12:11:13.133679  1707 raft_consensus.cc:385] T 00000000000000000000000000000000 P 6aabd20c68734cfb9ec18c938c154221 [term 0 FOLLOWER]: Consensus starting up: Expiring failure detector timer to make a prompt election more likely
I20260630 12:11:13.133090  1642 consensus_queue.cc:260] T 00000000000000000000000000000000 P 849a30a47cba4abc93bfd2c28a6694ea [NON_LEADER]: Queue going to NON_LEADER mode. State: All replicated index: 0, Majority replicated index: 0, Committed index: 0, Last appended: 0.0, Last appended by leader: 0, Current term: 0, Majority size: -1, State: 0, Mode: NON_LEADER, active raft config: opid_index: -1 OBSOLETE_local: false peers { permanent_uuid: "ef962a1bd4bb4870b650732236d6e8c8" member_type: VOTER last_known_addr { host: "127.0.107.254" port: 39353 } } peers { permanent_uuid: "849a30a47cba4abc93bfd2c28a6694ea" member_type: VOTER last_known_addr { host: "127.0.107.253" port: 35525 } } peers { permanent_uuid: "6aabd20c68734cfb9ec18c938c154221" member_type: VOTER last_known_addr { host: "127.0.107.252" port: 33271 } }
I20260630 12:11:13.133912  1707 raft_consensus.cc:740] T 00000000000000000000000000000000 P 6aabd20c68734cfb9ec18c938c154221 [term 0 FOLLOWER]: Becoming Follower/Learner. State: Replica: 6aabd20c68734cfb9ec18c938c154221, State: Initialized, Role: FOLLOWER
I20260630 12:11:13.134590  1707 consensus_queue.cc:260] T 00000000000000000000000000000000 P 6aabd20c68734cfb9ec18c938c154221 [NON_LEADER]: Queue going to NON_LEADER mode. State: All replicated index: 0, Majority replicated index: 0, Committed index: 0, Last appended: 0.0, Last appended by leader: 0, Current term: 0, Majority size: -1, State: 0, Mode: NON_LEADER, active raft config: opid_index: -1 OBSOLETE_local: false peers { permanent_uuid: "ef962a1bd4bb4870b650732236d6e8c8" member_type: VOTER last_known_addr { host: "127.0.107.254" port: 39353 } } peers { permanent_uuid: "849a30a47cba4abc93bfd2c28a6694ea" member_type: VOTER last_known_addr { host: "127.0.107.253" port: 35525 } } peers { permanent_uuid: "6aabd20c68734cfb9ec18c938c154221" member_type: VOTER last_known_addr { host: "127.0.107.252" port: 33271 } }
I20260630 12:11:13.135592  1714 sys_catalog.cc:455] T 00000000000000000000000000000000 P 849a30a47cba4abc93bfd2c28a6694ea [sys.catalog]: SysCatalogTable state changed. Reason: RaftConsensus started. Latest consensus state: current_term: 0 committed_config { opid_index: -1 OBSOLETE_local: false peers { permanent_uuid: "ef962a1bd4bb4870b650732236d6e8c8" member_type: VOTER last_known_addr { host: "127.0.107.254" port: 39353 } } peers { permanent_uuid: "849a30a47cba4abc93bfd2c28a6694ea" member_type: VOTER last_known_addr { host: "127.0.107.253" port: 35525 } } peers { permanent_uuid: "6aabd20c68734cfb9ec18c938c154221" member_type: VOTER last_known_addr { host: "127.0.107.252" port: 33271 } } }
I20260630 12:11:13.136400  1714 sys_catalog.cc:458] T 00000000000000000000000000000000 P 849a30a47cba4abc93bfd2c28a6694ea [sys.catalog]: This master's current role is: FOLLOWER
I20260630 12:11:13.136983  1642 sys_catalog.cc:565] T 00000000000000000000000000000000 P 849a30a47cba4abc93bfd2c28a6694ea [sys.catalog]: configured and running, proceeding with master startup.
I20260630 12:11:13.138903  1577 tablet_bootstrap.cc:654] T 00000000000000000000000000000000 P ef962a1bd4bb4870b650732236d6e8c8: Neither blocks nor log segments found. Creating new log.
I20260630 12:11:13.139047  1715 sys_catalog.cc:455] T 00000000000000000000000000000000 P 6aabd20c68734cfb9ec18c938c154221 [sys.catalog]: SysCatalogTable state changed. Reason: RaftConsensus started. Latest consensus state: current_term: 0 committed_config { opid_index: -1 OBSOLETE_local: false peers { permanent_uuid: "ef962a1bd4bb4870b650732236d6e8c8" member_type: VOTER last_known_addr { host: "127.0.107.254" port: 39353 } } peers { permanent_uuid: "849a30a47cba4abc93bfd2c28a6694ea" member_type: VOTER last_known_addr { host: "127.0.107.253" port: 35525 } } peers { permanent_uuid: "6aabd20c68734cfb9ec18c938c154221" member_type: VOTER last_known_addr { host: "127.0.107.252" port: 33271 } } }
I20260630 12:11:13.139883  1715 sys_catalog.cc:458] T 00000000000000000000000000000000 P 6aabd20c68734cfb9ec18c938c154221 [sys.catalog]: This master's current role is: FOLLOWER
I20260630 12:11:13.140457  1707 sys_catalog.cc:565] T 00000000000000000000000000000000 P 6aabd20c68734cfb9ec18c938c154221 [sys.catalog]: configured and running, proceeding with master startup.
I20260630 12:11:13.144343  1577 tablet_bootstrap.cc:492] T 00000000000000000000000000000000 P ef962a1bd4bb4870b650732236d6e8c8: No bootstrap required, opened a new log
I20260630 12:11:13.147050  1577 raft_consensus.cc:359] T 00000000000000000000000000000000 P ef962a1bd4bb4870b650732236d6e8c8 [term 0 FOLLOWER]: Replica starting. Triggering 0 pending ops. Active config: opid_index: -1 OBSOLETE_local: false peers { permanent_uuid: "ef962a1bd4bb4870b650732236d6e8c8" member_type: VOTER last_known_addr { host: "127.0.107.254" port: 39353 } } peers { permanent_uuid: "849a30a47cba4abc93bfd2c28a6694ea" member_type: VOTER last_known_addr { host: "127.0.107.253" port: 35525 } } peers { permanent_uuid: "6aabd20c68734cfb9ec18c938c154221" member_type: VOTER last_known_addr { host: "127.0.107.252" port: 33271 } }
I20260630 12:11:13.147779  1577 raft_consensus.cc:385] T 00000000000000000000000000000000 P ef962a1bd4bb4870b650732236d6e8c8 [term 0 FOLLOWER]: Consensus starting up: Expiring failure detector timer to make a prompt election more likely
I20260630 12:11:13.148065  1577 raft_consensus.cc:740] T 00000000000000000000000000000000 P ef962a1bd4bb4870b650732236d6e8c8 [term 0 FOLLOWER]: Becoming Follower/Learner. State: Replica: ef962a1bd4bb4870b650732236d6e8c8, State: Initialized, Role: FOLLOWER
I20260630 12:11:13.148891  1577 consensus_queue.cc:260] T 00000000000000000000000000000000 P ef962a1bd4bb4870b650732236d6e8c8 [NON_LEADER]: Queue going to NON_LEADER mode. State: All replicated index: 0, Majority replicated index: 0, Committed index: 0, Last appended: 0.0, Last appended by leader: 0, Current term: 0, Majority size: -1, State: 0, Mode: NON_LEADER, active raft config: opid_index: -1 OBSOLETE_local: false peers { permanent_uuid: "ef962a1bd4bb4870b650732236d6e8c8" member_type: VOTER last_known_addr { host: "127.0.107.254" port: 39353 } } peers { permanent_uuid: "849a30a47cba4abc93bfd2c28a6694ea" member_type: VOTER last_known_addr { host: "127.0.107.253" port: 35525 } } peers { permanent_uuid: "6aabd20c68734cfb9ec18c938c154221" member_type: VOTER last_known_addr { host: "127.0.107.252" port: 33271 } }
I20260630 12:11:13.157064  1726 sys_catalog.cc:455] T 00000000000000000000000000000000 P ef962a1bd4bb4870b650732236d6e8c8 [sys.catalog]: SysCatalogTable state changed. Reason: RaftConsensus started. Latest consensus state: current_term: 0 committed_config { opid_index: -1 OBSOLETE_local: false peers { permanent_uuid: "ef962a1bd4bb4870b650732236d6e8c8" member_type: VOTER last_known_addr { host: "127.0.107.254" port: 39353 } } peers { permanent_uuid: "849a30a47cba4abc93bfd2c28a6694ea" member_type: VOTER last_known_addr { host: "127.0.107.253" port: 35525 } } peers { permanent_uuid: "6aabd20c68734cfb9ec18c938c154221" member_type: VOTER last_known_addr { host: "127.0.107.252" port: 33271 } } }
I20260630 12:11:13.157897  1726 sys_catalog.cc:458] T 00000000000000000000000000000000 P ef962a1bd4bb4870b650732236d6e8c8 [sys.catalog]: This master's current role is: FOLLOWER
W20260630 12:11:13.159425  1734 catalog_manager.cc:1594] T 00000000000000000000000000000000 P 6aabd20c68734cfb9ec18c938c154221: loading cluster ID for follower catalog manager: Not found: cluster ID entry not found
W20260630 12:11:13.159775  1734 catalog_manager.cc:883] Not found: cluster ID entry not found: failed to prepare follower catalog manager, will retry
I20260630 12:11:13.159970  1577 sys_catalog.cc:565] T 00000000000000000000000000000000 P ef962a1bd4bb4870b650732236d6e8c8 [sys.catalog]: configured and running, proceeding with master startup.
W20260630 12:11:13.167644  1741 catalog_manager.cc:1594] T 00000000000000000000000000000000 P 849a30a47cba4abc93bfd2c28a6694ea: loading cluster ID for follower catalog manager: Not found: cluster ID entry not found
W20260630 12:11:13.167915  1741 catalog_manager.cc:883] Not found: cluster ID entry not found: failed to prepare follower catalog manager, will retry
I20260630 12:11:13.171424   431 internal_mini_cluster.cc:184] Waiting to initialize catalog manager on master 1
I20260630 12:11:13.171653   431 internal_mini_cluster.cc:184] Waiting to initialize catalog manager on master 2
I20260630 12:11:13.172930   431 file_cache.cc:492] Constructed file cache file cache with capacity 419430
W20260630 12:11:13.174273  1750 catalog_manager.cc:1594] T 00000000000000000000000000000000 P ef962a1bd4bb4870b650732236d6e8c8: loading cluster ID for follower catalog manager: Not found: cluster ID entry not found
W20260630 12:11:13.174523  1750 catalog_manager.cc:883] Not found: cluster ID entry not found: failed to prepare follower catalog manager, will retry
W20260630 12:11:13.178821  1751 instance_detector.cc:116] could not retrieve AWS instance metadata: Network error: curl error: HTTP response code said error: The requested URL returned error: 404
W20260630 12:11:13.179361  1752 instance_detector.cc:116] could not retrieve Azure instance metadata: Network error: curl error: HTTP response code said error: The requested URL returned error: 404
W20260630 12:11:13.181214  1754 instance_detector.cc:116] could not retrieve OpenStack instance metadata: Network error: curl error: HTTP response code said error: The requested URL returned error: 404
I20260630 12:11:13.181386   431 server_base.cc:1061] running on GCE node
I20260630 12:11:13.182183   431 hybrid_clock.cc:584] initializing the hybrid clock with 'system_unsync' time source
W20260630 12:11:13.182376   431 system_unsync_time.cc:38] NTP support is disabled. Clock error bounds will not be accurate. This configuration is not suitable for distributed clusters.
I20260630 12:11:13.182511   431 hybrid_clock.cc:648] HybridClock initialized: now 1782821473182497 us; error 0 us; skew 500 ppm
I20260630 12:11:13.182920   431 server_base.cc:861] Flag tcmalloc_max_total_thread_cache_bytes is not working since tcmalloc is not enabled.
I20260630 12:11:13.184965   431 webserver.cc:533] Webserver started at http://127.0.107.193:46291/ using document root <none> and password file <none>
I20260630 12:11:13.185376   431 fs_manager.cc:362] Metadata directory not provided
I20260630 12:11:13.185525   431 fs_manager.cc:368] Using write-ahead log directory (fs_wal_dir) as metadata directory
I20260630 12:11:13.185725   431 server_base.cc:909] This appears to be a new deployment of Kudu; creating new FS layout
I20260630 12:11:13.186769   431 fs_manager.cc:1068] Generated new instance metadata in path /tmp/dist-test-task2ayOTB/test-tmp/auto_rebalancer-test.0.AutoRebalancerTest.NextLeaderResumesAutoRebalancing.1782821457070136-431-0/minicluster-data/ts-0-root/instance:
uuid: "5f22a16c4393439c9fcf766a78a49774"
format_stamp: "Formatted at 2026-06-30 12:11:13 on dist-test-slave-04br"
I20260630 12:11:13.190781   431 fs_manager.cc:696] Time spent creating directory manager: real 0.004s	user 0.003s	sys 0.001s
I20260630 12:11:13.193620  1759 log_block_manager.cc:4031] Time spent loading block containers with low live blocks: real 0.000s	user 0.000s	sys 0.000s
I20260630 12:11:13.194296   431 fs_manager.cc:730] Time spent opening block manager: real 0.002s	user 0.002s	sys 0.001s
I20260630 12:11:13.194538   431 fs_manager.cc:647] Opened local filesystem: /tmp/dist-test-task2ayOTB/test-tmp/auto_rebalancer-test.0.AutoRebalancerTest.NextLeaderResumesAutoRebalancing.1782821457070136-431-0/minicluster-data/ts-0-root
uuid: "5f22a16c4393439c9fcf766a78a49774"
format_stamp: "Formatted at 2026-06-30 12:11:13 on dist-test-slave-04br"
I20260630 12:11:13.194769   431 fs_report.cc:389] FS layout report
--------------------
wal directory: /tmp/dist-test-task2ayOTB/test-tmp/auto_rebalancer-test.0.AutoRebalancerTest.NextLeaderResumesAutoRebalancing.1782821457070136-431-0/minicluster-data/ts-0-root
metadata directory: /tmp/dist-test-task2ayOTB/test-tmp/auto_rebalancer-test.0.AutoRebalancerTest.NextLeaderResumesAutoRebalancing.1782821457070136-431-0/minicluster-data/ts-0-root
1 data directories: /tmp/dist-test-task2ayOTB/test-tmp/auto_rebalancer-test.0.AutoRebalancerTest.NextLeaderResumesAutoRebalancing.1782821457070136-431-0/minicluster-data/ts-0-root/data
Total live blocks: 0
Total live bytes: 0
Total live bytes (after alignment): 0
Total number of LBM containers: 0 (0 full)
Did not check for missing blocks
Did not check for orphaned blocks
Total full LBM containers with extra space: 0 (0 repaired)
Total full LBM container extra space in bytes: 0 (0 repaired)
Total incomplete LBM containers: 0 (0 repaired)
Total LBM partial records: 0 (0 repaired)
Total corrupted LBM metadata records in RocksDB: 0 (0 repaired)
I20260630 12:11:13.213397   431 rpc_server.cc:225] running with OpenSSL 1.1.1  11 Sep 2018
I20260630 12:11:13.214535   431 kserver.cc:163] Server-wide thread pool size limit: 3276
I20260630 12:11:13.215824   431 txn_system_client.cc:432] TxnSystemClient initialization is disabled...
I20260630 12:11:13.217962   431 ts_tablet_manager.cc:585] Loaded tablet metadata (0 total tablets, 0 live tablets)
I20260630 12:11:13.218176   431 ts_tablet_manager.cc:531] Time spent load tablet metadata: real 0.000s	user 0.000s	sys 0.000s
I20260630 12:11:13.218380   431 ts_tablet_manager.cc:616] Registered 0 tablets
I20260630 12:11:13.218523   431 ts_tablet_manager.cc:595] Time spent register tablets: real 0.000s	user 0.000s	sys 0.000s
I20260630 12:11:13.255424   431 rpc_server.cc:307] RPC server started. Bound to: 127.0.107.193:41971
I20260630 12:11:13.255506  1821 acceptor_pool.cc:272] collecting diagnostics on the listening RPC socket 127.0.107.193:41971 every 8 connection(s)
I20260630 12:11:13.266283   431 file_cache.cc:492] Constructed file cache file cache with capacity 419430
I20260630 12:11:13.274688  1822 heartbeater.cc:344] Connected to a master server at 127.0.107.252:33271
I20260630 12:11:13.275104  1822 heartbeater.cc:461] Registering TS with master...
I20260630 12:11:13.275916  1822 heartbeater.cc:507] Master 127.0.107.252:33271 requested a full tablet report, sending...
I20260630 12:11:13.276209  1823 heartbeater.cc:344] Connected to a master server at 127.0.107.253:35525
I20260630 12:11:13.276611  1823 heartbeater.cc:461] Registering TS with master...
I20260630 12:11:13.277522  1823 heartbeater.cc:507] Master 127.0.107.253:35525 requested a full tablet report, sending...
I20260630 12:11:13.278846  1672 ts_manager.cc:194] Registered new tserver with Master: 5f22a16c4393439c9fcf766a78a49774 (127.0.107.193:41971)
I20260630 12:11:13.281303  1607 ts_manager.cc:194] Registered new tserver with Master: 5f22a16c4393439c9fcf766a78a49774 (127.0.107.193:41971)
W20260630 12:11:13.282979  1830 instance_detector.cc:116] could not retrieve Azure instance metadata: Network error: curl error: HTTP response code said error: The requested URL returned error: 404
W20260630 12:11:13.284193  1829 instance_detector.cc:116] could not retrieve AWS instance metadata: Network error: curl error: HTTP response code said error: The requested URL returned error: 404
I20260630 12:11:13.285524  1824 heartbeater.cc:344] Connected to a master server at 127.0.107.254:39353
I20260630 12:11:13.285924  1824 heartbeater.cc:461] Registering TS with master...
I20260630 12:11:13.286720  1824 heartbeater.cc:507] Master 127.0.107.254:39353 requested a full tablet report, sending...
