I20260630 12:26:07.900368 10269 consensus_queue.cc:237] T 67de9a304652489cbd9af367372c43bb P d4c2c14db7674738aeb36e832cb5466a [LEADER]: Queue going to LEADER mode. State: All replicated index: 0, Majority replicated index: 0, Committed index: 0, Last appended: 0.0, Last appended by leader: 0, Current term: 1, Majority size: 2, State: 0, Mode: LEADER, active raft config: opid_index: -1 OBSOLETE_local: false peers { permanent_uuid: "36e1dfa2c3f642ec986a75ad74112e72" member_type: VOTER last_known_addr { host: "127.6.227.193" port: 46133 } } peers { permanent_uuid: "d4c2c14db7674738aeb36e832cb5466a" member_type: VOTER last_known_addr { host: "127.6.227.194" port: 38151 } } peers { permanent_uuid: "c12b5af67ec5466f8f90b388b93d6d02" member_type: VOTER last_known_addr { host: "127.6.227.196" port: 39753 } }
I20260630 12:26:07.903430 10031 tablet_service.cc:1917] Received RequestConsensusVote() RPC: tablet_id: "ce8b99f4630b4481a5dc1bb5e0ce405c" candidate_uuid: "c12b5af67ec5466f8f90b388b93d6d02" candidate_term: 1 candidate_status { last_received { term: 0 index: 0 } } ignore_live_leader: false dest_uuid: "36e1dfa2c3f642ec986a75ad74112e72" is_pre_election: true
I20260630 12:26:07.905258 10297 leader_election.cc:304] T ce8b99f4630b4481a5dc1bb5e0ce405c P c12b5af67ec5466f8f90b388b93d6d02 [CANDIDATE]: Term 1 pre-election: Election decided. Result: candidate lost. Election summary: received 3 responses out of 3 voters: 1 yes votes; 2 no votes. yes voters: c12b5af67ec5466f8f90b388b93d6d02; no voters: 36e1dfa2c3f642ec986a75ad74112e72, ebd6418bf3cf43c0945bc630ac14b500
I20260630 12:26:07.906209 10398 raft_consensus.cc:3060] T ce8b99f4630b4481a5dc1bb5e0ce405c P c12b5af67ec5466f8f90b388b93d6d02 [term 0 FOLLOWER]: Advancing to term 1
I20260630 12:26:07.907887  9927 catalog_manager.cc:5697] T 67de9a304652489cbd9af367372c43bb P d4c2c14db7674738aeb36e832cb5466a reported cstate change: term changed from 0 to 1, leader changed from <none> to d4c2c14db7674738aeb36e832cb5466a (127.6.227.194). New cstate: current_term: 1 leader_uuid: "d4c2c14db7674738aeb36e832cb5466a" committed_config { opid_index: -1 OBSOLETE_local: false peers { permanent_uuid: "36e1dfa2c3f642ec986a75ad74112e72" member_type: VOTER last_known_addr { host: "127.6.227.193" port: 46133 } health_report { overall_health: UNKNOWN } } peers { permanent_uuid: "d4c2c14db7674738aeb36e832cb5466a" member_type: VOTER last_known_addr { host: "127.6.227.194" port: 38151 } health_report { overall_health: HEALTHY } } peers { permanent_uuid: "c12b5af67ec5466f8f90b388b93d6d02" member_type: VOTER last_known_addr { host: "127.6.227.196" port: 39753 } health_report { overall_health: UNKNOWN } } }
I20260630 12:26:07.909354 10264 raft_consensus.cc:493] T 042ac1692fd54c1ea32923bc5b18e5c5 P ebd6418bf3cf43c0945bc630ac14b500 [term 0 FOLLOWER]: Starting pre-election (no leader contacted us within the election timeout)
I20260630 12:26:07.909826 10264 raft_consensus.cc:515] T 042ac1692fd54c1ea32923bc5b18e5c5 P ebd6418bf3cf43c0945bc630ac14b500 [term 0 FOLLOWER]: Starting pre-election with config: opid_index: -1 OBSOLETE_local: false peers { permanent_uuid: "d4c2c14db7674738aeb36e832cb5466a" member_type: VOTER last_known_addr { host: "127.6.227.194" port: 38151 } } peers { permanent_uuid: "c12b5af67ec5466f8f90b388b93d6d02" member_type: VOTER last_known_addr { host: "127.6.227.196" port: 39753 } } peers { permanent_uuid: "ebd6418bf3cf43c0945bc630ac14b500" member_type: VOTER last_known_addr { host: "127.6.227.195" port: 34227 } }
I20260630 12:26:07.913089 10264 leader_election.cc:290] T 042ac1692fd54c1ea32923bc5b18e5c5 P ebd6418bf3cf43c0945bc630ac14b500 [CANDIDATE]: Term 1 pre-election: Requested pre-vote from peers d4c2c14db7674738aeb36e832cb5466a (127.6.227.194:38151), c12b5af67ec5466f8f90b388b93d6d02 (127.6.227.196:39753)
I20260630 12:26:07.913869 10398 raft_consensus.cc:2749] T ce8b99f4630b4481a5dc1bb5e0ce405c P c12b5af67ec5466f8f90b388b93d6d02 [term 1 FOLLOWER]: Leader pre-election lost for term 1. Reason: could not achieve majority
I20260630 12:26:07.913906 10107 tablet_service.cc:1917] Received RequestConsensusVote() RPC: tablet_id: "042ac1692fd54c1ea32923bc5b18e5c5" candidate_uuid: "ebd6418bf3cf43c0945bc630ac14b500" candidate_term: 1 candidate_status { last_received { term: 0 index: 0 } } ignore_live_leader: false dest_uuid: "d4c2c14db7674738aeb36e832cb5466a" is_pre_election: true
I20260630 12:26:07.915156 10107 raft_consensus.cc:2468] T 042ac1692fd54c1ea32923bc5b18e5c5 P d4c2c14db7674738aeb36e832cb5466a [term 0 FOLLOWER]: Leader pre-election vote request: Granting yes vote for candidate ebd6418bf3cf43c0945bc630ac14b500 in term 0.
I20260630 12:26:07.916414 10147 leader_election.cc:304] T 042ac1692fd54c1ea32923bc5b18e5c5 P ebd6418bf3cf43c0945bc630ac14b500 [CANDIDATE]: Term 1 pre-election: Election decided. Result: candidate won. Election summary: received 2 responses out of 3 voters: 2 yes votes; 0 no votes. yes voters: d4c2c14db7674738aeb36e832cb5466a, ebd6418bf3cf43c0945bc630ac14b500; no voters: 
I20260630 12:26:07.918716 10264 raft_consensus.cc:2804] T 042ac1692fd54c1ea32923bc5b18e5c5 P ebd6418bf3cf43c0945bc630ac14b500 [term 0 FOLLOWER]: Leader pre-election won for term 1
I20260630 12:26:07.919104 10234 raft_consensus.cc:493] T fdbd5ed1693e4b488b32545e37157313 P 36e1dfa2c3f642ec986a75ad74112e72 [term 0 FOLLOWER]: Starting pre-election (no leader contacted us within the election timeout)
I20260630 12:26:07.919164 10264 raft_consensus.cc:493] T 042ac1692fd54c1ea32923bc5b18e5c5 P ebd6418bf3cf43c0945bc630ac14b500 [term 0 FOLLOWER]: Starting leader election (no leader contacted us within the election timeout)
I20260630 12:26:07.919813 10264 raft_consensus.cc:3060] T 042ac1692fd54c1ea32923bc5b18e5c5 P ebd6418bf3cf43c0945bc630ac14b500 [term 0 FOLLOWER]: Advancing to term 1
I20260630 12:26:07.919710 10234 raft_consensus.cc:515] T fdbd5ed1693e4b488b32545e37157313 P 36e1dfa2c3f642ec986a75ad74112e72 [term 0 FOLLOWER]: Starting pre-election with config: opid_index: -1 OBSOLETE_local: false peers { permanent_uuid: "d4c2c14db7674738aeb36e832cb5466a" member_type: VOTER last_known_addr { host: "127.6.227.194" port: 38151 } } peers { permanent_uuid: "36e1dfa2c3f642ec986a75ad74112e72" member_type: VOTER last_known_addr { host: "127.6.227.193" port: 46133 } } peers { permanent_uuid: "c12b5af67ec5466f8f90b388b93d6d02" member_type: VOTER last_known_addr { host: "127.6.227.196" port: 39753 } }
I20260630 12:26:07.922803 10234 leader_election.cc:290] T fdbd5ed1693e4b488b32545e37157313 P 36e1dfa2c3f642ec986a75ad74112e72 [CANDIDATE]: Term 1 pre-election: Requested pre-vote from peers d4c2c14db7674738aeb36e832cb5466a (127.6.227.194:38151), c12b5af67ec5466f8f90b388b93d6d02 (127.6.227.196:39753)
I20260630 12:26:07.922725 10107 tablet_service.cc:1917] Received RequestConsensusVote() RPC: tablet_id: "fdbd5ed1693e4b488b32545e37157313" candidate_uuid: "36e1dfa2c3f642ec986a75ad74112e72" candidate_term: 1 candidate_status { last_received { term: 0 index: 0 } } ignore_live_leader: false dest_uuid: "d4c2c14db7674738aeb36e832cb5466a" is_pre_election: true
I20260630 12:26:07.923484 10107 raft_consensus.cc:2468] T fdbd5ed1693e4b488b32545e37157313 P d4c2c14db7674738aeb36e832cb5466a [term 0 FOLLOWER]: Leader pre-election vote request: Granting yes vote for candidate 36e1dfa2c3f642ec986a75ad74112e72 in term 0.
I20260630 12:26:07.923601 10330 tablet_service.cc:1917] Received RequestConsensusVote() RPC: tablet_id: "fdbd5ed1693e4b488b32545e37157313" candidate_uuid: "36e1dfa2c3f642ec986a75ad74112e72" candidate_term: 1 candidate_status { last_received { term: 0 index: 0 } } ignore_live_leader: false dest_uuid: "c12b5af67ec5466f8f90b388b93d6d02" is_pre_election: true
I20260630 12:26:07.924227 10330 raft_consensus.cc:2468] T fdbd5ed1693e4b488b32545e37157313 P c12b5af67ec5466f8f90b388b93d6d02 [term 0 FOLLOWER]: Leader pre-election vote request: Granting yes vote for candidate 36e1dfa2c3f642ec986a75ad74112e72 in term 0.
I20260630 12:26:07.924616  9998 leader_election.cc:304] T fdbd5ed1693e4b488b32545e37157313 P 36e1dfa2c3f642ec986a75ad74112e72 [CANDIDATE]: Term 1 pre-election: Election decided. Result: candidate won. Election summary: received 2 responses out of 3 voters: 2 yes votes; 0 no votes. yes voters: 36e1dfa2c3f642ec986a75ad74112e72, d4c2c14db7674738aeb36e832cb5466a; no voters: 
I20260630 12:26:07.925743 10234 raft_consensus.cc:2804] T fdbd5ed1693e4b488b32545e37157313 P 36e1dfa2c3f642ec986a75ad74112e72 [term 0 FOLLOWER]: Leader pre-election won for term 1
I20260630 12:26:07.926146 10234 raft_consensus.cc:493] T fdbd5ed1693e4b488b32545e37157313 P 36e1dfa2c3f642ec986a75ad74112e72 [term 0 FOLLOWER]: Starting leader election (no leader contacted us within the election timeout)
I20260630 12:26:07.926535 10234 raft_consensus.cc:3060] T fdbd5ed1693e4b488b32545e37157313 P 36e1dfa2c3f642ec986a75ad74112e72 [term 0 FOLLOWER]: Advancing to term 1
I20260630 12:26:07.930979 10264 raft_consensus.cc:515] T 042ac1692fd54c1ea32923bc5b18e5c5 P ebd6418bf3cf43c0945bc630ac14b500 [term 1 FOLLOWER]: Starting leader election with config: opid_index: -1 OBSOLETE_local: false peers { permanent_uuid: "d4c2c14db7674738aeb36e832cb5466a" member_type: VOTER last_known_addr { host: "127.6.227.194" port: 38151 } } peers { permanent_uuid: "c12b5af67ec5466f8f90b388b93d6d02" member_type: VOTER last_known_addr { host: "127.6.227.196" port: 39753 } } peers { permanent_uuid: "ebd6418bf3cf43c0945bc630ac14b500" member_type: VOTER last_known_addr { host: "127.6.227.195" port: 34227 } }
I20260630 12:26:07.933145 10234 raft_consensus.cc:515] T fdbd5ed1693e4b488b32545e37157313 P 36e1dfa2c3f642ec986a75ad74112e72 [term 1 FOLLOWER]: Starting leader election with config: opid_index: -1 OBSOLETE_local: false peers { permanent_uuid: "d4c2c14db7674738aeb36e832cb5466a" member_type: VOTER last_known_addr { host: "127.6.227.194" port: 38151 } } peers { permanent_uuid: "36e1dfa2c3f642ec986a75ad74112e72" member_type: VOTER last_known_addr { host: "127.6.227.193" port: 46133 } } peers { permanent_uuid: "c12b5af67ec5466f8f90b388b93d6d02" member_type: VOTER last_known_addr { host: "127.6.227.196" port: 39753 } }
I20260630 12:26:07.933794 10107 tablet_service.cc:1917] Received RequestConsensusVote() RPC: tablet_id: "042ac1692fd54c1ea32923bc5b18e5c5" candidate_uuid: "ebd6418bf3cf43c0945bc630ac14b500" candidate_term: 1 candidate_status { last_received { term: 0 index: 0 } } ignore_live_leader: false dest_uuid: "d4c2c14db7674738aeb36e832cb5466a"
I20260630 12:26:07.934474 10107 raft_consensus.cc:3060] T 042ac1692fd54c1ea32923bc5b18e5c5 P d4c2c14db7674738aeb36e832cb5466a [term 0 FOLLOWER]: Advancing to term 1
I20260630 12:26:07.935129 10331 tablet_service.cc:1917] Received RequestConsensusVote() RPC: tablet_id: "042ac1692fd54c1ea32923bc5b18e5c5" candidate_uuid: "ebd6418bf3cf43c0945bc630ac14b500" candidate_term: 1 candidate_status { last_received { term: 0 index: 0 } } ignore_live_leader: false dest_uuid: "c12b5af67ec5466f8f90b388b93d6d02"
I20260630 12:26:07.935751 10331 raft_consensus.cc:3060] T 042ac1692fd54c1ea32923bc5b18e5c5 P c12b5af67ec5466f8f90b388b93d6d02 [term 0 FOLLOWER]: Advancing to term 1
I20260630 12:26:07.936108 10234 leader_election.cc:290] T fdbd5ed1693e4b488b32545e37157313 P 36e1dfa2c3f642ec986a75ad74112e72 [CANDIDATE]: Term 1 election: Requested vote from peers d4c2c14db7674738aeb36e832cb5466a (127.6.227.194:38151), c12b5af67ec5466f8f90b388b93d6d02 (127.6.227.196:39753)
I20260630 12:26:07.937316 10329 tablet_service.cc:1917] Received RequestConsensusVote() RPC: tablet_id: "fdbd5ed1693e4b488b32545e37157313" candidate_uuid: "36e1dfa2c3f642ec986a75ad74112e72" candidate_term: 1 candidate_status { last_received { term: 0 index: 0 } } ignore_live_leader: false dest_uuid: "c12b5af67ec5466f8f90b388b93d6d02"
I20260630 12:26:07.937899 10329 raft_consensus.cc:3060] T fdbd5ed1693e4b488b32545e37157313 P c12b5af67ec5466f8f90b388b93d6d02 [term 0 FOLLOWER]: Advancing to term 1
I20260630 12:26:07.938294 10106 tablet_service.cc:1917] Received RequestConsensusVote() RPC: tablet_id: "fdbd5ed1693e4b488b32545e37157313" candidate_uuid: "36e1dfa2c3f642ec986a75ad74112e72" candidate_term: 1 candidate_status { last_received { term: 0 index: 0 } } ignore_live_leader: false dest_uuid: "d4c2c14db7674738aeb36e832cb5466a"
I20260630 12:26:07.938957 10106 raft_consensus.cc:3060] T fdbd5ed1693e4b488b32545e37157313 P d4c2c14db7674738aeb36e832cb5466a [term 0 FOLLOWER]: Advancing to term 1
I20260630 12:26:07.942667 10331 raft_consensus.cc:2468] T 042ac1692fd54c1ea32923bc5b18e5c5 P c12b5af67ec5466f8f90b388b93d6d02 [term 1 FOLLOWER]: Leader election vote request: Granting yes vote for candidate ebd6418bf3cf43c0945bc630ac14b500 in term 1.
I20260630 12:26:07.943876 10148 leader_election.cc:304] T 042ac1692fd54c1ea32923bc5b18e5c5 P ebd6418bf3cf43c0945bc630ac14b500 [CANDIDATE]: Term 1 election: Election decided. Result: candidate won. Election summary: received 2 responses out of 3 voters: 2 yes votes; 0 no votes. yes voters: c12b5af67ec5466f8f90b388b93d6d02, ebd6418bf3cf43c0945bc630ac14b500; no voters: 
I20260630 12:26:07.933851 10330 tablet_service.cc:1917] Received RequestConsensusVote() RPC: tablet_id: "042ac1692fd54c1ea32923bc5b18e5c5" candidate_uuid: "ebd6418bf3cf43c0945bc630ac14b500" candidate_term: 1 candidate_status { last_received { term: 0 index: 0 } } ignore_live_leader: false dest_uuid: "c12b5af67ec5466f8f90b388b93d6d02" is_pre_election: true
I20260630 12:26:07.944691 10365 raft_consensus.cc:2804] T 042ac1692fd54c1ea32923bc5b18e5c5 P ebd6418bf3cf43c0945bc630ac14b500 [term 1 FOLLOWER]: Leader election won for term 1
I20260630 12:26:07.945056 10330 raft_consensus.cc:2376] T 042ac1692fd54c1ea32923bc5b18e5c5 P c12b5af67ec5466f8f90b388b93d6d02 [term 1 FOLLOWER]: Leader pre-election vote request: Already granted yes vote for candidate ebd6418bf3cf43c0945bc630ac14b500 in term 1. Re-sending same reply.
I20260630 12:26:07.935238 10264 leader_election.cc:290] T 042ac1692fd54c1ea32923bc5b18e5c5 P ebd6418bf3cf43c0945bc630ac14b500 [CANDIDATE]: Term 1 election: Requested vote from peers d4c2c14db7674738aeb36e832cb5466a (127.6.227.194:38151), c12b5af67ec5466f8f90b388b93d6d02 (127.6.227.196:39753)
I20260630 12:26:07.946983 10106 raft_consensus.cc:2468] T fdbd5ed1693e4b488b32545e37157313 P d4c2c14db7674738aeb36e832cb5466a [term 1 FOLLOWER]: Leader election vote request: Granting yes vote for candidate 36e1dfa2c3f642ec986a75ad74112e72 in term 1.
I20260630 12:26:07.944697 10329 raft_consensus.cc:2468] T fdbd5ed1693e4b488b32545e37157313 P c12b5af67ec5466f8f90b388b93d6d02 [term 1 FOLLOWER]: Leader election vote request: Granting yes vote for candidate 36e1dfa2c3f642ec986a75ad74112e72 in term 1.
I20260630 12:26:07.948305  9998 leader_election.cc:304] T fdbd5ed1693e4b488b32545e37157313 P 36e1dfa2c3f642ec986a75ad74112e72 [CANDIDATE]: Term 1 election: Election decided. Result: candidate won. Election summary: received 2 responses out of 3 voters: 2 yes votes; 0 no votes. yes voters: 36e1dfa2c3f642ec986a75ad74112e72, d4c2c14db7674738aeb36e832cb5466a; no voters: 
I20260630 12:26:07.949451 10234 raft_consensus.cc:2804] T fdbd5ed1693e4b488b32545e37157313 P 36e1dfa2c3f642ec986a75ad74112e72 [term 1 FOLLOWER]: Leader election won for term 1
I20260630 12:26:07.950001 10107 raft_consensus.cc:2468] T 042ac1692fd54c1ea32923bc5b18e5c5 P d4c2c14db7674738aeb36e832cb5466a [term 1 FOLLOWER]: Leader election vote request: Granting yes vote for candidate ebd6418bf3cf43c0945bc630ac14b500 in term 1.
I20260630 12:26:07.950070 10234 raft_consensus.cc:697] T fdbd5ed1693e4b488b32545e37157313 P 36e1dfa2c3f642ec986a75ad74112e72 [term 1 LEADER]: Becoming Leader. State: Replica: 36e1dfa2c3f642ec986a75ad74112e72, State: Running, Role: LEADER
I20260630 12:26:07.951578 10365 raft_consensus.cc:697] T 042ac1692fd54c1ea32923bc5b18e5c5 P ebd6418bf3cf43c0945bc630ac14b500 [term 1 LEADER]: Becoming Leader. State: Replica: ebd6418bf3cf43c0945bc630ac14b500, State: Running, Role: LEADER
I20260630 12:26:07.951725 10234 consensus_queue.cc:237] T fdbd5ed1693e4b488b32545e37157313 P 36e1dfa2c3f642ec986a75ad74112e72 [LEADER]: Queue going to LEADER mode. State: All replicated index: 0, Majority replicated index: 0, Committed index: 0, Last appended: 0.0, Last appended by leader: 0, Current term: 1, Majority size: 2, State: 0, Mode: LEADER, active raft config: opid_index: -1 OBSOLETE_local: false peers { permanent_uuid: "d4c2c14db7674738aeb36e832cb5466a" member_type: VOTER last_known_addr { host: "127.6.227.194" port: 38151 } } peers { permanent_uuid: "36e1dfa2c3f642ec986a75ad74112e72" member_type: VOTER last_known_addr { host: "127.6.227.193" port: 46133 } } peers { permanent_uuid: "c12b5af67ec5466f8f90b388b93d6d02" member_type: VOTER last_known_addr { host: "127.6.227.196" port: 39753 } }
I20260630 12:26:07.952435 10365 consensus_queue.cc:237] T 042ac1692fd54c1ea32923bc5b18e5c5 P ebd6418bf3cf43c0945bc630ac14b500 [LEADER]: Queue going to LEADER mode. State: All replicated index: 0, Majority replicated index: 0, Committed index: 0, Last appended: 0.0, Last appended by leader: 0, Current term: 1, Majority size: 2, State: 0, Mode: LEADER, active raft config: opid_index: -1 OBSOLETE_local: false peers { permanent_uuid: "d4c2c14db7674738aeb36e832cb5466a" member_type: VOTER last_known_addr { host: "127.6.227.194" port: 38151 } } peers { permanent_uuid: "c12b5af67ec5466f8f90b388b93d6d02" member_type: VOTER last_known_addr { host: "127.6.227.196" port: 39753 } } peers { permanent_uuid: "ebd6418bf3cf43c0945bc630ac14b500" member_type: VOTER last_known_addr { host: "127.6.227.195" port: 34227 } }
I20260630 12:26:07.959717  9927 catalog_manager.cc:5697] T fdbd5ed1693e4b488b32545e37157313 P 36e1dfa2c3f642ec986a75ad74112e72 reported cstate change: term changed from 0 to 1, leader changed from <none> to 36e1dfa2c3f642ec986a75ad74112e72 (127.6.227.193). New cstate: current_term: 1 leader_uuid: "36e1dfa2c3f642ec986a75ad74112e72" committed_config { opid_index: -1 OBSOLETE_local: false peers { permanent_uuid: "d4c2c14db7674738aeb36e832cb5466a" member_type: VOTER last_known_addr { host: "127.6.227.194" port: 38151 } health_report { overall_health: UNKNOWN } } peers { permanent_uuid: "36e1dfa2c3f642ec986a75ad74112e72" member_type: VOTER last_known_addr { host: "127.6.227.193" port: 46133 } health_report { overall_health: HEALTHY } } peers { permanent_uuid: "c12b5af67ec5466f8f90b388b93d6d02" member_type: VOTER last_known_addr { host: "127.6.227.196" port: 39753 } health_report { overall_health: UNKNOWN } } }
I20260630 12:26:07.960804  9931 catalog_manager.cc:5697] T 042ac1692fd54c1ea32923bc5b18e5c5 P ebd6418bf3cf43c0945bc630ac14b500 reported cstate change: term changed from 0 to 1, leader changed from <none> to ebd6418bf3cf43c0945bc630ac14b500 (127.6.227.195). New cstate: current_term: 1 leader_uuid: "ebd6418bf3cf43c0945bc630ac14b500" committed_config { opid_index: -1 OBSOLETE_local: false peers { permanent_uuid: "d4c2c14db7674738aeb36e832cb5466a" member_type: VOTER last_known_addr { host: "127.6.227.194" port: 38151 } health_report { overall_health: UNKNOWN } } peers { permanent_uuid: "c12b5af67ec5466f8f90b388b93d6d02" member_type: VOTER last_known_addr { host: "127.6.227.196" port: 39753 } health_report { overall_health: UNKNOWN } } peers { permanent_uuid: "ebd6418bf3cf43c0945bc630ac14b500" member_type: VOTER last_known_addr { host: "127.6.227.195" port: 34227 } health_report { overall_health: HEALTHY } } }
W20260630 12:26:07.963443  9918 catalog_manager.cc:4810] Async tablet task AlterTable RPC for tablet fdbd5ed1693e4b488b32545e37157313 (table range_aware_rebalance_new_range [id=fadc16c76dc4417683175e17ce549f0f], current schema version=0) failed: Not found: failed to reset TS proxy: No leader found: Tablet fdbd5ed1693e4b488b32545e37157313 consensus state has no leader
I20260630 12:26:07.986371 10329 raft_consensus.cc:3060] T 5e4908687dbc4d249c6502013c5f1bbd P c12b5af67ec5466f8f90b388b93d6d02 [term 0 FOLLOWER]: Advancing to term 1
I20260630 12:26:07.994087 10274 consensus_queue.cc:1048] T 5e4908687dbc4d249c6502013c5f1bbd P d4c2c14db7674738aeb36e832cb5466a [LEADER]: Connected to new peer: Peer: permanent_uuid: "c12b5af67ec5466f8f90b388b93d6d02" member_type: VOTER last_known_addr { host: "127.6.227.196" port: 39753 }, Status: LMP_MISMATCH, Last received: 0.0, Next index: 1, Last known committed idx: 0, Time since last communication: 0.000s
I20260630 12:26:08.007683 10274 consensus_queue.cc:1048] T 5e4908687dbc4d249c6502013c5f1bbd P d4c2c14db7674738aeb36e832cb5466a [LEADER]: Connected to new peer: Peer: permanent_uuid: "36e1dfa2c3f642ec986a75ad74112e72" member_type: VOTER last_known_addr { host: "127.6.227.193" port: 46133 }, Status: LMP_MISMATCH, Last received: 0.0, Next index: 1, Last known committed idx: 0, Time since last communication: 0.000s
I20260630 12:26:08.095512 10234 consensus_queue.cc:1048] T ce8b99f4630b4481a5dc1bb5e0ce405c P 36e1dfa2c3f642ec986a75ad74112e72 [LEADER]: Connected to new peer: Peer: permanent_uuid: "ebd6418bf3cf43c0945bc630ac14b500" member_type: VOTER last_known_addr { host: "127.6.227.195" port: 34227 }, Status: LMP_MISMATCH, Last received: 0.0, Next index: 1, Last known committed idx: 0, Time since last communication: 0.000s
I20260630 12:26:08.105208 10377 consensus_queue.cc:1048] T ce8b99f4630b4481a5dc1bb5e0ce405c P 36e1dfa2c3f642ec986a75ad74112e72 [LEADER]: Connected to new peer: Peer: permanent_uuid: "c12b5af67ec5466f8f90b388b93d6d02" member_type: VOTER last_known_addr { host: "127.6.227.196" port: 39753 }, Status: LMP_MISMATCH, Last received: 0.0, Next index: 1, Last known committed idx: 0, Time since last communication: 0.000s
I20260630 12:26:08.169907 10274 consensus_queue.cc:1048] T 347a3ed37ccf4b90ac63baf8f3c09616 P d4c2c14db7674738aeb36e832cb5466a [LEADER]: Connected to new peer: Peer: permanent_uuid: "ebd6418bf3cf43c0945bc630ac14b500" member_type: VOTER last_known_addr { host: "127.6.227.195" port: 34227 }, Status: LMP_MISMATCH, Last received: 0.0, Next index: 1, Last known committed idx: 0, Time since last communication: 0.000s
I20260630 12:26:08.179993 10390 consensus_queue.cc:1048] T 347a3ed37ccf4b90ac63baf8f3c09616 P d4c2c14db7674738aeb36e832cb5466a [LEADER]: Connected to new peer: Peer: permanent_uuid: "c12b5af67ec5466f8f90b388b93d6d02" member_type: VOTER last_known_addr { host: "127.6.227.196" port: 39753 }, Status: LMP_MISMATCH, Last received: 0.0, Next index: 1, Last known committed idx: 0, Time since last communication: 0.000s
I20260630 12:26:08.267789 10377 consensus_queue.cc:1048] T 96b0b63811ae4dd3886e0a3c6f471477 P 36e1dfa2c3f642ec986a75ad74112e72 [LEADER]: Connected to new peer: Peer: permanent_uuid: "c12b5af67ec5466f8f90b388b93d6d02" member_type: VOTER last_known_addr { host: "127.6.227.196" port: 39753 }, Status: LMP_MISMATCH, Last received: 0.0, Next index: 1, Last known committed idx: 0, Time since last communication: 0.000s
I20260630 12:26:08.280151 10423 consensus_queue.cc:1048] T 96b0b63811ae4dd3886e0a3c6f471477 P 36e1dfa2c3f642ec986a75ad74112e72 [LEADER]: Connected to new peer: Peer: permanent_uuid: "ebd6418bf3cf43c0945bc630ac14b500" member_type: VOTER last_known_addr { host: "127.6.227.195" port: 34227 }, Status: LMP_MISMATCH, Last received: 0.0, Next index: 1, Last known committed idx: 0, Time since last communication: 0.000s
I20260630 12:26:08.318627 10423 consensus_queue.cc:1048] T 804e1255bdb4482ba9c82ecc8fbb27bc P 36e1dfa2c3f642ec986a75ad74112e72 [LEADER]: Connected to new peer: Peer: permanent_uuid: "c12b5af67ec5466f8f90b388b93d6d02" member_type: VOTER last_known_addr { host: "127.6.227.196" port: 39753 }, Status: LMP_MISMATCH, Last received: 0.0, Next index: 1, Last known committed idx: 0, Time since last communication: 0.000s
I20260630 12:26:08.329043 10234 consensus_queue.cc:1048] T 804e1255bdb4482ba9c82ecc8fbb27bc P 36e1dfa2c3f642ec986a75ad74112e72 [LEADER]: Connected to new peer: Peer: permanent_uuid: "ebd6418bf3cf43c0945bc630ac14b500" member_type: VOTER last_known_addr { host: "127.6.227.195" port: 34227 }, Status: LMP_MISMATCH, Last received: 0.0, Next index: 1, Last known committed idx: 0, Time since last communication: 0.000s
I20260630 12:26:08.336568  9984 auto_leader_rebalancer.cc:141] leader rebalance for table range_aware_rebalance_new_range
I20260630 12:26:08.358330 10390 consensus_queue.cc:1048] T 67de9a304652489cbd9af367372c43bb P d4c2c14db7674738aeb36e832cb5466a [LEADER]: Connected to new peer: Peer: permanent_uuid: "36e1dfa2c3f642ec986a75ad74112e72" member_type: VOTER last_known_addr { host: "127.6.227.193" port: 46133 }, Status: LMP_MISMATCH, Last received: 0.0, Next index: 1, Last known committed idx: 0, Time since last communication: 0.000s
I20260630 12:26:08.372331 10107 tablet_service.cc:2072] Received LeaderStepDown RPC: tablet_id: "67de9a304652489cbd9af367372c43bb"
dest_uuid: "d4c2c14db7674738aeb36e832cb5466a"
mode: GRACEFUL
new_leader_uuid: "c12b5af67ec5466f8f90b388b93d6d02"
 from {username='slave'} at 127.0.0.1:40630
I20260630 12:26:08.373032 10107 raft_consensus.cc:606] T 67de9a304652489cbd9af367372c43bb P d4c2c14db7674738aeb36e832cb5466a [term 1 LEADER]: Received request to transfer leadership to TS c12b5af67ec5466f8f90b388b93d6d02
I20260630 12:26:08.377130 10269 consensus_queue.cc:1048] T 67de9a304652489cbd9af367372c43bb P d4c2c14db7674738aeb36e832cb5466a [LEADER]: Connected to new peer: Peer: permanent_uuid: "c12b5af67ec5466f8f90b388b93d6d02" member_type: VOTER last_known_addr { host: "127.6.227.196" port: 39753 }, Status: LMP_MISMATCH, Last received: 0.0, Next index: 1, Last known committed idx: 0, Time since last communication: 0.000s
I20260630 12:26:08.385255 10274 raft_consensus.cc:993] T 67de9a304652489cbd9af367372c43bb P d4c2c14db7674738aeb36e832cb5466a: : Instructing follower c12b5af67ec5466f8f90b388b93d6d02 to start an election
I20260630 12:26:08.385789 10269 raft_consensus.cc:1081] T 67de9a304652489cbd9af367372c43bb P d4c2c14db7674738aeb36e832cb5466a [term 1 LEADER]: Signalling peer c12b5af67ec5466f8f90b388b93d6d02 to start an election
I20260630 12:26:08.385882 10181 tablet_service.cc:2072] Received LeaderStepDown RPC: tablet_id: "68c2cc27524942eda2274b2144bb8e7d"
dest_uuid: "ebd6418bf3cf43c0945bc630ac14b500"
mode: GRACEFUL
new_leader_uuid: "d4c2c14db7674738aeb36e832cb5466a"
 from {username='slave'} at 127.0.0.1:47412
I20260630 12:26:08.386410 10181 raft_consensus.cc:606] T 68c2cc27524942eda2274b2144bb8e7d P ebd6418bf3cf43c0945bc630ac14b500 [term 1 LEADER]: Received request to transfer leadership to TS d4c2c14db7674738aeb36e832cb5466a
I20260630 12:26:08.387780 10329 tablet_service.cc:2044] Received Run Leader Election RPC: tablet_id: "67de9a304652489cbd9af367372c43bb"
dest_uuid: "c12b5af67ec5466f8f90b388b93d6d02"
 from {username='slave'} at 127.0.0.1:42128
I20260630 12:26:08.388396 10329 raft_consensus.cc:493] T 67de9a304652489cbd9af367372c43bb P c12b5af67ec5466f8f90b388b93d6d02 [term 1 FOLLOWER]: Starting forced leader election (received explicit request)
I20260630 12:26:08.388695 10329 raft_consensus.cc:3060] T 67de9a304652489cbd9af367372c43bb P c12b5af67ec5466f8f90b388b93d6d02 [term 1 FOLLOWER]: Advancing to term 2
I20260630 12:26:08.389428 10107 tablet_service.cc:2072] Received LeaderStepDown RPC: tablet_id: "c24a6c54a9e04d11903d871ce8f6a181"
dest_uuid: "d4c2c14db7674738aeb36e832cb5466a"
mode: GRACEFUL
new_leader_uuid: "36e1dfa2c3f642ec986a75ad74112e72"
 from {username='slave'} at 127.0.0.1:40630
I20260630 12:26:08.389982 10107 raft_consensus.cc:606] T c24a6c54a9e04d11903d871ce8f6a181 P d4c2c14db7674738aeb36e832cb5466a [term 1 LEADER]: Received request to transfer leadership to TS 36e1dfa2c3f642ec986a75ad74112e72
I20260630 12:26:08.392839 10181 tablet_service.cc:2072] Received LeaderStepDown RPC: tablet_id: "e45156cdf3f44e9da21d6dbdc8af161c"
dest_uuid: "ebd6418bf3cf43c0945bc630ac14b500"
mode: GRACEFUL
new_leader_uuid: "36e1dfa2c3f642ec986a75ad74112e72"
 from {username='slave'} at 127.0.0.1:47412
I20260630 12:26:08.393378 10181 raft_consensus.cc:606] T e45156cdf3f44e9da21d6dbdc8af161c P ebd6418bf3cf43c0945bc630ac14b500 [term 1 LEADER]: Received request to transfer leadership to TS 36e1dfa2c3f642ec986a75ad74112e72
I20260630 12:26:08.394565  9984 auto_leader_rebalancer.cc:440] table: range_aware_rebalance_new_range, leader rebalance finish, leader transfer count: 4
I20260630 12:26:08.395221  9984 auto_leader_rebalancer.cc:515] All tables' leader rebalancing finished this round
I20260630 12:26:08.395151 10329 raft_consensus.cc:515] T 67de9a304652489cbd9af367372c43bb P c12b5af67ec5466f8f90b388b93d6d02 [term 2 FOLLOWER]: Starting forced leader election with config: opid_index: -1 OBSOLETE_local: false peers { permanent_uuid: "36e1dfa2c3f642ec986a75ad74112e72" member_type: VOTER last_known_addr { host: "127.6.227.193" port: 46133 } } peers { permanent_uuid: "d4c2c14db7674738aeb36e832cb5466a" member_type: VOTER last_known_addr { host: "127.6.227.194" port: 38151 } } peers { permanent_uuid: "c12b5af67ec5466f8f90b388b93d6d02" member_type: VOTER last_known_addr { host: "127.6.227.196" port: 39753 } }
I20260630 12:26:08.397990 10031 tablet_service.cc:1917] Received RequestConsensusVote() RPC: tablet_id: "67de9a304652489cbd9af367372c43bb" candidate_uuid: "c12b5af67ec5466f8f90b388b93d6d02" candidate_term: 2 candidate_status { last_received { term: 1 index: 1 } } ignore_live_leader: true dest_uuid: "36e1dfa2c3f642ec986a75ad74112e72"
I20260630 12:26:08.398233 10329 leader_election.cc:290] T 67de9a304652489cbd9af367372c43bb P c12b5af67ec5466f8f90b388b93d6d02 [CANDIDATE]: Term 2 election: Requested vote from peers 36e1dfa2c3f642ec986a75ad74112e72 (127.6.227.193:46133), d4c2c14db7674738aeb36e832cb5466a (127.6.227.194:38151)
I20260630 12:26:08.398590 10031 raft_consensus.cc:3060] T 67de9a304652489cbd9af367372c43bb P 36e1dfa2c3f642ec986a75ad74112e72 [term 1 FOLLOWER]: Advancing to term 2
I20260630 12:26:08.403067 10031 raft_consensus.cc:2468] T 67de9a304652489cbd9af367372c43bb P 36e1dfa2c3f642ec986a75ad74112e72 [term 2 FOLLOWER]: Leader election vote request: Granting yes vote for candidate c12b5af67ec5466f8f90b388b93d6d02 in term 2.
I20260630 12:26:08.404155 10297 leader_election.cc:304] T 67de9a304652489cbd9af367372c43bb P c12b5af67ec5466f8f90b388b93d6d02 [CANDIDATE]: Term 2 election: Election decided. Result: candidate won. Election summary: received 2 responses out of 3 voters: 2 yes votes; 0 no votes. yes voters: 36e1dfa2c3f642ec986a75ad74112e72, c12b5af67ec5466f8f90b388b93d6d02; no voters: 
I20260630 12:26:08.405002 10398 raft_consensus.cc:2804] T 67de9a304652489cbd9af367372c43bb P c12b5af67ec5466f8f90b388b93d6d02 [term 2 FOLLOWER]: Leader election won for term 2
I20260630 12:26:08.406265 10398 raft_consensus.cc:697] T 67de9a304652489cbd9af367372c43bb P c12b5af67ec5466f8f90b388b93d6d02 [term 2 LEADER]: Becoming Leader. State: Replica: c12b5af67ec5466f8f90b388b93d6d02, State: Running, Role: LEADER
I20260630 12:26:08.407106 10398 consensus_queue.cc:237] T 67de9a304652489cbd9af367372c43bb P c12b5af67ec5466f8f90b388b93d6d02 [LEADER]: Queue going to LEADER mode. State: All replicated index: 0, Majority replicated index: 1, Committed index: 1, Last appended: 1.1, Last appended by leader: 1, Current term: 2, Majority size: 2, State: 0, Mode: LEADER, active raft config: opid_index: -1 OBSOLETE_local: false peers { permanent_uuid: "36e1dfa2c3f642ec986a75ad74112e72" member_type: VOTER last_known_addr { host: "127.6.227.193" port: 46133 } } peers { permanent_uuid: "d4c2c14db7674738aeb36e832cb5466a" member_type: VOTER last_known_addr { host: "127.6.227.194" port: 38151 } } peers { permanent_uuid: "c12b5af67ec5466f8f90b388b93d6d02" member_type: VOTER last_known_addr { host: "127.6.227.196" port: 39753 } }
I20260630 12:26:08.412854 10107 tablet_service.cc:1917] Received RequestConsensusVote() RPC: tablet_id: "67de9a304652489cbd9af367372c43bb" candidate_uuid: "c12b5af67ec5466f8f90b388b93d6d02" candidate_term: 2 candidate_status { last_received { term: 1 index: 1 } } ignore_live_leader: true dest_uuid: "d4c2c14db7674738aeb36e832cb5466a"
I20260630 12:26:08.413498 10107 raft_consensus.cc:3055] T 67de9a304652489cbd9af367372c43bb P d4c2c14db7674738aeb36e832cb5466a [term 1 LEADER]: Stepping down as leader of term 1
I20260630 12:26:08.413837 10107 raft_consensus.cc:740] T 67de9a304652489cbd9af367372c43bb P d4c2c14db7674738aeb36e832cb5466a [term 1 LEADER]: Becoming Follower/Learner. State: Replica: d4c2c14db7674738aeb36e832cb5466a, State: Running, Role: LEADER
I20260630 12:26:08.413913  9931 catalog_manager.cc:5697] T 67de9a304652489cbd9af367372c43bb P c12b5af67ec5466f8f90b388b93d6d02 reported cstate change: term changed from 1 to 2, leader changed from d4c2c14db7674738aeb36e832cb5466a (127.6.227.194) to c12b5af67ec5466f8f90b388b93d6d02 (127.6.227.196). New cstate: current_term: 2 leader_uuid: "c12b5af67ec5466f8f90b388b93d6d02" committed_config { opid_index: -1 OBSOLETE_local: false peers { permanent_uuid: "36e1dfa2c3f642ec986a75ad74112e72" member_type: VOTER last_known_addr { host: "127.6.227.193" port: 46133 } health_report { overall_health: UNKNOWN } } peers { permanent_uuid: "d4c2c14db7674738aeb36e832cb5466a" member_type: VOTER last_known_addr { host: "127.6.227.194" port: 38151 } health_report { overall_health: UNKNOWN } } peers { permanent_uuid: "c12b5af67ec5466f8f90b388b93d6d02" member_type: VOTER last_known_addr { host: "127.6.227.196" port: 39753 } health_report { overall_health: HEALTHY } } }
I20260630 12:26:08.414650 10107 consensus_queue.cc:260] T 67de9a304652489cbd9af367372c43bb P d4c2c14db7674738aeb36e832cb5466a [NON_LEADER]: Queue going to NON_LEADER mode. State: All replicated index: 0, Majority replicated index: 1, Committed index: 1, Last appended: 1.1, Last appended by leader: 1, Current term: 1, Majority size: -1, State: 0, Mode: NON_LEADER, active raft config: opid_index: -1 OBSOLETE_local: false peers { permanent_uuid: "36e1dfa2c3f642ec986a75ad74112e72" member_type: VOTER last_known_addr { host: "127.6.227.193" port: 46133 } } peers { permanent_uuid: "d4c2c14db7674738aeb36e832cb5466a" member_type: VOTER last_known_addr { host: "127.6.227.194" port: 38151 } } peers { permanent_uuid: "c12b5af67ec5466f8f90b388b93d6d02" member_type: VOTER last_known_addr { host: "127.6.227.196" port: 39753 } }
I20260630 12:26:08.415889 10107 raft_consensus.cc:3060] T 67de9a304652489cbd9af367372c43bb P d4c2c14db7674738aeb36e832cb5466a [term 1 FOLLOWER]: Advancing to term 2
I20260630 12:26:08.420843 10107 raft_consensus.cc:2468] T 67de9a304652489cbd9af367372c43bb P d4c2c14db7674738aeb36e832cb5466a [term 2 FOLLOWER]: Leader election vote request: Granting yes vote for candidate c12b5af67ec5466f8f90b388b93d6d02 in term 2.
I20260630 12:26:08.461436 10365 consensus_queue.cc:1048] T 042ac1692fd54c1ea32923bc5b18e5c5 P ebd6418bf3cf43c0945bc630ac14b500 [LEADER]: Connected to new peer: Peer: permanent_uuid: "d4c2c14db7674738aeb36e832cb5466a" member_type: VOTER last_known_addr { host: "127.6.227.194" port: 38151 }, Status: LMP_MISMATCH, Last received: 0.0, Next index: 1, Last known committed idx: 0, Time since last communication: 0.000s
I20260630 12:26:08.462163 10234 consensus_queue.cc:1048] T fdbd5ed1693e4b488b32545e37157313 P 36e1dfa2c3f642ec986a75ad74112e72 [LEADER]: Connected to new peer: Peer: permanent_uuid: "d4c2c14db7674738aeb36e832cb5466a" member_type: VOTER last_known_addr { host: "127.6.227.194" port: 38151 }, Status: LMP_MISMATCH, Last received: 0.0, Next index: 1, Last known committed idx: 0, Time since last communication: 0.000s
I20260630 12:26:08.487560 10377 consensus_queue.cc:1048] T fdbd5ed1693e4b488b32545e37157313 P 36e1dfa2c3f642ec986a75ad74112e72 [LEADER]: Connected to new peer: Peer: permanent_uuid: "c12b5af67ec5466f8f90b388b93d6d02" member_type: VOTER last_known_addr { host: "127.6.227.196" port: 39753 }, Status: LMP_MISMATCH, Last received: 0.0, Next index: 1, Last known committed idx: 0, Time since last communication: 0.000s
I20260630 12:26:08.490958 10365 consensus_queue.cc:1048] T 042ac1692fd54c1ea32923bc5b18e5c5 P ebd6418bf3cf43c0945bc630ac14b500 [LEADER]: Connected to new peer: Peer: permanent_uuid: "c12b5af67ec5466f8f90b388b93d6d02" member_type: VOTER last_known_addr { host: "127.6.227.196" port: 39753 }, Status: LMP_MISMATCH, Last received: 0.0, Next index: 1, Last known committed idx: 0, Time since last communication: 0.000s
W20260630 12:26:08.492336  9979 auto_rebalancer.cc:639] Failed to schedule move for tablet 68c2cc27524942eda2274b2144bb8e7d: Remote error: Service unavailable: leader transfer in progress
W20260630 12:26:08.497700  9979 auto_rebalancer.cc:639] Failed to schedule move for tablet e45156cdf3f44e9da21d6dbdc8af161c: Remote error: Service unavailable: leader transfer in progress
W20260630 12:26:08.514619  9979 auto_rebalancer.cc:639] Failed to schedule move for tablet c24a6c54a9e04d11903d871ce8f6a181: Remote error: Service unavailable: leader transfer in progress
I20260630 12:26:08.518482 10181 consensus_queue.cc:237] T 025e27bc98994418bbb9f00a873b82e4 P ebd6418bf3cf43c0945bc630ac14b500 [LEADER]: Queue going to LEADER mode. State: All replicated index: 0, Majority replicated index: 1, Committed index: 1, Last appended: 1.1, Last appended by leader: 0, Current term: 1, Majority size: 2, State: 0, Mode: LEADER, active raft config: opid_index: 2 OBSOLETE_local: false peers { permanent_uuid: "36e1dfa2c3f642ec986a75ad74112e72" member_type: VOTER last_known_addr { host: "127.6.227.193" port: 46133 } attrs { replace: true } } peers { permanent_uuid: "d4c2c14db7674738aeb36e832cb5466a" member_type: VOTER last_known_addr { host: "127.6.227.194" port: 38151 } } peers { permanent_uuid: "ebd6418bf3cf43c0945bc630ac14b500" member_type: VOTER last_known_addr { host: "127.6.227.195" port: 34227 } } peers { permanent_uuid: "c12b5af67ec5466f8f90b388b93d6d02" member_type: NON_VOTER last_known_addr { host: "127.6.227.196" port: 39753 } attrs { promote: true } }
I20260630 12:26:08.524705 10106 raft_consensus.cc:1275] T 025e27bc98994418bbb9f00a873b82e4 P d4c2c14db7674738aeb36e832cb5466a [term 1 FOLLOWER]: Refusing update from remote peer ebd6418bf3cf43c0945bc630ac14b500: Log matching property violated. Preceding OpId in replica: term: 1 index: 1. Preceding OpId from leader: term: 1 index: 2. (index mismatch)
W20260630 12:26:08.525085 10148 consensus_peers.cc:597] T 025e27bc98994418bbb9f00a873b82e4 P ebd6418bf3cf43c0945bc630ac14b500 -> Peer c12b5af67ec5466f8f90b388b93d6d02 (127.6.227.196:39753): Couldn't send request to peer c12b5af67ec5466f8f90b388b93d6d02. Error code: TABLET_NOT_FOUND (6). Status: Not found: Tablet not found: 025e27bc98994418bbb9f00a873b82e4. This is attempt 1: this message will repeat every 5th retry.
I20260630 12:26:08.524773 10031 raft_consensus.cc:1275] T 025e27bc98994418bbb9f00a873b82e4 P 36e1dfa2c3f642ec986a75ad74112e72 [term 1 FOLLOWER]: Refusing update from remote peer ebd6418bf3cf43c0945bc630ac14b500: Log matching property violated. Preceding OpId in replica: term: 1 index: 1. Preceding OpId from leader: term: 1 index: 2. (index mismatch)
I20260630 12:26:08.526425 10461 consensus_queue.cc:1048] T 025e27bc98994418bbb9f00a873b82e4 P ebd6418bf3cf43c0945bc630ac14b500 [LEADER]: Connected to new peer: Peer: permanent_uuid: "d4c2c14db7674738aeb36e832cb5466a" member_type: VOTER last_known_addr { host: "127.6.227.194" port: 38151 }, Status: LMP_MISMATCH, Last received: 0.0, Next index: 2, Last known committed idx: 1, Time since last communication: 0.000s
I20260630 12:26:08.527321 10432 consensus_queue.cc:1048] T 025e27bc98994418bbb9f00a873b82e4 P ebd6418bf3cf43c0945bc630ac14b500 [LEADER]: Connected to new peer: Peer: permanent_uuid: "36e1dfa2c3f642ec986a75ad74112e72" member_type: VOTER last_known_addr { host: "127.6.227.193" port: 46133 } attrs { replace: true }, Status: LMP_MISMATCH, Last received: 0.0, Next index: 2, Last known committed idx: 1, Time since last communication: 0.000s
I20260630 12:26:08.535683 10432 raft_consensus.cc:993] T e45156cdf3f44e9da21d6dbdc8af161c P ebd6418bf3cf43c0945bc630ac14b500: : Instructing follower 36e1dfa2c3f642ec986a75ad74112e72 to start an election
I20260630 12:26:08.536231 10432 raft_consensus.cc:1081] T e45156cdf3f44e9da21d6dbdc8af161c P ebd6418bf3cf43c0945bc630ac14b500 [term 1 LEADER]: Signalling peer 36e1dfa2c3f642ec986a75ad74112e72 to start an election
I20260630 12:26:08.536700 10365 raft_consensus.cc:2955] T 025e27bc98994418bbb9f00a873b82e4 P ebd6418bf3cf43c0945bc630ac14b500 [term 1 LEADER]: Committing config change with OpId 1.2: config changed from index -1 to 2, NON_VOTER c12b5af67ec5466f8f90b388b93d6d02 (127.6.227.196) added. New config: { opid_index: 2 OBSOLETE_local: false peers { permanent_uuid: "36e1dfa2c3f642ec986a75ad74112e72" member_type: VOTER last_known_addr { host: "127.6.227.193" port: 46133 } attrs { replace: true } } peers { permanent_uuid: "d4c2c14db7674738aeb36e832cb5466a" member_type: VOTER last_known_addr { host: "127.6.227.194" port: 38151 } } peers { permanent_uuid: "ebd6418bf3cf43c0945bc630ac14b500" member_type: VOTER last_known_addr { host: "127.6.227.195" port: 34227 } } peers { permanent_uuid: "c12b5af67ec5466f8f90b388b93d6d02" member_type: NON_VOTER last_known_addr { host: "127.6.227.196" port: 39753 } attrs { promote: true } } }
I20260630 12:26:08.538616 10106 raft_consensus.cc:2955] T 025e27bc98994418bbb9f00a873b82e4 P d4c2c14db7674738aeb36e832cb5466a [term 1 FOLLOWER]: Committing config change with OpId 1.2: config changed from index -1 to 2, NON_VOTER c12b5af67ec5466f8f90b388b93d6d02 (127.6.227.196) added. New config: { opid_index: 2 OBSOLETE_local: false peers { permanent_uuid: "36e1dfa2c3f642ec986a75ad74112e72" member_type: VOTER last_known_addr { host: "127.6.227.193" port: 46133 } attrs { replace: true } } peers { permanent_uuid: "d4c2c14db7674738aeb36e832cb5466a" member_type: VOTER last_known_addr { host: "127.6.227.194" port: 38151 } } peers { permanent_uuid: "ebd6418bf3cf43c0945bc630ac14b500" member_type: VOTER last_known_addr { host: "127.6.227.195" port: 34227 } } peers { permanent_uuid: "c12b5af67ec5466f8f90b388b93d6d02" member_type: NON_VOTER last_known_addr { host: "127.6.227.196" port: 39753 } attrs { promote: true } } }
I20260630 12:26:08.550056 10031 tablet_service.cc:2044] Received Run Leader Election RPC: tablet_id: "e45156cdf3f44e9da21d6dbdc8af161c"
dest_uuid: "36e1dfa2c3f642ec986a75ad74112e72"
 from {username='slave'} at 127.0.0.1:49984
I20260630 12:26:08.550750 10031 raft_consensus.cc:493] T e45156cdf3f44e9da21d6dbdc8af161c P 36e1dfa2c3f642ec986a75ad74112e72 [term 1 FOLLOWER]: Starting forced leader election (received explicit request)
I20260630 12:26:08.551231 10031 raft_consensus.cc:3060] T e45156cdf3f44e9da21d6dbdc8af161c P 36e1dfa2c3f642ec986a75ad74112e72 [term 1 FOLLOWER]: Advancing to term 2
I20260630 12:26:08.551393  9929 catalog_manager.cc:5697] T 025e27bc98994418bbb9f00a873b82e4 P d4c2c14db7674738aeb36e832cb5466a reported cstate change: config changed from index -1 to 2, NON_VOTER c12b5af67ec5466f8f90b388b93d6d02 (127.6.227.196) added. New cstate: current_term: 1 leader_uuid: "ebd6418bf3cf43c0945bc630ac14b500" committed_config { opid_index: 2 OBSOLETE_local: false peers { permanent_uuid: "36e1dfa2c3f642ec986a75ad74112e72" member_type: VOTER last_known_addr { host: "127.6.227.193" port: 46133 } attrs { replace: true } } peers { permanent_uuid: "d4c2c14db7674738aeb36e832cb5466a" member_type: VOTER last_known_addr { host: "127.6.227.194" port: 38151 } } peers { permanent_uuid: "ebd6418bf3cf43c0945bc630ac14b500" member_type: VOTER last_known_addr { host: "127.6.227.195" port: 34227 } } peers { permanent_uuid: "c12b5af67ec5466f8f90b388b93d6d02" member_type: NON_VOTER last_known_addr { host: "127.6.227.196" port: 39753 } attrs { promote: true } } }
I20260630 12:26:08.554248 10032 raft_consensus.cc:2955] T 025e27bc98994418bbb9f00a873b82e4 P 36e1dfa2c3f642ec986a75ad74112e72 [term 1 FOLLOWER]: Committing config change with OpId 1.2: config changed from index -1 to 2, NON_VOTER c12b5af67ec5466f8f90b388b93d6d02 (127.6.227.196) added. New config: { opid_index: 2 OBSOLETE_local: false peers { permanent_uuid: "36e1dfa2c3f642ec986a75ad74112e72" member_type: VOTER last_known_addr { host: "127.6.227.193" port: 46133 } attrs { replace: true } } peers { permanent_uuid: "d4c2c14db7674738aeb36e832cb5466a" member_type: VOTER last_known_addr { host: "127.6.227.194" port: 38151 } } peers { permanent_uuid: "ebd6418bf3cf43c0945bc630ac14b500" member_type: VOTER last_known_addr { host: "127.6.227.195" port: 34227 } } peers { permanent_uuid: "c12b5af67ec5466f8f90b388b93d6d02" member_type: NON_VOTER last_known_addr { host: "127.6.227.196" port: 39753 } attrs { promote: true } } }
I20260630 12:26:08.560624 10031 raft_consensus.cc:515] T e45156cdf3f44e9da21d6dbdc8af161c P 36e1dfa2c3f642ec986a75ad74112e72 [term 2 FOLLOWER]: Starting forced leader election with config: opid_index: -1 OBSOLETE_local: false peers { permanent_uuid: "36e1dfa2c3f642ec986a75ad74112e72" member_type: VOTER last_known_addr { host: "127.6.227.193" port: 46133 } } peers { permanent_uuid: "ebd6418bf3cf43c0945bc630ac14b500" member_type: VOTER last_known_addr { host: "127.6.227.195" port: 34227 } } peers { permanent_uuid: "d4c2c14db7674738aeb36e832cb5466a" member_type: VOTER last_known_addr { host: "127.6.227.194" port: 38151 } }
I20260630 12:26:08.565037 10031 leader_election.cc:290] T e45156cdf3f44e9da21d6dbdc8af161c P 36e1dfa2c3f642ec986a75ad74112e72 [CANDIDATE]: Term 2 election: Requested vote from peers ebd6418bf3cf43c0945bc630ac14b500 (127.6.227.195:34227), d4c2c14db7674738aeb36e832cb5466a (127.6.227.194:38151)
I20260630 12:26:08.567821 10106 tablet_service.cc:1917] Received RequestConsensusVote() RPC: tablet_id: "e45156cdf3f44e9da21d6dbdc8af161c" candidate_uuid: "36e1dfa2c3f642ec986a75ad74112e72" candidate_term: 2 candidate_status { last_received { term: 1 index: 1 } } ignore_live_leader: true dest_uuid: "d4c2c14db7674738aeb36e832cb5466a"
I20260630 12:26:08.568521 10106 raft_consensus.cc:3060] T e45156cdf3f44e9da21d6dbdc8af161c P d4c2c14db7674738aeb36e832cb5466a [term 1 FOLLOWER]: Advancing to term 2
I20260630 12:26:08.567828 10181 tablet_service.cc:1917] Received RequestConsensusVote() RPC: tablet_id: "e45156cdf3f44e9da21d6dbdc8af161c" candidate_uuid: "36e1dfa2c3f642ec986a75ad74112e72" candidate_term: 2 candidate_status { last_received { term: 1 index: 1 } } ignore_live_leader: true dest_uuid: "ebd6418bf3cf43c0945bc630ac14b500"
I20260630 12:26:08.570837 10181 raft_consensus.cc:3055] T e45156cdf3f44e9da21d6dbdc8af161c P ebd6418bf3cf43c0945bc630ac14b500 [term 1 LEADER]: Stepping down as leader of term 1
I20260630 12:26:08.571199 10181 raft_consensus.cc:740] T e45156cdf3f44e9da21d6dbdc8af161c P ebd6418bf3cf43c0945bc630ac14b500 [term 1 LEADER]: Becoming Follower/Learner. State: Replica: ebd6418bf3cf43c0945bc630ac14b500, State: Running, Role: LEADER
I20260630 12:26:08.572151 10181 consensus_queue.cc:260] T e45156cdf3f44e9da21d6dbdc8af161c P ebd6418bf3cf43c0945bc630ac14b500 [NON_LEADER]: Queue going to NON_LEADER mode. State: All replicated index: 0, Majority replicated index: 1, Committed index: 1, Last appended: 1.1, Last appended by leader: 1, Current term: 1, Majority size: -1, State: 0, Mode: NON_LEADER, active raft config: opid_index: -1 OBSOLETE_local: false peers { permanent_uuid: "36e1dfa2c3f642ec986a75ad74112e72" member_type: VOTER last_known_addr { host: "127.6.227.193" port: 46133 } } peers { permanent_uuid: "ebd6418bf3cf43c0945bc630ac14b500" member_type: VOTER last_known_addr { host: "127.6.227.195" port: 34227 } } peers { permanent_uuid: "d4c2c14db7674738aeb36e832cb5466a" member_type: VOTER last_known_addr { host: "127.6.227.194" port: 38151 } }
I20260630 12:26:08.573536 10181 raft_consensus.cc:3060] T e45156cdf3f44e9da21d6dbdc8af161c P ebd6418bf3cf43c0945bc630ac14b500 [term 1 FOLLOWER]: Advancing to term 2
I20260630 12:26:08.575206 10106 raft_consensus.cc:2468] T e45156cdf3f44e9da21d6dbdc8af161c P d4c2c14db7674738aeb36e832cb5466a [term 2 FOLLOWER]: Leader election vote request: Granting yes vote for candidate 36e1dfa2c3f642ec986a75ad74112e72 in term 2.
I20260630 12:26:08.576442  9998 leader_election.cc:304] T e45156cdf3f44e9da21d6dbdc8af161c P 36e1dfa2c3f642ec986a75ad74112e72 [CANDIDATE]: Term 2 election: Election decided. Result: candidate won. Election summary: received 2 responses out of 3 voters: 2 yes votes; 0 no votes. yes voters: 36e1dfa2c3f642ec986a75ad74112e72, d4c2c14db7674738aeb36e832cb5466a; no voters: 
I20260630 12:26:08.577291 10377 raft_consensus.cc:2804] T e45156cdf3f44e9da21d6dbdc8af161c P 36e1dfa2c3f642ec986a75ad74112e72 [term 2 FOLLOWER]: Leader election won for term 2
I20260630 12:26:08.577744 10377 raft_consensus.cc:697] T e45156cdf3f44e9da21d6dbdc8af161c P 36e1dfa2c3f642ec986a75ad74112e72 [term 2 LEADER]: Becoming Leader. State: Replica: 36e1dfa2c3f642ec986a75ad74112e72, State: Running, Role: LEADER
I20260630 12:26:08.578526 10377 consensus_queue.cc:237] T e45156cdf3f44e9da21d6dbdc8af161c P 36e1dfa2c3f642ec986a75ad74112e72 [LEADER]: Queue going to LEADER mode. State: All replicated index: 0, Majority replicated index: 1, Committed index: 1, Last appended: 1.1, Last appended by leader: 1, Current term: 2, Majority size: 2, State: 0, Mode: LEADER, active raft config: opid_index: -1 OBSOLETE_local: false peers { permanent_uuid: "36e1dfa2c3f642ec986a75ad74112e72" member_type: VOTER last_known_addr { host: "127.6.227.193" port: 46133 } } peers { permanent_uuid: "ebd6418bf3cf43c0945bc630ac14b500" member_type: VOTER last_known_addr { host: "127.6.227.195" port: 34227 } } peers { permanent_uuid: "d4c2c14db7674738aeb36e832cb5466a" member_type: VOTER last_known_addr { host: "127.6.227.194" port: 38151 } }
I20260630 12:26:08.579699 10181 raft_consensus.cc:2468] T e45156cdf3f44e9da21d6dbdc8af161c P ebd6418bf3cf43c0945bc630ac14b500 [term 2 FOLLOWER]: Leader election vote request: Granting yes vote for candidate 36e1dfa2c3f642ec986a75ad74112e72 in term 2.
