I20260630 12:26:08.445415 13791 tablet_service.cc:1917] Received RequestConsensusVote() RPC: tablet_id: "a04f4ded38f54a67aaa2d97cfd3a41b1" candidate_uuid: "6a8eff96cddf408b97cddc69012fb698" candidate_term: 2 candidate_status { last_received { term: 1 index: 1 } } ignore_live_leader: true dest_uuid: "6da0cc02fc824ae496ed17ee1c4ea828"
I20260630 12:26:08.447664 13791 raft_consensus.cc:3060] T a04f4ded38f54a67aaa2d97cfd3a41b1 P 6da0cc02fc824ae496ed17ee1c4ea828 [term 1 FOLLOWER]: Advancing to term 2
I20260630 12:26:08.447748 13715 raft_consensus.cc:3060] T a04f4ded38f54a67aaa2d97cfd3a41b1 P 6c924eef0c604f00a36d397d175d244a [term 1 FOLLOWER]: Advancing to term 2
I20260630 12:26:08.454015 13715 raft_consensus.cc:2468] T a04f4ded38f54a67aaa2d97cfd3a41b1 P 6c924eef0c604f00a36d397d175d244a [term 2 FOLLOWER]: Leader election vote request: Granting yes vote for candidate 6a8eff96cddf408b97cddc69012fb698 in term 2.
I20260630 12:26:08.454975 13830 leader_election.cc:304] T a04f4ded38f54a67aaa2d97cfd3a41b1 P 6a8eff96cddf408b97cddc69012fb698 [CANDIDATE]: Term 2 election: Election decided. Result: candidate won. Election summary: received 2 responses out of 3 voters: 2 yes votes; 0 no votes. yes voters: 6a8eff96cddf408b97cddc69012fb698, 6c924eef0c604f00a36d397d175d244a; no voters: 
I20260630 12:26:08.455783 13944 raft_consensus.cc:2804] T a04f4ded38f54a67aaa2d97cfd3a41b1 P 6a8eff96cddf408b97cddc69012fb698 [term 2 FOLLOWER]: Leader election won for term 2
I20260630 12:26:08.456215 13944 raft_consensus.cc:697] T a04f4ded38f54a67aaa2d97cfd3a41b1 P 6a8eff96cddf408b97cddc69012fb698 [term 2 LEADER]: Becoming Leader. State: Replica: 6a8eff96cddf408b97cddc69012fb698, State: Running, Role: LEADER
I20260630 12:26:08.456950 13944 consensus_queue.cc:237] T a04f4ded38f54a67aaa2d97cfd3a41b1 P 6a8eff96cddf408b97cddc69012fb698 [LEADER]: Queue going to LEADER mode. State: All replicated index: 0, Majority replicated index: 1, Committed index: 1, Last appended: 1.1, Last appended by leader: 1, Current term: 2, Majority size: 2, State: 0, Mode: LEADER, active raft config: opid_index: -1 OBSOLETE_local: false peers { permanent_uuid: "6c924eef0c604f00a36d397d175d244a" member_type: VOTER last_known_addr { host: "127.10.127.1" port: 41797 } } peers { permanent_uuid: "6da0cc02fc824ae496ed17ee1c4ea828" member_type: VOTER last_known_addr { host: "127.10.127.2" port: 33891 } } peers { permanent_uuid: "6a8eff96cddf408b97cddc69012fb698" member_type: VOTER last_known_addr { host: "127.10.127.3" port: 37003 } }
I20260630 12:26:08.455233 13791 raft_consensus.cc:2468] T a04f4ded38f54a67aaa2d97cfd3a41b1 P 6da0cc02fc824ae496ed17ee1c4ea828 [term 2 FOLLOWER]: Leader election vote request: Granting yes vote for candidate 6a8eff96cddf408b97cddc69012fb698 in term 2.
I20260630 12:26:08.470240 13614 catalog_manager.cc:5697] T a04f4ded38f54a67aaa2d97cfd3a41b1 P 6a8eff96cddf408b97cddc69012fb698 reported cstate change: term changed from 1 to 2, leader changed from 6c924eef0c604f00a36d397d175d244a (127.10.127.1) to 6a8eff96cddf408b97cddc69012fb698 (127.10.127.3). New cstate: current_term: 2 leader_uuid: "6a8eff96cddf408b97cddc69012fb698" committed_config { opid_index: -1 OBSOLETE_local: false peers { permanent_uuid: "6c924eef0c604f00a36d397d175d244a" member_type: VOTER last_known_addr { host: "127.10.127.1" port: 41797 } health_report { overall_health: UNKNOWN } } peers { permanent_uuid: "6da0cc02fc824ae496ed17ee1c4ea828" member_type: VOTER last_known_addr { host: "127.10.127.2" port: 33891 } health_report { overall_health: UNKNOWN } } peers { permanent_uuid: "6a8eff96cddf408b97cddc69012fb698" member_type: VOTER last_known_addr { host: "127.10.127.3" port: 37003 } health_report { overall_health: HEALTHY } } }
I20260630 12:26:08.522989 14123 raft_consensus.cc:993] T 8f83edd374fd4beeab59d5a8bbab8f2b P 6c924eef0c604f00a36d397d175d244a: : Instructing follower 63fdf26fcf434e1f937b1d8b26dc55a7 to start an election
I20260630 12:26:08.523520 14123 raft_consensus.cc:993] T 8b42ee5513264c888c001827078be5a7 P 6c924eef0c604f00a36d397d175d244a: : Instructing follower 63fdf26fcf434e1f937b1d8b26dc55a7 to start an election
I20260630 12:26:08.523535 13917 raft_consensus.cc:1081] T 8f83edd374fd4beeab59d5a8bbab8f2b P 6c924eef0c604f00a36d397d175d244a [term 1 LEADER]: Signalling peer 63fdf26fcf434e1f937b1d8b26dc55a7 to start an election
I20260630 12:26:08.523988 14123 raft_consensus.cc:1081] T 8b42ee5513264c888c001827078be5a7 P 6c924eef0c604f00a36d397d175d244a [term 1 LEADER]: Signalling peer 63fdf26fcf434e1f937b1d8b26dc55a7 to start an election
I20260630 12:26:08.525866 14022 tablet_service.cc:2044] Received Run Leader Election RPC: tablet_id: "8f83edd374fd4beeab59d5a8bbab8f2b"
dest_uuid: "63fdf26fcf434e1f937b1d8b26dc55a7"
 from {username='slave'} at 127.0.0.1:49400
I20260630 12:26:08.525879 14024 tablet_service.cc:2044] Received Run Leader Election RPC: tablet_id: "8b42ee5513264c888c001827078be5a7"
dest_uuid: "63fdf26fcf434e1f937b1d8b26dc55a7"
 from {username='slave'} at 127.0.0.1:49400
I20260630 12:26:08.526666 14022 raft_consensus.cc:493] T 8f83edd374fd4beeab59d5a8bbab8f2b P 63fdf26fcf434e1f937b1d8b26dc55a7 [term 1 FOLLOWER]: Starting forced leader election (received explicit request)
I20260630 12:26:08.526782 14024 raft_consensus.cc:493] T 8b42ee5513264c888c001827078be5a7 P 63fdf26fcf434e1f937b1d8b26dc55a7 [term 1 FOLLOWER]: Starting forced leader election (received explicit request)
I20260630 12:26:08.527058 14022 raft_consensus.cc:3060] T 8f83edd374fd4beeab59d5a8bbab8f2b P 63fdf26fcf434e1f937b1d8b26dc55a7 [term 1 FOLLOWER]: Advancing to term 2
I20260630 12:26:08.527212 14024 raft_consensus.cc:3060] T 8b42ee5513264c888c001827078be5a7 P 63fdf26fcf434e1f937b1d8b26dc55a7 [term 1 FOLLOWER]: Advancing to term 2
I20260630 12:26:08.533353 14024 raft_consensus.cc:515] T 8b42ee5513264c888c001827078be5a7 P 63fdf26fcf434e1f937b1d8b26dc55a7 [term 2 FOLLOWER]: Starting forced leader election with config: opid_index: -1 OBSOLETE_local: false peers { permanent_uuid: "63fdf26fcf434e1f937b1d8b26dc55a7" member_type: VOTER last_known_addr { host: "127.10.127.4" port: 38159 } } peers { permanent_uuid: "6c924eef0c604f00a36d397d175d244a" member_type: VOTER last_known_addr { host: "127.10.127.1" port: 41797 } } peers { permanent_uuid: "6da0cc02fc824ae496ed17ee1c4ea828" member_type: VOTER last_known_addr { host: "127.10.127.2" port: 33891 } }
I20260630 12:26:08.534080 14022 raft_consensus.cc:515] T 8f83edd374fd4beeab59d5a8bbab8f2b P 63fdf26fcf434e1f937b1d8b26dc55a7 [term 2 FOLLOWER]: Starting forced leader election with config: opid_index: -1 OBSOLETE_local: false peers { permanent_uuid: "63fdf26fcf434e1f937b1d8b26dc55a7" member_type: VOTER last_known_addr { host: "127.10.127.4" port: 38159 } } peers { permanent_uuid: "6c924eef0c604f00a36d397d175d244a" member_type: VOTER last_known_addr { host: "127.10.127.1" port: 41797 } } peers { permanent_uuid: "6a8eff96cddf408b97cddc69012fb698" member_type: VOTER last_known_addr { host: "127.10.127.3" port: 37003 } }
I20260630 12:26:08.535934 13715 tablet_service.cc:1917] Received RequestConsensusVote() RPC: tablet_id: "8b42ee5513264c888c001827078be5a7" candidate_uuid: "63fdf26fcf434e1f937b1d8b26dc55a7" candidate_term: 2 candidate_status { last_received { term: 1 index: 1 } } ignore_live_leader: true dest_uuid: "6c924eef0c604f00a36d397d175d244a"
I20260630 12:26:08.536581 13715 raft_consensus.cc:3055] T 8b42ee5513264c888c001827078be5a7 P 6c924eef0c604f00a36d397d175d244a [term 1 LEADER]: Stepping down as leader of term 1
I20260630 12:26:08.535940 13791 tablet_service.cc:1917] Received RequestConsensusVote() RPC: tablet_id: "8b42ee5513264c888c001827078be5a7" candidate_uuid: "63fdf26fcf434e1f937b1d8b26dc55a7" candidate_term: 2 candidate_status { last_received { term: 1 index: 1 } } ignore_live_leader: true dest_uuid: "6da0cc02fc824ae496ed17ee1c4ea828"
I20260630 12:26:08.536899 13715 raft_consensus.cc:740] T 8b42ee5513264c888c001827078be5a7 P 6c924eef0c604f00a36d397d175d244a [term 1 LEADER]: Becoming Follower/Learner. State: Replica: 6c924eef0c604f00a36d397d175d244a, State: Running, Role: LEADER
I20260630 12:26:08.537572 13865 tablet_service.cc:1917] Received RequestConsensusVote() RPC: tablet_id: "8f83edd374fd4beeab59d5a8bbab8f2b" candidate_uuid: "63fdf26fcf434e1f937b1d8b26dc55a7" candidate_term: 2 candidate_status { last_received { term: 1 index: 1 } } ignore_live_leader: true dest_uuid: "6a8eff96cddf408b97cddc69012fb698"
I20260630 12:26:08.537700 13716 tablet_service.cc:1917] Received RequestConsensusVote() RPC: tablet_id: "8f83edd374fd4beeab59d5a8bbab8f2b" candidate_uuid: "63fdf26fcf434e1f937b1d8b26dc55a7" candidate_term: 2 candidate_status { last_received { term: 1 index: 1 } } ignore_live_leader: true dest_uuid: "6c924eef0c604f00a36d397d175d244a"
I20260630 12:26:08.538097 13865 raft_consensus.cc:3060] T 8f83edd374fd4beeab59d5a8bbab8f2b P 6a8eff96cddf408b97cddc69012fb698 [term 1 FOLLOWER]: Advancing to term 2
I20260630 12:26:08.538257 13716 raft_consensus.cc:3055] T 8f83edd374fd4beeab59d5a8bbab8f2b P 6c924eef0c604f00a36d397d175d244a [term 1 LEADER]: Stepping down as leader of term 1
I20260630 12:26:08.537989 13715 consensus_queue.cc:260] T 8b42ee5513264c888c001827078be5a7 P 6c924eef0c604f00a36d397d175d244a [NON_LEADER]: Queue going to NON_LEADER mode. State: All replicated index: 0, Majority replicated index: 1, Committed index: 1, Last appended: 1.1, Last appended by leader: 1, Current term: 1, Majority size: -1, State: 0, Mode: NON_LEADER, active raft config: opid_index: -1 OBSOLETE_local: false peers { permanent_uuid: "63fdf26fcf434e1f937b1d8b26dc55a7" member_type: VOTER last_known_addr { host: "127.10.127.4" port: 38159 } } peers { permanent_uuid: "6c924eef0c604f00a36d397d175d244a" member_type: VOTER last_known_addr { host: "127.10.127.1" port: 41797 } } peers { permanent_uuid: "6da0cc02fc824ae496ed17ee1c4ea828" member_type: VOTER last_known_addr { host: "127.10.127.2" port: 33891 } }
I20260630 12:26:08.538689 13716 raft_consensus.cc:740] T 8f83edd374fd4beeab59d5a8bbab8f2b P 6c924eef0c604f00a36d397d175d244a [term 1 LEADER]: Becoming Follower/Learner. State: Replica: 6c924eef0c604f00a36d397d175d244a, State: Running, Role: LEADER
I20260630 12:26:08.539100 13715 raft_consensus.cc:3060] T 8b42ee5513264c888c001827078be5a7 P 6c924eef0c604f00a36d397d175d244a [term 1 FOLLOWER]: Advancing to term 2
I20260630 12:26:08.539536 13716 consensus_queue.cc:260] T 8f83edd374fd4beeab59d5a8bbab8f2b P 6c924eef0c604f00a36d397d175d244a [NON_LEADER]: Queue going to NON_LEADER mode. State: All replicated index: 0, Majority replicated index: 1, Committed index: 1, Last appended: 1.1, Last appended by leader: 1, Current term: 1, Majority size: -1, State: 0, Mode: NON_LEADER, active raft config: opid_index: -1 OBSOLETE_local: false peers { permanent_uuid: "63fdf26fcf434e1f937b1d8b26dc55a7" member_type: VOTER last_known_addr { host: "127.10.127.4" port: 38159 } } peers { permanent_uuid: "6c924eef0c604f00a36d397d175d244a" member_type: VOTER last_known_addr { host: "127.10.127.1" port: 41797 } } peers { permanent_uuid: "6a8eff96cddf408b97cddc69012fb698" member_type: VOTER last_known_addr { host: "127.10.127.3" port: 37003 } }
I20260630 12:26:08.540647 13716 raft_consensus.cc:3060] T 8f83edd374fd4beeab59d5a8bbab8f2b P 6c924eef0c604f00a36d397d175d244a [term 1 FOLLOWER]: Advancing to term 2
I20260630 12:26:08.544432 13865 raft_consensus.cc:2468] T 8f83edd374fd4beeab59d5a8bbab8f2b P 6a8eff96cddf408b97cddc69012fb698 [term 2 FOLLOWER]: Leader election vote request: Granting yes vote for candidate 63fdf26fcf434e1f937b1d8b26dc55a7 in term 2.
I20260630 12:26:08.546778 13716 raft_consensus.cc:2468] T 8f83edd374fd4beeab59d5a8bbab8f2b P 6c924eef0c604f00a36d397d175d244a [term 2 FOLLOWER]: Leader election vote request: Granting yes vote for candidate 63fdf26fcf434e1f937b1d8b26dc55a7 in term 2.
I20260630 12:26:08.547544 13985 leader_election.cc:304] T 8f83edd374fd4beeab59d5a8bbab8f2b P 63fdf26fcf434e1f937b1d8b26dc55a7 [CANDIDATE]: Term 2 election: Election decided. Result: candidate won. Election summary: received 2 responses out of 3 voters: 2 yes votes; 0 no votes. yes voters: 63fdf26fcf434e1f937b1d8b26dc55a7, 6a8eff96cddf408b97cddc69012fb698; no voters: 
I20260630 12:26:08.548365 14074 raft_consensus.cc:2804] T 8f83edd374fd4beeab59d5a8bbab8f2b P 63fdf26fcf434e1f937b1d8b26dc55a7 [term 2 FOLLOWER]: Leader election won for term 2
I20260630 12:26:08.548563 13791 raft_consensus.cc:3060] T 8b42ee5513264c888c001827078be5a7 P 6da0cc02fc824ae496ed17ee1c4ea828 [term 1 FOLLOWER]: Advancing to term 2
I20260630 12:26:08.549026 13715 raft_consensus.cc:2468] T 8b42ee5513264c888c001827078be5a7 P 6c924eef0c604f00a36d397d175d244a [term 2 FOLLOWER]: Leader election vote request: Granting yes vote for candidate 63fdf26fcf434e1f937b1d8b26dc55a7 in term 2.
I20260630 12:26:08.550468 13987 leader_election.cc:304] T 8b42ee5513264c888c001827078be5a7 P 63fdf26fcf434e1f937b1d8b26dc55a7 [CANDIDATE]: Term 2 election: Election decided. Result: candidate won. Election summary: received 2 responses out of 3 voters: 2 yes votes; 0 no votes. yes voters: 63fdf26fcf434e1f937b1d8b26dc55a7, 6c924eef0c604f00a36d397d175d244a; no voters: 
I20260630 12:26:08.555490 13791 raft_consensus.cc:2468] T 8b42ee5513264c888c001827078be5a7 P 6da0cc02fc824ae496ed17ee1c4ea828 [term 2 FOLLOWER]: Leader election vote request: Granting yes vote for candidate 63fdf26fcf434e1f937b1d8b26dc55a7 in term 2.
I20260630 12:26:08.535035 14024 leader_election.cc:290] T 8b42ee5513264c888c001827078be5a7 P 63fdf26fcf434e1f937b1d8b26dc55a7 [CANDIDATE]: Term 2 election: Requested vote from peers 6c924eef0c604f00a36d397d175d244a (127.10.127.1:41797), 6da0cc02fc824ae496ed17ee1c4ea828 (127.10.127.2:33891)
I20260630 12:26:08.536113 14022 leader_election.cc:290] T 8f83edd374fd4beeab59d5a8bbab8f2b P 63fdf26fcf434e1f937b1d8b26dc55a7 [CANDIDATE]: Term 2 election: Requested vote from peers 6c924eef0c604f00a36d397d175d244a (127.10.127.1:41797), 6a8eff96cddf408b97cddc69012fb698 (127.10.127.3:37003)
I20260630 12:26:08.557842 14155 raft_consensus.cc:2804] T 8b42ee5513264c888c001827078be5a7 P 63fdf26fcf434e1f937b1d8b26dc55a7 [term 2 FOLLOWER]: Leader election won for term 2
I20260630 12:26:08.558395 14155 raft_consensus.cc:697] T 8b42ee5513264c888c001827078be5a7 P 63fdf26fcf434e1f937b1d8b26dc55a7 [term 2 LEADER]: Becoming Leader. State: Replica: 63fdf26fcf434e1f937b1d8b26dc55a7, State: Running, Role: LEADER
I20260630 12:26:08.558720 14074 raft_consensus.cc:697] T 8f83edd374fd4beeab59d5a8bbab8f2b P 63fdf26fcf434e1f937b1d8b26dc55a7 [term 2 LEADER]: Becoming Leader. State: Replica: 63fdf26fcf434e1f937b1d8b26dc55a7, State: Running, Role: LEADER
I20260630 12:26:08.559520 14074 consensus_queue.cc:237] T 8f83edd374fd4beeab59d5a8bbab8f2b P 63fdf26fcf434e1f937b1d8b26dc55a7 [LEADER]: Queue going to LEADER mode. State: All replicated index: 0, Majority replicated index: 1, Committed index: 1, Last appended: 1.1, Last appended by leader: 1, Current term: 2, Majority size: 2, State: 0, Mode: LEADER, active raft config: opid_index: -1 OBSOLETE_local: false peers { permanent_uuid: "63fdf26fcf434e1f937b1d8b26dc55a7" member_type: VOTER last_known_addr { host: "127.10.127.4" port: 38159 } } peers { permanent_uuid: "6c924eef0c604f00a36d397d175d244a" member_type: VOTER last_known_addr { host: "127.10.127.1" port: 41797 } } peers { permanent_uuid: "6a8eff96cddf408b97cddc69012fb698" member_type: VOTER last_known_addr { host: "127.10.127.3" port: 37003 } }
I20260630 12:26:08.559396 14155 consensus_queue.cc:237] T 8b42ee5513264c888c001827078be5a7 P 63fdf26fcf434e1f937b1d8b26dc55a7 [LEADER]: Queue going to LEADER mode. State: All replicated index: 0, Majority replicated index: 1, Committed index: 1, Last appended: 1.1, Last appended by leader: 1, Current term: 2, Majority size: 2, State: 0, Mode: LEADER, active raft config: opid_index: -1 OBSOLETE_local: false peers { permanent_uuid: "63fdf26fcf434e1f937b1d8b26dc55a7" member_type: VOTER last_known_addr { host: "127.10.127.4" port: 38159 } } peers { permanent_uuid: "6c924eef0c604f00a36d397d175d244a" member_type: VOTER last_known_addr { host: "127.10.127.1" port: 41797 } } peers { permanent_uuid: "6da0cc02fc824ae496ed17ee1c4ea828" member_type: VOTER last_known_addr { host: "127.10.127.2" port: 33891 } }
I20260630 12:26:08.566951 13614 catalog_manager.cc:5697] T 8f83edd374fd4beeab59d5a8bbab8f2b P 63fdf26fcf434e1f937b1d8b26dc55a7 reported cstate change: term changed from 1 to 2, leader changed from 6c924eef0c604f00a36d397d175d244a (127.10.127.1) to 63fdf26fcf434e1f937b1d8b26dc55a7 (127.10.127.4). New cstate: current_term: 2 leader_uuid: "63fdf26fcf434e1f937b1d8b26dc55a7" committed_config { opid_index: -1 OBSOLETE_local: false peers { permanent_uuid: "63fdf26fcf434e1f937b1d8b26dc55a7" member_type: VOTER last_known_addr { host: "127.10.127.4" port: 38159 } health_report { overall_health: HEALTHY } } peers { permanent_uuid: "6c924eef0c604f00a36d397d175d244a" member_type: VOTER last_known_addr { host: "127.10.127.1" port: 41797 } health_report { overall_health: UNKNOWN } } peers { permanent_uuid: "6a8eff96cddf408b97cddc69012fb698" member_type: VOTER last_known_addr { host: "127.10.127.3" port: 37003 } health_report { overall_health: UNKNOWN } } }
I20260630 12:26:08.579070 13614 catalog_manager.cc:5697] T 8b42ee5513264c888c001827078be5a7 P 63fdf26fcf434e1f937b1d8b26dc55a7 reported cstate change: term changed from 1 to 2, leader changed from 6c924eef0c604f00a36d397d175d244a (127.10.127.1) to 63fdf26fcf434e1f937b1d8b26dc55a7 (127.10.127.4). New cstate: current_term: 2 leader_uuid: "63fdf26fcf434e1f937b1d8b26dc55a7" committed_config { opid_index: -1 OBSOLETE_local: false peers { permanent_uuid: "63fdf26fcf434e1f937b1d8b26dc55a7" member_type: VOTER last_known_addr { host: "127.10.127.4" port: 38159 } health_report { overall_health: HEALTHY } } peers { permanent_uuid: "6c924eef0c604f00a36d397d175d244a" member_type: VOTER last_known_addr { host: "127.10.127.1" port: 41797 } health_report { overall_health: UNKNOWN } } peers { permanent_uuid: "6da0cc02fc824ae496ed17ee1c4ea828" member_type: VOTER last_known_addr { host: "127.10.127.2" port: 33891 } health_report { overall_health: UNKNOWN } } }
I20260630 12:26:08.624259 14123 raft_consensus.cc:993] T 6ecc86b26a454112930cf2781295e1f6 P 6c924eef0c604f00a36d397d175d244a: : Instructing follower 6a8eff96cddf408b97cddc69012fb698 to start an election
I20260630 12:26:08.624711 13933 raft_consensus.cc:1081] T 6ecc86b26a454112930cf2781295e1f6 P 6c924eef0c604f00a36d397d175d244a [term 1 LEADER]: Signalling peer 6a8eff96cddf408b97cddc69012fb698 to start an election
I20260630 12:26:08.626217 13865 tablet_service.cc:2044] Received Run Leader Election RPC: tablet_id: "6ecc86b26a454112930cf2781295e1f6"
dest_uuid: "6a8eff96cddf408b97cddc69012fb698"
 from {username='slave'} at 127.0.0.1:57444
I20260630 12:26:08.626667 13865 raft_consensus.cc:493] T 6ecc86b26a454112930cf2781295e1f6 P 6a8eff96cddf408b97cddc69012fb698 [term 1 FOLLOWER]: Starting forced leader election (received explicit request)
I20260630 12:26:08.626979 13865 raft_consensus.cc:3060] T 6ecc86b26a454112930cf2781295e1f6 P 6a8eff96cddf408b97cddc69012fb698 [term 1 FOLLOWER]: Advancing to term 2
I20260630 12:26:08.632189 13865 raft_consensus.cc:515] T 6ecc86b26a454112930cf2781295e1f6 P 6a8eff96cddf408b97cddc69012fb698 [term 2 FOLLOWER]: Starting forced leader election with config: opid_index: -1 OBSOLETE_local: false peers { permanent_uuid: "6da0cc02fc824ae496ed17ee1c4ea828" member_type: VOTER last_known_addr { host: "127.10.127.2" port: 33891 } } peers { permanent_uuid: "6c924eef0c604f00a36d397d175d244a" member_type: VOTER last_known_addr { host: "127.10.127.1" port: 41797 } } peers { permanent_uuid: "6a8eff96cddf408b97cddc69012fb698" member_type: VOTER last_known_addr { host: "127.10.127.3" port: 37003 } }
I20260630 12:26:08.633481 13865 leader_election.cc:290] T 6ecc86b26a454112930cf2781295e1f6 P 6a8eff96cddf408b97cddc69012fb698 [CANDIDATE]: Term 2 election: Requested vote from peers 6da0cc02fc824ae496ed17ee1c4ea828 (127.10.127.2:33891), 6c924eef0c604f00a36d397d175d244a (127.10.127.1:41797)
I20260630 12:26:08.634315 13791 tablet_service.cc:1917] Received RequestConsensusVote() RPC: tablet_id: "6ecc86b26a454112930cf2781295e1f6" candidate_uuid: "6a8eff96cddf408b97cddc69012fb698" candidate_term: 2 candidate_status { last_received { term: 1 index: 1 } } ignore_live_leader: true dest_uuid: "6da0cc02fc824ae496ed17ee1c4ea828"
I20260630 12:26:08.634589 13715 tablet_service.cc:1917] Received RequestConsensusVote() RPC: tablet_id: "6ecc86b26a454112930cf2781295e1f6" candidate_uuid: "6a8eff96cddf408b97cddc69012fb698" candidate_term: 2 candidate_status { last_received { term: 1 index: 1 } } ignore_live_leader: true dest_uuid: "6c924eef0c604f00a36d397d175d244a"
I20260630 12:26:08.634913 13791 raft_consensus.cc:3060] T 6ecc86b26a454112930cf2781295e1f6 P 6da0cc02fc824ae496ed17ee1c4ea828 [term 1 FOLLOWER]: Advancing to term 2
I20260630 12:26:08.635196 13715 raft_consensus.cc:3055] T 6ecc86b26a454112930cf2781295e1f6 P 6c924eef0c604f00a36d397d175d244a [term 1 LEADER]: Stepping down as leader of term 1
I20260630 12:26:08.635579 13715 raft_consensus.cc:740] T 6ecc86b26a454112930cf2781295e1f6 P 6c924eef0c604f00a36d397d175d244a [term 1 LEADER]: Becoming Follower/Learner. State: Replica: 6c924eef0c604f00a36d397d175d244a, State: Running, Role: LEADER
I20260630 12:26:08.636300 13715 consensus_queue.cc:260] T 6ecc86b26a454112930cf2781295e1f6 P 6c924eef0c604f00a36d397d175d244a [NON_LEADER]: Queue going to NON_LEADER mode. State: All replicated index: 0, Majority replicated index: 1, Committed index: 1, Last appended: 1.1, Last appended by leader: 1, Current term: 1, Majority size: -1, State: 0, Mode: NON_LEADER, active raft config: opid_index: -1 OBSOLETE_local: false peers { permanent_uuid: "6da0cc02fc824ae496ed17ee1c4ea828" member_type: VOTER last_known_addr { host: "127.10.127.2" port: 33891 } } peers { permanent_uuid: "6c924eef0c604f00a36d397d175d244a" member_type: VOTER last_known_addr { host: "127.10.127.1" port: 41797 } } peers { permanent_uuid: "6a8eff96cddf408b97cddc69012fb698" member_type: VOTER last_known_addr { host: "127.10.127.3" port: 37003 } }
I20260630 12:26:08.637486 13715 raft_consensus.cc:3060] T 6ecc86b26a454112930cf2781295e1f6 P 6c924eef0c604f00a36d397d175d244a [term 1 FOLLOWER]: Advancing to term 2
I20260630 12:26:08.639324 13791 raft_consensus.cc:2468] T 6ecc86b26a454112930cf2781295e1f6 P 6da0cc02fc824ae496ed17ee1c4ea828 [term 2 FOLLOWER]: Leader election vote request: Granting yes vote for candidate 6a8eff96cddf408b97cddc69012fb698 in term 2.
I20260630 12:26:08.640370 13830 leader_election.cc:304] T 6ecc86b26a454112930cf2781295e1f6 P 6a8eff96cddf408b97cddc69012fb698 [CANDIDATE]: Term 2 election: Election decided. Result: candidate won. Election summary: received 2 responses out of 3 voters: 2 yes votes; 0 no votes. yes voters: 6a8eff96cddf408b97cddc69012fb698, 6da0cc02fc824ae496ed17ee1c4ea828; no voters: 
I20260630 12:26:08.641076 13944 raft_consensus.cc:2804] T 6ecc86b26a454112930cf2781295e1f6 P 6a8eff96cddf408b97cddc69012fb698 [term 2 FOLLOWER]: Leader election won for term 2
I20260630 12:26:08.641497 13944 raft_consensus.cc:697] T 6ecc86b26a454112930cf2781295e1f6 P 6a8eff96cddf408b97cddc69012fb698 [term 2 LEADER]: Becoming Leader. State: Replica: 6a8eff96cddf408b97cddc69012fb698, State: Running, Role: LEADER
I20260630 12:26:08.642155 13944 consensus_queue.cc:237] T 6ecc86b26a454112930cf2781295e1f6 P 6a8eff96cddf408b97cddc69012fb698 [LEADER]: Queue going to LEADER mode. State: All replicated index: 0, Majority replicated index: 1, Committed index: 1, Last appended: 1.1, Last appended by leader: 1, Current term: 2, Majority size: 2, State: 0, Mode: LEADER, active raft config: opid_index: -1 OBSOLETE_local: false peers { permanent_uuid: "6da0cc02fc824ae496ed17ee1c4ea828" member_type: VOTER last_known_addr { host: "127.10.127.2" port: 33891 } } peers { permanent_uuid: "6c924eef0c604f00a36d397d175d244a" member_type: VOTER last_known_addr { host: "127.10.127.1" port: 41797 } } peers { permanent_uuid: "6a8eff96cddf408b97cddc69012fb698" member_type: VOTER last_known_addr { host: "127.10.127.3" port: 37003 } }
I20260630 12:26:08.643610 13715 raft_consensus.cc:2468] T 6ecc86b26a454112930cf2781295e1f6 P 6c924eef0c604f00a36d397d175d244a [term 2 FOLLOWER]: Leader election vote request: Granting yes vote for candidate 6a8eff96cddf408b97cddc69012fb698 in term 2.
I20260630 12:26:08.653944 13614 catalog_manager.cc:5697] T 6ecc86b26a454112930cf2781295e1f6 P 6a8eff96cddf408b97cddc69012fb698 reported cstate change: term changed from 1 to 2, leader changed from 6c924eef0c604f00a36d397d175d244a (127.10.127.1) to 6a8eff96cddf408b97cddc69012fb698 (127.10.127.3). New cstate: current_term: 2 leader_uuid: "6a8eff96cddf408b97cddc69012fb698" committed_config { opid_index: -1 OBSOLETE_local: false peers { permanent_uuid: "6da0cc02fc824ae496ed17ee1c4ea828" member_type: VOTER last_known_addr { host: "127.10.127.2" port: 33891 } health_report { overall_health: UNKNOWN } } peers { permanent_uuid: "6c924eef0c604f00a36d397d175d244a" member_type: VOTER last_known_addr { host: "127.10.127.1" port: 41797 } health_report { overall_health: UNKNOWN } } peers { permanent_uuid: "6a8eff96cddf408b97cddc69012fb698" member_type: VOTER last_known_addr { host: "127.10.127.3" port: 37003 } health_report { overall_health: HEALTHY } } }
I20260630 12:26:08.699874 14157 ts_tablet_manager.cc:933] T 971f7bfc1c894e3581ca0e41daa33369 P 63fdf26fcf434e1f937b1d8b26dc55a7: Initiating tablet copy from peer 6a8eff96cddf408b97cddc69012fb698 (127.10.127.3:37003)
I20260630 12:26:08.701951 14158 ts_tablet_manager.cc:933] T fcf03a61ee274a32ae8021a4f9cbe0d6 P 63fdf26fcf434e1f937b1d8b26dc55a7: Initiating tablet copy from peer 6c924eef0c604f00a36d397d175d244a (127.10.127.1:41797)
I20260630 12:26:08.703734 14157 tablet_copy_client.cc:323] T 971f7bfc1c894e3581ca0e41daa33369 P 63fdf26fcf434e1f937b1d8b26dc55a7: tablet copy: Beginning tablet copy session from remote peer at address 127.10.127.3:37003
I20260630 12:26:08.705739 13875 tablet_copy_service.cc:140] P 6a8eff96cddf408b97cddc69012fb698: Received BeginTabletCopySession request for tablet 971f7bfc1c894e3581ca0e41daa33369 from peer 63fdf26fcf434e1f937b1d8b26dc55a7 ({username='slave'} at 127.0.0.1:57468)
I20260630 12:26:08.706269 13875 tablet_copy_service.cc:161] P 6a8eff96cddf408b97cddc69012fb698: Beginning new tablet copy session on tablet 971f7bfc1c894e3581ca0e41daa33369 from peer 63fdf26fcf434e1f937b1d8b26dc55a7 at {username='slave'} at 127.0.0.1:57468: session id = 63fdf26fcf434e1f937b1d8b26dc55a7-971f7bfc1c894e3581ca0e41daa33369
I20260630 12:26:08.710722 14158 tablet_copy_client.cc:323] T fcf03a61ee274a32ae8021a4f9cbe0d6 P 63fdf26fcf434e1f937b1d8b26dc55a7: tablet copy: Beginning tablet copy session from remote peer at address 127.10.127.1:41797
I20260630 12:26:08.713079 13726 tablet_copy_service.cc:140] P 6c924eef0c604f00a36d397d175d244a: Received BeginTabletCopySession request for tablet fcf03a61ee274a32ae8021a4f9cbe0d6 from peer 63fdf26fcf434e1f937b1d8b26dc55a7 ({username='slave'} at 127.0.0.1:43718)
I20260630 12:26:08.713629 13726 tablet_copy_service.cc:161] P 6c924eef0c604f00a36d397d175d244a: Beginning new tablet copy session on tablet fcf03a61ee274a32ae8021a4f9cbe0d6 from peer 63fdf26fcf434e1f937b1d8b26dc55a7 at {username='slave'} at 127.0.0.1:43718: session id = 63fdf26fcf434e1f937b1d8b26dc55a7-fcf03a61ee274a32ae8021a4f9cbe0d6
I20260630 12:26:08.713857 13875 tablet_copy_source_session.cc:215] T 971f7bfc1c894e3581ca0e41daa33369 P 6a8eff96cddf408b97cddc69012fb698: Tablet Copy: opened 0 blocks and 1 log segments
I20260630 12:26:08.716408 14157 data_dirs.cc:400] Could only allocate 1 dirs of requested 3 for tablet 971f7bfc1c894e3581ca0e41daa33369. 1 dirs total, 0 dirs full, 0 dirs failed
I20260630 12:26:08.720803 13726 tablet_copy_source_session.cc:215] T fcf03a61ee274a32ae8021a4f9cbe0d6 P 6c924eef0c604f00a36d397d175d244a: Tablet Copy: opened 0 blocks and 1 log segments
I20260630 12:26:08.723742 14158 data_dirs.cc:400] Could only allocate 1 dirs of requested 3 for tablet fcf03a61ee274a32ae8021a4f9cbe0d6. 1 dirs total, 0 dirs full, 0 dirs failed
I20260630 12:26:08.728415 14157 tablet_copy_client.cc:806] T 971f7bfc1c894e3581ca0e41daa33369 P 63fdf26fcf434e1f937b1d8b26dc55a7: tablet copy: Starting download of 0 data blocks...
I20260630 12:26:08.728945 14157 tablet_copy_client.cc:670] T 971f7bfc1c894e3581ca0e41daa33369 P 63fdf26fcf434e1f937b1d8b26dc55a7: tablet copy: Starting download of 1 WAL segments...
I20260630 12:26:08.732999 14157 tablet_copy_client.cc:538] T 971f7bfc1c894e3581ca0e41daa33369 P 63fdf26fcf434e1f937b1d8b26dc55a7: tablet copy: Tablet Copy complete. Replacing tablet superblock.
I20260630 12:26:08.736248 14158 tablet_copy_client.cc:806] T fcf03a61ee274a32ae8021a4f9cbe0d6 P 63fdf26fcf434e1f937b1d8b26dc55a7: tablet copy: Starting download of 0 data blocks...
I20260630 12:26:08.736755 14158 tablet_copy_client.cc:670] T fcf03a61ee274a32ae8021a4f9cbe0d6 P 63fdf26fcf434e1f937b1d8b26dc55a7: tablet copy: Starting download of 1 WAL segments...
I20260630 12:26:08.740079 14158 tablet_copy_client.cc:538] T fcf03a61ee274a32ae8021a4f9cbe0d6 P 63fdf26fcf434e1f937b1d8b26dc55a7: tablet copy: Tablet Copy complete. Replacing tablet superblock.
I20260630 12:26:08.740942 14157 tablet_bootstrap.cc:492] T 971f7bfc1c894e3581ca0e41daa33369 P 63fdf26fcf434e1f937b1d8b26dc55a7: Bootstrap starting.
I20260630 12:26:08.745440 14158 tablet_bootstrap.cc:492] T fcf03a61ee274a32ae8021a4f9cbe0d6 P 63fdf26fcf434e1f937b1d8b26dc55a7: Bootstrap starting.
I20260630 12:26:08.760190 14157 tablet_bootstrap.cc:492] T 971f7bfc1c894e3581ca0e41daa33369 P 63fdf26fcf434e1f937b1d8b26dc55a7: Bootstrap replayed 1/1 log segments. Stats: ops{read=2 overwritten=0 applied=2 ignored=0} inserts{seen=0 ignored=0} mutations{seen=0 ignored=0} orphaned_commits=0. Pending: 0 replicates
I20260630 12:26:08.761009 14157 tablet_bootstrap.cc:492] T 971f7bfc1c894e3581ca0e41daa33369 P 63fdf26fcf434e1f937b1d8b26dc55a7: Bootstrap complete.
I20260630 12:26:08.761611 14158 tablet_bootstrap.cc:492] T fcf03a61ee274a32ae8021a4f9cbe0d6 P 63fdf26fcf434e1f937b1d8b26dc55a7: Bootstrap replayed 1/1 log segments. Stats: ops{read=2 overwritten=0 applied=2 ignored=0} inserts{seen=0 ignored=0} mutations{seen=0 ignored=0} orphaned_commits=0. Pending: 0 replicates
I20260630 12:26:08.761607 14157 ts_tablet_manager.cc:1403] T 971f7bfc1c894e3581ca0e41daa33369 P 63fdf26fcf434e1f937b1d8b26dc55a7: Time spent bootstrapping tablet: real 0.021s	user 0.010s	sys 0.009s
I20260630 12:26:08.762387 14158 tablet_bootstrap.cc:492] T fcf03a61ee274a32ae8021a4f9cbe0d6 P 63fdf26fcf434e1f937b1d8b26dc55a7: Bootstrap complete.
I20260630 12:26:08.762873 14158 ts_tablet_manager.cc:1403] T fcf03a61ee274a32ae8021a4f9cbe0d6 P 63fdf26fcf434e1f937b1d8b26dc55a7: Time spent bootstrapping tablet: real 0.018s	user 0.011s	sys 0.005s
I20260630 12:26:08.764531 14157 raft_consensus.cc:359] T 971f7bfc1c894e3581ca0e41daa33369 P 63fdf26fcf434e1f937b1d8b26dc55a7 [term 1 LEARNER]: Replica starting. Triggering 0 pending ops. Active config: opid_index: 2 OBSOLETE_local: false peers { permanent_uuid: "6c924eef0c604f00a36d397d175d244a" member_type: VOTER last_known_addr { host: "127.10.127.1" port: 41797 } attrs { replace: true } } peers { permanent_uuid: "6da0cc02fc824ae496ed17ee1c4ea828" member_type: VOTER last_known_addr { host: "127.10.127.2" port: 33891 } } peers { permanent_uuid: "6a8eff96cddf408b97cddc69012fb698" member_type: VOTER last_known_addr { host: "127.10.127.3" port: 37003 } } peers { permanent_uuid: "63fdf26fcf434e1f937b1d8b26dc55a7" member_type: NON_VOTER last_known_addr { host: "127.10.127.4" port: 38159 } attrs { promote: true } }
I20260630 12:26:08.765406 14157 raft_consensus.cc:740] T 971f7bfc1c894e3581ca0e41daa33369 P 63fdf26fcf434e1f937b1d8b26dc55a7 [term 1 LEARNER]: Becoming Follower/Learner. State: Replica: 63fdf26fcf434e1f937b1d8b26dc55a7, State: Initialized, Role: LEARNER
I20260630 12:26:08.765146 14158 raft_consensus.cc:359] T fcf03a61ee274a32ae8021a4f9cbe0d6 P 63fdf26fcf434e1f937b1d8b26dc55a7 [term 1 LEARNER]: Replica starting. Triggering 0 pending ops. Active config: opid_index: 2 OBSOLETE_local: false peers { permanent_uuid: "6c924eef0c604f00a36d397d175d244a" member_type: VOTER last_known_addr { host: "127.10.127.1" port: 41797 } } peers { permanent_uuid: "6da0cc02fc824ae496ed17ee1c4ea828" member_type: VOTER last_known_addr { host: "127.10.127.2" port: 33891 } attrs { replace: true } } peers { permanent_uuid: "6a8eff96cddf408b97cddc69012fb698" member_type: VOTER last_known_addr { host: "127.10.127.3" port: 37003 } } peers { permanent_uuid: "63fdf26fcf434e1f937b1d8b26dc55a7" member_type: NON_VOTER last_known_addr { host: "127.10.127.4" port: 38159 } attrs { promote: true } }
I20260630 12:26:08.766001 14158 raft_consensus.cc:740] T fcf03a61ee274a32ae8021a4f9cbe0d6 P 63fdf26fcf434e1f937b1d8b26dc55a7 [term 1 LEARNER]: Becoming Follower/Learner. State: Replica: 63fdf26fcf434e1f937b1d8b26dc55a7, State: Initialized, Role: LEARNER
I20260630 12:26:08.766060 14157 consensus_queue.cc:260] T 971f7bfc1c894e3581ca0e41daa33369 P 63fdf26fcf434e1f937b1d8b26dc55a7 [NON_LEADER]: Queue going to NON_LEADER mode. State: All replicated index: 0, Majority replicated index: 0, Committed index: 2, Last appended: 1.2, Last appended by leader: 2, Current term: 0, Majority size: -1, State: 0, Mode: NON_LEADER, active raft config: opid_index: 2 OBSOLETE_local: false peers { permanent_uuid: "6c924eef0c604f00a36d397d175d244a" member_type: VOTER last_known_addr { host: "127.10.127.1" port: 41797 } attrs { replace: true } } peers { permanent_uuid: "6da0cc02fc824ae496ed17ee1c4ea828" member_type: VOTER last_known_addr { host: "127.10.127.2" port: 33891 } } peers { permanent_uuid: "6a8eff96cddf408b97cddc69012fb698" member_type: VOTER last_known_addr { host: "127.10.127.3" port: 37003 } } peers { permanent_uuid: "63fdf26fcf434e1f937b1d8b26dc55a7" member_type: NON_VOTER last_known_addr { host: "127.10.127.4" port: 38159 } attrs { promote: true } }
I20260630 12:26:08.766883 14158 consensus_queue.cc:260] T fcf03a61ee274a32ae8021a4f9cbe0d6 P 63fdf26fcf434e1f937b1d8b26dc55a7 [NON_LEADER]: Queue going to NON_LEADER mode. State: All replicated index: 0, Majority replicated index: 0, Committed index: 2, Last appended: 1.2, Last appended by leader: 2, Current term: 0, Majority size: -1, State: 0, Mode: NON_LEADER, active raft config: opid_index: 2 OBSOLETE_local: false peers { permanent_uuid: "6c924eef0c604f00a36d397d175d244a" member_type: VOTER last_known_addr { host: "127.10.127.1" port: 41797 } } peers { permanent_uuid: "6da0cc02fc824ae496ed17ee1c4ea828" member_type: VOTER last_known_addr { host: "127.10.127.2" port: 33891 } attrs { replace: true } } peers { permanent_uuid: "6a8eff96cddf408b97cddc69012fb698" member_type: VOTER last_known_addr { host: "127.10.127.3" port: 37003 } } peers { permanent_uuid: "63fdf26fcf434e1f937b1d8b26dc55a7" member_type: NON_VOTER last_known_addr { host: "127.10.127.4" port: 38159 } attrs { promote: true } }
I20260630 12:26:08.768998 14158 ts_tablet_manager.cc:1434] T fcf03a61ee274a32ae8021a4f9cbe0d6 P 63fdf26fcf434e1f937b1d8b26dc55a7: Time spent starting tablet: real 0.006s	user 0.005s	sys 0.003s
I20260630 12:26:08.769034 14157 ts_tablet_manager.cc:1434] T 971f7bfc1c894e3581ca0e41daa33369 P 63fdf26fcf434e1f937b1d8b26dc55a7: Time spent starting tablet: real 0.007s	user 0.005s	sys 0.001s
I20260630 12:26:08.770874 13875 tablet_copy_service.cc:342] P 6a8eff96cddf408b97cddc69012fb698: Request end of tablet copy session 63fdf26fcf434e1f937b1d8b26dc55a7-971f7bfc1c894e3581ca0e41daa33369 received from {username='slave'} at 127.0.0.1:57468
I20260630 12:26:08.771234 13875 tablet_copy_service.cc:434] P 6a8eff96cddf408b97cddc69012fb698: ending tablet copy session 63fdf26fcf434e1f937b1d8b26dc55a7-971f7bfc1c894e3581ca0e41daa33369 on tablet 971f7bfc1c894e3581ca0e41daa33369 with peer 63fdf26fcf434e1f937b1d8b26dc55a7
I20260630 12:26:08.772670 13726 tablet_copy_service.cc:342] P 6c924eef0c604f00a36d397d175d244a: Request end of tablet copy session 63fdf26fcf434e1f937b1d8b26dc55a7-fcf03a61ee274a32ae8021a4f9cbe0d6 received from {username='slave'} at 127.0.0.1:43718
I20260630 12:26:08.773044 13726 tablet_copy_service.cc:434] P 6c924eef0c604f00a36d397d175d244a: ending tablet copy session 63fdf26fcf434e1f937b1d8b26dc55a7-fcf03a61ee274a32ae8021a4f9cbe0d6 on tablet fcf03a61ee274a32ae8021a4f9cbe0d6 with peer 63fdf26fcf434e1f937b1d8b26dc55a7
I20260630 12:26:08.787206 13961 raft_consensus.cc:993] T a31bae805040426285d70a83a56cf163 P 6da0cc02fc824ae496ed17ee1c4ea828: : Instructing follower 63fdf26fcf434e1f937b1d8b26dc55a7 to start an election
I20260630 12:26:08.787654 14131 raft_consensus.cc:1081] T a31bae805040426285d70a83a56cf163 P 6da0cc02fc824ae496ed17ee1c4ea828 [term 1 LEADER]: Signalling peer 63fdf26fcf434e1f937b1d8b26dc55a7 to start an election
I20260630 12:26:08.788977 14022 tablet_service.cc:2044] Received Run Leader Election RPC: tablet_id: "a31bae805040426285d70a83a56cf163"
dest_uuid: "63fdf26fcf434e1f937b1d8b26dc55a7"
 from {username='slave'} at 127.0.0.1:49398
I20260630 12:26:08.789516 14022 raft_consensus.cc:493] T a31bae805040426285d70a83a56cf163 P 63fdf26fcf434e1f937b1d8b26dc55a7 [term 1 FOLLOWER]: Starting forced leader election (received explicit request)
I20260630 12:26:08.789808 14022 raft_consensus.cc:3060] T a31bae805040426285d70a83a56cf163 P 63fdf26fcf434e1f937b1d8b26dc55a7 [term 1 FOLLOWER]: Advancing to term 2
I20260630 12:26:08.794189 14022 raft_consensus.cc:515] T a31bae805040426285d70a83a56cf163 P 63fdf26fcf434e1f937b1d8b26dc55a7 [term 2 FOLLOWER]: Starting forced leader election with config: opid_index: -1 OBSOLETE_local: false peers { permanent_uuid: "63fdf26fcf434e1f937b1d8b26dc55a7" member_type: VOTER last_known_addr { host: "127.10.127.4" port: 38159 } } peers { permanent_uuid: "6c924eef0c604f00a36d397d175d244a" member_type: VOTER last_known_addr { host: "127.10.127.1" port: 41797 } } peers { permanent_uuid: "6da0cc02fc824ae496ed17ee1c4ea828" member_type: VOTER last_known_addr { host: "127.10.127.2" port: 33891 } }
I20260630 12:26:08.795758 14022 leader_election.cc:290] T a31bae805040426285d70a83a56cf163 P 63fdf26fcf434e1f937b1d8b26dc55a7 [CANDIDATE]: Term 2 election: Requested vote from peers 6c924eef0c604f00a36d397d175d244a (127.10.127.1:41797), 6da0cc02fc824ae496ed17ee1c4ea828 (127.10.127.2:33891)
I20260630 12:26:08.796380 13715 tablet_service.cc:1917] Received RequestConsensusVote() RPC: tablet_id: "a31bae805040426285d70a83a56cf163" candidate_uuid: "63fdf26fcf434e1f937b1d8b26dc55a7" candidate_term: 2 candidate_status { last_received { term: 1 index: 1 } } ignore_live_leader: true dest_uuid: "6c924eef0c604f00a36d397d175d244a"
I20260630 12:26:08.796849 13791 tablet_service.cc:1917] Received RequestConsensusVote() RPC: tablet_id: "a31bae805040426285d70a83a56cf163" candidate_uuid: "63fdf26fcf434e1f937b1d8b26dc55a7" candidate_term: 2 candidate_status { last_received { term: 1 index: 1 } } ignore_live_leader: true dest_uuid: "6da0cc02fc824ae496ed17ee1c4ea828"
I20260630 12:26:08.796927 13715 raft_consensus.cc:3060] T a31bae805040426285d70a83a56cf163 P 6c924eef0c604f00a36d397d175d244a [term 1 FOLLOWER]: Advancing to term 2
I20260630 12:26:08.797328 13791 raft_consensus.cc:3055] T a31bae805040426285d70a83a56cf163 P 6da0cc02fc824ae496ed17ee1c4ea828 [term 1 LEADER]: Stepping down as leader of term 1
I20260630 12:26:08.797554 13791 raft_consensus.cc:740] T a31bae805040426285d70a83a56cf163 P 6da0cc02fc824ae496ed17ee1c4ea828 [term 1 LEADER]: Becoming Follower/Learner. State: Replica: 6da0cc02fc824ae496ed17ee1c4ea828, State: Running, Role: LEADER
I20260630 12:26:08.798135 13791 consensus_queue.cc:260] T a31bae805040426285d70a83a56cf163 P 6da0cc02fc824ae496ed17ee1c4ea828 [NON_LEADER]: Queue going to NON_LEADER mode. State: All replicated index: 0, Majority replicated index: 1, Committed index: 1, Last appended: 1.1, Last appended by leader: 1, Current term: 1, Majority size: -1, State: 0, Mode: NON_LEADER, active raft config: opid_index: -1 OBSOLETE_local: false peers { permanent_uuid: "63fdf26fcf434e1f937b1d8b26dc55a7" member_type: VOTER last_known_addr { host: "127.10.127.4" port: 38159 } } peers { permanent_uuid: "6c924eef0c604f00a36d397d175d244a" member_type: VOTER last_known_addr { host: "127.10.127.1" port: 41797 } } peers { permanent_uuid: "6da0cc02fc824ae496ed17ee1c4ea828" member_type: VOTER last_known_addr { host: "127.10.127.2" port: 33891 } }
I20260630 12:26:08.798863 13791 raft_consensus.cc:3060] T a31bae805040426285d70a83a56cf163 P 6da0cc02fc824ae496ed17ee1c4ea828 [term 1 FOLLOWER]: Advancing to term 2
I20260630 12:26:08.804183 13791 raft_consensus.cc:2468] T a31bae805040426285d70a83a56cf163 P 6da0cc02fc824ae496ed17ee1c4ea828 [term 2 FOLLOWER]: Leader election vote request: Granting yes vote for candidate 63fdf26fcf434e1f937b1d8b26dc55a7 in term 2.
I20260630 12:26:08.805135 13987 leader_election.cc:304] T a31bae805040426285d70a83a56cf163 P 63fdf26fcf434e1f937b1d8b26dc55a7 [CANDIDATE]: Term 2 election: Election decided. Result: candidate won. Election summary: received 2 responses out of 3 voters: 2 yes votes; 0 no votes. yes voters: 63fdf26fcf434e1f937b1d8b26dc55a7, 6da0cc02fc824ae496ed17ee1c4ea828; no voters: 
I20260630 12:26:08.805959 14074 raft_consensus.cc:2804] T a31bae805040426285d70a83a56cf163 P 63fdf26fcf434e1f937b1d8b26dc55a7 [term 2 FOLLOWER]: Leader election won for term 2
I20260630 12:26:08.806394 14074 raft_consensus.cc:697] T a31bae805040426285d70a83a56cf163 P 63fdf26fcf434e1f937b1d8b26dc55a7 [term 2 LEADER]: Becoming Leader. State: Replica: 63fdf26fcf434e1f937b1d8b26dc55a7, State: Running, Role: LEADER
I20260630 12:26:08.807597 14158 ts_tablet_manager.cc:933] T 2645f4ccf6fc410389d0eaf5dc51ddea P 63fdf26fcf434e1f937b1d8b26dc55a7: Initiating tablet copy from peer 6c924eef0c604f00a36d397d175d244a (127.10.127.1:41797)
I20260630 12:26:08.807133 14074 consensus_queue.cc:237] T a31bae805040426285d70a83a56cf163 P 63fdf26fcf434e1f937b1d8b26dc55a7 [LEADER]: Queue going to LEADER mode. State: All replicated index: 0, Majority replicated index: 1, Committed index: 1, Last appended: 1.1, Last appended by leader: 1, Current term: 2, Majority size: 2, State: 0, Mode: LEADER, active raft config: opid_index: -1 OBSOLETE_local: false peers { permanent_uuid: "63fdf26fcf434e1f937b1d8b26dc55a7" member_type: VOTER last_known_addr { host: "127.10.127.4" port: 38159 } } peers { permanent_uuid: "6c924eef0c604f00a36d397d175d244a" member_type: VOTER last_known_addr { host: "127.10.127.1" port: 41797 } } peers { permanent_uuid: "6da0cc02fc824ae496ed17ee1c4ea828" member_type: VOTER last_known_addr { host: "127.10.127.2" port: 33891 } }
I20260630 12:26:08.809701 13715 raft_consensus.cc:2468] T a31bae805040426285d70a83a56cf163 P 6c924eef0c604f00a36d397d175d244a [term 2 FOLLOWER]: Leader election vote request: Granting yes vote for candidate 63fdf26fcf434e1f937b1d8b26dc55a7 in term 2.
I20260630 12:26:08.813140 14158 tablet_copy_client.cc:323] T 2645f4ccf6fc410389d0eaf5dc51ddea P 63fdf26fcf434e1f937b1d8b26dc55a7: tablet copy: Beginning tablet copy session from remote peer at address 127.10.127.1:41797
I20260630 12:26:08.814816 13726 tablet_copy_service.cc:140] P 6c924eef0c604f00a36d397d175d244a: Received BeginTabletCopySession request for tablet 2645f4ccf6fc410389d0eaf5dc51ddea from peer 63fdf26fcf434e1f937b1d8b26dc55a7 ({username='slave'} at 127.0.0.1:43718)
I20260630 12:26:08.814750 13614 catalog_manager.cc:5697] T a31bae805040426285d70a83a56cf163 P 63fdf26fcf434e1f937b1d8b26dc55a7 reported cstate change: term changed from 1 to 2, leader changed from 6da0cc02fc824ae496ed17ee1c4ea828 (127.10.127.2) to 63fdf26fcf434e1f937b1d8b26dc55a7 (127.10.127.4). New cstate: current_term: 2 leader_uuid: "63fdf26fcf434e1f937b1d8b26dc55a7" committed_config { opid_index: -1 OBSOLETE_local: false peers { permanent_uuid: "63fdf26fcf434e1f937b1d8b26dc55a7" member_type: VOTER last_known_addr { host: "127.10.127.4" port: 38159 } health_report { overall_health: HEALTHY } } peers { permanent_uuid: "6c924eef0c604f00a36d397d175d244a" member_type: VOTER last_known_addr { host: "127.10.127.1" port: 41797 } health_report { overall_health: UNKNOWN } } peers { permanent_uuid: "6da0cc02fc824ae496ed17ee1c4ea828" member_type: VOTER last_known_addr { host: "127.10.127.2" port: 33891 } health_report { overall_health: UNKNOWN } } }
I20260630 12:26:08.815330 13726 tablet_copy_service.cc:161] P 6c924eef0c604f00a36d397d175d244a: Beginning new tablet copy session on tablet 2645f4ccf6fc410389d0eaf5dc51ddea from peer 63fdf26fcf434e1f937b1d8b26dc55a7 at {username='slave'} at 127.0.0.1:43718: session id = 63fdf26fcf434e1f937b1d8b26dc55a7-2645f4ccf6fc410389d0eaf5dc51ddea
I20260630 12:26:08.822075 13726 tablet_copy_source_session.cc:215] T 2645f4ccf6fc410389d0eaf5dc51ddea P 6c924eef0c604f00a36d397d175d244a: Tablet Copy: opened 0 blocks and 1 log segments
I20260630 12:26:08.824810 14158 data_dirs.cc:400] Could only allocate 1 dirs of requested 3 for tablet 2645f4ccf6fc410389d0eaf5dc51ddea. 1 dirs total, 0 dirs full, 0 dirs failed
I20260630 12:26:08.838577 14158 tablet_copy_client.cc:806] T 2645f4ccf6fc410389d0eaf5dc51ddea P 63fdf26fcf434e1f937b1d8b26dc55a7: tablet copy: Starting download of 0 data blocks...
I20260630 12:26:08.839051 14158 tablet_copy_client.cc:670] T 2645f4ccf6fc410389d0eaf5dc51ddea P 63fdf26fcf434e1f937b1d8b26dc55a7: tablet copy: Starting download of 1 WAL segments...
I20260630 12:26:08.842039 14158 tablet_copy_client.cc:538] T 2645f4ccf6fc410389d0eaf5dc51ddea P 63fdf26fcf434e1f937b1d8b26dc55a7: tablet copy: Tablet Copy complete. Replacing tablet superblock.
I20260630 12:26:08.847162 14158 tablet_bootstrap.cc:492] T 2645f4ccf6fc410389d0eaf5dc51ddea P 63fdf26fcf434e1f937b1d8b26dc55a7: Bootstrap starting.
I20260630 12:26:08.856650 13715 raft_consensus.cc:1275] T a04f4ded38f54a67aaa2d97cfd3a41b1 P 6c924eef0c604f00a36d397d175d244a [term 2 FOLLOWER]: Refusing update from remote peer 6a8eff96cddf408b97cddc69012fb698: Log matching property violated. Preceding OpId in replica: term: 1 index: 1. Preceding OpId from leader: term: 2 index: 2. (index mismatch)
I20260630 12:26:08.857944 13944 consensus_queue.cc:1048] T a04f4ded38f54a67aaa2d97cfd3a41b1 P 6a8eff96cddf408b97cddc69012fb698 [LEADER]: Connected to new peer: Peer: permanent_uuid: "6c924eef0c604f00a36d397d175d244a" member_type: VOTER last_known_addr { host: "127.10.127.1" port: 41797 }, Status: LMP_MISMATCH, Last received: 0.0, Next index: 2, Last known committed idx: 1, Time since last communication: 0.000s
I20260630 12:26:08.861618 14158 tablet_bootstrap.cc:492] T 2645f4ccf6fc410389d0eaf5dc51ddea P 63fdf26fcf434e1f937b1d8b26dc55a7: Bootstrap replayed 1/1 log segments. Stats: ops{read=2 overwritten=0 applied=2 ignored=0} inserts{seen=0 ignored=0} mutations{seen=0 ignored=0} orphaned_commits=0. Pending: 0 replicates
I20260630 12:26:08.862510 14158 tablet_bootstrap.cc:492] T 2645f4ccf6fc410389d0eaf5dc51ddea P 63fdf26fcf434e1f937b1d8b26dc55a7: Bootstrap complete.
I20260630 12:26:08.863119 14158 ts_tablet_manager.cc:1403] T 2645f4ccf6fc410389d0eaf5dc51ddea P 63fdf26fcf434e1f937b1d8b26dc55a7: Time spent bootstrapping tablet: real 0.016s	user 0.016s	sys 0.000s
I20260630 12:26:08.865890 14158 raft_consensus.cc:359] T 2645f4ccf6fc410389d0eaf5dc51ddea P 63fdf26fcf434e1f937b1d8b26dc55a7 [term 1 LEARNER]: Replica starting. Triggering 0 pending ops. Active config: opid_index: 2 OBSOLETE_local: false peers { permanent_uuid: "6c924eef0c604f00a36d397d175d244a" member_type: VOTER last_known_addr { host: "127.10.127.1" port: 41797 } } peers { permanent_uuid: "6da0cc02fc824ae496ed17ee1c4ea828" member_type: VOTER last_known_addr { host: "127.10.127.2" port: 33891 } } peers { permanent_uuid: "6a8eff96cddf408b97cddc69012fb698" member_type: VOTER last_known_addr { host: "127.10.127.3" port: 37003 } attrs { replace: true } } peers { permanent_uuid: "63fdf26fcf434e1f937b1d8b26dc55a7" member_type: NON_VOTER last_known_addr { host: "127.10.127.4" port: 38159 } attrs { promote: true } }
I20260630 12:26:08.866668 14158 raft_consensus.cc:740] T 2645f4ccf6fc410389d0eaf5dc51ddea P 63fdf26fcf434e1f937b1d8b26dc55a7 [term 1 LEARNER]: Becoming Follower/Learner. State: Replica: 63fdf26fcf434e1f937b1d8b26dc55a7, State: Initialized, Role: LEARNER
I20260630 12:26:08.867383 14158 consensus_queue.cc:260] T 2645f4ccf6fc410389d0eaf5dc51ddea P 63fdf26fcf434e1f937b1d8b26dc55a7 [NON_LEADER]: Queue going to NON_LEADER mode. State: All replicated index: 0, Majority replicated index: 0, Committed index: 2, Last appended: 1.2, Last appended by leader: 2, Current term: 0, Majority size: -1, State: 0, Mode: NON_LEADER, active raft config: opid_index: 2 OBSOLETE_local: false peers { permanent_uuid: "6c924eef0c604f00a36d397d175d244a" member_type: VOTER last_known_addr { host: "127.10.127.1" port: 41797 } } peers { permanent_uuid: "6da0cc02fc824ae496ed17ee1c4ea828" member_type: VOTER last_known_addr { host: "127.10.127.2" port: 33891 } } peers { permanent_uuid: "6a8eff96cddf408b97cddc69012fb698" member_type: VOTER last_known_addr { host: "127.10.127.3" port: 37003 } attrs { replace: true } } peers { permanent_uuid: "63fdf26fcf434e1f937b1d8b26dc55a7" member_type: NON_VOTER last_known_addr { host: "127.10.127.4" port: 38159 } attrs { promote: true } }
I20260630 12:26:08.869895 13791 raft_consensus.cc:1275] T a04f4ded38f54a67aaa2d97cfd3a41b1 P 6da0cc02fc824ae496ed17ee1c4ea828 [term 2 FOLLOWER]: Refusing update from remote peer 6a8eff96cddf408b97cddc69012fb698: Log matching property violated. Preceding OpId in replica: term: 1 index: 1. Preceding OpId from leader: term: 2 index: 2. (index mismatch)
