I20260630 12:26:41.954182 11803 raft_consensus.cc:2468] T 3dcdbc2e49bf412588b620435b1c5c7c P afba65fa1e7f4835973abebf3b4ca567 [term 0 FOLLOWER]: Leader pre-election vote request: Granting yes vote for candidate c33d18e17645418fb4fbb53758a660f3 in term 0.
I20260630 12:26:41.955304 11617 leader_election.cc:304] T 3dcdbc2e49bf412588b620435b1c5c7c P c33d18e17645418fb4fbb53758a660f3 [CANDIDATE]: Term 1 pre-election: Election decided. Result: candidate won. Election summary: received 2 responses out of 3 voters: 2 yes votes; 0 no votes. yes voters: afba65fa1e7f4835973abebf3b4ca567, c33d18e17645418fb4fbb53758a660f3; no voters: 
I20260630 12:26:41.955713 11848 tablet_bootstrap.cc:492] T f364ca8522ab44439baa9b0756977618 P c33d18e17645418fb4fbb53758a660f3: No bootstrap required, opened a new log
I20260630 12:26:41.956007 11853 raft_consensus.cc:2804] T 3dcdbc2e49bf412588b620435b1c5c7c P c33d18e17645418fb4fbb53758a660f3 [term 0 FOLLOWER]: Leader pre-election won for term 1
I20260630 12:26:41.956136 11848 ts_tablet_manager.cc:1403] T f364ca8522ab44439baa9b0756977618 P c33d18e17645418fb4fbb53758a660f3: Time spent bootstrapping tablet: real 0.010s	user 0.008s	sys 0.000s
I20260630 12:26:41.956439 11853 raft_consensus.cc:493] T 3dcdbc2e49bf412588b620435b1c5c7c P c33d18e17645418fb4fbb53758a660f3 [term 0 FOLLOWER]: Starting leader election (no leader contacted us within the election timeout)
I20260630 12:26:41.956813 11853 raft_consensus.cc:3060] T 3dcdbc2e49bf412588b620435b1c5c7c P c33d18e17645418fb4fbb53758a660f3 [term 0 FOLLOWER]: Advancing to term 1
I20260630 12:26:41.958858 11848 raft_consensus.cc:359] T f364ca8522ab44439baa9b0756977618 P c33d18e17645418fb4fbb53758a660f3 [term 0 FOLLOWER]: Replica starting. Triggering 0 pending ops. Active config: opid_index: -1 OBSOLETE_local: false peers { permanent_uuid: "c33d18e17645418fb4fbb53758a660f3" member_type: VOTER last_known_addr { host: "127.7.7.129" port: 46861 } } peers { permanent_uuid: "9ce06fbdc5bb41b1b1356c32531f732e" member_type: VOTER last_known_addr { host: "127.7.7.130" port: 46291 } } peers { permanent_uuid: "afba65fa1e7f4835973abebf3b4ca567" member_type: VOTER last_known_addr { host: "127.7.7.131" port: 38005 } }
I20260630 12:26:41.959515 11848 raft_consensus.cc:385] T f364ca8522ab44439baa9b0756977618 P c33d18e17645418fb4fbb53758a660f3 [term 0 FOLLOWER]: Consensus starting up: Expiring failure detector timer to make a prompt election more likely
I20260630 12:26:41.959836 11848 raft_consensus.cc:740] T f364ca8522ab44439baa9b0756977618 P c33d18e17645418fb4fbb53758a660f3 [term 0 FOLLOWER]: Becoming Follower/Learner. State: Replica: c33d18e17645418fb4fbb53758a660f3, State: Initialized, Role: FOLLOWER
I20260630 12:26:41.960445 11848 consensus_queue.cc:260] T f364ca8522ab44439baa9b0756977618 P c33d18e17645418fb4fbb53758a660f3 [NON_LEADER]: Queue going to NON_LEADER mode. State: All replicated index: 0, Majority replicated index: 0, Committed index: 0, Last appended: 0.0, Last appended by leader: 0, Current term: 0, Majority size: -1, State: 0, Mode: NON_LEADER, active raft config: opid_index: -1 OBSOLETE_local: false peers { permanent_uuid: "c33d18e17645418fb4fbb53758a660f3" member_type: VOTER last_known_addr { host: "127.7.7.129" port: 46861 } } peers { permanent_uuid: "9ce06fbdc5bb41b1b1356c32531f732e" member_type: VOTER last_known_addr { host: "127.7.7.130" port: 46291 } } peers { permanent_uuid: "afba65fa1e7f4835973abebf3b4ca567" member_type: VOTER last_known_addr { host: "127.7.7.131" port: 38005 } }
I20260630 12:26:41.962409 11848 ts_tablet_manager.cc:1434] T f364ca8522ab44439baa9b0756977618 P c33d18e17645418fb4fbb53758a660f3: Time spent starting tablet: real 0.006s	user 0.004s	sys 0.004s
I20260630 12:26:41.963840 11853 raft_consensus.cc:515] T 3dcdbc2e49bf412588b620435b1c5c7c P c33d18e17645418fb4fbb53758a660f3 [term 1 FOLLOWER]: Starting leader election with config: opid_index: -1 OBSOLETE_local: false peers { permanent_uuid: "c33d18e17645418fb4fbb53758a660f3" member_type: VOTER last_known_addr { host: "127.7.7.129" port: 46861 } } peers { permanent_uuid: "9ce06fbdc5bb41b1b1356c32531f732e" member_type: VOTER last_known_addr { host: "127.7.7.130" port: 46291 } } peers { permanent_uuid: "afba65fa1e7f4835973abebf3b4ca567" member_type: VOTER last_known_addr { host: "127.7.7.131" port: 38005 } }
I20260630 12:26:41.966274 11729 tablet_service.cc:1917] Received RequestConsensusVote() RPC: tablet_id: "3dcdbc2e49bf412588b620435b1c5c7c" candidate_uuid: "c33d18e17645418fb4fbb53758a660f3" candidate_term: 1 candidate_status { last_received { term: 0 index: 0 } } ignore_live_leader: false dest_uuid: "9ce06fbdc5bb41b1b1356c32531f732e"
I20260630 12:26:41.966837 11729 raft_consensus.cc:3060] T 3dcdbc2e49bf412588b620435b1c5c7c P 9ce06fbdc5bb41b1b1356c32531f732e [term 0 FOLLOWER]: Advancing to term 1
I20260630 12:26:41.967578 11803 tablet_service.cc:1917] Received RequestConsensusVote() RPC: tablet_id: "3dcdbc2e49bf412588b620435b1c5c7c" candidate_uuid: "c33d18e17645418fb4fbb53758a660f3" candidate_term: 1 candidate_status { last_received { term: 0 index: 0 } } ignore_live_leader: false dest_uuid: "afba65fa1e7f4835973abebf3b4ca567"
I20260630 12:26:41.968017 11853 leader_election.cc:290] T 3dcdbc2e49bf412588b620435b1c5c7c P c33d18e17645418fb4fbb53758a660f3 [CANDIDATE]: Term 1 election: Requested vote from peers 9ce06fbdc5bb41b1b1356c32531f732e (127.7.7.130:46291), afba65fa1e7f4835973abebf3b4ca567 (127.7.7.131:38005)
I20260630 12:26:41.968147 11803 raft_consensus.cc:3060] T 3dcdbc2e49bf412588b620435b1c5c7c P afba65fa1e7f4835973abebf3b4ca567 [term 0 FOLLOWER]: Advancing to term 1
I20260630 12:26:41.971972 11729 raft_consensus.cc:2468] T 3dcdbc2e49bf412588b620435b1c5c7c P 9ce06fbdc5bb41b1b1356c32531f732e [term 1 FOLLOWER]: Leader election vote request: Granting yes vote for candidate c33d18e17645418fb4fbb53758a660f3 in term 1.
I20260630 12:26:41.972869 11617 leader_election.cc:304] T 3dcdbc2e49bf412588b620435b1c5c7c P c33d18e17645418fb4fbb53758a660f3 [CANDIDATE]: Term 1 election: Election decided. Result: candidate won. Election summary: received 2 responses out of 3 voters: 2 yes votes; 0 no votes. yes voters: 9ce06fbdc5bb41b1b1356c32531f732e, c33d18e17645418fb4fbb53758a660f3; no voters: 
I20260630 12:26:41.973598 11853 raft_consensus.cc:2804] T 3dcdbc2e49bf412588b620435b1c5c7c P c33d18e17645418fb4fbb53758a660f3 [term 1 FOLLOWER]: Leader election won for term 1
I20260630 12:26:41.973975 11853 raft_consensus.cc:697] T 3dcdbc2e49bf412588b620435b1c5c7c P c33d18e17645418fb4fbb53758a660f3 [term 1 LEADER]: Becoming Leader. State: Replica: c33d18e17645418fb4fbb53758a660f3, State: Running, Role: LEADER
I20260630 12:26:41.974458 11803 raft_consensus.cc:2468] T 3dcdbc2e49bf412588b620435b1c5c7c P afba65fa1e7f4835973abebf3b4ca567 [term 1 FOLLOWER]: Leader election vote request: Granting yes vote for candidate c33d18e17645418fb4fbb53758a660f3 in term 1.
I20260630 12:26:41.974709 11853 consensus_queue.cc:237] T 3dcdbc2e49bf412588b620435b1c5c7c P c33d18e17645418fb4fbb53758a660f3 [LEADER]: Queue going to LEADER mode. State: All replicated index: 0, Majority replicated index: 0, Committed index: 0, Last appended: 0.0, Last appended by leader: 0, Current term: 1, Majority size: 2, State: 0, Mode: LEADER, active raft config: opid_index: -1 OBSOLETE_local: false peers { permanent_uuid: "c33d18e17645418fb4fbb53758a660f3" member_type: VOTER last_known_addr { host: "127.7.7.129" port: 46861 } } peers { permanent_uuid: "9ce06fbdc5bb41b1b1356c32531f732e" member_type: VOTER last_known_addr { host: "127.7.7.130" port: 46291 } } peers { permanent_uuid: "afba65fa1e7f4835973abebf3b4ca567" member_type: VOTER last_known_addr { host: "127.7.7.131" port: 38005 } }
I20260630 12:26:41.981493 11549 catalog_manager.cc:5697] T 3dcdbc2e49bf412588b620435b1c5c7c P c33d18e17645418fb4fbb53758a660f3 reported cstate change: term changed from 0 to 1, leader changed from <none> to c33d18e17645418fb4fbb53758a660f3 (127.7.7.129). New cstate: current_term: 1 leader_uuid: "c33d18e17645418fb4fbb53758a660f3" committed_config { opid_index: -1 OBSOLETE_local: false peers { permanent_uuid: "c33d18e17645418fb4fbb53758a660f3" member_type: VOTER last_known_addr { host: "127.7.7.129" port: 46861 } health_report { overall_health: HEALTHY } } peers { permanent_uuid: "9ce06fbdc5bb41b1b1356c32531f732e" member_type: VOTER last_known_addr { host: "127.7.7.130" port: 46291 } health_report { overall_health: UNKNOWN } } peers { permanent_uuid: "afba65fa1e7f4835973abebf3b4ca567" member_type: VOTER last_known_addr { host: "127.7.7.131" port: 38005 } health_report { overall_health: UNKNOWN } } }
I20260630 12:26:42.050443 11860 consensus_queue.cc:1048] T f83e81469aeb46c59a4330c086acc94b P afba65fa1e7f4835973abebf3b4ca567 [LEADER]: Connected to new peer: Peer: permanent_uuid: "c33d18e17645418fb4fbb53758a660f3" member_type: VOTER last_known_addr { host: "127.7.7.129" port: 46861 }, Status: LMP_MISMATCH, Last received: 0.0, Next index: 1, Last known committed idx: 0, Time since last communication: 0.000s
I20260630 12:26:42.063062 11882 consensus_queue.cc:1048] T f053024dc29b434a94f3dcfcb4017e15 P afba65fa1e7f4835973abebf3b4ca567 [LEADER]: Connected to new peer: Peer: permanent_uuid: "9ce06fbdc5bb41b1b1356c32531f732e" member_type: VOTER last_known_addr { host: "127.7.7.130" port: 46291 }, Status: LMP_MISMATCH, Last received: 0.0, Next index: 1, Last known committed idx: 0, Time since last communication: 0.001s
I20260630 12:26:42.065114 11883 consensus_queue.cc:1048] T f83e81469aeb46c59a4330c086acc94b P afba65fa1e7f4835973abebf3b4ca567 [LEADER]: Connected to new peer: Peer: permanent_uuid: "9ce06fbdc5bb41b1b1356c32531f732e" member_type: VOTER last_known_addr { host: "127.7.7.130" port: 46291 }, Status: LMP_MISMATCH, Last received: 0.0, Next index: 1, Last known committed idx: 0, Time since last communication: 0.000s
I20260630 12:26:42.071125 11882 consensus_queue.cc:1048] T 671f2168a34943feb86e3a0375273c43 P afba65fa1e7f4835973abebf3b4ca567 [LEADER]: Connected to new peer: Peer: permanent_uuid: "c33d18e17645418fb4fbb53758a660f3" member_type: VOTER last_known_addr { host: "127.7.7.129" port: 46861 }, Status: LMP_MISMATCH, Last received: 0.0, Next index: 1, Last known committed idx: 0, Time since last communication: 0.000s
I20260630 12:26:42.077231 11860 consensus_queue.cc:1048] T f053024dc29b434a94f3dcfcb4017e15 P afba65fa1e7f4835973abebf3b4ca567 [LEADER]: Connected to new peer: Peer: permanent_uuid: "c33d18e17645418fb4fbb53758a660f3" member_type: VOTER last_known_addr { host: "127.7.7.129" port: 46861 }, Status: LMP_MISMATCH, Last received: 0.0, Next index: 1, Last known committed idx: 0, Time since last communication: 0.000s
I20260630 12:26:42.081209 11854 raft_consensus.cc:493] T 671f2168a34943feb86e3a0375273c43 P 9ce06fbdc5bb41b1b1356c32531f732e [term 0 FOLLOWER]: Starting pre-election (no leader contacted us within the election timeout)
I20260630 12:26:42.081710 11854 raft_consensus.cc:515] T 671f2168a34943feb86e3a0375273c43 P 9ce06fbdc5bb41b1b1356c32531f732e [term 0 FOLLOWER]: Starting pre-election with config: opid_index: -1 OBSOLETE_local: false peers { permanent_uuid: "c33d18e17645418fb4fbb53758a660f3" member_type: VOTER last_known_addr { host: "127.7.7.129" port: 46861 } } peers { permanent_uuid: "9ce06fbdc5bb41b1b1356c32531f732e" member_type: VOTER last_known_addr { host: "127.7.7.130" port: 46291 } } peers { permanent_uuid: "afba65fa1e7f4835973abebf3b4ca567" member_type: VOTER last_known_addr { host: "127.7.7.131" port: 38005 } }
I20260630 12:26:42.085117 11854 leader_election.cc:290] T 671f2168a34943feb86e3a0375273c43 P 9ce06fbdc5bb41b1b1356c32531f732e [CANDIDATE]: Term 1 pre-election: Requested pre-vote from peers c33d18e17645418fb4fbb53758a660f3 (127.7.7.129:46861), afba65fa1e7f4835973abebf3b4ca567 (127.7.7.131:38005)
I20260630 12:26:42.091002 11727 raft_consensus.cc:3060] T 671f2168a34943feb86e3a0375273c43 P 9ce06fbdc5bb41b1b1356c32531f732e [term 0 FOLLOWER]: Advancing to term 1
I20260630 12:26:42.102778 11654 tablet_service.cc:1917] Received RequestConsensusVote() RPC: tablet_id: "671f2168a34943feb86e3a0375273c43" candidate_uuid: "9ce06fbdc5bb41b1b1356c32531f732e" candidate_term: 1 candidate_status { last_received { term: 0 index: 0 } } ignore_live_leader: false dest_uuid: "c33d18e17645418fb4fbb53758a660f3" is_pre_election: true
I20260630 12:26:42.103629 11803 tablet_service.cc:1917] Received RequestConsensusVote() RPC: tablet_id: "671f2168a34943feb86e3a0375273c43" candidate_uuid: "9ce06fbdc5bb41b1b1356c32531f732e" candidate_term: 1 candidate_status { last_received { term: 0 index: 0 } } ignore_live_leader: false dest_uuid: "afba65fa1e7f4835973abebf3b4ca567" is_pre_election: true
I20260630 12:26:42.106428 11860 consensus_queue.cc:1048] T 671f2168a34943feb86e3a0375273c43 P afba65fa1e7f4835973abebf3b4ca567 [LEADER]: Connected to new peer: Peer: permanent_uuid: "9ce06fbdc5bb41b1b1356c32531f732e" member_type: VOTER last_known_addr { host: "127.7.7.130" port: 46291 }, Status: LMP_MISMATCH, Last received: 0.0, Next index: 1, Last known committed idx: 0, Time since last communication: 0.000s
I20260630 12:26:42.112265 11692 leader_election.cc:304] T 671f2168a34943feb86e3a0375273c43 P 9ce06fbdc5bb41b1b1356c32531f732e [CANDIDATE]: Term 1 pre-election: Election decided. Result: candidate lost. Election summary: received 3 responses out of 3 voters: 1 yes votes; 2 no votes. yes voters: 9ce06fbdc5bb41b1b1356c32531f732e; no voters: afba65fa1e7f4835973abebf3b4ca567, c33d18e17645418fb4fbb53758a660f3
I20260630 12:26:42.115430 11856 raft_consensus.cc:2749] T 671f2168a34943feb86e3a0375273c43 P 9ce06fbdc5bb41b1b1356c32531f732e [term 1 FOLLOWER]: Leader pre-election lost for term 1. Reason: could not achieve majority
I20260630 12:26:42.118995 11853 raft_consensus.cc:493] T f364ca8522ab44439baa9b0756977618 P c33d18e17645418fb4fbb53758a660f3 [term 0 FOLLOWER]: Starting pre-election (no leader contacted us within the election timeout)
I20260630 12:26:42.119364 11856 consensus_queue.cc:1048] T fdeb9473f3214b7d94a3528cc63b6603 P 9ce06fbdc5bb41b1b1356c32531f732e [LEADER]: Connected to new peer: Peer: permanent_uuid: "afba65fa1e7f4835973abebf3b4ca567" member_type: VOTER last_known_addr { host: "127.7.7.131" port: 38005 }, Status: LMP_MISMATCH, Last received: 0.0, Next index: 1, Last known committed idx: 0, Time since last communication: 0.000s
I20260630 12:26:42.119541 11853 raft_consensus.cc:515] T f364ca8522ab44439baa9b0756977618 P c33d18e17645418fb4fbb53758a660f3 [term 0 FOLLOWER]: Starting pre-election with config: opid_index: -1 OBSOLETE_local: false peers { permanent_uuid: "c33d18e17645418fb4fbb53758a660f3" member_type: VOTER last_known_addr { host: "127.7.7.129" port: 46861 } } peers { permanent_uuid: "9ce06fbdc5bb41b1b1356c32531f732e" member_type: VOTER last_known_addr { host: "127.7.7.130" port: 46291 } } peers { permanent_uuid: "afba65fa1e7f4835973abebf3b4ca567" member_type: VOTER last_known_addr { host: "127.7.7.131" port: 38005 } }
I20260630 12:26:42.121551 11853 leader_election.cc:290] T f364ca8522ab44439baa9b0756977618 P c33d18e17645418fb4fbb53758a660f3 [CANDIDATE]: Term 1 pre-election: Requested pre-vote from peers 9ce06fbdc5bb41b1b1356c32531f732e (127.7.7.130:46291), afba65fa1e7f4835973abebf3b4ca567 (127.7.7.131:38005)
I20260630 12:26:42.123369 11802 tablet_service.cc:1917] Received RequestConsensusVote() RPC: tablet_id: "f364ca8522ab44439baa9b0756977618" candidate_uuid: "c33d18e17645418fb4fbb53758a660f3" candidate_term: 1 candidate_status { last_received { term: 0 index: 0 } } ignore_live_leader: false dest_uuid: "afba65fa1e7f4835973abebf3b4ca567" is_pre_election: true
I20260630 12:26:42.124027 11802 raft_consensus.cc:2468] T f364ca8522ab44439baa9b0756977618 P afba65fa1e7f4835973abebf3b4ca567 [term 0 FOLLOWER]: Leader pre-election vote request: Granting yes vote for candidate c33d18e17645418fb4fbb53758a660f3 in term 0.
I20260630 12:26:42.124006 11729 tablet_service.cc:1917] Received RequestConsensusVote() RPC: tablet_id: "f364ca8522ab44439baa9b0756977618" candidate_uuid: "c33d18e17645418fb4fbb53758a660f3" candidate_term: 1 candidate_status { last_received { term: 0 index: 0 } } ignore_live_leader: false dest_uuid: "9ce06fbdc5bb41b1b1356c32531f732e" is_pre_election: true
I20260630 12:26:42.124867 11729 raft_consensus.cc:2468] T f364ca8522ab44439baa9b0756977618 P 9ce06fbdc5bb41b1b1356c32531f732e [term 0 FOLLOWER]: Leader pre-election vote request: Granting yes vote for candidate c33d18e17645418fb4fbb53758a660f3 in term 0.
I20260630 12:26:42.125463 11617 leader_election.cc:304] T f364ca8522ab44439baa9b0756977618 P c33d18e17645418fb4fbb53758a660f3 [CANDIDATE]: Term 1 pre-election: Election decided. Result: candidate won. Election summary: received 2 responses out of 3 voters: 2 yes votes; 0 no votes. yes voters: afba65fa1e7f4835973abebf3b4ca567, c33d18e17645418fb4fbb53758a660f3; no voters: 
I20260630 12:26:42.126228 11853 raft_consensus.cc:2804] T f364ca8522ab44439baa9b0756977618 P c33d18e17645418fb4fbb53758a660f3 [term 0 FOLLOWER]: Leader pre-election won for term 1
I20260630 12:26:42.126674 11853 raft_consensus.cc:493] T f364ca8522ab44439baa9b0756977618 P c33d18e17645418fb4fbb53758a660f3 [term 0 FOLLOWER]: Starting leader election (no leader contacted us within the election timeout)
I20260630 12:26:42.127046 11853 raft_consensus.cc:3060] T f364ca8522ab44439baa9b0756977618 P c33d18e17645418fb4fbb53758a660f3 [term 0 FOLLOWER]: Advancing to term 1
I20260630 12:26:42.134799 11853 raft_consensus.cc:515] T f364ca8522ab44439baa9b0756977618 P c33d18e17645418fb4fbb53758a660f3 [term 1 FOLLOWER]: Starting leader election with config: opid_index: -1 OBSOLETE_local: false peers { permanent_uuid: "c33d18e17645418fb4fbb53758a660f3" member_type: VOTER last_known_addr { host: "127.7.7.129" port: 46861 } } peers { permanent_uuid: "9ce06fbdc5bb41b1b1356c32531f732e" member_type: VOTER last_known_addr { host: "127.7.7.130" port: 46291 } } peers { permanent_uuid: "afba65fa1e7f4835973abebf3b4ca567" member_type: VOTER last_known_addr { host: "127.7.7.131" port: 38005 } }
I20260630 12:26:42.136802 11853 leader_election.cc:290] T f364ca8522ab44439baa9b0756977618 P c33d18e17645418fb4fbb53758a660f3 [CANDIDATE]: Term 1 election: Requested vote from peers 9ce06fbdc5bb41b1b1356c32531f732e (127.7.7.130:46291), afba65fa1e7f4835973abebf3b4ca567 (127.7.7.131:38005)
I20260630 12:26:42.137786 11854 consensus_queue.cc:1048] T fdeb9473f3214b7d94a3528cc63b6603 P 9ce06fbdc5bb41b1b1356c32531f732e [LEADER]: Connected to new peer: Peer: permanent_uuid: "c33d18e17645418fb4fbb53758a660f3" member_type: VOTER last_known_addr { host: "127.7.7.129" port: 46861 }, Status: LMP_MISMATCH, Last received: 0.0, Next index: 1, Last known committed idx: 0, Time since last communication: 0.000s
I20260630 12:26:42.140046 11729 tablet_service.cc:1917] Received RequestConsensusVote() RPC: tablet_id: "f364ca8522ab44439baa9b0756977618" candidate_uuid: "c33d18e17645418fb4fbb53758a660f3" candidate_term: 1 candidate_status { last_received { term: 0 index: 0 } } ignore_live_leader: false dest_uuid: "9ce06fbdc5bb41b1b1356c32531f732e"
I20260630 12:26:42.140600 11729 raft_consensus.cc:3060] T f364ca8522ab44439baa9b0756977618 P 9ce06fbdc5bb41b1b1356c32531f732e [term 0 FOLLOWER]: Advancing to term 1
I20260630 12:26:42.143702 11803 tablet_service.cc:1917] Received RequestConsensusVote() RPC: tablet_id: "f364ca8522ab44439baa9b0756977618" candidate_uuid: "c33d18e17645418fb4fbb53758a660f3" candidate_term: 1 candidate_status { last_received { term: 0 index: 0 } } ignore_live_leader: false dest_uuid: "afba65fa1e7f4835973abebf3b4ca567"
I20260630 12:26:42.144328 11803 raft_consensus.cc:3060] T f364ca8522ab44439baa9b0756977618 P afba65fa1e7f4835973abebf3b4ca567 [term 0 FOLLOWER]: Advancing to term 1
I20260630 12:26:42.147514 11729 raft_consensus.cc:2468] T f364ca8522ab44439baa9b0756977618 P 9ce06fbdc5bb41b1b1356c32531f732e [term 1 FOLLOWER]: Leader election vote request: Granting yes vote for candidate c33d18e17645418fb4fbb53758a660f3 in term 1.
I20260630 12:26:42.148639 11617 leader_election.cc:304] T f364ca8522ab44439baa9b0756977618 P c33d18e17645418fb4fbb53758a660f3 [CANDIDATE]: Term 1 election: Election decided. Result: candidate won. Election summary: received 2 responses out of 3 voters: 2 yes votes; 0 no votes. yes voters: 9ce06fbdc5bb41b1b1356c32531f732e, c33d18e17645418fb4fbb53758a660f3; no voters: 
I20260630 12:26:42.149364 11853 raft_consensus.cc:2804] T f364ca8522ab44439baa9b0756977618 P c33d18e17645418fb4fbb53758a660f3 [term 1 FOLLOWER]: Leader election won for term 1
I20260630 12:26:42.149995 11853 raft_consensus.cc:697] T f364ca8522ab44439baa9b0756977618 P c33d18e17645418fb4fbb53758a660f3 [term 1 LEADER]: Becoming Leader. State: Replica: c33d18e17645418fb4fbb53758a660f3, State: Running, Role: LEADER
I20260630 12:26:42.150736 11853 consensus_queue.cc:237] T f364ca8522ab44439baa9b0756977618 P c33d18e17645418fb4fbb53758a660f3 [LEADER]: Queue going to LEADER mode. State: All replicated index: 0, Majority replicated index: 0, Committed index: 0, Last appended: 0.0, Last appended by leader: 0, Current term: 1, Majority size: 2, State: 0, Mode: LEADER, active raft config: opid_index: -1 OBSOLETE_local: false peers { permanent_uuid: "c33d18e17645418fb4fbb53758a660f3" member_type: VOTER last_known_addr { host: "127.7.7.129" port: 46861 } } peers { permanent_uuid: "9ce06fbdc5bb41b1b1356c32531f732e" member_type: VOTER last_known_addr { host: "127.7.7.130" port: 46291 } } peers { permanent_uuid: "afba65fa1e7f4835973abebf3b4ca567" member_type: VOTER last_known_addr { host: "127.7.7.131" port: 38005 } }
I20260630 12:26:42.151921 11803 raft_consensus.cc:2468] T f364ca8522ab44439baa9b0756977618 P afba65fa1e7f4835973abebf3b4ca567 [term 1 FOLLOWER]: Leader election vote request: Granting yes vote for candidate c33d18e17645418fb4fbb53758a660f3 in term 1.
I20260630 12:26:42.156314 11886 raft_consensus.cc:493] T 36337b064f344b709161384e219674bd P c33d18e17645418fb4fbb53758a660f3 [term 0 FOLLOWER]: Starting pre-election (no leader contacted us within the election timeout)
I20260630 12:26:42.156895 11886 raft_consensus.cc:515] T 36337b064f344b709161384e219674bd P c33d18e17645418fb4fbb53758a660f3 [term 0 FOLLOWER]: Starting pre-election with config: opid_index: -1 OBSOLETE_local: false peers { permanent_uuid: "c33d18e17645418fb4fbb53758a660f3" member_type: VOTER last_known_addr { host: "127.7.7.129" port: 46861 } } peers { permanent_uuid: "afba65fa1e7f4835973abebf3b4ca567" member_type: VOTER last_known_addr { host: "127.7.7.131" port: 38005 } } peers { permanent_uuid: "9ce06fbdc5bb41b1b1356c32531f732e" member_type: VOTER last_known_addr { host: "127.7.7.130" port: 46291 } }
I20260630 12:26:42.159144 11886 leader_election.cc:290] T 36337b064f344b709161384e219674bd P c33d18e17645418fb4fbb53758a660f3 [CANDIDATE]: Term 1 pre-election: Requested pre-vote from peers afba65fa1e7f4835973abebf3b4ca567 (127.7.7.131:38005), 9ce06fbdc5bb41b1b1356c32531f732e (127.7.7.130:46291)
I20260630 12:26:42.159758 11803 tablet_service.cc:1917] Received RequestConsensusVote() RPC: tablet_id: "36337b064f344b709161384e219674bd" candidate_uuid: "c33d18e17645418fb4fbb53758a660f3" candidate_term: 1 candidate_status { last_received { term: 0 index: 0 } } ignore_live_leader: false dest_uuid: "afba65fa1e7f4835973abebf3b4ca567" is_pre_election: true
I20260630 12:26:42.160422 11803 raft_consensus.cc:2393] T 36337b064f344b709161384e219674bd P afba65fa1e7f4835973abebf3b4ca567 [term 1 FOLLOWER]: Leader pre-election vote request: Denying vote to candidate c33d18e17645418fb4fbb53758a660f3 in current term 1: Already voted for candidate 9ce06fbdc5bb41b1b1356c32531f732e in this term.
I20260630 12:26:42.161607 11729 tablet_service.cc:1917] Received RequestConsensusVote() RPC: tablet_id: "36337b064f344b709161384e219674bd" candidate_uuid: "c33d18e17645418fb4fbb53758a660f3" candidate_term: 1 candidate_status { last_received { term: 0 index: 0 } } ignore_live_leader: false dest_uuid: "9ce06fbdc5bb41b1b1356c32531f732e" is_pre_election: true
I20260630 12:26:42.162612 11617 leader_election.cc:304] T 36337b064f344b709161384e219674bd P c33d18e17645418fb4fbb53758a660f3 [CANDIDATE]: Term 1 pre-election: Election decided. Result: candidate lost. Election summary: received 3 responses out of 3 voters: 1 yes votes; 2 no votes. yes voters: c33d18e17645418fb4fbb53758a660f3; no voters: 9ce06fbdc5bb41b1b1356c32531f732e, afba65fa1e7f4835973abebf3b4ca567
I20260630 12:26:42.163345 11886 raft_consensus.cc:3060] T 36337b064f344b709161384e219674bd P c33d18e17645418fb4fbb53758a660f3 [term 0 FOLLOWER]: Advancing to term 1
I20260630 12:26:42.165613 11552 catalog_manager.cc:5697] T f364ca8522ab44439baa9b0756977618 P c33d18e17645418fb4fbb53758a660f3 reported cstate change: term changed from 0 to 1, leader changed from <none> to c33d18e17645418fb4fbb53758a660f3 (127.7.7.129). New cstate: current_term: 1 leader_uuid: "c33d18e17645418fb4fbb53758a660f3" committed_config { opid_index: -1 OBSOLETE_local: false peers { permanent_uuid: "c33d18e17645418fb4fbb53758a660f3" member_type: VOTER last_known_addr { host: "127.7.7.129" port: 46861 } health_report { overall_health: HEALTHY } } peers { permanent_uuid: "9ce06fbdc5bb41b1b1356c32531f732e" member_type: VOTER last_known_addr { host: "127.7.7.130" port: 46291 } health_report { overall_health: UNKNOWN } } peers { permanent_uuid: "afba65fa1e7f4835973abebf3b4ca567" member_type: VOTER last_known_addr { host: "127.7.7.131" port: 38005 } health_report { overall_health: UNKNOWN } } }
I20260630 12:26:42.168085 11886 raft_consensus.cc:2749] T 36337b064f344b709161384e219674bd P c33d18e17645418fb4fbb53758a660f3 [term 1 FOLLOWER]: Leader pre-election lost for term 1. Reason: could not achieve majority
I20260630 12:26:42.185117 11886 consensus_queue.cc:1048] T 79a4dfe36cd547269c4896f8cba3ab8b P c33d18e17645418fb4fbb53758a660f3 [LEADER]: Connected to new peer: Peer: permanent_uuid: "afba65fa1e7f4835973abebf3b4ca567" member_type: VOTER last_known_addr { host: "127.7.7.131" port: 38005 }, Status: LMP_MISMATCH, Last received: 0.0, Next index: 1, Last known committed idx: 0, Time since last communication: 0.000s
I20260630 12:26:42.190127 11886 raft_consensus.cc:493] T dd0df0292d754e65a769b26a00b968bd P c33d18e17645418fb4fbb53758a660f3 [term 0 FOLLOWER]: Starting pre-election (no leader contacted us within the election timeout)
I20260630 12:26:42.190659 11886 raft_consensus.cc:515] T dd0df0292d754e65a769b26a00b968bd P c33d18e17645418fb4fbb53758a660f3 [term 0 FOLLOWER]: Starting pre-election with config: opid_index: -1 OBSOLETE_local: false peers { permanent_uuid: "c33d18e17645418fb4fbb53758a660f3" member_type: VOTER last_known_addr { host: "127.7.7.129" port: 46861 } } peers { permanent_uuid: "9ce06fbdc5bb41b1b1356c32531f732e" member_type: VOTER last_known_addr { host: "127.7.7.130" port: 46291 } } peers { permanent_uuid: "afba65fa1e7f4835973abebf3b4ca567" member_type: VOTER last_known_addr { host: "127.7.7.131" port: 38005 } }
I20260630 12:26:42.192649 11886 leader_election.cc:290] T dd0df0292d754e65a769b26a00b968bd P c33d18e17645418fb4fbb53758a660f3 [CANDIDATE]: Term 1 pre-election: Requested pre-vote from peers 9ce06fbdc5bb41b1b1356c32531f732e (127.7.7.130:46291), afba65fa1e7f4835973abebf3b4ca567 (127.7.7.131:38005)
I20260630 12:26:42.211313 11802 tablet_service.cc:1917] Received RequestConsensusVote() RPC: tablet_id: "dd0df0292d754e65a769b26a00b968bd" candidate_uuid: "c33d18e17645418fb4fbb53758a660f3" candidate_term: 1 candidate_status { last_received { term: 0 index: 0 } } ignore_live_leader: false dest_uuid: "afba65fa1e7f4835973abebf3b4ca567" is_pre_election: true
I20260630 12:26:42.212421 11802 raft_consensus.cc:2393] T dd0df0292d754e65a769b26a00b968bd P afba65fa1e7f4835973abebf3b4ca567 [term 1 FOLLOWER]: Leader pre-election vote request: Denying vote to candidate c33d18e17645418fb4fbb53758a660f3 in current term 1: Already voted for candidate 9ce06fbdc5bb41b1b1356c32531f732e in this term.
I20260630 12:26:42.211382 11729 tablet_service.cc:1917] Received RequestConsensusVote() RPC: tablet_id: "dd0df0292d754e65a769b26a00b968bd" candidate_uuid: "c33d18e17645418fb4fbb53758a660f3" candidate_term: 1 candidate_status { last_received { term: 0 index: 0 } } ignore_live_leader: false dest_uuid: "9ce06fbdc5bb41b1b1356c32531f732e" is_pre_election: true
I20260630 12:26:42.216821 11617 leader_election.cc:304] T dd0df0292d754e65a769b26a00b968bd P c33d18e17645418fb4fbb53758a660f3 [CANDIDATE]: Term 1 pre-election: Election decided. Result: candidate lost. Election summary: received 3 responses out of 3 voters: 1 yes votes; 2 no votes. yes voters: c33d18e17645418fb4fbb53758a660f3; no voters: 9ce06fbdc5bb41b1b1356c32531f732e, afba65fa1e7f4835973abebf3b4ca567
I20260630 12:26:42.218125 11886 raft_consensus.cc:3060] T dd0df0292d754e65a769b26a00b968bd P c33d18e17645418fb4fbb53758a660f3 [term 0 FOLLOWER]: Advancing to term 1
I20260630 12:26:42.229349 11853 consensus_queue.cc:1048] T 30a855959741446ea1db89664c16953c P c33d18e17645418fb4fbb53758a660f3 [LEADER]: Connected to new peer: Peer: permanent_uuid: "9ce06fbdc5bb41b1b1356c32531f732e" member_type: VOTER last_known_addr { host: "127.7.7.130" port: 46291 }, Status: LMP_MISMATCH, Last received: 0.0, Next index: 1, Last known committed idx: 0, Time since last communication: 0.000s
I20260630 12:26:42.250490 11884 consensus_queue.cc:1048] T dd0df0292d754e65a769b26a00b968bd P 9ce06fbdc5bb41b1b1356c32531f732e [LEADER]: Connected to new peer: Peer: permanent_uuid: "afba65fa1e7f4835973abebf3b4ca567" member_type: VOTER last_known_addr { host: "127.7.7.131" port: 38005 }, Status: LMP_MISMATCH, Last received: 0.0, Next index: 1, Last known committed idx: 0, Time since last communication: 0.001s
I20260630 12:26:42.250725 11854 consensus_queue.cc:1048] T 36337b064f344b709161384e219674bd P 9ce06fbdc5bb41b1b1356c32531f732e [LEADER]: Connected to new peer: Peer: permanent_uuid: "afba65fa1e7f4835973abebf3b4ca567" member_type: VOTER last_known_addr { host: "127.7.7.131" port: 38005 }, Status: LMP_MISMATCH, Last received: 0.0, Next index: 1, Last known committed idx: 0, Time since last communication: 0.000s
I20260630 12:26:42.234098 11886 raft_consensus.cc:2749] T dd0df0292d754e65a769b26a00b968bd P c33d18e17645418fb4fbb53758a660f3 [term 1 FOLLOWER]: Leader pre-election lost for term 1. Reason: could not achieve majority
I20260630 12:26:42.299142 11854 consensus_queue.cc:1048] T dd0df0292d754e65a769b26a00b968bd P 9ce06fbdc5bb41b1b1356c32531f732e [LEADER]: Connected to new peer: Peer: permanent_uuid: "c33d18e17645418fb4fbb53758a660f3" member_type: VOTER last_known_addr { host: "127.7.7.129" port: 46861 }, Status: LMP_MISMATCH, Last received: 0.0, Next index: 1, Last known committed idx: 0, Time since last communication: 0.000s
I20260630 12:26:42.314592 11941 consensus_queue.cc:1048] T 79a4dfe36cd547269c4896f8cba3ab8b P c33d18e17645418fb4fbb53758a660f3 [LEADER]: Connected to new peer: Peer: permanent_uuid: "9ce06fbdc5bb41b1b1356c32531f732e" member_type: VOTER last_known_addr { host: "127.7.7.130" port: 46291 }, Status: LMP_MISMATCH, Last received: 0.0, Next index: 1, Last known committed idx: 0, Time since last communication: 0.001s
I20260630 12:26:42.321902 11856 consensus_queue.cc:1048] T 36337b064f344b709161384e219674bd P 9ce06fbdc5bb41b1b1356c32531f732e [LEADER]: Connected to new peer: Peer: permanent_uuid: "c33d18e17645418fb4fbb53758a660f3" member_type: VOTER last_known_addr { host: "127.7.7.129" port: 46861 }, Status: LMP_MISMATCH, Last received: 0.0, Next index: 1, Last known committed idx: 0, Time since last communication: 0.000s
W20260630 12:26:42.370843 11617 outbound_call.cc:321] RPC callback for RPC call kudu.consensus.ConsensusService.UpdateConsensus -> {remote=127.7.7.130:46291, user_credentials={real_user=slave}} blocked reactor thread for 58631.3us
I20260630 12:26:42.388778 11926 consensus_queue.cc:1048] T 6152237bd5a34c809a17c1fc5c389be9 P afba65fa1e7f4835973abebf3b4ca567 [LEADER]: Connected to new peer: Peer: permanent_uuid: "c33d18e17645418fb4fbb53758a660f3" member_type: VOTER last_known_addr { host: "127.7.7.129" port: 46861 }, Status: LMP_MISMATCH, Last received: 0.0, Next index: 1, Last known committed idx: 0, Time since last communication: 0.000s
I20260630 12:26:42.391320 11941 consensus_queue.cc:1048] T 30a855959741446ea1db89664c16953c P c33d18e17645418fb4fbb53758a660f3 [LEADER]: Connected to new peer: Peer: permanent_uuid: "afba65fa1e7f4835973abebf3b4ca567" member_type: VOTER last_known_addr { host: "127.7.7.131" port: 38005 }, Status: LMP_MISMATCH, Last received: 0.0, Next index: 1, Last known committed idx: 0, Time since last communication: 0.000s
I20260630 12:26:42.409446 11882 consensus_queue.cc:1048] T 6152237bd5a34c809a17c1fc5c389be9 P afba65fa1e7f4835973abebf3b4ca567 [LEADER]: Connected to new peer: Peer: permanent_uuid: "9ce06fbdc5bb41b1b1356c32531f732e" member_type: VOTER last_known_addr { host: "127.7.7.130" port: 46291 }, Status: LMP_MISMATCH, Last received: 0.0, Next index: 1, Last known committed idx: 0, Time since last communication: 0.000s
I20260630 12:26:42.458431 11941 consensus_queue.cc:1048] T 3dcdbc2e49bf412588b620435b1c5c7c P c33d18e17645418fb4fbb53758a660f3 [LEADER]: Connected to new peer: Peer: permanent_uuid: "9ce06fbdc5bb41b1b1356c32531f732e" member_type: VOTER last_known_addr { host: "127.7.7.130" port: 46291 }, Status: LMP_MISMATCH, Last received: 0.0, Next index: 1, Last known committed idx: 0, Time since last communication: 0.000s
I20260630 12:26:42.470139 11941 consensus_queue.cc:1048] T 3dcdbc2e49bf412588b620435b1c5c7c P c33d18e17645418fb4fbb53758a660f3 [LEADER]: Connected to new peer: Peer: permanent_uuid: "afba65fa1e7f4835973abebf3b4ca567" member_type: VOTER last_known_addr { host: "127.7.7.131" port: 38005 }, Status: LMP_MISMATCH, Last received: 0.0, Next index: 1, Last known committed idx: 0, Time since last communication: 0.000s
I20260630 12:26:42.519399 11882 consensus_queue.cc:1048] T 3b12ce7249c44ce3a01b03c7ffc35073 P afba65fa1e7f4835973abebf3b4ca567 [LEADER]: Connected to new peer: Peer: permanent_uuid: "c33d18e17645418fb4fbb53758a660f3" member_type: VOTER last_known_addr { host: "127.7.7.129" port: 46861 }, Status: LMP_MISMATCH, Last received: 0.0, Next index: 1, Last known committed idx: 0, Time since last communication: 0.001s
I20260630 12:26:42.552196 11882 consensus_queue.cc:1048] T 3b12ce7249c44ce3a01b03c7ffc35073 P afba65fa1e7f4835973abebf3b4ca567 [LEADER]: Connected to new peer: Peer: permanent_uuid: "9ce06fbdc5bb41b1b1356c32531f732e" member_type: VOTER last_known_addr { host: "127.7.7.130" port: 46291 }, Status: LMP_MISMATCH, Last received: 0.0, Next index: 1, Last known committed idx: 0, Time since last communication: 0.000s
I20260630 12:26:42.889699 11940 consensus_queue.cc:1048] T f364ca8522ab44439baa9b0756977618 P c33d18e17645418fb4fbb53758a660f3 [LEADER]: Connected to new peer: Peer: permanent_uuid: "9ce06fbdc5bb41b1b1356c32531f732e" member_type: VOTER last_known_addr { host: "127.7.7.130" port: 46291 }, Status: LMP_MISMATCH, Last received: 0.0, Next index: 1, Last known committed idx: 0, Time since last communication: 0.018s
I20260630 12:26:42.951107 11988 consensus_queue.cc:1048] T f364ca8522ab44439baa9b0756977618 P c33d18e17645418fb4fbb53758a660f3 [LEADER]: Connected to new peer: Peer: permanent_uuid: "afba65fa1e7f4835973abebf3b4ca567" member_type: VOTER last_known_addr { host: "127.7.7.131" port: 38005 }, Status: LMP_MISMATCH, Last received: 0.0, Next index: 1, Last known committed idx: 0, Time since last communication: 0.001s
W20260630 12:26:43.217490 11992 log.cc:927] Time spent T f364ca8522ab44439baa9b0756977618 P afba65fa1e7f4835973abebf3b4ca567: Append to log took a long time: real 0.091s	user 0.001s	sys 0.000s
W20260630 12:26:43.296614 11991 log.cc:927] Time spent T f364ca8522ab44439baa9b0756977618 P 9ce06fbdc5bb41b1b1356c32531f732e: Append to log took a long time: real 0.166s	user 0.001s	sys 0.000s
W20260630 12:26:44.599965 11617 outbound_call.cc:321] RPC callback for RPC call kudu.consensus.ConsensusService.UpdateConsensus -> {remote=127.7.7.130:46291, user_credentials={real_user=slave}} blocked reactor thread for 171710us
W20260630 12:26:45.296657 11935 meta_cache.cc:1261] Time spent looking up entry by key: real 0.053s	user 0.000s	sys 0.000s
W20260630 12:26:45.312866 11934 meta_cache.cc:1261] Time spent looking up entry by key: real 0.069s	user 0.000s	sys 0.008s
W20260630 12:26:45.325802 11933 meta_cache.cc:1261] Time spent looking up entry by key: real 0.083s	user 0.010s	sys 0.001s
I20260630 12:26:46.219691  7198 file_cache.cc:492] Constructed file cache file cache with capacity 419430
W20260630 12:26:46.228050 12025 instance_detector.cc:116] could not retrieve AWS instance metadata: Network error: curl error: HTTP response code said error: The requested URL returned error: 404
W20260630 12:26:46.228262 12026 instance_detector.cc:116] could not retrieve Azure instance metadata: Network error: curl error: HTTP response code said error: The requested URL returned error: 404
W20260630 12:26:46.229985 12028 instance_detector.cc:116] could not retrieve OpenStack instance metadata: Network error: curl error: HTTP response code said error: The requested URL returned error: 404
I20260630 12:26:46.231778  7198 server_base.cc:1061] running on GCE node
I20260630 12:26:46.233860  7198 hybrid_clock.cc:584] initializing the hybrid clock with 'system_unsync' time source
W20260630 12:26:46.234100  7198 system_unsync_time.cc:38] NTP support is disabled. Clock error bounds will not be accurate. This configuration is not suitable for distributed clusters.
I20260630 12:26:46.234269  7198 hybrid_clock.cc:648] HybridClock initialized: now 1782822406234255 us; error 0 us; skew 500 ppm
I20260630 12:26:46.234840  7198 server_base.cc:861] Flag tcmalloc_max_total_thread_cache_bytes is not working since tcmalloc is not enabled.
I20260630 12:26:46.237294  7198 webserver.cc:533] Webserver started at http://127.7.7.132:34791/ using document root <none> and password file <none>
I20260630 12:26:46.237829  7198 fs_manager.cc:362] Metadata directory not provided
I20260630 12:26:46.238054  7198 fs_manager.cc:368] Using write-ahead log directory (fs_wal_dir) as metadata directory
I20260630 12:26:46.238420  7198 server_base.cc:909] This appears to be a new deployment of Kudu; creating new FS layout
I20260630 12:26:46.239648  7198 fs_manager.cc:1068] Generated new instance metadata in path /tmp/dist-test-task7gZIYV/test-tmp/auto_rebalancer-test.0.AutoRebalancerTest.TestMaxMovesPerServer.1782822281935825-7198-0/minicluster-data/ts-3-root/instance:
uuid: "8889e7e04a8e40f5870bd014aee2152e"
format_stamp: "Formatted at 2026-06-30 12:26:46 on dist-test-slave-dzjf"
I20260630 12:26:46.243782  7198 fs_manager.cc:696] Time spent creating directory manager: real 0.004s	user 0.005s	sys 0.000s
I20260630 12:26:46.246878 12033 log_block_manager.cc:4031] Time spent loading block containers with low live blocks: real 0.000s	user 0.000s	sys 0.000s
I20260630 12:26:46.247817  7198 fs_manager.cc:730] Time spent opening block manager: real 0.002s	user 0.003s	sys 0.000s
I20260630 12:26:46.248179  7198 fs_manager.cc:647] Opened local filesystem: /tmp/dist-test-task7gZIYV/test-tmp/auto_rebalancer-test.0.AutoRebalancerTest.TestMaxMovesPerServer.1782822281935825-7198-0/minicluster-data/ts-3-root
uuid: "8889e7e04a8e40f5870bd014aee2152e"
format_stamp: "Formatted at 2026-06-30 12:26:46 on dist-test-slave-dzjf"
I20260630 12:26:46.248421  7198 fs_report.cc:389] FS layout report
--------------------
wal directory: /tmp/dist-test-task7gZIYV/test-tmp/auto_rebalancer-test.0.AutoRebalancerTest.TestMaxMovesPerServer.1782822281935825-7198-0/minicluster-data/ts-3-root
metadata directory: /tmp/dist-test-task7gZIYV/test-tmp/auto_rebalancer-test.0.AutoRebalancerTest.TestMaxMovesPerServer.1782822281935825-7198-0/minicluster-data/ts-3-root
1 data directories: /tmp/dist-test-task7gZIYV/test-tmp/auto_rebalancer-test.0.AutoRebalancerTest.TestMaxMovesPerServer.1782822281935825-7198-0/minicluster-data/ts-3-root/data
Total live blocks: 0
Total live bytes: 0
Total live bytes (after alignment): 0
Total number of LBM containers: 0 (0 full)
Did not check for missing blocks
Did not check for orphaned blocks
Total full LBM containers with extra space: 0 (0 repaired)
Total full LBM container extra space in bytes: 0 (0 repaired)
Total incomplete LBM containers: 0 (0 repaired)
Total LBM partial records: 0 (0 repaired)
Total corrupted LBM metadata records in RocksDB: 0 (0 repaired)
I20260630 12:26:46.281374  7198 rpc_server.cc:225] running with OpenSSL 1.1.1  11 Sep 2018
I20260630 12:26:46.282721  7198 kserver.cc:163] Server-wide thread pool size limit: 3276
I20260630 12:26:46.284087  7198 txn_system_client.cc:432] TxnSystemClient initialization is disabled...
I20260630 12:26:46.286497  7198 ts_tablet_manager.cc:585] Loaded tablet metadata (0 total tablets, 0 live tablets)
I20260630 12:26:46.286710  7198 ts_tablet_manager.cc:531] Time spent load tablet metadata: real 0.000s	user 0.000s	sys 0.000s
I20260630 12:26:46.286980  7198 ts_tablet_manager.cc:616] Registered 0 tablets
I20260630 12:26:46.287164  7198 ts_tablet_manager.cc:595] Time spent register tablets: real 0.000s	user 0.000s	sys 0.000s
I20260630 12:26:46.329054  7198 rpc_server.cc:307] RPC server started. Bound to: 127.7.7.132:39931
I20260630 12:26:46.329160 12095 acceptor_pool.cc:272] collecting diagnostics on the listening RPC socket 127.7.7.132:39931 every 8 connection(s)
I20260630 12:26:46.334192  7198 file_cache.cc:492] Constructed file cache file cache with capacity 419430
W20260630 12:26:46.341325 12100 instance_detector.cc:116] could not retrieve AWS instance metadata: Network error: curl error: HTTP response code said error: The requested URL returned error: 404
W20260630 12:26:46.341979 12101 instance_detector.cc:116] could not retrieve Azure instance metadata: Network error: curl error: HTTP response code said error: The requested URL returned error: 404
I20260630 12:26:46.346591  7198 server_base.cc:1061] running on GCE node
W20260630 12:26:46.346661 12103 instance_detector.cc:116] could not retrieve OpenStack instance metadata: Network error: curl error: HTTP response code said error: The requested URL returned error: 404
I20260630 12:26:46.348810  7198 hybrid_clock.cc:584] initializing the hybrid clock with 'system_unsync' time source
W20260630 12:26:46.349050  7198 system_unsync_time.cc:38] NTP support is disabled. Clock error bounds will not be accurate. This configuration is not suitable for distributed clusters.
I20260630 12:26:46.349249  7198 hybrid_clock.cc:648] HybridClock initialized: now 1782822406349229 us; error 0 us; skew 500 ppm
I20260630 12:26:46.349786  7198 server_base.cc:861] Flag tcmalloc_max_total_thread_cache_bytes is not working since tcmalloc is not enabled.
I20260630 12:26:46.353574 12096 heartbeater.cc:344] Connected to a master server at 127.7.7.190:40945
I20260630 12:26:46.353999 12096 heartbeater.cc:461] Registering TS with master...
I20260630 12:26:46.354477  7198 webserver.cc:533] Webserver started at http://127.7.7.133:45383/ using document root <none> and password file <none>
I20260630 12:26:46.354875 12096 heartbeater.cc:507] Master 127.7.7.190:40945 requested a full tablet report, sending...
I20260630 12:26:46.355024  7198 fs_manager.cc:362] Metadata directory not provided
I20260630 12:26:46.355350  7198 fs_manager.cc:368] Using write-ahead log directory (fs_wal_dir) as metadata directory
I20260630 12:26:46.355633  7198 server_base.cc:909] This appears to be a new deployment of Kudu; creating new FS layout
I20260630 12:26:46.357079 11546 ts_manager.cc:194] Registered new tserver with Master: 8889e7e04a8e40f5870bd014aee2152e (127.7.7.132:39931)
I20260630 12:26:46.357159  7198 fs_manager.cc:1068] Generated new instance metadata in path /tmp/dist-test-task7gZIYV/test-tmp/auto_rebalancer-test.0.AutoRebalancerTest.TestMaxMovesPerServer.1782822281935825-7198-0/minicluster-data/ts-4-root/instance:
uuid: "b0ce78dfb32840a6acd927250b700ebd"
format_stamp: "Formatted at 2026-06-30 12:26:46 on dist-test-slave-dzjf"
I20260630 12:26:46.359192 11546 master_service.cc:502] Signed X509 certificate for tserver {username='slave'} at 127.0.0.1:44618
I20260630 12:26:46.362658  7198 fs_manager.cc:696] Time spent creating directory manager: real 0.005s	user 0.004s	sys 0.000s
I20260630 12:26:46.365816 12108 log_block_manager.cc:4031] Time spent loading block containers with low live blocks: real 0.000s	user 0.000s	sys 0.000s
I20260630 12:26:46.366640  7198 fs_manager.cc:730] Time spent opening block manager: real 0.002s	user 0.002s	sys 0.001s
I20260630 12:26:46.366932  7198 fs_manager.cc:647] Opened local filesystem: /tmp/dist-test-task7gZIYV/test-tmp/auto_rebalancer-test.0.AutoRebalancerTest.TestMaxMovesPerServer.1782822281935825-7198-0/minicluster-data/ts-4-root
uuid: "b0ce78dfb32840a6acd927250b700ebd"
format_stamp: "Formatted at 2026-06-30 12:26:46 on dist-test-slave-dzjf"
I20260630 12:26:46.367199  7198 fs_report.cc:389] FS layout report
--------------------
wal directory: /tmp/dist-test-task7gZIYV/test-tmp/auto_rebalancer-test.0.AutoRebalancerTest.TestMaxMovesPerServer.1782822281935825-7198-0/minicluster-data/ts-4-root
metadata directory: /tmp/dist-test-task7gZIYV/test-tmp/auto_rebalancer-test.0.AutoRebalancerTest.TestMaxMovesPerServer.1782822281935825-7198-0/minicluster-data/ts-4-root
1 data directories: /tmp/dist-test-task7gZIYV/test-tmp/auto_rebalancer-test.0.AutoRebalancerTest.TestMaxMovesPerServer.1782822281935825-7198-0/minicluster-data/ts-4-root/data
Total live blocks: 0
Total live bytes: 0
Total live bytes (after alignment): 0
Total number of LBM containers: 0 (0 full)
Did not check for missing blocks
Did not check for orphaned blocks
Total full LBM containers with extra space: 0 (0 repaired)
Total full LBM container extra space in bytes: 0 (0 repaired)
Total incomplete LBM containers: 0 (0 repaired)
Total LBM partial records: 0 (0 repaired)
Total corrupted LBM metadata records in RocksDB: 0 (0 repaired)
I20260630 12:26:46.385977  7198 rpc_server.cc:225] running with OpenSSL 1.1.1  11 Sep 2018
I20260630 12:26:46.387223  7198 kserver.cc:163] Server-wide thread pool size limit: 3276
I20260630 12:26:46.388751  7198 txn_system_client.cc:432] TxnSystemClient initialization is disabled...
I20260630 12:26:46.390945  7198 ts_tablet_manager.cc:585] Loaded tablet metadata (0 total tablets, 0 live tablets)
I20260630 12:26:46.391183  7198 ts_tablet_manager.cc:531] Time spent load tablet metadata: real 0.000s	user 0.000s	sys 0.000s
I20260630 12:26:46.391420  7198 ts_tablet_manager.cc:616] Registered 0 tablets
I20260630 12:26:46.391603  7198 ts_tablet_manager.cc:595] Time spent register tablets: real 0.000s	user 0.000s	sys 0.000s
I20260630 12:26:46.453788  7198 rpc_server.cc:307] RPC server started. Bound to: 127.7.7.133:33507
I20260630 12:26:46.453990 12170 acceptor_pool.cc:272] collecting diagnostics on the listening RPC socket 127.7.7.133:33507 every 8 connection(s)
I20260630 12:26:46.460170  7198 file_cache.cc:492] Constructed file cache file cache with capacity 419430
W20260630 12:26:46.468134 12174 instance_detector.cc:116] could not retrieve AWS instance metadata: Network error: curl error: HTTP response code said error: The requested URL returned error: 404
W20260630 12:26:46.469658 12175 instance_detector.cc:116] could not retrieve Azure instance metadata: Network error: curl error: HTTP response code said error: The requested URL returned error: 404
I20260630 12:26:46.473966 12171 heartbeater.cc:344] Connected to a master server at 127.7.7.190:40945
I20260630 12:26:46.474388 12171 heartbeater.cc:461] Registering TS with master...
W20260630 12:26:46.475206 12177 instance_detector.cc:116] could not retrieve OpenStack instance metadata: Network error: curl error: HTTP response code said error: The requested URL returned error: 404
I20260630 12:26:46.475481 12171 heartbeater.cc:507] Master 127.7.7.190:40945 requested a full tablet report, sending...
I20260630 12:26:46.477464  7198 server_base.cc:1061] running on GCE node
I20260630 12:26:46.477818 11546 ts_manager.cc:194] Registered new tserver with Master: b0ce78dfb32840a6acd927250b700ebd (127.7.7.133:33507)
I20260630 12:26:46.479220 11546 master_service.cc:502] Signed X509 certificate for tserver {username='slave'} at 127.0.0.1:44624
I20260630 12:26:46.480314  7198 hybrid_clock.cc:584] initializing the hybrid clock with 'system_unsync' time source
W20260630 12:26:46.480577  7198 system_unsync_time.cc:38] NTP support is disabled. Clock error bounds will not be accurate. This configuration is not suitable for distributed clusters.
I20260630 12:26:46.480799  7198 hybrid_clock.cc:648] HybridClock initialized: now 1782822406480784 us; error 0 us; skew 500 ppm
I20260630 12:26:46.481365  7198 server_base.cc:861] Flag tcmalloc_max_total_thread_cache_bytes is not working since tcmalloc is not enabled.
I20260630 12:26:46.484123  7198 webserver.cc:533] Webserver started at http://127.7.7.134:42807/ using document root <none> and password file <none>
I20260630 12:26:46.484754  7198 fs_manager.cc:362] Metadata directory not provided
I20260630 12:26:46.485018  7198 fs_manager.cc:368] Using write-ahead log directory (fs_wal_dir) as metadata directory
I20260630 12:26:46.485332  7198 server_base.cc:909] This appears to be a new deployment of Kudu; creating new FS layout
I20260630 12:26:46.486888  7198 fs_manager.cc:1068] Generated new instance metadata in path /tmp/dist-test-task7gZIYV/test-tmp/auto_rebalancer-test.0.AutoRebalancerTest.TestMaxMovesPerServer.1782822281935825-7198-0/minicluster-data/ts-5-root/instance:
uuid: "1e964b808ffb4e9cb24a4e634e6c4414"
format_stamp: "Formatted at 2026-06-30 12:26:46 on dist-test-slave-dzjf"
I20260630 12:26:46.490924  7198 fs_manager.cc:696] Time spent creating directory manager: real 0.004s	user 0.004s	sys 0.000s
