I20260630 12:26:00.154621 10333 consensus_queue.cc:260] T 012ec105265f420ca9f56758e6f4804f P c214cb920de64715b1d540d04faa12e6 [NON_LEADER]: Queue going to NON_LEADER mode. State: All replicated index: 0, Majority replicated index: 0, Committed index: 0, Last appended: 0.0, Last appended by leader: 0, Current term: 0, Majority size: -1, State: 0, Mode: NON_LEADER, active raft config: opid_index: -1 OBSOLETE_local: false peers { permanent_uuid: "503bb19f0de444b89a3c78b76f1c54b4" member_type: VOTER last_known_addr { host: "127.7.13.130" port: 39991 } } peers { permanent_uuid: "c214cb920de64715b1d540d04faa12e6" member_type: VOTER last_known_addr { host: "127.7.13.129" port: 37831 } } peers { permanent_uuid: "ab526a30d82b449da9304bf2c6a5e98a" member_type: VOTER last_known_addr { host: "127.7.13.131" port: 46263 } }
I20260630 12:26:00.155272 10335 ts_tablet_manager.cc:1434] T 8cf0263062084d5fb0a46c89529a29d1 P 503bb19f0de444b89a3c78b76f1c54b4: Time spent starting tablet: real 0.017s	user 0.011s	sys 0.003s
I20260630 12:26:00.155429 10214 tablet_service.cc:1917] Received RequestConsensusVote() RPC: tablet_id: "51868c6b7ef6474b83c8a522db005a19" candidate_uuid: "c214cb920de64715b1d540d04faa12e6" candidate_term: 1 candidate_status { last_received { term: 0 index: 0 } } ignore_live_leader: false dest_uuid: "503bb19f0de444b89a3c78b76f1c54b4" is_pre_election: true
I20260630 12:26:00.157043 10333 ts_tablet_manager.cc:1434] T 012ec105265f420ca9f56758e6f4804f P c214cb920de64715b1d540d04faa12e6: Time spent starting tablet: real 0.014s	user 0.007s	sys 0.000s
I20260630 12:26:00.159057 10335 tablet_bootstrap.cc:492] T d270c6537cf248a397859d79c986e3a5 P 503bb19f0de444b89a3c78b76f1c54b4: Bootstrap starting.
I20260630 12:26:00.151857 10343 raft_consensus.cc:515] T 51868c6b7ef6474b83c8a522db005a19 P 503bb19f0de444b89a3c78b76f1c54b4 [term 1 FOLLOWER]: Starting leader election with config: opid_index: -1 OBSOLETE_local: false peers { permanent_uuid: "c214cb920de64715b1d540d04faa12e6" member_type: VOTER last_known_addr { host: "127.7.13.129" port: 37831 } } peers { permanent_uuid: "503bb19f0de444b89a3c78b76f1c54b4" member_type: VOTER last_known_addr { host: "127.7.13.130" port: 39991 } } peers { permanent_uuid: "ab526a30d82b449da9304bf2c6a5e98a" member_type: VOTER last_known_addr { host: "127.7.13.131" port: 46263 } }
I20260630 12:26:00.161680 10214 raft_consensus.cc:2393] T 51868c6b7ef6474b83c8a522db005a19 P 503bb19f0de444b89a3c78b76f1c54b4 [term 1 FOLLOWER]: Leader pre-election vote request: Denying vote to candidate c214cb920de64715b1d540d04faa12e6 in current term 1: Already voted for candidate 503bb19f0de444b89a3c78b76f1c54b4 in this term.
I20260630 12:26:00.162395 10333 tablet_bootstrap.cc:492] T 1863f6e6f7084d5d8d9bb38baa357dcc P c214cb920de64715b1d540d04faa12e6: Bootstrap starting.
I20260630 12:26:00.163578 10288 tablet_service.cc:1917] Received RequestConsensusVote() RPC: tablet_id: "51868c6b7ef6474b83c8a522db005a19" candidate_uuid: "503bb19f0de444b89a3c78b76f1c54b4" candidate_term: 1 candidate_status { last_received { term: 0 index: 0 } } ignore_live_leader: false dest_uuid: "ab526a30d82b449da9304bf2c6a5e98a"
I20260630 12:26:00.164114 10288 raft_consensus.cc:3060] T 51868c6b7ef6474b83c8a522db005a19 P ab526a30d82b449da9304bf2c6a5e98a [term 0 FOLLOWER]: Advancing to term 1
I20260630 12:26:00.169163 10333 tablet_bootstrap.cc:654] T 1863f6e6f7084d5d8d9bb38baa357dcc P c214cb920de64715b1d540d04faa12e6: Neither blocks nor log segments found. Creating new log.
I20260630 12:26:00.171478 10288 raft_consensus.cc:2468] T 51868c6b7ef6474b83c8a522db005a19 P ab526a30d82b449da9304bf2c6a5e98a [term 1 FOLLOWER]: Leader election vote request: Granting yes vote for candidate 503bb19f0de444b89a3c78b76f1c54b4 in term 1.
I20260630 12:26:00.172640 10335 tablet_bootstrap.cc:654] T d270c6537cf248a397859d79c986e3a5 P 503bb19f0de444b89a3c78b76f1c54b4: Neither blocks nor log segments found. Creating new log.
I20260630 12:26:00.173810 10334 tablet_bootstrap.cc:654] T 012ec105265f420ca9f56758e6f4804f P ab526a30d82b449da9304bf2c6a5e98a: Neither blocks nor log segments found. Creating new log.
I20260630 12:26:00.174886 10177 leader_election.cc:304] T 51868c6b7ef6474b83c8a522db005a19 P 503bb19f0de444b89a3c78b76f1c54b4 [CANDIDATE]: Term 1 election: Election decided. Result: candidate won. Election summary: received 2 responses out of 3 voters: 2 yes votes; 0 no votes. yes voters: 503bb19f0de444b89a3c78b76f1c54b4, ab526a30d82b449da9304bf2c6a5e98a; no voters: 
I20260630 12:26:00.175134 10343 leader_election.cc:290] T 51868c6b7ef6474b83c8a522db005a19 P 503bb19f0de444b89a3c78b76f1c54b4 [CANDIDATE]: Term 1 election: Requested vote from peers c214cb920de64715b1d540d04faa12e6 (127.7.13.129:37831), ab526a30d82b449da9304bf2c6a5e98a (127.7.13.131:46263)
I20260630 12:26:00.175716 10343 raft_consensus.cc:2804] T 51868c6b7ef6474b83c8a522db005a19 P 503bb19f0de444b89a3c78b76f1c54b4 [term 1 FOLLOWER]: Leader election won for term 1
I20260630 12:26:00.176175 10343 raft_consensus.cc:697] T 51868c6b7ef6474b83c8a522db005a19 P 503bb19f0de444b89a3c78b76f1c54b4 [term 1 LEADER]: Becoming Leader. State: Replica: 503bb19f0de444b89a3c78b76f1c54b4, State: Running, Role: LEADER
I20260630 12:26:00.177085 10343 consensus_queue.cc:237] T 51868c6b7ef6474b83c8a522db005a19 P 503bb19f0de444b89a3c78b76f1c54b4 [LEADER]: Queue going to LEADER mode. State: All replicated index: 0, Majority replicated index: 0, Committed index: 0, Last appended: 0.0, Last appended by leader: 0, Current term: 1, Majority size: 2, State: 0, Mode: LEADER, active raft config: opid_index: -1 OBSOLETE_local: false peers { permanent_uuid: "c214cb920de64715b1d540d04faa12e6" member_type: VOTER last_known_addr { host: "127.7.13.129" port: 37831 } } peers { permanent_uuid: "503bb19f0de444b89a3c78b76f1c54b4" member_type: VOTER last_known_addr { host: "127.7.13.130" port: 39991 } } peers { permanent_uuid: "ab526a30d82b449da9304bf2c6a5e98a" member_type: VOTER last_known_addr { host: "127.7.13.131" port: 46263 } }
I20260630 12:26:00.179945 10034 catalog_manager.cc:5697] T 149d17031f114d0fa68355a54abb825b P ab526a30d82b449da9304bf2c6a5e98a reported cstate change: term changed from 0 to 1, leader changed from <none> to ab526a30d82b449da9304bf2c6a5e98a (127.7.13.131). New cstate: current_term: 1 leader_uuid: "ab526a30d82b449da9304bf2c6a5e98a" committed_config { opid_index: -1 OBSOLETE_local: false peers { permanent_uuid: "503bb19f0de444b89a3c78b76f1c54b4" member_type: VOTER last_known_addr { host: "127.7.13.130" port: 39991 } health_report { overall_health: UNKNOWN } } peers { permanent_uuid: "c214cb920de64715b1d540d04faa12e6" member_type: VOTER last_known_addr { host: "127.7.13.129" port: 37831 } health_report { overall_health: UNKNOWN } } peers { permanent_uuid: "ab526a30d82b449da9304bf2c6a5e98a" member_type: VOTER last_known_addr { host: "127.7.13.131" port: 46263 } health_report { overall_health: HEALTHY } } }
I20260630 12:26:00.190155 10288 tablet_service.cc:1917] Received RequestConsensusVote() RPC: tablet_id: "51868c6b7ef6474b83c8a522db005a19" candidate_uuid: "c214cb920de64715b1d540d04faa12e6" candidate_term: 1 candidate_status { last_received { term: 0 index: 0 } } ignore_live_leader: false dest_uuid: "ab526a30d82b449da9304bf2c6a5e98a" is_pre_election: true
I20260630 12:26:00.190881 10333 tablet_bootstrap.cc:492] T 1863f6e6f7084d5d8d9bb38baa357dcc P c214cb920de64715b1d540d04faa12e6: No bootstrap required, opened a new log
I20260630 12:26:00.190904 10288 raft_consensus.cc:2393] T 51868c6b7ef6474b83c8a522db005a19 P ab526a30d82b449da9304bf2c6a5e98a [term 1 FOLLOWER]: Leader pre-election vote request: Denying vote to candidate c214cb920de64715b1d540d04faa12e6 in current term 1: Already voted for candidate 503bb19f0de444b89a3c78b76f1c54b4 in this term.
I20260630 12:26:00.191465 10333 ts_tablet_manager.cc:1403] T 1863f6e6f7084d5d8d9bb38baa357dcc P c214cb920de64715b1d540d04faa12e6: Time spent bootstrapping tablet: real 0.034s	user 0.009s	sys 0.003s
I20260630 12:26:00.192468 10102 leader_election.cc:304] T 51868c6b7ef6474b83c8a522db005a19 P c214cb920de64715b1d540d04faa12e6 [CANDIDATE]: Term 1 pre-election: Election decided. Result: candidate lost. Election summary: received 3 responses out of 3 voters: 1 yes votes; 2 no votes. yes voters: c214cb920de64715b1d540d04faa12e6; no voters: 503bb19f0de444b89a3c78b76f1c54b4, ab526a30d82b449da9304bf2c6a5e98a
I20260630 12:26:00.193660 10339 raft_consensus.cc:3060] T 51868c6b7ef6474b83c8a522db005a19 P c214cb920de64715b1d540d04faa12e6 [term 0 FOLLOWER]: Advancing to term 1
I20260630 12:26:00.194175 10139 tablet_service.cc:1917] Received RequestConsensusVote() RPC: tablet_id: "51868c6b7ef6474b83c8a522db005a19" candidate_uuid: "503bb19f0de444b89a3c78b76f1c54b4" candidate_term: 1 candidate_status { last_received { term: 0 index: 0 } } ignore_live_leader: false dest_uuid: "c214cb920de64715b1d540d04faa12e6"
I20260630 12:26:00.194464 10333 raft_consensus.cc:359] T 1863f6e6f7084d5d8d9bb38baa357dcc P c214cb920de64715b1d540d04faa12e6 [term 0 FOLLOWER]: Replica starting. Triggering 0 pending ops. Active config: opid_index: -1 OBSOLETE_local: false peers { permanent_uuid: "503bb19f0de444b89a3c78b76f1c54b4" member_type: VOTER last_known_addr { host: "127.7.13.130" port: 39991 } } peers { permanent_uuid: "c214cb920de64715b1d540d04faa12e6" member_type: VOTER last_known_addr { host: "127.7.13.129" port: 37831 } } peers { permanent_uuid: "ab526a30d82b449da9304bf2c6a5e98a" member_type: VOTER last_known_addr { host: "127.7.13.131" port: 46263 } }
I20260630 12:26:00.195269 10333 raft_consensus.cc:385] T 1863f6e6f7084d5d8d9bb38baa357dcc P c214cb920de64715b1d540d04faa12e6 [term 0 FOLLOWER]: Consensus starting up: Expiring failure detector timer to make a prompt election more likely
I20260630 12:26:00.195639 10333 raft_consensus.cc:740] T 1863f6e6f7084d5d8d9bb38baa357dcc P c214cb920de64715b1d540d04faa12e6 [term 0 FOLLOWER]: Becoming Follower/Learner. State: Replica: c214cb920de64715b1d540d04faa12e6, State: Initialized, Role: FOLLOWER
I20260630 12:26:00.196713 10333 consensus_queue.cc:260] T 1863f6e6f7084d5d8d9bb38baa357dcc P c214cb920de64715b1d540d04faa12e6 [NON_LEADER]: Queue going to NON_LEADER mode. State: All replicated index: 0, Majority replicated index: 0, Committed index: 0, Last appended: 0.0, Last appended by leader: 0, Current term: 0, Majority size: -1, State: 0, Mode: NON_LEADER, active raft config: opid_index: -1 OBSOLETE_local: false peers { permanent_uuid: "503bb19f0de444b89a3c78b76f1c54b4" member_type: VOTER last_known_addr { host: "127.7.13.130" port: 39991 } } peers { permanent_uuid: "c214cb920de64715b1d540d04faa12e6" member_type: VOTER last_known_addr { host: "127.7.13.129" port: 37831 } } peers { permanent_uuid: "ab526a30d82b449da9304bf2c6a5e98a" member_type: VOTER last_known_addr { host: "127.7.13.131" port: 46263 } }
I20260630 12:26:00.202811 10339 raft_consensus.cc:2749] T 51868c6b7ef6474b83c8a522db005a19 P c214cb920de64715b1d540d04faa12e6 [term 1 FOLLOWER]: Leader pre-election lost for term 1. Reason: could not achieve majority
I20260630 12:26:00.203524 10335 tablet_bootstrap.cc:492] T d270c6537cf248a397859d79c986e3a5 P 503bb19f0de444b89a3c78b76f1c54b4: No bootstrap required, opened a new log
I20260630 12:26:00.204859 10333 ts_tablet_manager.cc:1434] T 1863f6e6f7084d5d8d9bb38baa357dcc P c214cb920de64715b1d540d04faa12e6: Time spent starting tablet: real 0.013s	user 0.007s	sys 0.005s
I20260630 12:26:00.205996 10335 ts_tablet_manager.cc:1403] T d270c6537cf248a397859d79c986e3a5 P 503bb19f0de444b89a3c78b76f1c54b4: Time spent bootstrapping tablet: real 0.047s	user 0.023s	sys 0.013s
I20260630 12:26:00.205672 10034 catalog_manager.cc:5697] T 51868c6b7ef6474b83c8a522db005a19 P 503bb19f0de444b89a3c78b76f1c54b4 reported cstate change: term changed from 0 to 1, leader changed from <none> to 503bb19f0de444b89a3c78b76f1c54b4 (127.7.13.130). New cstate: current_term: 1 leader_uuid: "503bb19f0de444b89a3c78b76f1c54b4" committed_config { opid_index: -1 OBSOLETE_local: false peers { permanent_uuid: "c214cb920de64715b1d540d04faa12e6" member_type: VOTER last_known_addr { host: "127.7.13.129" port: 37831 } health_report { overall_health: UNKNOWN } } peers { permanent_uuid: "503bb19f0de444b89a3c78b76f1c54b4" member_type: VOTER last_known_addr { host: "127.7.13.130" port: 39991 } health_report { overall_health: HEALTHY } } peers { permanent_uuid: "ab526a30d82b449da9304bf2c6a5e98a" member_type: VOTER last_known_addr { host: "127.7.13.131" port: 46263 } health_report { overall_health: UNKNOWN } } }
I20260630 12:26:00.206840 10333 tablet_bootstrap.cc:492] T c04daa75bcd34d8090f57a0672738cb7 P c214cb920de64715b1d540d04faa12e6: Bootstrap starting.
I20260630 12:26:00.205358 10334 tablet_bootstrap.cc:492] T 012ec105265f420ca9f56758e6f4804f P ab526a30d82b449da9304bf2c6a5e98a: No bootstrap required, opened a new log
I20260630 12:26:00.209038 10334 ts_tablet_manager.cc:1403] T 012ec105265f420ca9f56758e6f4804f P ab526a30d82b449da9304bf2c6a5e98a: Time spent bootstrapping tablet: real 0.060s	user 0.005s	sys 0.010s
I20260630 12:26:00.212072 10334 raft_consensus.cc:359] T 012ec105265f420ca9f56758e6f4804f P ab526a30d82b449da9304bf2c6a5e98a [term 0 FOLLOWER]: Replica starting. Triggering 0 pending ops. Active config: opid_index: -1 OBSOLETE_local: false peers { permanent_uuid: "503bb19f0de444b89a3c78b76f1c54b4" member_type: VOTER last_known_addr { host: "127.7.13.130" port: 39991 } } peers { permanent_uuid: "c214cb920de64715b1d540d04faa12e6" member_type: VOTER last_known_addr { host: "127.7.13.129" port: 37831 } } peers { permanent_uuid: "ab526a30d82b449da9304bf2c6a5e98a" member_type: VOTER last_known_addr { host: "127.7.13.131" port: 46263 } }
W20260630 12:26:00.212553 10085 auto_rebalancer.cc:298] Could not retrieve cluster info: Service unavailable: Tablet not running
I20260630 12:26:00.213080 10335 raft_consensus.cc:359] T d270c6537cf248a397859d79c986e3a5 P 503bb19f0de444b89a3c78b76f1c54b4 [term 0 FOLLOWER]: Replica starting. Triggering 0 pending ops. Active config: opid_index: -1 OBSOLETE_local: false peers { permanent_uuid: "503bb19f0de444b89a3c78b76f1c54b4" member_type: VOTER last_known_addr { host: "127.7.13.130" port: 39991 } } peers { permanent_uuid: "c214cb920de64715b1d540d04faa12e6" member_type: VOTER last_known_addr { host: "127.7.13.129" port: 37831 } } peers { permanent_uuid: "ab526a30d82b449da9304bf2c6a5e98a" member_type: VOTER last_known_addr { host: "127.7.13.131" port: 46263 } }
I20260630 12:26:00.214010 10335 raft_consensus.cc:385] T d270c6537cf248a397859d79c986e3a5 P 503bb19f0de444b89a3c78b76f1c54b4 [term 0 FOLLOWER]: Consensus starting up: Expiring failure detector timer to make a prompt election more likely
I20260630 12:26:00.214322 10335 raft_consensus.cc:740] T d270c6537cf248a397859d79c986e3a5 P 503bb19f0de444b89a3c78b76f1c54b4 [term 0 FOLLOWER]: Becoming Follower/Learner. State: Replica: 503bb19f0de444b89a3c78b76f1c54b4, State: Initialized, Role: FOLLOWER
I20260630 12:26:00.214996 10334 raft_consensus.cc:385] T 012ec105265f420ca9f56758e6f4804f P ab526a30d82b449da9304bf2c6a5e98a [term 0 FOLLOWER]: Consensus starting up: Expiring failure detector timer to make a prompt election more likely
I20260630 12:26:00.215373 10090 auto_leader_rebalancer.cc:141] leader rebalance for table range_aware_rebalance_new_range
I20260630 12:26:00.216305 10334 raft_consensus.cc:740] T 012ec105265f420ca9f56758e6f4804f P ab526a30d82b449da9304bf2c6a5e98a [term 0 FOLLOWER]: Becoming Follower/Learner. State: Replica: ab526a30d82b449da9304bf2c6a5e98a, State: Initialized, Role: FOLLOWER
W20260630 12:26:00.216991 10090 auto_leader_rebalancer.cc:524] the master instance isn't leader: Service unavailable: Tablet not running
I20260630 12:26:00.217533 10333 tablet_bootstrap.cc:654] T c04daa75bcd34d8090f57a0672738cb7 P c214cb920de64715b1d540d04faa12e6: Neither blocks nor log segments found. Creating new log.
I20260630 12:26:00.215463 10335 consensus_queue.cc:260] T d270c6537cf248a397859d79c986e3a5 P 503bb19f0de444b89a3c78b76f1c54b4 [NON_LEADER]: Queue going to NON_LEADER mode. State: All replicated index: 0, Majority replicated index: 0, Committed index: 0, Last appended: 0.0, Last appended by leader: 0, Current term: 0, Majority size: -1, State: 0, Mode: NON_LEADER, active raft config: opid_index: -1 OBSOLETE_local: false peers { permanent_uuid: "503bb19f0de444b89a3c78b76f1c54b4" member_type: VOTER last_known_addr { host: "127.7.13.130" port: 39991 } } peers { permanent_uuid: "c214cb920de64715b1d540d04faa12e6" member_type: VOTER last_known_addr { host: "127.7.13.129" port: 37831 } } peers { permanent_uuid: "ab526a30d82b449da9304bf2c6a5e98a" member_type: VOTER last_known_addr { host: "127.7.13.131" port: 46263 } }
I20260630 12:26:00.217245 10334 consensus_queue.cc:260] T 012ec105265f420ca9f56758e6f4804f P ab526a30d82b449da9304bf2c6a5e98a [NON_LEADER]: Queue going to NON_LEADER mode. State: All replicated index: 0, Majority replicated index: 0, Committed index: 0, Last appended: 0.0, Last appended by leader: 0, Current term: 0, Majority size: -1, State: 0, Mode: NON_LEADER, active raft config: opid_index: -1 OBSOLETE_local: false peers { permanent_uuid: "503bb19f0de444b89a3c78b76f1c54b4" member_type: VOTER last_known_addr { host: "127.7.13.130" port: 39991 } } peers { permanent_uuid: "c214cb920de64715b1d540d04faa12e6" member_type: VOTER last_known_addr { host: "127.7.13.129" port: 37831 } } peers { permanent_uuid: "ab526a30d82b449da9304bf2c6a5e98a" member_type: VOTER last_known_addr { host: "127.7.13.131" port: 46263 } }
I20260630 12:26:00.219383 10335 ts_tablet_manager.cc:1434] T d270c6537cf248a397859d79c986e3a5 P 503bb19f0de444b89a3c78b76f1c54b4: Time spent starting tablet: real 0.013s	user 0.005s	sys 0.000s
I20260630 12:26:00.220484 10335 tablet_bootstrap.cc:492] T be9bfbe0231b49aeb86080dc7f7da6d4 P 503bb19f0de444b89a3c78b76f1c54b4: Bootstrap starting.
I20260630 12:26:00.226141 10139 raft_consensus.cc:2468] T 51868c6b7ef6474b83c8a522db005a19 P c214cb920de64715b1d540d04faa12e6 [term 1 FOLLOWER]: Leader election vote request: Granting yes vote for candidate 503bb19f0de444b89a3c78b76f1c54b4 in term 1.
I20260630 12:26:00.226859 10335 tablet_bootstrap.cc:654] T be9bfbe0231b49aeb86080dc7f7da6d4 P 503bb19f0de444b89a3c78b76f1c54b4: Neither blocks nor log segments found. Creating new log.
I20260630 12:26:00.226706 10334 ts_tablet_manager.cc:1434] T 012ec105265f420ca9f56758e6f4804f P ab526a30d82b449da9304bf2c6a5e98a: Time spent starting tablet: real 0.017s	user 0.006s	sys 0.000s
I20260630 12:26:00.229867 10334 tablet_bootstrap.cc:492] T d270c6537cf248a397859d79c986e3a5 P ab526a30d82b449da9304bf2c6a5e98a: Bootstrap starting.
I20260630 12:26:00.235814 10334 tablet_bootstrap.cc:654] T d270c6537cf248a397859d79c986e3a5 P ab526a30d82b449da9304bf2c6a5e98a: Neither blocks nor log segments found. Creating new log.
I20260630 12:26:00.238170 10335 tablet_bootstrap.cc:492] T be9bfbe0231b49aeb86080dc7f7da6d4 P 503bb19f0de444b89a3c78b76f1c54b4: No bootstrap required, opened a new log
I20260630 12:26:00.238679 10335 ts_tablet_manager.cc:1403] T be9bfbe0231b49aeb86080dc7f7da6d4 P 503bb19f0de444b89a3c78b76f1c54b4: Time spent bootstrapping tablet: real 0.018s	user 0.011s	sys 0.005s
I20260630 12:26:00.241647 10335 raft_consensus.cc:359] T be9bfbe0231b49aeb86080dc7f7da6d4 P 503bb19f0de444b89a3c78b76f1c54b4 [term 0 FOLLOWER]: Replica starting. Triggering 0 pending ops. Active config: opid_index: -1 OBSOLETE_local: false peers { permanent_uuid: "c214cb920de64715b1d540d04faa12e6" member_type: VOTER last_known_addr { host: "127.7.13.129" port: 37831 } } peers { permanent_uuid: "503bb19f0de444b89a3c78b76f1c54b4" member_type: VOTER last_known_addr { host: "127.7.13.130" port: 39991 } } peers { permanent_uuid: "ab526a30d82b449da9304bf2c6a5e98a" member_type: VOTER last_known_addr { host: "127.7.13.131" port: 46263 } }
I20260630 12:26:00.242439 10335 raft_consensus.cc:385] T be9bfbe0231b49aeb86080dc7f7da6d4 P 503bb19f0de444b89a3c78b76f1c54b4 [term 0 FOLLOWER]: Consensus starting up: Expiring failure detector timer to make a prompt election more likely
I20260630 12:26:00.242725 10335 raft_consensus.cc:740] T be9bfbe0231b49aeb86080dc7f7da6d4 P 503bb19f0de444b89a3c78b76f1c54b4 [term 0 FOLLOWER]: Becoming Follower/Learner. State: Replica: 503bb19f0de444b89a3c78b76f1c54b4, State: Initialized, Role: FOLLOWER
I20260630 12:26:00.243417 10335 consensus_queue.cc:260] T be9bfbe0231b49aeb86080dc7f7da6d4 P 503bb19f0de444b89a3c78b76f1c54b4 [NON_LEADER]: Queue going to NON_LEADER mode. State: All replicated index: 0, Majority replicated index: 0, Committed index: 0, Last appended: 0.0, Last appended by leader: 0, Current term: 0, Majority size: -1, State: 0, Mode: NON_LEADER, active raft config: opid_index: -1 OBSOLETE_local: false peers { permanent_uuid: "c214cb920de64715b1d540d04faa12e6" member_type: VOTER last_known_addr { host: "127.7.13.129" port: 37831 } } peers { permanent_uuid: "503bb19f0de444b89a3c78b76f1c54b4" member_type: VOTER last_known_addr { host: "127.7.13.130" port: 39991 } } peers { permanent_uuid: "ab526a30d82b449da9304bf2c6a5e98a" member_type: VOTER last_known_addr { host: "127.7.13.131" port: 46263 } }
I20260630 12:26:00.245961 10335 ts_tablet_manager.cc:1434] T be9bfbe0231b49aeb86080dc7f7da6d4 P 503bb19f0de444b89a3c78b76f1c54b4: Time spent starting tablet: real 0.007s	user 0.004s	sys 0.004s
I20260630 12:26:00.246480 10333 tablet_bootstrap.cc:492] T c04daa75bcd34d8090f57a0672738cb7 P c214cb920de64715b1d540d04faa12e6: No bootstrap required, opened a new log
I20260630 12:26:00.246510 10334 tablet_bootstrap.cc:492] T d270c6537cf248a397859d79c986e3a5 P ab526a30d82b449da9304bf2c6a5e98a: No bootstrap required, opened a new log
I20260630 12:26:00.246985 10335 tablet_bootstrap.cc:492] T 149d17031f114d0fa68355a54abb825b P 503bb19f0de444b89a3c78b76f1c54b4: Bootstrap starting.
I20260630 12:26:00.247079 10333 ts_tablet_manager.cc:1403] T c04daa75bcd34d8090f57a0672738cb7 P c214cb920de64715b1d540d04faa12e6: Time spent bootstrapping tablet: real 0.040s	user 0.023s	sys 0.009s
I20260630 12:26:00.247174 10334 ts_tablet_manager.cc:1403] T d270c6537cf248a397859d79c986e3a5 P ab526a30d82b449da9304bf2c6a5e98a: Time spent bootstrapping tablet: real 0.018s	user 0.013s	sys 0.003s
I20260630 12:26:00.249684 10333 raft_consensus.cc:359] T c04daa75bcd34d8090f57a0672738cb7 P c214cb920de64715b1d540d04faa12e6 [term 0 FOLLOWER]: Replica starting. Triggering 0 pending ops. Active config: opid_index: -1 OBSOLETE_local: false peers { permanent_uuid: "c214cb920de64715b1d540d04faa12e6" member_type: VOTER last_known_addr { host: "127.7.13.129" port: 37831 } } peers { permanent_uuid: "ab526a30d82b449da9304bf2c6a5e98a" member_type: VOTER last_known_addr { host: "127.7.13.131" port: 46263 } } peers { permanent_uuid: "503bb19f0de444b89a3c78b76f1c54b4" member_type: VOTER last_known_addr { host: "127.7.13.130" port: 39991 } }
I20260630 12:26:00.250339 10333 raft_consensus.cc:385] T c04daa75bcd34d8090f57a0672738cb7 P c214cb920de64715b1d540d04faa12e6 [term 0 FOLLOWER]: Consensus starting up: Expiring failure detector timer to make a prompt election more likely
I20260630 12:26:00.250075 10334 raft_consensus.cc:359] T d270c6537cf248a397859d79c986e3a5 P ab526a30d82b449da9304bf2c6a5e98a [term 0 FOLLOWER]: Replica starting. Triggering 0 pending ops. Active config: opid_index: -1 OBSOLETE_local: false peers { permanent_uuid: "503bb19f0de444b89a3c78b76f1c54b4" member_type: VOTER last_known_addr { host: "127.7.13.130" port: 39991 } } peers { permanent_uuid: "c214cb920de64715b1d540d04faa12e6" member_type: VOTER last_known_addr { host: "127.7.13.129" port: 37831 } } peers { permanent_uuid: "ab526a30d82b449da9304bf2c6a5e98a" member_type: VOTER last_known_addr { host: "127.7.13.131" port: 46263 } }
I20260630 12:26:00.250617 10333 raft_consensus.cc:740] T c04daa75bcd34d8090f57a0672738cb7 P c214cb920de64715b1d540d04faa12e6 [term 0 FOLLOWER]: Becoming Follower/Learner. State: Replica: c214cb920de64715b1d540d04faa12e6, State: Initialized, Role: FOLLOWER
I20260630 12:26:00.250801 10334 raft_consensus.cc:385] T d270c6537cf248a397859d79c986e3a5 P ab526a30d82b449da9304bf2c6a5e98a [term 0 FOLLOWER]: Consensus starting up: Expiring failure detector timer to make a prompt election more likely
I20260630 12:26:00.251166 10334 raft_consensus.cc:740] T d270c6537cf248a397859d79c986e3a5 P ab526a30d82b449da9304bf2c6a5e98a [term 0 FOLLOWER]: Becoming Follower/Learner. State: Replica: ab526a30d82b449da9304bf2c6a5e98a, State: Initialized, Role: FOLLOWER
I20260630 12:26:00.251441 10333 consensus_queue.cc:260] T c04daa75bcd34d8090f57a0672738cb7 P c214cb920de64715b1d540d04faa12e6 [NON_LEADER]: Queue going to NON_LEADER mode. State: All replicated index: 0, Majority replicated index: 0, Committed index: 0, Last appended: 0.0, Last appended by leader: 0, Current term: 0, Majority size: -1, State: 0, Mode: NON_LEADER, active raft config: opid_index: -1 OBSOLETE_local: false peers { permanent_uuid: "c214cb920de64715b1d540d04faa12e6" member_type: VOTER last_known_addr { host: "127.7.13.129" port: 37831 } } peers { permanent_uuid: "ab526a30d82b449da9304bf2c6a5e98a" member_type: VOTER last_known_addr { host: "127.7.13.131" port: 46263 } } peers { permanent_uuid: "503bb19f0de444b89a3c78b76f1c54b4" member_type: VOTER last_known_addr { host: "127.7.13.130" port: 39991 } }
I20260630 12:26:00.253435 10335 tablet_bootstrap.cc:654] T 149d17031f114d0fa68355a54abb825b P 503bb19f0de444b89a3c78b76f1c54b4: Neither blocks nor log segments found. Creating new log.
I20260630 12:26:00.253772 10333 ts_tablet_manager.cc:1434] T c04daa75bcd34d8090f57a0672738cb7 P c214cb920de64715b1d540d04faa12e6: Time spent starting tablet: real 0.006s	user 0.005s	sys 0.000s
I20260630 12:26:00.252153 10334 consensus_queue.cc:260] T d270c6537cf248a397859d79c986e3a5 P ab526a30d82b449da9304bf2c6a5e98a [NON_LEADER]: Queue going to NON_LEADER mode. State: All replicated index: 0, Majority replicated index: 0, Committed index: 0, Last appended: 0.0, Last appended by leader: 0, Current term: 0, Majority size: -1, State: 0, Mode: NON_LEADER, active raft config: opid_index: -1 OBSOLETE_local: false peers { permanent_uuid: "503bb19f0de444b89a3c78b76f1c54b4" member_type: VOTER last_known_addr { host: "127.7.13.130" port: 39991 } } peers { permanent_uuid: "c214cb920de64715b1d540d04faa12e6" member_type: VOTER last_known_addr { host: "127.7.13.129" port: 37831 } } peers { permanent_uuid: "ab526a30d82b449da9304bf2c6a5e98a" member_type: VOTER last_known_addr { host: "127.7.13.131" port: 46263 } }
I20260630 12:26:00.256287 10334 ts_tablet_manager.cc:1434] T d270c6537cf248a397859d79c986e3a5 P ab526a30d82b449da9304bf2c6a5e98a: Time spent starting tablet: real 0.009s	user 0.005s	sys 0.001s
I20260630 12:26:00.257400 10334 tablet_bootstrap.cc:492] T c04daa75bcd34d8090f57a0672738cb7 P ab526a30d82b449da9304bf2c6a5e98a: Bootstrap starting.
I20260630 12:26:00.259055 10335 tablet_bootstrap.cc:492] T 149d17031f114d0fa68355a54abb825b P 503bb19f0de444b89a3c78b76f1c54b4: No bootstrap required, opened a new log
I20260630 12:26:00.259497 10335 ts_tablet_manager.cc:1403] T 149d17031f114d0fa68355a54abb825b P 503bb19f0de444b89a3c78b76f1c54b4: Time spent bootstrapping tablet: real 0.013s	user 0.010s	sys 0.000s
I20260630 12:26:00.261861 10335 raft_consensus.cc:359] T 149d17031f114d0fa68355a54abb825b P 503bb19f0de444b89a3c78b76f1c54b4 [term 0 FOLLOWER]: Replica starting. Triggering 0 pending ops. Active config: opid_index: -1 OBSOLETE_local: false peers { permanent_uuid: "503bb19f0de444b89a3c78b76f1c54b4" member_type: VOTER last_known_addr { host: "127.7.13.130" port: 39991 } } peers { permanent_uuid: "c214cb920de64715b1d540d04faa12e6" member_type: VOTER last_known_addr { host: "127.7.13.129" port: 37831 } } peers { permanent_uuid: "ab526a30d82b449da9304bf2c6a5e98a" member_type: VOTER last_known_addr { host: "127.7.13.131" port: 46263 } }
I20260630 12:26:00.262488 10335 raft_consensus.cc:385] T 149d17031f114d0fa68355a54abb825b P 503bb19f0de444b89a3c78b76f1c54b4 [term 0 FOLLOWER]: Consensus starting up: Expiring failure detector timer to make a prompt election more likely
I20260630 12:26:00.262753 10335 raft_consensus.cc:740] T 149d17031f114d0fa68355a54abb825b P 503bb19f0de444b89a3c78b76f1c54b4 [term 0 FOLLOWER]: Becoming Follower/Learner. State: Replica: 503bb19f0de444b89a3c78b76f1c54b4, State: Initialized, Role: FOLLOWER
I20260630 12:26:00.263199 10334 tablet_bootstrap.cc:654] T c04daa75bcd34d8090f57a0672738cb7 P ab526a30d82b449da9304bf2c6a5e98a: Neither blocks nor log segments found. Creating new log.
I20260630 12:26:00.263366 10335 consensus_queue.cc:260] T 149d17031f114d0fa68355a54abb825b P 503bb19f0de444b89a3c78b76f1c54b4 [NON_LEADER]: Queue going to NON_LEADER mode. State: All replicated index: 0, Majority replicated index: 0, Committed index: 0, Last appended: 0.0, Last appended by leader: 0, Current term: 0, Majority size: -1, State: 0, Mode: NON_LEADER, active raft config: opid_index: -1 OBSOLETE_local: false peers { permanent_uuid: "503bb19f0de444b89a3c78b76f1c54b4" member_type: VOTER last_known_addr { host: "127.7.13.130" port: 39991 } } peers { permanent_uuid: "c214cb920de64715b1d540d04faa12e6" member_type: VOTER last_known_addr { host: "127.7.13.129" port: 37831 } } peers { permanent_uuid: "ab526a30d82b449da9304bf2c6a5e98a" member_type: VOTER last_known_addr { host: "127.7.13.131" port: 46263 } }
I20260630 12:26:00.265565 10335 ts_tablet_manager.cc:1434] T 149d17031f114d0fa68355a54abb825b P 503bb19f0de444b89a3c78b76f1c54b4: Time spent starting tablet: real 0.006s	user 0.006s	sys 0.000s
I20260630 12:26:00.268250 10334 tablet_bootstrap.cc:492] T c04daa75bcd34d8090f57a0672738cb7 P ab526a30d82b449da9304bf2c6a5e98a: No bootstrap required, opened a new log
I20260630 12:26:00.268663 10334 ts_tablet_manager.cc:1403] T c04daa75bcd34d8090f57a0672738cb7 P ab526a30d82b449da9304bf2c6a5e98a: Time spent bootstrapping tablet: real 0.012s	user 0.000s	sys 0.010s
I20260630 12:26:00.270744 10334 raft_consensus.cc:359] T c04daa75bcd34d8090f57a0672738cb7 P ab526a30d82b449da9304bf2c6a5e98a [term 0 FOLLOWER]: Replica starting. Triggering 0 pending ops. Active config: opid_index: -1 OBSOLETE_local: false peers { permanent_uuid: "c214cb920de64715b1d540d04faa12e6" member_type: VOTER last_known_addr { host: "127.7.13.129" port: 37831 } } peers { permanent_uuid: "ab526a30d82b449da9304bf2c6a5e98a" member_type: VOTER last_known_addr { host: "127.7.13.131" port: 46263 } } peers { permanent_uuid: "503bb19f0de444b89a3c78b76f1c54b4" member_type: VOTER last_known_addr { host: "127.7.13.130" port: 39991 } }
I20260630 12:26:00.271366 10334 raft_consensus.cc:385] T c04daa75bcd34d8090f57a0672738cb7 P ab526a30d82b449da9304bf2c6a5e98a [term 0 FOLLOWER]: Consensus starting up: Expiring failure detector timer to make a prompt election more likely
I20260630 12:26:00.271602 10334 raft_consensus.cc:740] T c04daa75bcd34d8090f57a0672738cb7 P ab526a30d82b449da9304bf2c6a5e98a [term 0 FOLLOWER]: Becoming Follower/Learner. State: Replica: ab526a30d82b449da9304bf2c6a5e98a, State: Initialized, Role: FOLLOWER
I20260630 12:26:00.272149 10334 consensus_queue.cc:260] T c04daa75bcd34d8090f57a0672738cb7 P ab526a30d82b449da9304bf2c6a5e98a [NON_LEADER]: Queue going to NON_LEADER mode. State: All replicated index: 0, Majority replicated index: 0, Committed index: 0, Last appended: 0.0, Last appended by leader: 0, Current term: 0, Majority size: -1, State: 0, Mode: NON_LEADER, active raft config: opid_index: -1 OBSOLETE_local: false peers { permanent_uuid: "c214cb920de64715b1d540d04faa12e6" member_type: VOTER last_known_addr { host: "127.7.13.129" port: 37831 } } peers { permanent_uuid: "ab526a30d82b449da9304bf2c6a5e98a" member_type: VOTER last_known_addr { host: "127.7.13.131" port: 46263 } } peers { permanent_uuid: "503bb19f0de444b89a3c78b76f1c54b4" member_type: VOTER last_known_addr { host: "127.7.13.130" port: 39991 } }
I20260630 12:26:00.273833 10334 ts_tablet_manager.cc:1434] T c04daa75bcd34d8090f57a0672738cb7 P ab526a30d82b449da9304bf2c6a5e98a: Time spent starting tablet: real 0.005s	user 0.004s	sys 0.000s
I20260630 12:26:00.283388 10358 raft_consensus.cc:493] T 012ec105265f420ca9f56758e6f4804f P ab526a30d82b449da9304bf2c6a5e98a [term 0 FOLLOWER]: Starting pre-election (no leader contacted us within the election timeout)
I20260630 12:26:00.283766 10358 raft_consensus.cc:515] T 012ec105265f420ca9f56758e6f4804f P ab526a30d82b449da9304bf2c6a5e98a [term 0 FOLLOWER]: Starting pre-election with config: opid_index: -1 OBSOLETE_local: false peers { permanent_uuid: "503bb19f0de444b89a3c78b76f1c54b4" member_type: VOTER last_known_addr { host: "127.7.13.130" port: 39991 } } peers { permanent_uuid: "c214cb920de64715b1d540d04faa12e6" member_type: VOTER last_known_addr { host: "127.7.13.129" port: 37831 } } peers { permanent_uuid: "ab526a30d82b449da9304bf2c6a5e98a" member_type: VOTER last_known_addr { host: "127.7.13.131" port: 46263 } }
I20260630 12:26:00.285431 10358 leader_election.cc:290] T 012ec105265f420ca9f56758e6f4804f P ab526a30d82b449da9304bf2c6a5e98a [CANDIDATE]: Term 1 pre-election: Requested pre-vote from peers 503bb19f0de444b89a3c78b76f1c54b4 (127.7.13.130:39991), c214cb920de64715b1d540d04faa12e6 (127.7.13.129:37831)
I20260630 12:26:00.286130 10214 tablet_service.cc:1917] Received RequestConsensusVote() RPC: tablet_id: "012ec105265f420ca9f56758e6f4804f" candidate_uuid: "ab526a30d82b449da9304bf2c6a5e98a" candidate_term: 1 candidate_status { last_received { term: 0 index: 0 } } ignore_live_leader: false dest_uuid: "503bb19f0de444b89a3c78b76f1c54b4" is_pre_election: true
I20260630 12:26:00.286427 10139 tablet_service.cc:1917] Received RequestConsensusVote() RPC: tablet_id: "012ec105265f420ca9f56758e6f4804f" candidate_uuid: "ab526a30d82b449da9304bf2c6a5e98a" candidate_term: 1 candidate_status { last_received { term: 0 index: 0 } } ignore_live_leader: false dest_uuid: "c214cb920de64715b1d540d04faa12e6" is_pre_election: true
I20260630 12:26:00.286803 10214 raft_consensus.cc:2468] T 012ec105265f420ca9f56758e6f4804f P 503bb19f0de444b89a3c78b76f1c54b4 [term 0 FOLLOWER]: Leader pre-election vote request: Granting yes vote for candidate ab526a30d82b449da9304bf2c6a5e98a in term 0.
I20260630 12:26:00.286952 10139 raft_consensus.cc:2468] T 012ec105265f420ca9f56758e6f4804f P c214cb920de64715b1d540d04faa12e6 [term 0 FOLLOWER]: Leader pre-election vote request: Granting yes vote for candidate ab526a30d82b449da9304bf2c6a5e98a in term 0.
I20260630 12:26:00.287889 10251 leader_election.cc:304] T 012ec105265f420ca9f56758e6f4804f P ab526a30d82b449da9304bf2c6a5e98a [CANDIDATE]: Term 1 pre-election: Election decided. Result: candidate won. Election summary: received 2 responses out of 3 voters: 2 yes votes; 0 no votes. yes voters: 503bb19f0de444b89a3c78b76f1c54b4, ab526a30d82b449da9304bf2c6a5e98a; no voters: 
I20260630 12:26:00.288514 10358 raft_consensus.cc:2804] T 012ec105265f420ca9f56758e6f4804f P ab526a30d82b449da9304bf2c6a5e98a [term 0 FOLLOWER]: Leader pre-election won for term 1
I20260630 12:26:00.288803 10358 raft_consensus.cc:493] T 012ec105265f420ca9f56758e6f4804f P ab526a30d82b449da9304bf2c6a5e98a [term 0 FOLLOWER]: Starting leader election (no leader contacted us within the election timeout)
I20260630 12:26:00.289059 10358 raft_consensus.cc:3060] T 012ec105265f420ca9f56758e6f4804f P ab526a30d82b449da9304bf2c6a5e98a [term 0 FOLLOWER]: Advancing to term 1
I20260630 12:26:00.291687 10343 raft_consensus.cc:493] T be9bfbe0231b49aeb86080dc7f7da6d4 P 503bb19f0de444b89a3c78b76f1c54b4 [term 0 FOLLOWER]: Starting pre-election (no leader contacted us within the election timeout)
I20260630 12:26:00.292150 10343 raft_consensus.cc:515] T be9bfbe0231b49aeb86080dc7f7da6d4 P 503bb19f0de444b89a3c78b76f1c54b4 [term 0 FOLLOWER]: Starting pre-election with config: opid_index: -1 OBSOLETE_local: false peers { permanent_uuid: "c214cb920de64715b1d540d04faa12e6" member_type: VOTER last_known_addr { host: "127.7.13.129" port: 37831 } } peers { permanent_uuid: "503bb19f0de444b89a3c78b76f1c54b4" member_type: VOTER last_known_addr { host: "127.7.13.130" port: 39991 } } peers { permanent_uuid: "ab526a30d82b449da9304bf2c6a5e98a" member_type: VOTER last_known_addr { host: "127.7.13.131" port: 46263 } }
I20260630 12:26:00.294170 10343 leader_election.cc:290] T be9bfbe0231b49aeb86080dc7f7da6d4 P 503bb19f0de444b89a3c78b76f1c54b4 [CANDIDATE]: Term 1 pre-election: Requested pre-vote from peers c214cb920de64715b1d540d04faa12e6 (127.7.13.129:37831), ab526a30d82b449da9304bf2c6a5e98a (127.7.13.131:46263)
I20260630 12:26:00.294874 10139 tablet_service.cc:1917] Received RequestConsensusVote() RPC: tablet_id: "be9bfbe0231b49aeb86080dc7f7da6d4" candidate_uuid: "503bb19f0de444b89a3c78b76f1c54b4" candidate_term: 1 candidate_status { last_received { term: 0 index: 0 } } ignore_live_leader: false dest_uuid: "c214cb920de64715b1d540d04faa12e6" is_pre_election: true
I20260630 12:26:00.294682 10358 raft_consensus.cc:515] T 012ec105265f420ca9f56758e6f4804f P ab526a30d82b449da9304bf2c6a5e98a [term 1 FOLLOWER]: Starting leader election with config: opid_index: -1 OBSOLETE_local: false peers { permanent_uuid: "503bb19f0de444b89a3c78b76f1c54b4" member_type: VOTER last_known_addr { host: "127.7.13.130" port: 39991 } } peers { permanent_uuid: "c214cb920de64715b1d540d04faa12e6" member_type: VOTER last_known_addr { host: "127.7.13.129" port: 37831 } } peers { permanent_uuid: "ab526a30d82b449da9304bf2c6a5e98a" member_type: VOTER last_known_addr { host: "127.7.13.131" port: 46263 } }
I20260630 12:26:00.295298 10288 tablet_service.cc:1917] Received RequestConsensusVote() RPC: tablet_id: "be9bfbe0231b49aeb86080dc7f7da6d4" candidate_uuid: "503bb19f0de444b89a3c78b76f1c54b4" candidate_term: 1 candidate_status { last_received { term: 0 index: 0 } } ignore_live_leader: false dest_uuid: "ab526a30d82b449da9304bf2c6a5e98a" is_pre_election: true
I20260630 12:26:00.295593 10139 raft_consensus.cc:2393] T be9bfbe0231b49aeb86080dc7f7da6d4 P c214cb920de64715b1d540d04faa12e6 [term 1 FOLLOWER]: Leader pre-election vote request: Denying vote to candidate 503bb19f0de444b89a3c78b76f1c54b4 in current term 1: Already voted for candidate ab526a30d82b449da9304bf2c6a5e98a in this term.
I20260630 12:26:00.296829 10180 leader_election.cc:304] T be9bfbe0231b49aeb86080dc7f7da6d4 P 503bb19f0de444b89a3c78b76f1c54b4 [CANDIDATE]: Term 1 pre-election: Election decided. Result: candidate lost. Election summary: received 3 responses out of 3 voters: 1 yes votes; 2 no votes. yes voters: 503bb19f0de444b89a3c78b76f1c54b4; no voters: ab526a30d82b449da9304bf2c6a5e98a, c214cb920de64715b1d540d04faa12e6
I20260630 12:26:00.297101 10358 leader_election.cc:290] T 012ec105265f420ca9f56758e6f4804f P ab526a30d82b449da9304bf2c6a5e98a [CANDIDATE]: Term 1 election: Requested vote from peers 503bb19f0de444b89a3c78b76f1c54b4 (127.7.13.130:39991), c214cb920de64715b1d540d04faa12e6 (127.7.13.129:37831)
I20260630 12:26:00.297102 10214 tablet_service.cc:1917] Received RequestConsensusVote() RPC: tablet_id: "012ec105265f420ca9f56758e6f4804f" candidate_uuid: "ab526a30d82b449da9304bf2c6a5e98a" candidate_term: 1 candidate_status { last_received { term: 0 index: 0 } } ignore_live_leader: false dest_uuid: "503bb19f0de444b89a3c78b76f1c54b4"
I20260630 12:26:00.297859 10214 raft_consensus.cc:3060] T 012ec105265f420ca9f56758e6f4804f P 503bb19f0de444b89a3c78b76f1c54b4 [term 0 FOLLOWER]: Advancing to term 1
I20260630 12:26:00.297865 10343 raft_consensus.cc:3060] T be9bfbe0231b49aeb86080dc7f7da6d4 P 503bb19f0de444b89a3c78b76f1c54b4 [term 0 FOLLOWER]: Advancing to term 1
I20260630 12:26:00.298074 10139 tablet_service.cc:1917] Received RequestConsensusVote() RPC: tablet_id: "012ec105265f420ca9f56758e6f4804f" candidate_uuid: "ab526a30d82b449da9304bf2c6a5e98a" candidate_term: 1 candidate_status { last_received { term: 0 index: 0 } } ignore_live_leader: false dest_uuid: "c214cb920de64715b1d540d04faa12e6"
I20260630 12:26:00.298687 10139 raft_consensus.cc:3060] T 012ec105265f420ca9f56758e6f4804f P c214cb920de64715b1d540d04faa12e6 [term 0 FOLLOWER]: Advancing to term 1
I20260630 12:26:00.302780 10214 raft_consensus.cc:2468] T 012ec105265f420ca9f56758e6f4804f P 503bb19f0de444b89a3c78b76f1c54b4 [term 1 FOLLOWER]: Leader election vote request: Granting yes vote for candidate ab526a30d82b449da9304bf2c6a5e98a in term 1.
I20260630 12:26:00.303680 10251 leader_election.cc:304] T 012ec105265f420ca9f56758e6f4804f P ab526a30d82b449da9304bf2c6a5e98a [CANDIDATE]: Term 1 election: Election decided. Result: candidate won. Election summary: received 2 responses out of 3 voters: 2 yes votes; 0 no votes. yes voters: 503bb19f0de444b89a3c78b76f1c54b4, ab526a30d82b449da9304bf2c6a5e98a; no voters: 
I20260630 12:26:00.304265 10358 raft_consensus.cc:2804] T 012ec105265f420ca9f56758e6f4804f P ab526a30d82b449da9304bf2c6a5e98a [term 1 FOLLOWER]: Leader election won for term 1
I20260630 12:26:00.304545 10343 raft_consensus.cc:2749] T be9bfbe0231b49aeb86080dc7f7da6d4 P 503bb19f0de444b89a3c78b76f1c54b4 [term 1 FOLLOWER]: Leader pre-election lost for term 1. Reason: could not achieve majority
I20260630 12:26:00.304631 10358 raft_consensus.cc:697] T 012ec105265f420ca9f56758e6f4804f P ab526a30d82b449da9304bf2c6a5e98a [term 1 LEADER]: Becoming Leader. State: Replica: ab526a30d82b449da9304bf2c6a5e98a, State: Running, Role: LEADER
I20260630 12:26:00.305001 10139 raft_consensus.cc:2468] T 012ec105265f420ca9f56758e6f4804f P c214cb920de64715b1d540d04faa12e6 [term 1 FOLLOWER]: Leader election vote request: Granting yes vote for candidate ab526a30d82b449da9304bf2c6a5e98a in term 1.
I20260630 12:26:00.305490 10358 consensus_queue.cc:237] T 012ec105265f420ca9f56758e6f4804f P ab526a30d82b449da9304bf2c6a5e98a [LEADER]: Queue going to LEADER mode. State: All replicated index: 0, Majority replicated index: 0, Committed index: 0, Last appended: 0.0, Last appended by leader: 0, Current term: 1, Majority size: 2, State: 0, Mode: LEADER, active raft config: opid_index: -1 OBSOLETE_local: false peers { permanent_uuid: "503bb19f0de444b89a3c78b76f1c54b4" member_type: VOTER last_known_addr { host: "127.7.13.130" port: 39991 } } peers { permanent_uuid: "c214cb920de64715b1d540d04faa12e6" member_type: VOTER last_known_addr { host: "127.7.13.129" port: 37831 } } peers { permanent_uuid: "ab526a30d82b449da9304bf2c6a5e98a" member_type: VOTER last_known_addr { host: "127.7.13.131" port: 46263 } }
I20260630 12:26:00.312575 10034 catalog_manager.cc:5697] T 012ec105265f420ca9f56758e6f4804f P ab526a30d82b449da9304bf2c6a5e98a reported cstate change: term changed from 0 to 1, leader changed from <none> to ab526a30d82b449da9304bf2c6a5e98a (127.7.13.131). New cstate: current_term: 1 leader_uuid: "ab526a30d82b449da9304bf2c6a5e98a" committed_config { opid_index: -1 OBSOLETE_local: false peers { permanent_uuid: "503bb19f0de444b89a3c78b76f1c54b4" member_type: VOTER last_known_addr { host: "127.7.13.130" port: 39991 } health_report { overall_health: UNKNOWN } } peers { permanent_uuid: "c214cb920de64715b1d540d04faa12e6" member_type: VOTER last_known_addr { host: "127.7.13.129" port: 37831 } health_report { overall_health: UNKNOWN } } peers { permanent_uuid: "ab526a30d82b449da9304bf2c6a5e98a" member_type: VOTER last_known_addr { host: "127.7.13.131" port: 46263 } health_report { overall_health: HEALTHY } } }
I20260630 12:26:00.339423 10339 raft_consensus.cc:493] T d270c6537cf248a397859d79c986e3a5 P c214cb920de64715b1d540d04faa12e6 [term 0 FOLLOWER]: Starting pre-election (no leader contacted us within the election timeout)
I20260630 12:26:00.339883 10339 raft_consensus.cc:515] T d270c6537cf248a397859d79c986e3a5 P c214cb920de64715b1d540d04faa12e6 [term 0 FOLLOWER]: Starting pre-election with config: opid_index: -1 OBSOLETE_local: false peers { permanent_uuid: "503bb19f0de444b89a3c78b76f1c54b4" member_type: VOTER last_known_addr { host: "127.7.13.130" port: 39991 } } peers { permanent_uuid: "c214cb920de64715b1d540d04faa12e6" member_type: VOTER last_known_addr { host: "127.7.13.129" port: 37831 } } peers { permanent_uuid: "ab526a30d82b449da9304bf2c6a5e98a" member_type: VOTER last_known_addr { host: "127.7.13.131" port: 46263 } }
I20260630 12:26:00.341734 10339 leader_election.cc:290] T d270c6537cf248a397859d79c986e3a5 P c214cb920de64715b1d540d04faa12e6 [CANDIDATE]: Term 1 pre-election: Requested pre-vote from peers 503bb19f0de444b89a3c78b76f1c54b4 (127.7.13.130:39991), ab526a30d82b449da9304bf2c6a5e98a (127.7.13.131:46263)
I20260630 12:26:00.342507 10214 tablet_service.cc:1917] Received RequestConsensusVote() RPC: tablet_id: "d270c6537cf248a397859d79c986e3a5" candidate_uuid: "c214cb920de64715b1d540d04faa12e6" candidate_term: 1 candidate_status { last_received { term: 0 index: 0 } } ignore_live_leader: false dest_uuid: "503bb19f0de444b89a3c78b76f1c54b4" is_pre_election: true
I20260630 12:26:00.342674 10288 tablet_service.cc:1917] Received RequestConsensusVote() RPC: tablet_id: "d270c6537cf248a397859d79c986e3a5" candidate_uuid: "c214cb920de64715b1d540d04faa12e6" candidate_term: 1 candidate_status { last_received { term: 0 index: 0 } } ignore_live_leader: false dest_uuid: "ab526a30d82b449da9304bf2c6a5e98a" is_pre_election: true
I20260630 12:26:00.343021 10214 raft_consensus.cc:2468] T d270c6537cf248a397859d79c986e3a5 P 503bb19f0de444b89a3c78b76f1c54b4 [term 0 FOLLOWER]: Leader pre-election vote request: Granting yes vote for candidate c214cb920de64715b1d540d04faa12e6 in term 0.
I20260630 12:26:00.343189 10288 raft_consensus.cc:2468] T d270c6537cf248a397859d79c986e3a5 P ab526a30d82b449da9304bf2c6a5e98a [term 0 FOLLOWER]: Leader pre-election vote request: Granting yes vote for candidate c214cb920de64715b1d540d04faa12e6 in term 0.
I20260630 12:26:00.343899 10102 leader_election.cc:304] T d270c6537cf248a397859d79c986e3a5 P c214cb920de64715b1d540d04faa12e6 [CANDIDATE]: Term 1 pre-election: Election decided. Result: candidate won. Election summary: received 2 responses out of 3 voters: 2 yes votes; 0 no votes. yes voters: 503bb19f0de444b89a3c78b76f1c54b4, c214cb920de64715b1d540d04faa12e6; no voters: 
I20260630 12:26:00.344514 10339 raft_consensus.cc:2804] T d270c6537cf248a397859d79c986e3a5 P c214cb920de64715b1d540d04faa12e6 [term 0 FOLLOWER]: Leader pre-election won for term 1
I20260630 12:26:00.344842 10339 raft_consensus.cc:493] T d270c6537cf248a397859d79c986e3a5 P c214cb920de64715b1d540d04faa12e6 [term 0 FOLLOWER]: Starting leader election (no leader contacted us within the election timeout)
I20260630 12:26:00.345094 10339 raft_consensus.cc:3060] T d270c6537cf248a397859d79c986e3a5 P c214cb920de64715b1d540d04faa12e6 [term 0 FOLLOWER]: Advancing to term 1
I20260630 12:26:00.349592 10339 raft_consensus.cc:515] T d270c6537cf248a397859d79c986e3a5 P c214cb920de64715b1d540d04faa12e6 [term 1 FOLLOWER]: Starting leader election with config: opid_index: -1 OBSOLETE_local: false peers { permanent_uuid: "503bb19f0de444b89a3c78b76f1c54b4" member_type: VOTER last_known_addr { host: "127.7.13.130" port: 39991 } } peers { permanent_uuid: "c214cb920de64715b1d540d04faa12e6" member_type: VOTER last_known_addr { host: "127.7.13.129" port: 37831 } } peers { permanent_uuid: "ab526a30d82b449da9304bf2c6a5e98a" member_type: VOTER last_known_addr { host: "127.7.13.131" port: 46263 } }
I20260630 12:26:00.351068 10339 leader_election.cc:290] T d270c6537cf248a397859d79c986e3a5 P c214cb920de64715b1d540d04faa12e6 [CANDIDATE]: Term 1 election: Requested vote from peers 503bb19f0de444b89a3c78b76f1c54b4 (127.7.13.130:39991), ab526a30d82b449da9304bf2c6a5e98a (127.7.13.131:46263)
I20260630 12:26:00.351826 10214 tablet_service.cc:1917] Received RequestConsensusVote() RPC: tablet_id: "d270c6537cf248a397859d79c986e3a5" candidate_uuid: "c214cb920de64715b1d540d04faa12e6" candidate_term: 1 candidate_status { last_received { term: 0 index: 0 } } ignore_live_leader: false dest_uuid: "503bb19f0de444b89a3c78b76f1c54b4"
I20260630 12:26:00.352102 10288 tablet_service.cc:1917] Received RequestConsensusVote() RPC: tablet_id: "d270c6537cf248a397859d79c986e3a5" candidate_uuid: "c214cb920de64715b1d540d04faa12e6" candidate_term: 1 candidate_status { last_received { term: 0 index: 0 } } ignore_live_leader: false dest_uuid: "ab526a30d82b449da9304bf2c6a5e98a"
I20260630 12:26:00.352339 10214 raft_consensus.cc:3060] T d270c6537cf248a397859d79c986e3a5 P 503bb19f0de444b89a3c78b76f1c54b4 [term 0 FOLLOWER]: Advancing to term 1
I20260630 12:26:00.352587 10288 raft_consensus.cc:3060] T d270c6537cf248a397859d79c986e3a5 P ab526a30d82b449da9304bf2c6a5e98a [term 0 FOLLOWER]: Advancing to term 1
I20260630 12:26:00.356741 10288 raft_consensus.cc:2468] T d270c6537cf248a397859d79c986e3a5 P ab526a30d82b449da9304bf2c6a5e98a [term 1 FOLLOWER]: Leader election vote request: Granting yes vote for candidate c214cb920de64715b1d540d04faa12e6 in term 1.
I20260630 12:26:00.356825 10214 raft_consensus.cc:2468] T d270c6537cf248a397859d79c986e3a5 P 503bb19f0de444b89a3c78b76f1c54b4 [term 1 FOLLOWER]: Leader election vote request: Granting yes vote for candidate c214cb920de64715b1d540d04faa12e6 in term 1.
I20260630 12:26:00.357688 10102 leader_election.cc:304] T d270c6537cf248a397859d79c986e3a5 P c214cb920de64715b1d540d04faa12e6 [CANDIDATE]: Term 1 election: Election decided. Result: candidate won. Election summary: received 2 responses out of 3 voters: 2 yes votes; 0 no votes. yes voters: ab526a30d82b449da9304bf2c6a5e98a, c214cb920de64715b1d540d04faa12e6; no voters: 
I20260630 12:26:00.358296 10339 raft_consensus.cc:2804] T d270c6537cf248a397859d79c986e3a5 P c214cb920de64715b1d540d04faa12e6 [term 1 FOLLOWER]: Leader election won for term 1
I20260630 12:26:00.358671 10339 raft_consensus.cc:697] T d270c6537cf248a397859d79c986e3a5 P c214cb920de64715b1d540d04faa12e6 [term 1 LEADER]: Becoming Leader. State: Replica: c214cb920de64715b1d540d04faa12e6, State: Running, Role: LEADER
