I20260630 12:12:28.751629  3930 raft_consensus.cc:2955] T d6f7d75afc2349cd972580e173a8eb91 P 2cba314ab3e94b328739e8661f2ef6fd [term 2 LEADER]: Committing config change with OpId 2.4: config changed from index 3 to 4, a5046d80e61e490f9deae4b8717f85ff (127.0.107.196) changed from NON_VOTER to VOTER. New config: { opid_index: 4 OBSOLETE_local: false peers { permanent_uuid: "5fd02451db9a4ca6b0f1c45406809dd0" member_type: VOTER last_known_addr { host: "127.0.107.193" port: 42657 } } peers { permanent_uuid: "2cba314ab3e94b328739e8661f2ef6fd" member_type: VOTER last_known_addr { host: "127.0.107.194" port: 41011 } } peers { permanent_uuid: "ba1cf38f9ea74df5a6e4683a58e1704c" member_type: VOTER last_known_addr { host: "127.0.107.195" port: 44073 } attrs { replace: true } } peers { permanent_uuid: "a5046d80e61e490f9deae4b8717f85ff" member_type: VOTER last_known_addr { host: "127.0.107.196" port: 44997 } attrs { promote: false } } }
I20260630 12:12:28.754319  3569 raft_consensus.cc:2955] T d6f7d75afc2349cd972580e173a8eb91 P ba1cf38f9ea74df5a6e4683a58e1704c [term 2 FOLLOWER]: Committing config change with OpId 2.4: config changed from index 3 to 4, a5046d80e61e490f9deae4b8717f85ff (127.0.107.196) changed from NON_VOTER to VOTER. New config: { opid_index: 4 OBSOLETE_local: false peers { permanent_uuid: "5fd02451db9a4ca6b0f1c45406809dd0" member_type: VOTER last_known_addr { host: "127.0.107.193" port: 42657 } } peers { permanent_uuid: "2cba314ab3e94b328739e8661f2ef6fd" member_type: VOTER last_known_addr { host: "127.0.107.194" port: 41011 } } peers { permanent_uuid: "ba1cf38f9ea74df5a6e4683a58e1704c" member_type: VOTER last_known_addr { host: "127.0.107.195" port: 44073 } attrs { replace: true } } peers { permanent_uuid: "a5046d80e61e490f9deae4b8717f85ff" member_type: VOTER last_known_addr { host: "127.0.107.196" port: 44997 } attrs { promote: false } } }
I20260630 12:12:28.766752  3318 catalog_manager.cc:5697] T d6f7d75afc2349cd972580e173a8eb91 P ba1cf38f9ea74df5a6e4683a58e1704c reported cstate change: config changed from index 3 to 4, a5046d80e61e490f9deae4b8717f85ff (127.0.107.196) changed from NON_VOTER to VOTER. New cstate: current_term: 2 leader_uuid: "2cba314ab3e94b328739e8661f2ef6fd" committed_config { opid_index: 4 OBSOLETE_local: false peers { permanent_uuid: "5fd02451db9a4ca6b0f1c45406809dd0" member_type: VOTER last_known_addr { host: "127.0.107.193" port: 42657 } } peers { permanent_uuid: "2cba314ab3e94b328739e8661f2ef6fd" member_type: VOTER last_known_addr { host: "127.0.107.194" port: 41011 } } peers { permanent_uuid: "ba1cf38f9ea74df5a6e4683a58e1704c" member_type: VOTER last_known_addr { host: "127.0.107.195" port: 44073 } attrs { replace: true } } peers { permanent_uuid: "a5046d80e61e490f9deae4b8717f85ff" member_type: VOTER last_known_addr { host: "127.0.107.196" port: 44997 } attrs { promote: false } } }
I20260630 12:12:28.770223  3712 raft_consensus.cc:2955] T d6f7d75afc2349cd972580e173a8eb91 P a5046d80e61e490f9deae4b8717f85ff [term 2 FOLLOWER]: Committing config change with OpId 2.4: config changed from index 3 to 4, a5046d80e61e490f9deae4b8717f85ff (127.0.107.196) changed from NON_VOTER to VOTER. New config: { opid_index: 4 OBSOLETE_local: false peers { permanent_uuid: "5fd02451db9a4ca6b0f1c45406809dd0" member_type: VOTER last_known_addr { host: "127.0.107.193" port: 42657 } } peers { permanent_uuid: "2cba314ab3e94b328739e8661f2ef6fd" member_type: VOTER last_known_addr { host: "127.0.107.194" port: 41011 } } peers { permanent_uuid: "ba1cf38f9ea74df5a6e4683a58e1704c" member_type: VOTER last_known_addr { host: "127.0.107.195" port: 44073 } attrs { replace: true } } peers { permanent_uuid: "a5046d80e61e490f9deae4b8717f85ff" member_type: VOTER last_known_addr { host: "127.0.107.196" port: 44997 } attrs { promote: false } } }
I20260630 12:12:28.773916  3418 raft_consensus.cc:2955] T d6f7d75afc2349cd972580e173a8eb91 P 5fd02451db9a4ca6b0f1c45406809dd0 [term 2 FOLLOWER]: Committing config change with OpId 2.4: config changed from index 3 to 4, a5046d80e61e490f9deae4b8717f85ff (127.0.107.196) changed from NON_VOTER to VOTER. New config: { opid_index: 4 OBSOLETE_local: false peers { permanent_uuid: "5fd02451db9a4ca6b0f1c45406809dd0" member_type: VOTER last_known_addr { host: "127.0.107.193" port: 42657 } } peers { permanent_uuid: "2cba314ab3e94b328739e8661f2ef6fd" member_type: VOTER last_known_addr { host: "127.0.107.194" port: 41011 } } peers { permanent_uuid: "ba1cf38f9ea74df5a6e4683a58e1704c" member_type: VOTER last_known_addr { host: "127.0.107.195" port: 44073 } attrs { replace: true } } peers { permanent_uuid: "a5046d80e61e490f9deae4b8717f85ff" member_type: VOTER last_known_addr { host: "127.0.107.196" port: 44997 } attrs { promote: false } } }
I20260630 12:12:28.797636  3495 consensus_queue.cc:237] T d6f7d75afc2349cd972580e173a8eb91 P 2cba314ab3e94b328739e8661f2ef6fd [LEADER]: Queue going to LEADER mode. State: All replicated index: 0, Majority replicated index: 4, Committed index: 4, Last appended: 2.4, Last appended by leader: 1, Current term: 2, Majority size: 2, State: 0, Mode: LEADER, active raft config: opid_index: 5 OBSOLETE_local: false peers { permanent_uuid: "5fd02451db9a4ca6b0f1c45406809dd0" member_type: VOTER last_known_addr { host: "127.0.107.193" port: 42657 } } peers { permanent_uuid: "2cba314ab3e94b328739e8661f2ef6fd" member_type: VOTER last_known_addr { host: "127.0.107.194" port: 41011 } } peers { permanent_uuid: "a5046d80e61e490f9deae4b8717f85ff" member_type: VOTER last_known_addr { host: "127.0.107.196" port: 44997 } attrs { promote: false } }
I20260630 12:12:28.802273  3418 raft_consensus.cc:1275] T d6f7d75afc2349cd972580e173a8eb91 P 5fd02451db9a4ca6b0f1c45406809dd0 [term 2 FOLLOWER]: Refusing update from remote peer 2cba314ab3e94b328739e8661f2ef6fd: Log matching property violated. Preceding OpId in replica: term: 2 index: 4. Preceding OpId from leader: term: 2 index: 5. (index mismatch)
I20260630 12:12:28.802801  3712 raft_consensus.cc:1275] T d6f7d75afc2349cd972580e173a8eb91 P a5046d80e61e490f9deae4b8717f85ff [term 2 FOLLOWER]: Refusing update from remote peer 2cba314ab3e94b328739e8661f2ef6fd: Log matching property violated. Preceding OpId in replica: term: 2 index: 4. Preceding OpId from leader: term: 2 index: 5. (index mismatch)
I20260630 12:12:28.803571  3955 consensus_queue.cc:1048] T d6f7d75afc2349cd972580e173a8eb91 P 2cba314ab3e94b328739e8661f2ef6fd [LEADER]: Connected to new peer: Peer: permanent_uuid: "5fd02451db9a4ca6b0f1c45406809dd0" member_type: VOTER last_known_addr { host: "127.0.107.193" port: 42657 }, Status: LMP_MISMATCH, Last received: 0.0, Next index: 5, Last known committed idx: 4, Time since last communication: 0.000s
I20260630 12:12:28.804363  3962 consensus_queue.cc:1048] T d6f7d75afc2349cd972580e173a8eb91 P 2cba314ab3e94b328739e8661f2ef6fd [LEADER]: Connected to new peer: Peer: permanent_uuid: "a5046d80e61e490f9deae4b8717f85ff" member_type: VOTER last_known_addr { host: "127.0.107.196" port: 44997 } attrs { promote: false }, Status: LMP_MISMATCH, Last received: 0.0, Next index: 5, Last known committed idx: 4, Time since last communication: 0.000s
I20260630 12:12:28.811736  3930 raft_consensus.cc:2955] T d6f7d75afc2349cd972580e173a8eb91 P 2cba314ab3e94b328739e8661f2ef6fd [term 2 LEADER]: Committing config change with OpId 2.5: config changed from index 4 to 5, VOTER ba1cf38f9ea74df5a6e4683a58e1704c (127.0.107.195) evicted. New config: { opid_index: 5 OBSOLETE_local: false peers { permanent_uuid: "5fd02451db9a4ca6b0f1c45406809dd0" member_type: VOTER last_known_addr { host: "127.0.107.193" port: 42657 } } peers { permanent_uuid: "2cba314ab3e94b328739e8661f2ef6fd" member_type: VOTER last_known_addr { host: "127.0.107.194" port: 41011 } } peers { permanent_uuid: "a5046d80e61e490f9deae4b8717f85ff" member_type: VOTER last_known_addr { host: "127.0.107.196" port: 44997 } attrs { promote: false } } }
I20260630 12:12:28.813870  3418 raft_consensus.cc:2955] T d6f7d75afc2349cd972580e173a8eb91 P 5fd02451db9a4ca6b0f1c45406809dd0 [term 2 FOLLOWER]: Committing config change with OpId 2.5: config changed from index 4 to 5, VOTER ba1cf38f9ea74df5a6e4683a58e1704c (127.0.107.195) evicted. New config: { opid_index: 5 OBSOLETE_local: false peers { permanent_uuid: "5fd02451db9a4ca6b0f1c45406809dd0" member_type: VOTER last_known_addr { host: "127.0.107.193" port: 42657 } } peers { permanent_uuid: "2cba314ab3e94b328739e8661f2ef6fd" member_type: VOTER last_known_addr { host: "127.0.107.194" port: 41011 } } peers { permanent_uuid: "a5046d80e61e490f9deae4b8717f85ff" member_type: VOTER last_known_addr { host: "127.0.107.196" port: 44997 } attrs { promote: false } } }
I20260630 12:12:28.818602  3302 catalog_manager.cc:5210] ChangeConfig:REMOVE_PEER RPC for tablet d6f7d75afc2349cd972580e173a8eb91 with cas_config_opid_index 4: ChangeConfig:REMOVE_PEER succeeded (attempt 1)
I20260630 12:12:28.820443  3712 raft_consensus.cc:2955] T d6f7d75afc2349cd972580e173a8eb91 P a5046d80e61e490f9deae4b8717f85ff [term 2 FOLLOWER]: Committing config change with OpId 2.5: config changed from index 4 to 5, VOTER ba1cf38f9ea74df5a6e4683a58e1704c (127.0.107.195) evicted. New config: { opid_index: 5 OBSOLETE_local: false peers { permanent_uuid: "5fd02451db9a4ca6b0f1c45406809dd0" member_type: VOTER last_known_addr { host: "127.0.107.193" port: 42657 } } peers { permanent_uuid: "2cba314ab3e94b328739e8661f2ef6fd" member_type: VOTER last_known_addr { host: "127.0.107.194" port: 41011 } } peers { permanent_uuid: "a5046d80e61e490f9deae4b8717f85ff" member_type: VOTER last_known_addr { host: "127.0.107.196" port: 44997 } attrs { promote: false } } }
I20260630 12:12:28.825222  3317 catalog_manager.cc:5697] T d6f7d75afc2349cd972580e173a8eb91 P 5fd02451db9a4ca6b0f1c45406809dd0 reported cstate change: config changed from index 4 to 5, VOTER ba1cf38f9ea74df5a6e4683a58e1704c (127.0.107.195) evicted. New cstate: current_term: 2 leader_uuid: "2cba314ab3e94b328739e8661f2ef6fd" committed_config { opid_index: 5 OBSOLETE_local: false peers { permanent_uuid: "5fd02451db9a4ca6b0f1c45406809dd0" member_type: VOTER last_known_addr { host: "127.0.107.193" port: 42657 } } peers { permanent_uuid: "2cba314ab3e94b328739e8661f2ef6fd" member_type: VOTER last_known_addr { host: "127.0.107.194" port: 41011 } } peers { permanent_uuid: "a5046d80e61e490f9deae4b8717f85ff" member_type: VOTER last_known_addr { host: "127.0.107.196" port: 44997 } attrs { promote: false } } }
I20260630 12:12:28.837090  3556 tablet_service.cc:1558] Processing DeleteTablet for tablet d6f7d75afc2349cd972580e173a8eb91 with delete_type TABLET_DATA_TOMBSTONED (TS ba1cf38f9ea74df5a6e4683a58e1704c not found in new config with opid_index 5) from {username='slave'} at 127.0.0.1:59238
I20260630 12:12:28.840658  3967 tablet_replica.cc:333] T d6f7d75afc2349cd972580e173a8eb91 P ba1cf38f9ea74df5a6e4683a58e1704c: stopping tablet replica
I20260630 12:12:28.841627  3967 raft_consensus.cc:2243] T d6f7d75afc2349cd972580e173a8eb91 P ba1cf38f9ea74df5a6e4683a58e1704c [term 2 FOLLOWER]: Raft consensus shutting down.
I20260630 12:12:28.842379  3967 raft_consensus.cc:2272] T d6f7d75afc2349cd972580e173a8eb91 P ba1cf38f9ea74df5a6e4683a58e1704c [term 2 FOLLOWER]: Raft consensus is shut down!
I20260630 12:12:28.845620  3967 ts_tablet_manager.cc:1916] T d6f7d75afc2349cd972580e173a8eb91 P ba1cf38f9ea74df5a6e4683a58e1704c: Deleting tablet data with delete state TABLET_DATA_TOMBSTONED
I20260630 12:12:28.860916  3967 ts_tablet_manager.cc:1929] T d6f7d75afc2349cd972580e173a8eb91 P ba1cf38f9ea74df5a6e4683a58e1704c: tablet deleted with delete type TABLET_DATA_TOMBSTONED: last-logged OpId 2.4
I20260630 12:12:28.861352  3967 log.cc:1199] T d6f7d75afc2349cd972580e173a8eb91 P ba1cf38f9ea74df5a6e4683a58e1704c: Deleting WAL directory at /tmp/dist-test-task2ajp4m/test-tmp/auto_rebalancer-test.0.AutoRebalancerTest.RangeAwareRebalancesNewRangeReplicas.1782821457364691-431-0/minicluster-data/ts-2-root/wals/d6f7d75afc2349cd972580e173a8eb91
I20260630 12:12:28.862993  3302 catalog_manager.cc:5028] TS ba1cf38f9ea74df5a6e4683a58e1704c (127.0.107.195:44073): tablet d6f7d75afc2349cd972580e173a8eb91 (table range_aware_rebalance_new_range [id=a216a6f64c99494d84341e336d38df12]) successfully deleted
I20260630 12:12:28.870425  3957 raft_consensus.cc:1064] T 83c05dcfc0124e46a21e039bfc18606a P ba1cf38f9ea74df5a6e4683a58e1704c: attempting to promote NON_VOTER a5046d80e61e490f9deae4b8717f85ff to VOTER
I20260630 12:12:28.872300  3957 consensus_queue.cc:237] T 83c05dcfc0124e46a21e039bfc18606a P ba1cf38f9ea74df5a6e4683a58e1704c [LEADER]: Queue going to LEADER mode. State: All replicated index: 0, Majority replicated index: 3, Committed index: 3, Last appended: 2.3, Last appended by leader: 1, Current term: 2, Majority size: 3, State: 0, Mode: LEADER, active raft config: opid_index: 4 OBSOLETE_local: false peers { permanent_uuid: "2cba314ab3e94b328739e8661f2ef6fd" member_type: VOTER last_known_addr { host: "127.0.107.194" port: 41011 } attrs { replace: true } } peers { permanent_uuid: "5fd02451db9a4ca6b0f1c45406809dd0" member_type: VOTER last_known_addr { host: "127.0.107.193" port: 42657 } } peers { permanent_uuid: "ba1cf38f9ea74df5a6e4683a58e1704c" member_type: VOTER last_known_addr { host: "127.0.107.195" port: 44073 } } peers { permanent_uuid: "a5046d80e61e490f9deae4b8717f85ff" member_type: VOTER last_known_addr { host: "127.0.107.196" port: 44997 } attrs { promote: false } }
I20260630 12:12:28.877920  3418 raft_consensus.cc:1275] T 83c05dcfc0124e46a21e039bfc18606a P 5fd02451db9a4ca6b0f1c45406809dd0 [term 2 FOLLOWER]: Refusing update from remote peer ba1cf38f9ea74df5a6e4683a58e1704c: Log matching property violated. Preceding OpId in replica: term: 2 index: 3. Preceding OpId from leader: term: 2 index: 4. (index mismatch)
I20260630 12:12:28.877940  3712 raft_consensus.cc:1275] T 83c05dcfc0124e46a21e039bfc18606a P a5046d80e61e490f9deae4b8717f85ff [term 2 LEARNER]: Refusing update from remote peer ba1cf38f9ea74df5a6e4683a58e1704c: Log matching property violated. Preceding OpId in replica: term: 2 index: 3. Preceding OpId from leader: term: 2 index: 4. (index mismatch)
I20260630 12:12:28.879575  3957 consensus_queue.cc:1048] T 83c05dcfc0124e46a21e039bfc18606a P ba1cf38f9ea74df5a6e4683a58e1704c [LEADER]: Connected to new peer: Peer: permanent_uuid: "a5046d80e61e490f9deae4b8717f85ff" member_type: VOTER last_known_addr { host: "127.0.107.196" port: 44997 } attrs { promote: false }, Status: LMP_MISMATCH, Last received: 0.0, Next index: 4, Last known committed idx: 3, Time since last communication: 0.001s
I20260630 12:12:28.880681  3950 consensus_queue.cc:1048] T 83c05dcfc0124e46a21e039bfc18606a P ba1cf38f9ea74df5a6e4683a58e1704c [LEADER]: Connected to new peer: Peer: permanent_uuid: "5fd02451db9a4ca6b0f1c45406809dd0" member_type: VOTER last_known_addr { host: "127.0.107.193" port: 42657 }, Status: LMP_MISMATCH, Last received: 0.0, Next index: 4, Last known committed idx: 3, Time since last communication: 0.000s
I20260630 12:12:28.880915  3494 raft_consensus.cc:1275] T 83c05dcfc0124e46a21e039bfc18606a P 2cba314ab3e94b328739e8661f2ef6fd [term 2 FOLLOWER]: Refusing update from remote peer ba1cf38f9ea74df5a6e4683a58e1704c: Log matching property violated. Preceding OpId in replica: term: 2 index: 3. Preceding OpId from leader: term: 2 index: 4. (index mismatch)
I20260630 12:12:28.882210  3907 consensus_queue.cc:1048] T 83c05dcfc0124e46a21e039bfc18606a P ba1cf38f9ea74df5a6e4683a58e1704c [LEADER]: Connected to new peer: Peer: permanent_uuid: "2cba314ab3e94b328739e8661f2ef6fd" member_type: VOTER last_known_addr { host: "127.0.107.194" port: 41011 } attrs { replace: true }, Status: LMP_MISMATCH, Last received: 0.0, Next index: 4, Last known committed idx: 3, Time since last communication: 0.000s
I20260630 12:12:28.899876  3957 raft_consensus.cc:2955] T 83c05dcfc0124e46a21e039bfc18606a P ba1cf38f9ea74df5a6e4683a58e1704c [term 2 LEADER]: Committing config change with OpId 2.4: config changed from index 3 to 4, a5046d80e61e490f9deae4b8717f85ff (127.0.107.196) changed from NON_VOTER to VOTER. New config: { opid_index: 4 OBSOLETE_local: false peers { permanent_uuid: "2cba314ab3e94b328739e8661f2ef6fd" member_type: VOTER last_known_addr { host: "127.0.107.194" port: 41011 } attrs { replace: true } } peers { permanent_uuid: "5fd02451db9a4ca6b0f1c45406809dd0" member_type: VOTER last_known_addr { host: "127.0.107.193" port: 42657 } } peers { permanent_uuid: "ba1cf38f9ea74df5a6e4683a58e1704c" member_type: VOTER last_known_addr { host: "127.0.107.195" port: 44073 } } peers { permanent_uuid: "a5046d80e61e490f9deae4b8717f85ff" member_type: VOTER last_known_addr { host: "127.0.107.196" port: 44997 } attrs { promote: false } } }
I20260630 12:12:28.901769  3418 raft_consensus.cc:2955] T 83c05dcfc0124e46a21e039bfc18606a P 5fd02451db9a4ca6b0f1c45406809dd0 [term 2 FOLLOWER]: Committing config change with OpId 2.4: config changed from index 3 to 4, a5046d80e61e490f9deae4b8717f85ff (127.0.107.196) changed from NON_VOTER to VOTER. New config: { opid_index: 4 OBSOLETE_local: false peers { permanent_uuid: "2cba314ab3e94b328739e8661f2ef6fd" member_type: VOTER last_known_addr { host: "127.0.107.194" port: 41011 } attrs { replace: true } } peers { permanent_uuid: "5fd02451db9a4ca6b0f1c45406809dd0" member_type: VOTER last_known_addr { host: "127.0.107.193" port: 42657 } } peers { permanent_uuid: "ba1cf38f9ea74df5a6e4683a58e1704c" member_type: VOTER last_known_addr { host: "127.0.107.195" port: 44073 } } peers { permanent_uuid: "a5046d80e61e490f9deae4b8717f85ff" member_type: VOTER last_known_addr { host: "127.0.107.196" port: 44997 } attrs { promote: false } } }
I20260630 12:12:28.901674  3712 raft_consensus.cc:2955] T 83c05dcfc0124e46a21e039bfc18606a P a5046d80e61e490f9deae4b8717f85ff [term 2 FOLLOWER]: Committing config change with OpId 2.4: config changed from index 3 to 4, a5046d80e61e490f9deae4b8717f85ff (127.0.107.196) changed from NON_VOTER to VOTER. New config: { opid_index: 4 OBSOLETE_local: false peers { permanent_uuid: "2cba314ab3e94b328739e8661f2ef6fd" member_type: VOTER last_known_addr { host: "127.0.107.194" port: 41011 } attrs { replace: true } } peers { permanent_uuid: "5fd02451db9a4ca6b0f1c45406809dd0" member_type: VOTER last_known_addr { host: "127.0.107.193" port: 42657 } } peers { permanent_uuid: "ba1cf38f9ea74df5a6e4683a58e1704c" member_type: VOTER last_known_addr { host: "127.0.107.195" port: 44073 } } peers { permanent_uuid: "a5046d80e61e490f9deae4b8717f85ff" member_type: VOTER last_known_addr { host: "127.0.107.196" port: 44997 } attrs { promote: false } } }
I20260630 12:12:28.911221  3494 raft_consensus.cc:2955] T 83c05dcfc0124e46a21e039bfc18606a P 2cba314ab3e94b328739e8661f2ef6fd [term 2 FOLLOWER]: Committing config change with OpId 2.4: config changed from index 3 to 4, a5046d80e61e490f9deae4b8717f85ff (127.0.107.196) changed from NON_VOTER to VOTER. New config: { opid_index: 4 OBSOLETE_local: false peers { permanent_uuid: "2cba314ab3e94b328739e8661f2ef6fd" member_type: VOTER last_known_addr { host: "127.0.107.194" port: 41011 } attrs { replace: true } } peers { permanent_uuid: "5fd02451db9a4ca6b0f1c45406809dd0" member_type: VOTER last_known_addr { host: "127.0.107.193" port: 42657 } } peers { permanent_uuid: "ba1cf38f9ea74df5a6e4683a58e1704c" member_type: VOTER last_known_addr { host: "127.0.107.195" port: 44073 } } peers { permanent_uuid: "a5046d80e61e490f9deae4b8717f85ff" member_type: VOTER last_known_addr { host: "127.0.107.196" port: 44997 } attrs { promote: false } } }
I20260630 12:12:28.915920  3316 catalog_manager.cc:5697] T 83c05dcfc0124e46a21e039bfc18606a P a5046d80e61e490f9deae4b8717f85ff reported cstate change: config changed from index 3 to 4, a5046d80e61e490f9deae4b8717f85ff (127.0.107.196) changed from NON_VOTER to VOTER. New cstate: current_term: 2 leader_uuid: "ba1cf38f9ea74df5a6e4683a58e1704c" committed_config { opid_index: 4 OBSOLETE_local: false peers { permanent_uuid: "2cba314ab3e94b328739e8661f2ef6fd" member_type: VOTER last_known_addr { host: "127.0.107.194" port: 41011 } attrs { replace: true } } peers { permanent_uuid: "5fd02451db9a4ca6b0f1c45406809dd0" member_type: VOTER last_known_addr { host: "127.0.107.193" port: 42657 } } peers { permanent_uuid: "ba1cf38f9ea74df5a6e4683a58e1704c" member_type: VOTER last_known_addr { host: "127.0.107.195" port: 44073 } } peers { permanent_uuid: "a5046d80e61e490f9deae4b8717f85ff" member_type: VOTER last_known_addr { host: "127.0.107.196" port: 44997 } attrs { promote: false } } }
I20260630 12:12:28.929169  3569 consensus_queue.cc:237] T 83c05dcfc0124e46a21e039bfc18606a P ba1cf38f9ea74df5a6e4683a58e1704c [LEADER]: Queue going to LEADER mode. State: All replicated index: 0, Majority replicated index: 4, Committed index: 4, Last appended: 2.4, Last appended by leader: 1, Current term: 2, Majority size: 2, State: 0, Mode: LEADER, active raft config: opid_index: 5 OBSOLETE_local: false peers { permanent_uuid: "5fd02451db9a4ca6b0f1c45406809dd0" member_type: VOTER last_known_addr { host: "127.0.107.193" port: 42657 } } peers { permanent_uuid: "ba1cf38f9ea74df5a6e4683a58e1704c" member_type: VOTER last_known_addr { host: "127.0.107.195" port: 44073 } } peers { permanent_uuid: "a5046d80e61e490f9deae4b8717f85ff" member_type: VOTER last_known_addr { host: "127.0.107.196" port: 44997 } attrs { promote: false } }
I20260630 12:12:28.934326  3829 raft_consensus.cc:993] T 7e09d3b9c47342b4becf1bf5875d1d2f P 5fd02451db9a4ca6b0f1c45406809dd0: : Instructing follower a5046d80e61e490f9deae4b8717f85ff to start an election
I20260630 12:12:28.934809  3906 raft_consensus.cc:1081] T 7e09d3b9c47342b4becf1bf5875d1d2f P 5fd02451db9a4ca6b0f1c45406809dd0 [term 1 LEADER]: Signalling peer a5046d80e61e490f9deae4b8717f85ff to start an election
I20260630 12:12:28.936335  3712 tablet_service.cc:2044] Received Run Leader Election RPC: tablet_id: "7e09d3b9c47342b4becf1bf5875d1d2f"
dest_uuid: "a5046d80e61e490f9deae4b8717f85ff"
 from {username='slave'} at 127.0.0.1:34748
I20260630 12:12:28.936998  3712 raft_consensus.cc:493] T 7e09d3b9c47342b4becf1bf5875d1d2f P a5046d80e61e490f9deae4b8717f85ff [term 1 FOLLOWER]: Starting forced leader election (received explicit request)
I20260630 12:12:28.937300  3710 raft_consensus.cc:1275] T 83c05dcfc0124e46a21e039bfc18606a P a5046d80e61e490f9deae4b8717f85ff [term 2 FOLLOWER]: Refusing update from remote peer ba1cf38f9ea74df5a6e4683a58e1704c: Log matching property violated. Preceding OpId in replica: term: 2 index: 4. Preceding OpId from leader: term: 2 index: 5. (index mismatch)
I20260630 12:12:28.937489  3712 raft_consensus.cc:3060] T 7e09d3b9c47342b4becf1bf5875d1d2f P a5046d80e61e490f9deae4b8717f85ff [term 1 FOLLOWER]: Advancing to term 2
I20260630 12:12:28.938925  3950 consensus_queue.cc:1048] T 83c05dcfc0124e46a21e039bfc18606a P ba1cf38f9ea74df5a6e4683a58e1704c [LEADER]: Connected to new peer: Peer: permanent_uuid: "a5046d80e61e490f9deae4b8717f85ff" member_type: VOTER last_known_addr { host: "127.0.107.196" port: 44997 } attrs { promote: false }, Status: LMP_MISMATCH, Last received: 0.0, Next index: 5, Last known committed idx: 4, Time since last communication: 0.000s
I20260630 12:12:28.942833  3418 raft_consensus.cc:1275] T 83c05dcfc0124e46a21e039bfc18606a P 5fd02451db9a4ca6b0f1c45406809dd0 [term 2 FOLLOWER]: Refusing update from remote peer ba1cf38f9ea74df5a6e4683a58e1704c: Log matching property violated. Preceding OpId in replica: term: 2 index: 4. Preceding OpId from leader: term: 2 index: 5. (index mismatch)
I20260630 12:12:28.943738  3712 raft_consensus.cc:515] T 7e09d3b9c47342b4becf1bf5875d1d2f P a5046d80e61e490f9deae4b8717f85ff [term 2 FOLLOWER]: Starting forced leader election with config: opid_index: 2 OBSOLETE_local: false peers { permanent_uuid: "a5046d80e61e490f9deae4b8717f85ff" member_type: VOTER last_known_addr { host: "127.0.107.196" port: 44997 } attrs { replace: true } } peers { permanent_uuid: "5fd02451db9a4ca6b0f1c45406809dd0" member_type: VOTER last_known_addr { host: "127.0.107.193" port: 42657 } } peers { permanent_uuid: "2cba314ab3e94b328739e8661f2ef6fd" member_type: VOTER last_known_addr { host: "127.0.107.194" port: 41011 } } peers { permanent_uuid: "ba1cf38f9ea74df5a6e4683a58e1704c" member_type: NON_VOTER last_known_addr { host: "127.0.107.195" port: 44073 } attrs { promote: true } }
I20260630 12:12:28.944146  3950 consensus_queue.cc:1048] T 83c05dcfc0124e46a21e039bfc18606a P ba1cf38f9ea74df5a6e4683a58e1704c [LEADER]: Connected to new peer: Peer: permanent_uuid: "5fd02451db9a4ca6b0f1c45406809dd0" member_type: VOTER last_known_addr { host: "127.0.107.193" port: 42657 }, Status: LMP_MISMATCH, Last received: 0.0, Next index: 5, Last known committed idx: 4, Time since last communication: 0.000s
I20260630 12:12:28.946838  3907 raft_consensus.cc:2955] T 83c05dcfc0124e46a21e039bfc18606a P ba1cf38f9ea74df5a6e4683a58e1704c [term 2 LEADER]: Committing config change with OpId 2.5: config changed from index 4 to 5, VOTER 2cba314ab3e94b328739e8661f2ef6fd (127.0.107.194) evicted. New config: { opid_index: 5 OBSOLETE_local: false peers { permanent_uuid: "5fd02451db9a4ca6b0f1c45406809dd0" member_type: VOTER last_known_addr { host: "127.0.107.193" port: 42657 } } peers { permanent_uuid: "ba1cf38f9ea74df5a6e4683a58e1704c" member_type: VOTER last_known_addr { host: "127.0.107.195" port: 44073 } } peers { permanent_uuid: "a5046d80e61e490f9deae4b8717f85ff" member_type: VOTER last_known_addr { host: "127.0.107.196" port: 44997 } attrs { promote: false } } }
I20260630 12:12:28.949160  3712 leader_election.cc:290] T 7e09d3b9c47342b4becf1bf5875d1d2f P a5046d80e61e490f9deae4b8717f85ff [CANDIDATE]: Term 2 election: Requested vote from peers 5fd02451db9a4ca6b0f1c45406809dd0 (127.0.107.193:42657), 2cba314ab3e94b328739e8661f2ef6fd (127.0.107.194:41011)
I20260630 12:12:28.949028  3419 tablet_service.cc:1917] Received RequestConsensusVote() RPC: tablet_id: "7e09d3b9c47342b4becf1bf5875d1d2f" candidate_uuid: "a5046d80e61e490f9deae4b8717f85ff" candidate_term: 2 candidate_status { last_received { term: 1 index: 2 } } ignore_live_leader: true dest_uuid: "5fd02451db9a4ca6b0f1c45406809dd0"
I20260630 12:12:28.949733  3419 raft_consensus.cc:3055] T 7e09d3b9c47342b4becf1bf5875d1d2f P 5fd02451db9a4ca6b0f1c45406809dd0 [term 1 LEADER]: Stepping down as leader of term 1
I20260630 12:12:28.950031  3419 raft_consensus.cc:740] T 7e09d3b9c47342b4becf1bf5875d1d2f P 5fd02451db9a4ca6b0f1c45406809dd0 [term 1 LEADER]: Becoming Follower/Learner. State: Replica: 5fd02451db9a4ca6b0f1c45406809dd0, State: Running, Role: LEADER
I20260630 12:12:28.950655  3419 consensus_queue.cc:260] T 7e09d3b9c47342b4becf1bf5875d1d2f P 5fd02451db9a4ca6b0f1c45406809dd0 [NON_LEADER]: Queue going to NON_LEADER mode. State: All replicated index: 0, Majority replicated index: 2, Committed index: 2, Last appended: 1.2, Last appended by leader: 2, Current term: 1, Majority size: -1, State: 0, Mode: NON_LEADER, active raft config: opid_index: 2 OBSOLETE_local: false peers { permanent_uuid: "a5046d80e61e490f9deae4b8717f85ff" member_type: VOTER last_known_addr { host: "127.0.107.196" port: 44997 } attrs { replace: true } } peers { permanent_uuid: "5fd02451db9a4ca6b0f1c45406809dd0" member_type: VOTER last_known_addr { host: "127.0.107.193" port: 42657 } } peers { permanent_uuid: "2cba314ab3e94b328739e8661f2ef6fd" member_type: VOTER last_known_addr { host: "127.0.107.194" port: 41011 } } peers { permanent_uuid: "ba1cf38f9ea74df5a6e4683a58e1704c" member_type: NON_VOTER last_known_addr { host: "127.0.107.195" port: 44073 } attrs { promote: true } }
I20260630 12:12:28.951586  3419 raft_consensus.cc:3060] T 7e09d3b9c47342b4becf1bf5875d1d2f P 5fd02451db9a4ca6b0f1c45406809dd0 [term 1 FOLLOWER]: Advancing to term 2
I20260630 12:12:28.952405  3494 tablet_service.cc:1917] Received RequestConsensusVote() RPC: tablet_id: "7e09d3b9c47342b4becf1bf5875d1d2f" candidate_uuid: "a5046d80e61e490f9deae4b8717f85ff" candidate_term: 2 candidate_status { last_received { term: 1 index: 2 } } ignore_live_leader: true dest_uuid: "2cba314ab3e94b328739e8661f2ef6fd"
I20260630 12:12:28.952900  3494 raft_consensus.cc:3060] T 7e09d3b9c47342b4becf1bf5875d1d2f P 2cba314ab3e94b328739e8661f2ef6fd [term 1 FOLLOWER]: Advancing to term 2
I20260630 12:12:28.956727  3302 catalog_manager.cc:5210] ChangeConfig:REMOVE_PEER RPC for tablet 83c05dcfc0124e46a21e039bfc18606a with cas_config_opid_index 4: ChangeConfig:REMOVE_PEER succeeded (attempt 1)
I20260630 12:12:28.958789  3419 raft_consensus.cc:2468] T 7e09d3b9c47342b4becf1bf5875d1d2f P 5fd02451db9a4ca6b0f1c45406809dd0 [term 2 FOLLOWER]: Leader election vote request: Granting yes vote for candidate a5046d80e61e490f9deae4b8717f85ff in term 2.
I20260630 12:12:28.960115  3675 leader_election.cc:304] T 7e09d3b9c47342b4becf1bf5875d1d2f P a5046d80e61e490f9deae4b8717f85ff [CANDIDATE]: Term 2 election: Election decided. Result: candidate won. Election summary: received 2 responses out of 3 voters: 2 yes votes; 0 no votes. yes voters: 5fd02451db9a4ca6b0f1c45406809dd0, a5046d80e61e490f9deae4b8717f85ff; no voters: 
I20260630 12:12:28.960948  3949 raft_consensus.cc:2804] T 7e09d3b9c47342b4becf1bf5875d1d2f P a5046d80e61e490f9deae4b8717f85ff [term 2 FOLLOWER]: Leader election won for term 2
I20260630 12:12:28.958789  3494 raft_consensus.cc:2468] T 7e09d3b9c47342b4becf1bf5875d1d2f P 2cba314ab3e94b328739e8661f2ef6fd [term 2 FOLLOWER]: Leader election vote request: Granting yes vote for candidate a5046d80e61e490f9deae4b8717f85ff in term 2.
I20260630 12:12:28.964771  3318 catalog_manager.cc:5697] T 83c05dcfc0124e46a21e039bfc18606a P ba1cf38f9ea74df5a6e4683a58e1704c reported cstate change: config changed from index 4 to 5, VOTER 2cba314ab3e94b328739e8661f2ef6fd (127.0.107.194) evicted. New cstate: current_term: 2 leader_uuid: "ba1cf38f9ea74df5a6e4683a58e1704c" committed_config { opid_index: 5 OBSOLETE_local: false peers { permanent_uuid: "5fd02451db9a4ca6b0f1c45406809dd0" member_type: VOTER last_known_addr { host: "127.0.107.193" port: 42657 } health_report { overall_health: UNKNOWN } } peers { permanent_uuid: "ba1cf38f9ea74df5a6e4683a58e1704c" member_type: VOTER last_known_addr { host: "127.0.107.195" port: 44073 } health_report { overall_health: HEALTHY } } peers { permanent_uuid: "a5046d80e61e490f9deae4b8717f85ff" member_type: VOTER last_known_addr { host: "127.0.107.196" port: 44997 } attrs { promote: false } health_report { overall_health: UNKNOWN } } }
I20260630 12:12:28.962842  3712 raft_consensus.cc:2955] T 83c05dcfc0124e46a21e039bfc18606a P a5046d80e61e490f9deae4b8717f85ff [term 2 FOLLOWER]: Committing config change with OpId 2.5: config changed from index 4 to 5, VOTER 2cba314ab3e94b328739e8661f2ef6fd (127.0.107.194) evicted. New config: { opid_index: 5 OBSOLETE_local: false peers { permanent_uuid: "5fd02451db9a4ca6b0f1c45406809dd0" member_type: VOTER last_known_addr { host: "127.0.107.193" port: 42657 } } peers { permanent_uuid: "ba1cf38f9ea74df5a6e4683a58e1704c" member_type: VOTER last_known_addr { host: "127.0.107.195" port: 44073 } } peers { permanent_uuid: "a5046d80e61e490f9deae4b8717f85ff" member_type: VOTER last_known_addr { host: "127.0.107.196" port: 44997 } attrs { promote: false } } }
I20260630 12:12:28.976223  3829 raft_consensus.cc:1064] T 7d1371656839417097eb0fa41258d487 P 5fd02451db9a4ca6b0f1c45406809dd0: attempting to promote NON_VOTER 2cba314ab3e94b328739e8661f2ef6fd to VOTER
I20260630 12:12:28.978943  3483 tablet_service.cc:1558] Processing DeleteTablet for tablet 83c05dcfc0124e46a21e039bfc18606a with delete_type TABLET_DATA_TOMBSTONED (TS 2cba314ab3e94b328739e8661f2ef6fd not found in new config with opid_index 5) from {username='slave'} at 127.0.0.1:35876
I20260630 12:12:28.978647  3829 consensus_queue.cc:237] T 7d1371656839417097eb0fa41258d487 P 5fd02451db9a4ca6b0f1c45406809dd0 [LEADER]: Queue going to LEADER mode. State: All replicated index: 0, Majority replicated index: 2, Committed index: 2, Last appended: 1.2, Last appended by leader: 0, Current term: 1, Majority size: 3, State: 0, Mode: LEADER, active raft config: opid_index: 3 OBSOLETE_local: false peers { permanent_uuid: "5fd02451db9a4ca6b0f1c45406809dd0" member_type: VOTER last_known_addr { host: "127.0.107.193" port: 42657 } } peers { permanent_uuid: "a5046d80e61e490f9deae4b8717f85ff" member_type: VOTER last_known_addr { host: "127.0.107.196" port: 44997 } attrs { replace: true } } peers { permanent_uuid: "ba1cf38f9ea74df5a6e4683a58e1704c" member_type: VOTER last_known_addr { host: "127.0.107.195" port: 44073 } } peers { permanent_uuid: "2cba314ab3e94b328739e8661f2ef6fd" member_type: VOTER last_known_addr { host: "127.0.107.194" port: 41011 } attrs { promote: false } }
I20260630 12:12:28.997656  3494 raft_consensus.cc:1275] T 7d1371656839417097eb0fa41258d487 P 2cba314ab3e94b328739e8661f2ef6fd [term 1 LEARNER]: Refusing update from remote peer 5fd02451db9a4ca6b0f1c45406809dd0: Log matching property violated. Preceding OpId in replica: term: 1 index: 2. Preceding OpId from leader: term: 1 index: 3. (index mismatch)
I20260630 12:12:28.999667  3569 raft_consensus.cc:1275] T 7d1371656839417097eb0fa41258d487 P ba1cf38f9ea74df5a6e4683a58e1704c [term 1 FOLLOWER]: Refusing update from remote peer 5fd02451db9a4ca6b0f1c45406809dd0: Log matching property violated. Preceding OpId in replica: term: 1 index: 2. Preceding OpId from leader: term: 1 index: 3. (index mismatch)
I20260630 12:12:29.000031  3906 consensus_queue.cc:1048] T 7d1371656839417097eb0fa41258d487 P 5fd02451db9a4ca6b0f1c45406809dd0 [LEADER]: Connected to new peer: Peer: permanent_uuid: "2cba314ab3e94b328739e8661f2ef6fd" member_type: VOTER last_known_addr { host: "127.0.107.194" port: 41011 } attrs { promote: false }, Status: LMP_MISMATCH, Last received: 0.0, Next index: 3, Last known committed idx: 2, Time since last communication: 0.001s
I20260630 12:12:29.001251  3956 consensus_queue.cc:1048] T 7d1371656839417097eb0fa41258d487 P 5fd02451db9a4ca6b0f1c45406809dd0 [LEADER]: Connected to new peer: Peer: permanent_uuid: "ba1cf38f9ea74df5a6e4683a58e1704c" member_type: VOTER last_known_addr { host: "127.0.107.195" port: 44073 }, Status: LMP_MISMATCH, Last received: 0.0, Next index: 3, Last known committed idx: 2, Time since last communication: 0.000s
I20260630 12:12:29.002163  3710 raft_consensus.cc:1275] T 7d1371656839417097eb0fa41258d487 P a5046d80e61e490f9deae4b8717f85ff [term 1 FOLLOWER]: Refusing update from remote peer 5fd02451db9a4ca6b0f1c45406809dd0: Log matching property violated. Preceding OpId in replica: term: 1 index: 2. Preceding OpId from leader: term: 1 index: 3. (index mismatch)
I20260630 12:12:29.005153  3956 consensus_queue.cc:1048] T 7d1371656839417097eb0fa41258d487 P 5fd02451db9a4ca6b0f1c45406809dd0 [LEADER]: Connected to new peer: Peer: permanent_uuid: "a5046d80e61e490f9deae4b8717f85ff" member_type: VOTER last_known_addr { host: "127.0.107.196" port: 44997 } attrs { replace: true }, Status: LMP_MISMATCH, Last received: 0.0, Next index: 3, Last known committed idx: 2, Time since last communication: 0.000s
I20260630 12:12:29.014467  3976 tablet_replica.cc:333] T 83c05dcfc0124e46a21e039bfc18606a P 2cba314ab3e94b328739e8661f2ef6fd: stopping tablet replica
I20260630 12:12:29.000003  3949 raft_consensus.cc:697] T 7e09d3b9c47342b4becf1bf5875d1d2f P a5046d80e61e490f9deae4b8717f85ff [term 2 LEADER]: Becoming Leader. State: Replica: a5046d80e61e490f9deae4b8717f85ff, State: Running, Role: LEADER
I20260630 12:12:29.027907  3976 raft_consensus.cc:2243] T 83c05dcfc0124e46a21e039bfc18606a P 2cba314ab3e94b328739e8661f2ef6fd [term 2 FOLLOWER]: Raft consensus shutting down.
I20260630 12:12:29.028872  3976 raft_consensus.cc:2272] T 83c05dcfc0124e46a21e039bfc18606a P 2cba314ab3e94b328739e8661f2ef6fd [term 2 FOLLOWER]: Raft consensus is shut down!
I20260630 12:12:29.029136  3949 consensus_queue.cc:237] T 7e09d3b9c47342b4becf1bf5875d1d2f P a5046d80e61e490f9deae4b8717f85ff [LEADER]: Queue going to LEADER mode. State: All replicated index: 0, Majority replicated index: 2, Committed index: 2, Last appended: 1.2, Last appended by leader: 2, Current term: 2, Majority size: 2, State: 0, Mode: LEADER, active raft config: opid_index: 2 OBSOLETE_local: false peers { permanent_uuid: "a5046d80e61e490f9deae4b8717f85ff" member_type: VOTER last_known_addr { host: "127.0.107.196" port: 44997 } attrs { replace: true } } peers { permanent_uuid: "5fd02451db9a4ca6b0f1c45406809dd0" member_type: VOTER last_known_addr { host: "127.0.107.193" port: 42657 } } peers { permanent_uuid: "2cba314ab3e94b328739e8661f2ef6fd" member_type: VOTER last_known_addr { host: "127.0.107.194" port: 41011 } } peers { permanent_uuid: "ba1cf38f9ea74df5a6e4683a58e1704c" member_type: NON_VOTER last_known_addr { host: "127.0.107.195" port: 44073 } attrs { promote: true } }
I20260630 12:12:29.009466  3419 raft_consensus.cc:2955] T 83c05dcfc0124e46a21e039bfc18606a P 5fd02451db9a4ca6b0f1c45406809dd0 [term 2 FOLLOWER]: Committing config change with OpId 2.5: config changed from index 4 to 5, VOTER 2cba314ab3e94b328739e8661f2ef6fd (127.0.107.194) evicted. New config: { opid_index: 5 OBSOLETE_local: false peers { permanent_uuid: "5fd02451db9a4ca6b0f1c45406809dd0" member_type: VOTER last_known_addr { host: "127.0.107.193" port: 42657 } } peers { permanent_uuid: "ba1cf38f9ea74df5a6e4683a58e1704c" member_type: VOTER last_known_addr { host: "127.0.107.195" port: 44073 } } peers { permanent_uuid: "a5046d80e61e490f9deae4b8717f85ff" member_type: VOTER last_known_addr { host: "127.0.107.196" port: 44997 } attrs { promote: false } } }
I20260630 12:12:29.044682  3976 ts_tablet_manager.cc:1916] T 83c05dcfc0124e46a21e039bfc18606a P 2cba314ab3e94b328739e8661f2ef6fd: Deleting tablet data with delete state TABLET_DATA_TOMBSTONED
I20260630 12:12:29.049515  3829 raft_consensus.cc:2955] T 7d1371656839417097eb0fa41258d487 P 5fd02451db9a4ca6b0f1c45406809dd0 [term 1 LEADER]: Committing config change with OpId 1.3: config changed from index 2 to 3, 2cba314ab3e94b328739e8661f2ef6fd (127.0.107.194) changed from NON_VOTER to VOTER. New config: { opid_index: 3 OBSOLETE_local: false peers { permanent_uuid: "5fd02451db9a4ca6b0f1c45406809dd0" member_type: VOTER last_known_addr { host: "127.0.107.193" port: 42657 } } peers { permanent_uuid: "a5046d80e61e490f9deae4b8717f85ff" member_type: VOTER last_known_addr { host: "127.0.107.196" port: 44997 } attrs { replace: true } } peers { permanent_uuid: "ba1cf38f9ea74df5a6e4683a58e1704c" member_type: VOTER last_known_addr { host: "127.0.107.195" port: 44073 } } peers { permanent_uuid: "2cba314ab3e94b328739e8661f2ef6fd" member_type: VOTER last_known_addr { host: "127.0.107.194" port: 41011 } attrs { promote: false } } }
I20260630 12:12:29.051915  3566 raft_consensus.cc:2955] T 7d1371656839417097eb0fa41258d487 P ba1cf38f9ea74df5a6e4683a58e1704c [term 1 FOLLOWER]: Committing config change with OpId 1.3: config changed from index 2 to 3, 2cba314ab3e94b328739e8661f2ef6fd (127.0.107.194) changed from NON_VOTER to VOTER. New config: { opid_index: 3 OBSOLETE_local: false peers { permanent_uuid: "5fd02451db9a4ca6b0f1c45406809dd0" member_type: VOTER last_known_addr { host: "127.0.107.193" port: 42657 } } peers { permanent_uuid: "a5046d80e61e490f9deae4b8717f85ff" member_type: VOTER last_known_addr { host: "127.0.107.196" port: 44997 } attrs { replace: true } } peers { permanent_uuid: "ba1cf38f9ea74df5a6e4683a58e1704c" member_type: VOTER last_known_addr { host: "127.0.107.195" port: 44073 } } peers { permanent_uuid: "2cba314ab3e94b328739e8661f2ef6fd" member_type: VOTER last_known_addr { host: "127.0.107.194" port: 41011 } attrs { promote: false } } }
I20260630 12:12:29.061024  3494 raft_consensus.cc:2955] T 7d1371656839417097eb0fa41258d487 P 2cba314ab3e94b328739e8661f2ef6fd [term 1 FOLLOWER]: Committing config change with OpId 1.3: config changed from index 2 to 3, 2cba314ab3e94b328739e8661f2ef6fd (127.0.107.194) changed from NON_VOTER to VOTER. New config: { opid_index: 3 OBSOLETE_local: false peers { permanent_uuid: "5fd02451db9a4ca6b0f1c45406809dd0" member_type: VOTER last_known_addr { host: "127.0.107.193" port: 42657 } } peers { permanent_uuid: "a5046d80e61e490f9deae4b8717f85ff" member_type: VOTER last_known_addr { host: "127.0.107.196" port: 44997 } attrs { replace: true } } peers { permanent_uuid: "ba1cf38f9ea74df5a6e4683a58e1704c" member_type: VOTER last_known_addr { host: "127.0.107.195" port: 44073 } } peers { permanent_uuid: "2cba314ab3e94b328739e8661f2ef6fd" member_type: VOTER last_known_addr { host: "127.0.107.194" port: 41011 } attrs { promote: false } } }
I20260630 12:12:29.062554  3318 catalog_manager.cc:5697] T 7e09d3b9c47342b4becf1bf5875d1d2f P a5046d80e61e490f9deae4b8717f85ff reported cstate change: term changed from 1 to 2, leader changed from 5fd02451db9a4ca6b0f1c45406809dd0 (127.0.107.193) to a5046d80e61e490f9deae4b8717f85ff (127.0.107.196). New cstate: current_term: 2 leader_uuid: "a5046d80e61e490f9deae4b8717f85ff" committed_config { opid_index: 2 OBSOLETE_local: false peers { permanent_uuid: "a5046d80e61e490f9deae4b8717f85ff" member_type: VOTER last_known_addr { host: "127.0.107.196" port: 44997 } attrs { replace: true } health_report { overall_health: HEALTHY } } peers { permanent_uuid: "5fd02451db9a4ca6b0f1c45406809dd0" member_type: VOTER last_known_addr { host: "127.0.107.193" port: 42657 } health_report { overall_health: UNKNOWN } } peers { permanent_uuid: "2cba314ab3e94b328739e8661f2ef6fd" member_type: VOTER last_known_addr { host: "127.0.107.194" port: 41011 } health_report { overall_health: UNKNOWN } } peers { permanent_uuid: "ba1cf38f9ea74df5a6e4683a58e1704c" member_type: NON_VOTER last_known_addr { host: "127.0.107.195" port: 44073 } attrs { promote: true } health_report { overall_health: UNKNOWN } } }
I20260630 12:12:29.064574  3317 catalog_manager.cc:5697] T 7d1371656839417097eb0fa41258d487 P 5fd02451db9a4ca6b0f1c45406809dd0 reported cstate change: config changed from index 2 to 3, 2cba314ab3e94b328739e8661f2ef6fd (127.0.107.194) changed from NON_VOTER to VOTER. New cstate: current_term: 1 leader_uuid: "5fd02451db9a4ca6b0f1c45406809dd0" committed_config { opid_index: 3 OBSOLETE_local: false peers { permanent_uuid: "5fd02451db9a4ca6b0f1c45406809dd0" member_type: VOTER last_known_addr { host: "127.0.107.193" port: 42657 } health_report { overall_health: HEALTHY } } peers { permanent_uuid: "a5046d80e61e490f9deae4b8717f85ff" member_type: VOTER last_known_addr { host: "127.0.107.196" port: 44997 } attrs { replace: true } health_report { overall_health: HEALTHY } } peers { permanent_uuid: "ba1cf38f9ea74df5a6e4683a58e1704c" member_type: VOTER last_known_addr { host: "127.0.107.195" port: 44073 } health_report { overall_health: HEALTHY } } peers { permanent_uuid: "2cba314ab3e94b328739e8661f2ef6fd" member_type: VOTER last_known_addr { host: "127.0.107.194" port: 41011 } attrs { promote: false } health_report { overall_health: HEALTHY } } }
I20260630 12:12:29.070909  3976 ts_tablet_manager.cc:1929] T 83c05dcfc0124e46a21e039bfc18606a P 2cba314ab3e94b328739e8661f2ef6fd: tablet deleted with delete type TABLET_DATA_TOMBSTONED: last-logged OpId 2.4
I20260630 12:12:29.060029  3712 raft_consensus.cc:2955] T 7d1371656839417097eb0fa41258d487 P a5046d80e61e490f9deae4b8717f85ff [term 1 FOLLOWER]: Committing config change with OpId 1.3: config changed from index 2 to 3, 2cba314ab3e94b328739e8661f2ef6fd (127.0.107.194) changed from NON_VOTER to VOTER. New config: { opid_index: 3 OBSOLETE_local: false peers { permanent_uuid: "5fd02451db9a4ca6b0f1c45406809dd0" member_type: VOTER last_known_addr { host: "127.0.107.193" port: 42657 } } peers { permanent_uuid: "a5046d80e61e490f9deae4b8717f85ff" member_type: VOTER last_known_addr { host: "127.0.107.196" port: 44997 } attrs { replace: true } } peers { permanent_uuid: "ba1cf38f9ea74df5a6e4683a58e1704c" member_type: VOTER last_known_addr { host: "127.0.107.195" port: 44073 } } peers { permanent_uuid: "2cba314ab3e94b328739e8661f2ef6fd" member_type: VOTER last_known_addr { host: "127.0.107.194" port: 41011 } attrs { promote: false } } }
I20260630 12:12:29.071336  3976 log.cc:1199] T 83c05dcfc0124e46a21e039bfc18606a P 2cba314ab3e94b328739e8661f2ef6fd: Deleting WAL directory at /tmp/dist-test-task2ajp4m/test-tmp/auto_rebalancer-test.0.AutoRebalancerTest.RangeAwareRebalancesNewRangeReplicas.1782821457364691-431-0/minicluster-data/ts-1-root/wals/83c05dcfc0124e46a21e039bfc18606a
I20260630 12:12:29.081269  3302 catalog_manager.cc:5028] TS 2cba314ab3e94b328739e8661f2ef6fd (127.0.107.194:41011): tablet 83c05dcfc0124e46a21e039bfc18606a (table range_aware_rebalance_new_range [id=a216a6f64c99494d84341e336d38df12]) successfully deleted
I20260630 12:12:29.088888  3712 tablet_service.cc:2072] Received LeaderStepDown RPC: tablet_id: "7e09d3b9c47342b4becf1bf5875d1d2f"
dest_uuid: "a5046d80e61e490f9deae4b8717f85ff"
mode: GRACEFUL
 from {username='slave'} at 127.0.0.1:34736
I20260630 12:12:29.090281  3712 raft_consensus.cc:606] T 7e09d3b9c47342b4becf1bf5875d1d2f P a5046d80e61e490f9deae4b8717f85ff [term 2 LEADER]: Received request to transfer leadership
I20260630 12:12:29.091109  3419 consensus_queue.cc:237] T 7d1371656839417097eb0fa41258d487 P 5fd02451db9a4ca6b0f1c45406809dd0 [LEADER]: Queue going to LEADER mode. State: All replicated index: 0, Majority replicated index: 3, Committed index: 3, Last appended: 1.3, Last appended by leader: 0, Current term: 1, Majority size: 2, State: 0, Mode: LEADER, active raft config: opid_index: 4 OBSOLETE_local: false peers { permanent_uuid: "5fd02451db9a4ca6b0f1c45406809dd0" member_type: VOTER last_known_addr { host: "127.0.107.193" port: 42657 } } peers { permanent_uuid: "ba1cf38f9ea74df5a6e4683a58e1704c" member_type: VOTER last_known_addr { host: "127.0.107.195" port: 44073 } } peers { permanent_uuid: "2cba314ab3e94b328739e8661f2ef6fd" member_type: VOTER last_known_addr { host: "127.0.107.194" port: 41011 } attrs { promote: false } }
I20260630 12:12:29.095845  3712 tablet_service.cc:2072] Received LeaderStepDown RPC: tablet_id: "7e09d3b9c47342b4becf1bf5875d1d2f"
dest_uuid: "a5046d80e61e490f9deae4b8717f85ff"
mode: GRACEFUL
 from {username='slave'} at 127.0.0.1:34736
I20260630 12:12:29.096441  3712 raft_consensus.cc:606] T 7e09d3b9c47342b4becf1bf5875d1d2f P a5046d80e61e490f9deae4b8717f85ff [term 2 LEADER]: Received request to transfer leadership
I20260630 12:12:29.096527  3494 raft_consensus.cc:1275] T 7d1371656839417097eb0fa41258d487 P 2cba314ab3e94b328739e8661f2ef6fd [term 1 FOLLOWER]: Refusing update from remote peer 5fd02451db9a4ca6b0f1c45406809dd0: Log matching property violated. Preceding OpId in replica: term: 1 index: 3. Preceding OpId from leader: term: 1 index: 4. (index mismatch)
I20260630 12:12:29.097154  3566 raft_consensus.cc:1275] T 7d1371656839417097eb0fa41258d487 P ba1cf38f9ea74df5a6e4683a58e1704c [term 1 FOLLOWER]: Refusing update from remote peer 5fd02451db9a4ca6b0f1c45406809dd0: Log matching property violated. Preceding OpId in replica: term: 1 index: 3. Preceding OpId from leader: term: 1 index: 4. (index mismatch)
W20260630 12:12:29.097914  3305 proxy.cc:239] Call had error, refreshing address and retrying: Remote error: Service unavailable: leadership transfer for 7e09d3b9c47342b4becf1bf5875d1d2f already in progress [suppressed 1 similar messages]
I20260630 12:12:29.098826  3829 consensus_queue.cc:1048] T 7d1371656839417097eb0fa41258d487 P 5fd02451db9a4ca6b0f1c45406809dd0 [LEADER]: Connected to new peer: Peer: permanent_uuid: "ba1cf38f9ea74df5a6e4683a58e1704c" member_type: VOTER last_known_addr { host: "127.0.107.195" port: 44073 }, Status: LMP_MISMATCH, Last received: 0.0, Next index: 4, Last known committed idx: 3, Time since last communication: 0.000s
I20260630 12:12:29.100844  3712 tablet_service.cc:2072] Received LeaderStepDown RPC: tablet_id: "7e09d3b9c47342b4becf1bf5875d1d2f"
dest_uuid: "a5046d80e61e490f9deae4b8717f85ff"
mode: GRACEFUL
 from {username='slave'} at 127.0.0.1:34736
I20260630 12:12:29.101433  3712 raft_consensus.cc:606] T 7e09d3b9c47342b4becf1bf5875d1d2f P a5046d80e61e490f9deae4b8717f85ff [term 2 LEADER]: Received request to transfer leadership
I20260630 12:12:29.102370  3829 consensus_queue.cc:1048] T 7d1371656839417097eb0fa41258d487 P 5fd02451db9a4ca6b0f1c45406809dd0 [LEADER]: Connected to new peer: Peer: permanent_uuid: "2cba314ab3e94b328739e8661f2ef6fd" member_type: VOTER last_known_addr { host: "127.0.107.194" port: 41011 } attrs { promote: false }, Status: LMP_MISMATCH, Last received: 0.0, Next index: 4, Last known committed idx: 3, Time since last communication: 0.000s
I20260630 12:12:29.106962  3979 raft_consensus.cc:2955] T 7d1371656839417097eb0fa41258d487 P 5fd02451db9a4ca6b0f1c45406809dd0 [term 1 LEADER]: Committing config change with OpId 1.4: config changed from index 3 to 4, VOTER a5046d80e61e490f9deae4b8717f85ff (127.0.107.196) evicted. New config: { opid_index: 4 OBSOLETE_local: false peers { permanent_uuid: "5fd02451db9a4ca6b0f1c45406809dd0" member_type: VOTER last_known_addr { host: "127.0.107.193" port: 42657 } } peers { permanent_uuid: "ba1cf38f9ea74df5a6e4683a58e1704c" member_type: VOTER last_known_addr { host: "127.0.107.195" port: 44073 } } peers { permanent_uuid: "2cba314ab3e94b328739e8661f2ef6fd" member_type: VOTER last_known_addr { host: "127.0.107.194" port: 41011 } attrs { promote: false } } }
I20260630 12:12:29.108363  3566 raft_consensus.cc:2955] T 7d1371656839417097eb0fa41258d487 P ba1cf38f9ea74df5a6e4683a58e1704c [term 1 FOLLOWER]: Committing config change with OpId 1.4: config changed from index 3 to 4, VOTER a5046d80e61e490f9deae4b8717f85ff (127.0.107.196) evicted. New config: { opid_index: 4 OBSOLETE_local: false peers { permanent_uuid: "5fd02451db9a4ca6b0f1c45406809dd0" member_type: VOTER last_known_addr { host: "127.0.107.193" port: 42657 } } peers { permanent_uuid: "ba1cf38f9ea74df5a6e4683a58e1704c" member_type: VOTER last_known_addr { host: "127.0.107.195" port: 44073 } } peers { permanent_uuid: "2cba314ab3e94b328739e8661f2ef6fd" member_type: VOTER last_known_addr { host: "127.0.107.194" port: 41011 } attrs { promote: false } } }
