I20260630 12:26:46.013357 11666 tablet_bootstrap.cc:654] T fa47860cc163482fb99b4ab56df2464e P fc501ad9d94a426583b41811e60c81e4: Neither blocks nor log segments found. Creating new log.
I20260630 12:26:46.014690 11664 ts_tablet_manager.cc:1434] T f8bfc82ebc154512aa5b5a3a4e5b53af P 7c31f50f9fb544818d662c8d0b368110: Time spent starting tablet: real 0.007s	user 0.006s	sys 0.000s
I20260630 12:26:46.015615 11664 tablet_bootstrap.cc:492] T 3a6aeef471e545c1877b3d8fe285a11d P 7c31f50f9fb544818d662c8d0b368110: Bootstrap starting.
I20260630 12:26:46.020828 11664 tablet_bootstrap.cc:654] T 3a6aeef471e545c1877b3d8fe285a11d P 7c31f50f9fb544818d662c8d0b368110: Neither blocks nor log segments found. Creating new log.
I20260630 12:26:46.020907 11663 tablet_bootstrap.cc:654] T 6f166545ded84e2a972c6ac2339f902a P 4db8c7976c134eaaad0cb601b356ae76: Neither blocks nor log segments found. Creating new log.
I20260630 12:26:46.024173 11700 raft_consensus.cc:493] T 53d39af9c56e4b28a611f2e559e339b3 P 4db8c7976c134eaaad0cb601b356ae76 [term 0 FOLLOWER]: Starting pre-election (no leader contacted us within the election timeout)
I20260630 12:26:46.022819 11364 catalog_manager.cc:5697] T ad10e9a709b349ca9d1b446d71396c0e P 7c31f50f9fb544818d662c8d0b368110 reported cstate change: term changed from 0 to 1, leader changed from <none> to 7c31f50f9fb544818d662c8d0b368110 (127.6.209.65). New cstate: current_term: 1 leader_uuid: "7c31f50f9fb544818d662c8d0b368110" committed_config { opid_index: -1 OBSOLETE_local: false peers { permanent_uuid: "7c31f50f9fb544818d662c8d0b368110" member_type: VOTER last_known_addr { host: "127.6.209.65" port: 42215 } health_report { overall_health: HEALTHY } } peers { permanent_uuid: "4db8c7976c134eaaad0cb601b356ae76" member_type: VOTER last_known_addr { host: "127.6.209.66" port: 45445 } health_report { overall_health: UNKNOWN } } peers { permanent_uuid: "fc501ad9d94a426583b41811e60c81e4" member_type: VOTER last_known_addr { host: "127.6.209.67" port: 35205 } health_report { overall_health: UNKNOWN } } }
I20260630 12:26:46.024806 11700 raft_consensus.cc:515] T 53d39af9c56e4b28a611f2e559e339b3 P 4db8c7976c134eaaad0cb601b356ae76 [term 0 FOLLOWER]: Starting pre-election with config: opid_index: -1 OBSOLETE_local: false peers { permanent_uuid: "7c31f50f9fb544818d662c8d0b368110" member_type: VOTER last_known_addr { host: "127.6.209.65" port: 42215 } } peers { permanent_uuid: "4db8c7976c134eaaad0cb601b356ae76" member_type: VOTER last_known_addr { host: "127.6.209.66" port: 45445 } } peers { permanent_uuid: "fc501ad9d94a426583b41811e60c81e4" member_type: VOTER last_known_addr { host: "127.6.209.67" port: 35205 } }
I20260630 12:26:46.029237 11469 tablet_service.cc:1917] Received RequestConsensusVote() RPC: tablet_id: "53d39af9c56e4b28a611f2e559e339b3" candidate_uuid: "4db8c7976c134eaaad0cb601b356ae76" candidate_term: 1 candidate_status { last_received { term: 0 index: 0 } } ignore_live_leader: false dest_uuid: "7c31f50f9fb544818d662c8d0b368110" is_pre_election: true
I20260630 12:26:46.030018 11469 raft_consensus.cc:2468] T 53d39af9c56e4b28a611f2e559e339b3 P 7c31f50f9fb544818d662c8d0b368110 [term 0 FOLLOWER]: Leader pre-election vote request: Granting yes vote for candidate 4db8c7976c134eaaad0cb601b356ae76 in term 0.
I20260630 12:26:46.030654 11709 raft_consensus.cc:493] T 6f166545ded84e2a972c6ac2339f902a P 7c31f50f9fb544818d662c8d0b368110 [term 0 FOLLOWER]: Starting pre-election (no leader contacted us within the election timeout)
I20260630 12:26:46.030918 11700 leader_election.cc:290] T 53d39af9c56e4b28a611f2e559e339b3 P 4db8c7976c134eaaad0cb601b356ae76 [CANDIDATE]: Term 1 pre-election: Requested pre-vote from peers 7c31f50f9fb544818d662c8d0b368110 (127.6.209.65:42215), fc501ad9d94a426583b41811e60c81e4 (127.6.209.67:35205)
I20260630 12:26:46.031162 11709 raft_consensus.cc:515] T 6f166545ded84e2a972c6ac2339f902a P 7c31f50f9fb544818d662c8d0b368110 [term 0 FOLLOWER]: Starting pre-election with config: opid_index: -1 OBSOLETE_local: false peers { permanent_uuid: "7c31f50f9fb544818d662c8d0b368110" member_type: VOTER last_known_addr { host: "127.6.209.65" port: 42215 } } peers { permanent_uuid: "4db8c7976c134eaaad0cb601b356ae76" member_type: VOTER last_known_addr { host: "127.6.209.66" port: 45445 } } peers { permanent_uuid: "fc501ad9d94a426583b41811e60c81e4" member_type: VOTER last_known_addr { host: "127.6.209.67" port: 35205 } }
I20260630 12:26:46.032231 11508 leader_election.cc:304] T 53d39af9c56e4b28a611f2e559e339b3 P 4db8c7976c134eaaad0cb601b356ae76 [CANDIDATE]: Term 1 pre-election: Election decided. Result: candidate won. Election summary: received 2 responses out of 3 voters: 2 yes votes; 0 no votes. yes voters: 4db8c7976c134eaaad0cb601b356ae76, 7c31f50f9fb544818d662c8d0b368110; no voters: 
I20260630 12:26:46.034098 11617 tablet_service.cc:1917] Received RequestConsensusVote() RPC: tablet_id: "53d39af9c56e4b28a611f2e559e339b3" candidate_uuid: "4db8c7976c134eaaad0cb601b356ae76" candidate_term: 1 candidate_status { last_received { term: 0 index: 0 } } ignore_live_leader: false dest_uuid: "fc501ad9d94a426583b41811e60c81e4" is_pre_election: true
I20260630 12:26:46.034421 11544 tablet_service.cc:1917] Received RequestConsensusVote() RPC: tablet_id: "6f166545ded84e2a972c6ac2339f902a" candidate_uuid: "7c31f50f9fb544818d662c8d0b368110" candidate_term: 1 candidate_status { last_received { term: 0 index: 0 } } ignore_live_leader: false dest_uuid: "4db8c7976c134eaaad0cb601b356ae76" is_pre_election: true
I20260630 12:26:46.034704 11617 raft_consensus.cc:2468] T 53d39af9c56e4b28a611f2e559e339b3 P fc501ad9d94a426583b41811e60c81e4 [term 0 FOLLOWER]: Leader pre-election vote request: Granting yes vote for candidate 4db8c7976c134eaaad0cb601b356ae76 in term 0.
W20260630 12:26:46.036561 11434 leader_election.cc:343] T 6f166545ded84e2a972c6ac2339f902a P 7c31f50f9fb544818d662c8d0b368110 [CANDIDATE]: Term 1 pre-election: Tablet error from VoteRequest() call to peer 4db8c7976c134eaaad0cb601b356ae76 (127.6.209.66:45445): Illegal state: must be running to vote when last-logged opid is not known
I20260630 12:26:46.036605 11617 tablet_service.cc:1917] Received RequestConsensusVote() RPC: tablet_id: "6f166545ded84e2a972c6ac2339f902a" candidate_uuid: "7c31f50f9fb544818d662c8d0b368110" candidate_term: 1 candidate_status { last_received { term: 0 index: 0 } } ignore_live_leader: false dest_uuid: "fc501ad9d94a426583b41811e60c81e4" is_pre_election: true
I20260630 12:26:46.037619 11709 leader_election.cc:290] T 6f166545ded84e2a972c6ac2339f902a P 7c31f50f9fb544818d662c8d0b368110 [CANDIDATE]: Term 1 pre-election: Requested pre-vote from peers 4db8c7976c134eaaad0cb601b356ae76 (127.6.209.66:45445), fc501ad9d94a426583b41811e60c81e4 (127.6.209.67:35205)
W20260630 12:26:46.038467 11434 leader_election.cc:343] T 6f166545ded84e2a972c6ac2339f902a P 7c31f50f9fb544818d662c8d0b368110 [CANDIDATE]: Term 1 pre-election: Tablet error from VoteRequest() call to peer fc501ad9d94a426583b41811e60c81e4 (127.6.209.67:35205): Illegal state: must be running to vote when last-logged opid is not known
I20260630 12:26:46.039050 11434 leader_election.cc:304] T 6f166545ded84e2a972c6ac2339f902a P 7c31f50f9fb544818d662c8d0b368110 [CANDIDATE]: Term 1 pre-election: Election decided. Result: candidate lost. Election summary: received 3 responses out of 3 voters: 1 yes votes; 2 no votes. yes voters: 7c31f50f9fb544818d662c8d0b368110; no voters: 4db8c7976c134eaaad0cb601b356ae76, fc501ad9d94a426583b41811e60c81e4
I20260630 12:26:46.040217 11709 raft_consensus.cc:2749] T 6f166545ded84e2a972c6ac2339f902a P 7c31f50f9fb544818d662c8d0b368110 [term 0 FOLLOWER]: Leader pre-election lost for term 1. Reason: could not achieve majority
I20260630 12:26:46.040408 11700 raft_consensus.cc:2804] T 53d39af9c56e4b28a611f2e559e339b3 P 4db8c7976c134eaaad0cb601b356ae76 [term 0 FOLLOWER]: Leader pre-election won for term 1
I20260630 12:26:46.040970 11700 raft_consensus.cc:493] T 53d39af9c56e4b28a611f2e559e339b3 P 4db8c7976c134eaaad0cb601b356ae76 [term 0 FOLLOWER]: Starting leader election (no leader contacted us within the election timeout)
I20260630 12:26:46.041395 11700 raft_consensus.cc:3060] T 53d39af9c56e4b28a611f2e559e339b3 P 4db8c7976c134eaaad0cb601b356ae76 [term 0 FOLLOWER]: Advancing to term 1
I20260630 12:26:46.059684 11663 tablet_bootstrap.cc:492] T 6f166545ded84e2a972c6ac2339f902a P 4db8c7976c134eaaad0cb601b356ae76: No bootstrap required, opened a new log
I20260630 12:26:46.060446 11663 ts_tablet_manager.cc:1403] T 6f166545ded84e2a972c6ac2339f902a P 4db8c7976c134eaaad0cb601b356ae76: Time spent bootstrapping tablet: real 0.082s	user 0.010s	sys 0.002s
I20260630 12:26:46.061896 11700 raft_consensus.cc:515] T 53d39af9c56e4b28a611f2e559e339b3 P 4db8c7976c134eaaad0cb601b356ae76 [term 1 FOLLOWER]: Starting leader election with config: opid_index: -1 OBSOLETE_local: false peers { permanent_uuid: "7c31f50f9fb544818d662c8d0b368110" member_type: VOTER last_known_addr { host: "127.6.209.65" port: 42215 } } peers { permanent_uuid: "4db8c7976c134eaaad0cb601b356ae76" member_type: VOTER last_known_addr { host: "127.6.209.66" port: 45445 } } peers { permanent_uuid: "fc501ad9d94a426583b41811e60c81e4" member_type: VOTER last_known_addr { host: "127.6.209.67" port: 35205 } }
I20260630 12:26:46.063907 11663 raft_consensus.cc:359] T 6f166545ded84e2a972c6ac2339f902a P 4db8c7976c134eaaad0cb601b356ae76 [term 0 FOLLOWER]: Replica starting. Triggering 0 pending ops. Active config: opid_index: -1 OBSOLETE_local: false peers { permanent_uuid: "7c31f50f9fb544818d662c8d0b368110" member_type: VOTER last_known_addr { host: "127.6.209.65" port: 42215 } } peers { permanent_uuid: "4db8c7976c134eaaad0cb601b356ae76" member_type: VOTER last_known_addr { host: "127.6.209.66" port: 45445 } } peers { permanent_uuid: "fc501ad9d94a426583b41811e60c81e4" member_type: VOTER last_known_addr { host: "127.6.209.67" port: 35205 } }
I20260630 12:26:46.064904 11663 raft_consensus.cc:385] T 6f166545ded84e2a972c6ac2339f902a P 4db8c7976c134eaaad0cb601b356ae76 [term 0 FOLLOWER]: Consensus starting up: Expiring failure detector timer to make a prompt election more likely
I20260630 12:26:46.065318 11663 raft_consensus.cc:740] T 6f166545ded84e2a972c6ac2339f902a P 4db8c7976c134eaaad0cb601b356ae76 [term 0 FOLLOWER]: Becoming Follower/Learner. State: Replica: 4db8c7976c134eaaad0cb601b356ae76, State: Initialized, Role: FOLLOWER
I20260630 12:26:46.066864 11469 tablet_service.cc:1917] Received RequestConsensusVote() RPC: tablet_id: "53d39af9c56e4b28a611f2e559e339b3" candidate_uuid: "4db8c7976c134eaaad0cb601b356ae76" candidate_term: 1 candidate_status { last_received { term: 0 index: 0 } } ignore_live_leader: false dest_uuid: "7c31f50f9fb544818d662c8d0b368110"
I20260630 12:26:46.066630 11663 consensus_queue.cc:260] T 6f166545ded84e2a972c6ac2339f902a P 4db8c7976c134eaaad0cb601b356ae76 [NON_LEADER]: Queue going to NON_LEADER mode. State: All replicated index: 0, Majority replicated index: 0, Committed index: 0, Last appended: 0.0, Last appended by leader: 0, Current term: 0, Majority size: -1, State: 0, Mode: NON_LEADER, active raft config: opid_index: -1 OBSOLETE_local: false peers { permanent_uuid: "7c31f50f9fb544818d662c8d0b368110" member_type: VOTER last_known_addr { host: "127.6.209.65" port: 42215 } } peers { permanent_uuid: "4db8c7976c134eaaad0cb601b356ae76" member_type: VOTER last_known_addr { host: "127.6.209.66" port: 45445 } } peers { permanent_uuid: "fc501ad9d94a426583b41811e60c81e4" member_type: VOTER last_known_addr { host: "127.6.209.67" port: 35205 } }
I20260630 12:26:46.067632 11469 raft_consensus.cc:3060] T 53d39af9c56e4b28a611f2e559e339b3 P 7c31f50f9fb544818d662c8d0b368110 [term 0 FOLLOWER]: Advancing to term 1
I20260630 12:26:46.072356 11663 ts_tablet_manager.cc:1434] T 6f166545ded84e2a972c6ac2339f902a P 4db8c7976c134eaaad0cb601b356ae76: Time spent starting tablet: real 0.011s	user 0.007s	sys 0.000s
I20260630 12:26:46.073625 11663 tablet_bootstrap.cc:492] T 3a6aeef471e545c1877b3d8fe285a11d P 4db8c7976c134eaaad0cb601b356ae76: Bootstrap starting.
I20260630 12:26:46.080065 11663 tablet_bootstrap.cc:654] T 3a6aeef471e545c1877b3d8fe285a11d P 4db8c7976c134eaaad0cb601b356ae76: Neither blocks nor log segments found. Creating new log.
I20260630 12:26:46.091636 11469 raft_consensus.cc:2468] T 53d39af9c56e4b28a611f2e559e339b3 P 7c31f50f9fb544818d662c8d0b368110 [term 1 FOLLOWER]: Leader election vote request: Granting yes vote for candidate 4db8c7976c134eaaad0cb601b356ae76 in term 1.
I20260630 12:26:46.093158 11508 leader_election.cc:304] T 53d39af9c56e4b28a611f2e559e339b3 P 4db8c7976c134eaaad0cb601b356ae76 [CANDIDATE]: Term 1 election: Election decided. Result: candidate won. Election summary: received 2 responses out of 3 voters: 2 yes votes; 0 no votes. yes voters: 4db8c7976c134eaaad0cb601b356ae76, 7c31f50f9fb544818d662c8d0b368110; no voters: 
I20260630 12:26:46.094403 11702 raft_consensus.cc:2804] T 53d39af9c56e4b28a611f2e559e339b3 P 4db8c7976c134eaaad0cb601b356ae76 [term 1 FOLLOWER]: Leader election won for term 1
I20260630 12:26:46.095000 11702 raft_consensus.cc:697] T 53d39af9c56e4b28a611f2e559e339b3 P 4db8c7976c134eaaad0cb601b356ae76 [term 1 LEADER]: Becoming Leader. State: Replica: 4db8c7976c134eaaad0cb601b356ae76, State: Running, Role: LEADER
I20260630 12:26:46.095844 11702 consensus_queue.cc:237] T 53d39af9c56e4b28a611f2e559e339b3 P 4db8c7976c134eaaad0cb601b356ae76 [LEADER]: Queue going to LEADER mode. State: All replicated index: 0, Majority replicated index: 0, Committed index: 0, Last appended: 0.0, Last appended by leader: 0, Current term: 1, Majority size: 2, State: 0, Mode: LEADER, active raft config: opid_index: -1 OBSOLETE_local: false peers { permanent_uuid: "7c31f50f9fb544818d662c8d0b368110" member_type: VOTER last_known_addr { host: "127.6.209.65" port: 42215 } } peers { permanent_uuid: "4db8c7976c134eaaad0cb601b356ae76" member_type: VOTER last_known_addr { host: "127.6.209.66" port: 45445 } } peers { permanent_uuid: "fc501ad9d94a426583b41811e60c81e4" member_type: VOTER last_known_addr { host: "127.6.209.67" port: 35205 } }
I20260630 12:26:46.097601 11664 tablet_bootstrap.cc:492] T 3a6aeef471e545c1877b3d8fe285a11d P 7c31f50f9fb544818d662c8d0b368110: No bootstrap required, opened a new log
I20260630 12:26:46.097695 11695 raft_consensus.cc:493] T cc7c92d64cb14da48a2cb20278eac8bd P fc501ad9d94a426583b41811e60c81e4 [term 0 FOLLOWER]: Starting pre-election (no leader contacted us within the election timeout)
I20260630 12:26:46.098109 11664 ts_tablet_manager.cc:1403] T 3a6aeef471e545c1877b3d8fe285a11d P 7c31f50f9fb544818d662c8d0b368110: Time spent bootstrapping tablet: real 0.083s	user 0.038s	sys 0.035s
I20260630 12:26:46.098187 11695 raft_consensus.cc:515] T cc7c92d64cb14da48a2cb20278eac8bd P fc501ad9d94a426583b41811e60c81e4 [term 0 FOLLOWER]: Starting pre-election with config: opid_index: -1 OBSOLETE_local: false peers { permanent_uuid: "7c31f50f9fb544818d662c8d0b368110" member_type: VOTER last_known_addr { host: "127.6.209.65" port: 42215 } } peers { permanent_uuid: "4db8c7976c134eaaad0cb601b356ae76" member_type: VOTER last_known_addr { host: "127.6.209.66" port: 45445 } } peers { permanent_uuid: "fc501ad9d94a426583b41811e60c81e4" member_type: VOTER last_known_addr { host: "127.6.209.67" port: 35205 } }
I20260630 12:26:46.100224 11695 leader_election.cc:290] T cc7c92d64cb14da48a2cb20278eac8bd P fc501ad9d94a426583b41811e60c81e4 [CANDIDATE]: Term 1 pre-election: Requested pre-vote from peers 7c31f50f9fb544818d662c8d0b368110 (127.6.209.65:42215), 4db8c7976c134eaaad0cb601b356ae76 (127.6.209.66:45445)
I20260630 12:26:46.101632 11544 tablet_service.cc:1917] Received RequestConsensusVote() RPC: tablet_id: "cc7c92d64cb14da48a2cb20278eac8bd" candidate_uuid: "fc501ad9d94a426583b41811e60c81e4" candidate_term: 1 candidate_status { last_received { term: 0 index: 0 } } ignore_live_leader: false dest_uuid: "4db8c7976c134eaaad0cb601b356ae76" is_pre_election: true
I20260630 12:26:46.102620 11544 raft_consensus.cc:2468] T cc7c92d64cb14da48a2cb20278eac8bd P 4db8c7976c134eaaad0cb601b356ae76 [term 0 FOLLOWER]: Leader pre-election vote request: Granting yes vote for candidate fc501ad9d94a426583b41811e60c81e4 in term 0.
I20260630 12:26:46.103114 11617 tablet_service.cc:1917] Received RequestConsensusVote() RPC: tablet_id: "53d39af9c56e4b28a611f2e559e339b3" candidate_uuid: "4db8c7976c134eaaad0cb601b356ae76" candidate_term: 1 candidate_status { last_received { term: 0 index: 0 } } ignore_live_leader: false dest_uuid: "fc501ad9d94a426583b41811e60c81e4"
I20260630 12:26:46.103845 11617 raft_consensus.cc:3060] T 53d39af9c56e4b28a611f2e559e339b3 P fc501ad9d94a426583b41811e60c81e4 [term 0 FOLLOWER]: Advancing to term 1
I20260630 12:26:46.103909 11583 leader_election.cc:304] T cc7c92d64cb14da48a2cb20278eac8bd P fc501ad9d94a426583b41811e60c81e4 [CANDIDATE]: Term 1 pre-election: Election decided. Result: candidate won. Election summary: received 2 responses out of 3 voters: 2 yes votes; 0 no votes. yes voters: 4db8c7976c134eaaad0cb601b356ae76, fc501ad9d94a426583b41811e60c81e4; no voters: 
I20260630 12:26:46.104892 11695 raft_consensus.cc:2804] T cc7c92d64cb14da48a2cb20278eac8bd P fc501ad9d94a426583b41811e60c81e4 [term 0 FOLLOWER]: Leader pre-election won for term 1
I20260630 12:26:46.105265 11695 raft_consensus.cc:493] T cc7c92d64cb14da48a2cb20278eac8bd P fc501ad9d94a426583b41811e60c81e4 [term 0 FOLLOWER]: Starting leader election (no leader contacted us within the election timeout)
I20260630 12:26:46.105701 11695 raft_consensus.cc:3060] T cc7c92d64cb14da48a2cb20278eac8bd P fc501ad9d94a426583b41811e60c81e4 [term 0 FOLLOWER]: Advancing to term 1
I20260630 12:26:46.100684 11664 raft_consensus.cc:359] T 3a6aeef471e545c1877b3d8fe285a11d P 7c31f50f9fb544818d662c8d0b368110 [term 0 FOLLOWER]: Replica starting. Triggering 0 pending ops. Active config: opid_index: -1 OBSOLETE_local: false peers { permanent_uuid: "7c31f50f9fb544818d662c8d0b368110" member_type: VOTER last_known_addr { host: "127.6.209.65" port: 42215 } } peers { permanent_uuid: "4db8c7976c134eaaad0cb601b356ae76" member_type: VOTER last_known_addr { host: "127.6.209.66" port: 45445 } } peers { permanent_uuid: "fc501ad9d94a426583b41811e60c81e4" member_type: VOTER last_known_addr { host: "127.6.209.67" port: 35205 } }
I20260630 12:26:46.112365 11664 raft_consensus.cc:385] T 3a6aeef471e545c1877b3d8fe285a11d P 7c31f50f9fb544818d662c8d0b368110 [term 0 FOLLOWER]: Consensus starting up: Expiring failure detector timer to make a prompt election more likely
I20260630 12:26:46.112672 11664 raft_consensus.cc:740] T 3a6aeef471e545c1877b3d8fe285a11d P 7c31f50f9fb544818d662c8d0b368110 [term 0 FOLLOWER]: Becoming Follower/Learner. State: Replica: 7c31f50f9fb544818d662c8d0b368110, State: Initialized, Role: FOLLOWER
I20260630 12:26:46.113041 11666 tablet_bootstrap.cc:492] T fa47860cc163482fb99b4ab56df2464e P fc501ad9d94a426583b41811e60c81e4: No bootstrap required, opened a new log
I20260630 12:26:46.113498 11666 ts_tablet_manager.cc:1403] T fa47860cc163482fb99b4ab56df2464e P fc501ad9d94a426583b41811e60c81e4: Time spent bootstrapping tablet: real 0.107s	user 0.041s	sys 0.056s
I20260630 12:26:46.113421 11664 consensus_queue.cc:260] T 3a6aeef471e545c1877b3d8fe285a11d P 7c31f50f9fb544818d662c8d0b368110 [NON_LEADER]: Queue going to NON_LEADER mode. State: All replicated index: 0, Majority replicated index: 0, Committed index: 0, Last appended: 0.0, Last appended by leader: 0, Current term: 0, Majority size: -1, State: 0, Mode: NON_LEADER, active raft config: opid_index: -1 OBSOLETE_local: false peers { permanent_uuid: "7c31f50f9fb544818d662c8d0b368110" member_type: VOTER last_known_addr { host: "127.6.209.65" port: 42215 } } peers { permanent_uuid: "4db8c7976c134eaaad0cb601b356ae76" member_type: VOTER last_known_addr { host: "127.6.209.66" port: 45445 } } peers { permanent_uuid: "fc501ad9d94a426583b41811e60c81e4" member_type: VOTER last_known_addr { host: "127.6.209.67" port: 35205 } }
I20260630 12:26:46.114053 11469 tablet_service.cc:1917] Received RequestConsensusVote() RPC: tablet_id: "cc7c92d64cb14da48a2cb20278eac8bd" candidate_uuid: "fc501ad9d94a426583b41811e60c81e4" candidate_term: 1 candidate_status { last_received { term: 0 index: 0 } } ignore_live_leader: false dest_uuid: "7c31f50f9fb544818d662c8d0b368110" is_pre_election: true
I20260630 12:26:46.114903 11469 raft_consensus.cc:2468] T cc7c92d64cb14da48a2cb20278eac8bd P 7c31f50f9fb544818d662c8d0b368110 [term 0 FOLLOWER]: Leader pre-election vote request: Granting yes vote for candidate fc501ad9d94a426583b41811e60c81e4 in term 0.
I20260630 12:26:46.116505 11700 leader_election.cc:290] T 53d39af9c56e4b28a611f2e559e339b3 P 4db8c7976c134eaaad0cb601b356ae76 [CANDIDATE]: Term 1 election: Requested vote from peers 7c31f50f9fb544818d662c8d0b368110 (127.6.209.65:42215), fc501ad9d94a426583b41811e60c81e4 (127.6.209.67:35205)
I20260630 12:26:46.116340 11666 raft_consensus.cc:359] T fa47860cc163482fb99b4ab56df2464e P fc501ad9d94a426583b41811e60c81e4 [term 0 FOLLOWER]: Replica starting. Triggering 0 pending ops. Active config: opid_index: -1 OBSOLETE_local: false peers { permanent_uuid: "7c31f50f9fb544818d662c8d0b368110" member_type: VOTER last_known_addr { host: "127.6.209.65" port: 42215 } } peers { permanent_uuid: "4db8c7976c134eaaad0cb601b356ae76" member_type: VOTER last_known_addr { host: "127.6.209.66" port: 45445 } } peers { permanent_uuid: "fc501ad9d94a426583b41811e60c81e4" member_type: VOTER last_known_addr { host: "127.6.209.67" port: 35205 } }
I20260630 12:26:46.117004 11666 raft_consensus.cc:385] T fa47860cc163482fb99b4ab56df2464e P fc501ad9d94a426583b41811e60c81e4 [term 0 FOLLOWER]: Consensus starting up: Expiring failure detector timer to make a prompt election more likely
I20260630 12:26:46.117322 11666 raft_consensus.cc:740] T fa47860cc163482fb99b4ab56df2464e P fc501ad9d94a426583b41811e60c81e4 [term 0 FOLLOWER]: Becoming Follower/Learner. State: Replica: fc501ad9d94a426583b41811e60c81e4, State: Initialized, Role: FOLLOWER
I20260630 12:26:46.118211 11664 ts_tablet_manager.cc:1434] T 3a6aeef471e545c1877b3d8fe285a11d P 7c31f50f9fb544818d662c8d0b368110: Time spent starting tablet: real 0.020s	user 0.004s	sys 0.004s
I20260630 12:26:46.118017 11666 consensus_queue.cc:260] T fa47860cc163482fb99b4ab56df2464e P fc501ad9d94a426583b41811e60c81e4 [NON_LEADER]: Queue going to NON_LEADER mode. State: All replicated index: 0, Majority replicated index: 0, Committed index: 0, Last appended: 0.0, Last appended by leader: 0, Current term: 0, Majority size: -1, State: 0, Mode: NON_LEADER, active raft config: opid_index: -1 OBSOLETE_local: false peers { permanent_uuid: "7c31f50f9fb544818d662c8d0b368110" member_type: VOTER last_known_addr { host: "127.6.209.65" port: 42215 } } peers { permanent_uuid: "4db8c7976c134eaaad0cb601b356ae76" member_type: VOTER last_known_addr { host: "127.6.209.66" port: 45445 } } peers { permanent_uuid: "fc501ad9d94a426583b41811e60c81e4" member_type: VOTER last_known_addr { host: "127.6.209.67" port: 35205 } }
I20260630 12:26:46.119132 11664 tablet_bootstrap.cc:492] T a77b68bd54a04a869142255b7a644d27 P 7c31f50f9fb544818d662c8d0b368110: Bootstrap starting.
I20260630 12:26:46.117015 11695 raft_consensus.cc:515] T cc7c92d64cb14da48a2cb20278eac8bd P fc501ad9d94a426583b41811e60c81e4 [term 1 FOLLOWER]: Starting leader election with config: opid_index: -1 OBSOLETE_local: false peers { permanent_uuid: "7c31f50f9fb544818d662c8d0b368110" member_type: VOTER last_known_addr { host: "127.6.209.65" port: 42215 } } peers { permanent_uuid: "4db8c7976c134eaaad0cb601b356ae76" member_type: VOTER last_known_addr { host: "127.6.209.66" port: 45445 } } peers { permanent_uuid: "fc501ad9d94a426583b41811e60c81e4" member_type: VOTER last_known_addr { host: "127.6.209.67" port: 35205 } }
I20260630 12:26:46.121152 11695 leader_election.cc:290] T cc7c92d64cb14da48a2cb20278eac8bd P fc501ad9d94a426583b41811e60c81e4 [CANDIDATE]: Term 1 election: Requested vote from peers 7c31f50f9fb544818d662c8d0b368110 (127.6.209.65:42215), 4db8c7976c134eaaad0cb601b356ae76 (127.6.209.66:45445)
I20260630 12:26:46.122193 11544 tablet_service.cc:1917] Received RequestConsensusVote() RPC: tablet_id: "cc7c92d64cb14da48a2cb20278eac8bd" candidate_uuid: "fc501ad9d94a426583b41811e60c81e4" candidate_term: 1 candidate_status { last_received { term: 0 index: 0 } } ignore_live_leader: false dest_uuid: "4db8c7976c134eaaad0cb601b356ae76"
I20260630 12:26:46.122750 11544 raft_consensus.cc:3060] T cc7c92d64cb14da48a2cb20278eac8bd P 4db8c7976c134eaaad0cb601b356ae76 [term 0 FOLLOWER]: Advancing to term 1
I20260630 12:26:46.122977 11666 ts_tablet_manager.cc:1434] T fa47860cc163482fb99b4ab56df2464e P fc501ad9d94a426583b41811e60c81e4: Time spent starting tablet: real 0.009s	user 0.005s	sys 0.000s
I20260630 12:26:46.124173 11666 tablet_bootstrap.cc:492] T a77b68bd54a04a869142255b7a644d27 P fc501ad9d94a426583b41811e60c81e4: Bootstrap starting.
I20260630 12:26:46.124537 11469 tablet_service.cc:1917] Received RequestConsensusVote() RPC: tablet_id: "cc7c92d64cb14da48a2cb20278eac8bd" candidate_uuid: "fc501ad9d94a426583b41811e60c81e4" candidate_term: 1 candidate_status { last_received { term: 0 index: 0 } } ignore_live_leader: false dest_uuid: "7c31f50f9fb544818d662c8d0b368110"
I20260630 12:26:46.125082 11469 raft_consensus.cc:3060] T cc7c92d64cb14da48a2cb20278eac8bd P 7c31f50f9fb544818d662c8d0b368110 [term 0 FOLLOWER]: Advancing to term 1
I20260630 12:26:46.113662 11617 raft_consensus.cc:2468] T 53d39af9c56e4b28a611f2e559e339b3 P fc501ad9d94a426583b41811e60c81e4 [term 1 FOLLOWER]: Leader election vote request: Granting yes vote for candidate 4db8c7976c134eaaad0cb601b356ae76 in term 1.
I20260630 12:26:46.133253 11666 tablet_bootstrap.cc:654] T a77b68bd54a04a869142255b7a644d27 P fc501ad9d94a426583b41811e60c81e4: Neither blocks nor log segments found. Creating new log.
I20260630 12:26:46.138034 11544 raft_consensus.cc:2468] T cc7c92d64cb14da48a2cb20278eac8bd P 4db8c7976c134eaaad0cb601b356ae76 [term 1 FOLLOWER]: Leader election vote request: Granting yes vote for candidate fc501ad9d94a426583b41811e60c81e4 in term 1.
I20260630 12:26:46.139295 11583 leader_election.cc:304] T cc7c92d64cb14da48a2cb20278eac8bd P fc501ad9d94a426583b41811e60c81e4 [CANDIDATE]: Term 1 election: Election decided. Result: candidate won. Election summary: received 2 responses out of 3 voters: 2 yes votes; 0 no votes. yes voters: 4db8c7976c134eaaad0cb601b356ae76, fc501ad9d94a426583b41811e60c81e4; no voters: 
I20260630 12:26:46.140086 11686 raft_consensus.cc:2804] T cc7c92d64cb14da48a2cb20278eac8bd P fc501ad9d94a426583b41811e60c81e4 [term 1 FOLLOWER]: Leader election won for term 1
I20260630 12:26:46.140554 11686 raft_consensus.cc:697] T cc7c92d64cb14da48a2cb20278eac8bd P fc501ad9d94a426583b41811e60c81e4 [term 1 LEADER]: Becoming Leader. State: Replica: fc501ad9d94a426583b41811e60c81e4, State: Running, Role: LEADER
I20260630 12:26:46.141552 11686 consensus_queue.cc:237] T cc7c92d64cb14da48a2cb20278eac8bd P fc501ad9d94a426583b41811e60c81e4 [LEADER]: Queue going to LEADER mode. State: All replicated index: 0, Majority replicated index: 0, Committed index: 0, Last appended: 0.0, Last appended by leader: 0, Current term: 1, Majority size: 2, State: 0, Mode: LEADER, active raft config: opid_index: -1 OBSOLETE_local: false peers { permanent_uuid: "7c31f50f9fb544818d662c8d0b368110" member_type: VOTER last_known_addr { host: "127.6.209.65" port: 42215 } } peers { permanent_uuid: "4db8c7976c134eaaad0cb601b356ae76" member_type: VOTER last_known_addr { host: "127.6.209.66" port: 45445 } } peers { permanent_uuid: "fc501ad9d94a426583b41811e60c81e4" member_type: VOTER last_known_addr { host: "127.6.209.67" port: 35205 } }
I20260630 12:26:46.143517 11469 raft_consensus.cc:2468] T cc7c92d64cb14da48a2cb20278eac8bd P 7c31f50f9fb544818d662c8d0b368110 [term 1 FOLLOWER]: Leader election vote request: Granting yes vote for candidate fc501ad9d94a426583b41811e60c81e4 in term 1.
I20260630 12:26:46.146358 11365 catalog_manager.cc:5697] T 53d39af9c56e4b28a611f2e559e339b3 P 4db8c7976c134eaaad0cb601b356ae76 reported cstate change: term changed from 0 to 1, leader changed from <none> to 4db8c7976c134eaaad0cb601b356ae76 (127.6.209.66). New cstate: current_term: 1 leader_uuid: "4db8c7976c134eaaad0cb601b356ae76" committed_config { opid_index: -1 OBSOLETE_local: false peers { permanent_uuid: "7c31f50f9fb544818d662c8d0b368110" member_type: VOTER last_known_addr { host: "127.6.209.65" port: 42215 } health_report { overall_health: UNKNOWN } } peers { permanent_uuid: "4db8c7976c134eaaad0cb601b356ae76" member_type: VOTER last_known_addr { host: "127.6.209.66" port: 45445 } health_report { overall_health: HEALTHY } } peers { permanent_uuid: "fc501ad9d94a426583b41811e60c81e4" member_type: VOTER last_known_addr { host: "127.6.209.67" port: 35205 } health_report { overall_health: UNKNOWN } } }
I20260630 12:26:46.147959 11544 raft_consensus.cc:3060] T c11047f8664548e2bbe03abed0cdf8a6 P 4db8c7976c134eaaad0cb601b356ae76 [term 0 FOLLOWER]: Advancing to term 1
I20260630 12:26:46.150040 11664 tablet_bootstrap.cc:654] T a77b68bd54a04a869142255b7a644d27 P 7c31f50f9fb544818d662c8d0b368110: Neither blocks nor log segments found. Creating new log.
I20260630 12:26:46.157682 11686 consensus_queue.cc:1048] T c11047f8664548e2bbe03abed0cdf8a6 P fc501ad9d94a426583b41811e60c81e4 [LEADER]: Connected to new peer: Peer: permanent_uuid: "7c31f50f9fb544818d662c8d0b368110" member_type: VOTER last_known_addr { host: "127.6.209.65" port: 42215 }, Status: LMP_MISMATCH, Last received: 0.0, Next index: 1, Last known committed idx: 0, Time since last communication: 0.000s
I20260630 12:26:46.152019 11663 tablet_bootstrap.cc:492] T 3a6aeef471e545c1877b3d8fe285a11d P 4db8c7976c134eaaad0cb601b356ae76: No bootstrap required, opened a new log
I20260630 12:26:46.160188 11663 ts_tablet_manager.cc:1403] T 3a6aeef471e545c1877b3d8fe285a11d P 4db8c7976c134eaaad0cb601b356ae76: Time spent bootstrapping tablet: real 0.087s	user 0.013s	sys 0.006s
I20260630 12:26:46.162547 11663 raft_consensus.cc:359] T 3a6aeef471e545c1877b3d8fe285a11d P 4db8c7976c134eaaad0cb601b356ae76 [term 0 FOLLOWER]: Replica starting. Triggering 0 pending ops. Active config: opid_index: -1 OBSOLETE_local: false peers { permanent_uuid: "7c31f50f9fb544818d662c8d0b368110" member_type: VOTER last_known_addr { host: "127.6.209.65" port: 42215 } } peers { permanent_uuid: "4db8c7976c134eaaad0cb601b356ae76" member_type: VOTER last_known_addr { host: "127.6.209.66" port: 45445 } } peers { permanent_uuid: "fc501ad9d94a426583b41811e60c81e4" member_type: VOTER last_known_addr { host: "127.6.209.67" port: 35205 } }
I20260630 12:26:46.163003 11663 raft_consensus.cc:385] T 3a6aeef471e545c1877b3d8fe285a11d P 4db8c7976c134eaaad0cb601b356ae76 [term 0 FOLLOWER]: Consensus starting up: Expiring failure detector timer to make a prompt election more likely
I20260630 12:26:46.163228 11663 raft_consensus.cc:740] T 3a6aeef471e545c1877b3d8fe285a11d P 4db8c7976c134eaaad0cb601b356ae76 [term 0 FOLLOWER]: Becoming Follower/Learner. State: Replica: 4db8c7976c134eaaad0cb601b356ae76, State: Initialized, Role: FOLLOWER
I20260630 12:26:46.163847 11663 consensus_queue.cc:260] T 3a6aeef471e545c1877b3d8fe285a11d P 4db8c7976c134eaaad0cb601b356ae76 [NON_LEADER]: Queue going to NON_LEADER mode. State: All replicated index: 0, Majority replicated index: 0, Committed index: 0, Last appended: 0.0, Last appended by leader: 0, Current term: 0, Majority size: -1, State: 0, Mode: NON_LEADER, active raft config: opid_index: -1 OBSOLETE_local: false peers { permanent_uuid: "7c31f50f9fb544818d662c8d0b368110" member_type: VOTER last_known_addr { host: "127.6.209.65" port: 42215 } } peers { permanent_uuid: "4db8c7976c134eaaad0cb601b356ae76" member_type: VOTER last_known_addr { host: "127.6.209.66" port: 45445 } } peers { permanent_uuid: "fc501ad9d94a426583b41811e60c81e4" member_type: VOTER last_known_addr { host: "127.6.209.67" port: 35205 } }
I20260630 12:26:46.170529 11664 tablet_bootstrap.cc:492] T a77b68bd54a04a869142255b7a644d27 P 7c31f50f9fb544818d662c8d0b368110: No bootstrap required, opened a new log
I20260630 12:26:46.171104 11664 ts_tablet_manager.cc:1403] T a77b68bd54a04a869142255b7a644d27 P 7c31f50f9fb544818d662c8d0b368110: Time spent bootstrapping tablet: real 0.052s	user 0.007s	sys 0.002s
I20260630 12:26:46.174276 11664 raft_consensus.cc:359] T a77b68bd54a04a869142255b7a644d27 P 7c31f50f9fb544818d662c8d0b368110 [term 0 FOLLOWER]: Replica starting. Triggering 0 pending ops. Active config: opid_index: -1 OBSOLETE_local: false peers { permanent_uuid: "7c31f50f9fb544818d662c8d0b368110" member_type: VOTER last_known_addr { host: "127.6.209.65" port: 42215 } } peers { permanent_uuid: "4db8c7976c134eaaad0cb601b356ae76" member_type: VOTER last_known_addr { host: "127.6.209.66" port: 45445 } } peers { permanent_uuid: "fc501ad9d94a426583b41811e60c81e4" member_type: VOTER last_known_addr { host: "127.6.209.67" port: 35205 } }
I20260630 12:26:46.175096 11664 raft_consensus.cc:385] T a77b68bd54a04a869142255b7a644d27 P 7c31f50f9fb544818d662c8d0b368110 [term 0 FOLLOWER]: Consensus starting up: Expiring failure detector timer to make a prompt election more likely
I20260630 12:26:46.179162 11664 raft_consensus.cc:740] T a77b68bd54a04a869142255b7a644d27 P 7c31f50f9fb544818d662c8d0b368110 [term 0 FOLLOWER]: Becoming Follower/Learner. State: Replica: 7c31f50f9fb544818d662c8d0b368110, State: Initialized, Role: FOLLOWER
I20260630 12:26:46.177414 11663 ts_tablet_manager.cc:1434] T 3a6aeef471e545c1877b3d8fe285a11d P 4db8c7976c134eaaad0cb601b356ae76: Time spent starting tablet: real 0.017s	user 0.006s	sys 0.000s
I20260630 12:26:46.181152 11663 tablet_bootstrap.cc:492] T f8bfc82ebc154512aa5b5a3a4e5b53af P 4db8c7976c134eaaad0cb601b356ae76: Bootstrap starting.
I20260630 12:26:46.181325 11666 tablet_bootstrap.cc:492] T a77b68bd54a04a869142255b7a644d27 P fc501ad9d94a426583b41811e60c81e4: No bootstrap required, opened a new log
I20260630 12:26:46.181751 11666 ts_tablet_manager.cc:1403] T a77b68bd54a04a869142255b7a644d27 P fc501ad9d94a426583b41811e60c81e4: Time spent bootstrapping tablet: real 0.058s	user 0.016s	sys 0.011s
I20260630 12:26:46.184067 11666 raft_consensus.cc:359] T a77b68bd54a04a869142255b7a644d27 P fc501ad9d94a426583b41811e60c81e4 [term 0 FOLLOWER]: Replica starting. Triggering 0 pending ops. Active config: opid_index: -1 OBSOLETE_local: false peers { permanent_uuid: "7c31f50f9fb544818d662c8d0b368110" member_type: VOTER last_known_addr { host: "127.6.209.65" port: 42215 } } peers { permanent_uuid: "4db8c7976c134eaaad0cb601b356ae76" member_type: VOTER last_known_addr { host: "127.6.209.66" port: 45445 } } peers { permanent_uuid: "fc501ad9d94a426583b41811e60c81e4" member_type: VOTER last_known_addr { host: "127.6.209.67" port: 35205 } }
I20260630 12:26:46.184799 11666 raft_consensus.cc:385] T a77b68bd54a04a869142255b7a644d27 P fc501ad9d94a426583b41811e60c81e4 [term 0 FOLLOWER]: Consensus starting up: Expiring failure detector timer to make a prompt election more likely
I20260630 12:26:46.185098 11666 raft_consensus.cc:740] T a77b68bd54a04a869142255b7a644d27 P fc501ad9d94a426583b41811e60c81e4 [term 0 FOLLOWER]: Becoming Follower/Learner. State: Replica: fc501ad9d94a426583b41811e60c81e4, State: Initialized, Role: FOLLOWER
I20260630 12:26:46.186056 11702 raft_consensus.cc:493] T 3a6aeef471e545c1877b3d8fe285a11d P 4db8c7976c134eaaad0cb601b356ae76 [term 0 FOLLOWER]: Starting pre-election (no leader contacted us within the election timeout)
I20260630 12:26:46.186502 11702 raft_consensus.cc:515] T 3a6aeef471e545c1877b3d8fe285a11d P 4db8c7976c134eaaad0cb601b356ae76 [term 0 FOLLOWER]: Starting pre-election with config: opid_index: -1 OBSOLETE_local: false peers { permanent_uuid: "7c31f50f9fb544818d662c8d0b368110" member_type: VOTER last_known_addr { host: "127.6.209.65" port: 42215 } } peers { permanent_uuid: "4db8c7976c134eaaad0cb601b356ae76" member_type: VOTER last_known_addr { host: "127.6.209.66" port: 45445 } } peers { permanent_uuid: "fc501ad9d94a426583b41811e60c81e4" member_type: VOTER last_known_addr { host: "127.6.209.67" port: 35205 } }
I20260630 12:26:46.188577 11702 leader_election.cc:290] T 3a6aeef471e545c1877b3d8fe285a11d P 4db8c7976c134eaaad0cb601b356ae76 [CANDIDATE]: Term 1 pre-election: Requested pre-vote from peers 7c31f50f9fb544818d662c8d0b368110 (127.6.209.65:42215), fc501ad9d94a426583b41811e60c81e4 (127.6.209.67:35205)
I20260630 12:26:46.190068 11468 tablet_service.cc:1917] Received RequestConsensusVote() RPC: tablet_id: "3a6aeef471e545c1877b3d8fe285a11d" candidate_uuid: "4db8c7976c134eaaad0cb601b356ae76" candidate_term: 1 candidate_status { last_received { term: 0 index: 0 } } ignore_live_leader: false dest_uuid: "7c31f50f9fb544818d662c8d0b368110" is_pre_election: true
I20260630 12:26:46.190747 11468 raft_consensus.cc:2468] T 3a6aeef471e545c1877b3d8fe285a11d P 7c31f50f9fb544818d662c8d0b368110 [term 0 FOLLOWER]: Leader pre-election vote request: Granting yes vote for candidate 4db8c7976c134eaaad0cb601b356ae76 in term 0.
I20260630 12:26:46.184139 11664 consensus_queue.cc:260] T a77b68bd54a04a869142255b7a644d27 P 7c31f50f9fb544818d662c8d0b368110 [NON_LEADER]: Queue going to NON_LEADER mode. State: All replicated index: 0, Majority replicated index: 0, Committed index: 0, Last appended: 0.0, Last appended by leader: 0, Current term: 0, Majority size: -1, State: 0, Mode: NON_LEADER, active raft config: opid_index: -1 OBSOLETE_local: false peers { permanent_uuid: "7c31f50f9fb544818d662c8d0b368110" member_type: VOTER last_known_addr { host: "127.6.209.65" port: 42215 } } peers { permanent_uuid: "4db8c7976c134eaaad0cb601b356ae76" member_type: VOTER last_known_addr { host: "127.6.209.66" port: 45445 } } peers { permanent_uuid: "fc501ad9d94a426583b41811e60c81e4" member_type: VOTER last_known_addr { host: "127.6.209.67" port: 35205 } }
I20260630 12:26:46.191843 11508 leader_election.cc:304] T 3a6aeef471e545c1877b3d8fe285a11d P 4db8c7976c134eaaad0cb601b356ae76 [CANDIDATE]: Term 1 pre-election: Election decided. Result: candidate won. Election summary: received 2 responses out of 3 voters: 2 yes votes; 0 no votes. yes voters: 4db8c7976c134eaaad0cb601b356ae76, 7c31f50f9fb544818d662c8d0b368110; no voters: 
I20260630 12:26:46.193039 11702 raft_consensus.cc:2804] T 3a6aeef471e545c1877b3d8fe285a11d P 4db8c7976c134eaaad0cb601b356ae76 [term 0 FOLLOWER]: Leader pre-election won for term 1
I20260630 12:26:46.192945 11666 consensus_queue.cc:260] T a77b68bd54a04a869142255b7a644d27 P fc501ad9d94a426583b41811e60c81e4 [NON_LEADER]: Queue going to NON_LEADER mode. State: All replicated index: 0, Majority replicated index: 0, Committed index: 0, Last appended: 0.0, Last appended by leader: 0, Current term: 0, Majority size: -1, State: 0, Mode: NON_LEADER, active raft config: opid_index: -1 OBSOLETE_local: false peers { permanent_uuid: "7c31f50f9fb544818d662c8d0b368110" member_type: VOTER last_known_addr { host: "127.6.209.65" port: 42215 } } peers { permanent_uuid: "4db8c7976c134eaaad0cb601b356ae76" member_type: VOTER last_known_addr { host: "127.6.209.66" port: 45445 } } peers { permanent_uuid: "fc501ad9d94a426583b41811e60c81e4" member_type: VOTER last_known_addr { host: "127.6.209.67" port: 35205 } }
I20260630 12:26:46.193475 11702 raft_consensus.cc:493] T 3a6aeef471e545c1877b3d8fe285a11d P 4db8c7976c134eaaad0cb601b356ae76 [term 0 FOLLOWER]: Starting leader election (no leader contacted us within the election timeout)
I20260630 12:26:46.193878 11702 raft_consensus.cc:3060] T 3a6aeef471e545c1877b3d8fe285a11d P 4db8c7976c134eaaad0cb601b356ae76 [term 0 FOLLOWER]: Advancing to term 1
I20260630 12:26:46.194561 11663 tablet_bootstrap.cc:654] T f8bfc82ebc154512aa5b5a3a4e5b53af P 4db8c7976c134eaaad0cb601b356ae76: Neither blocks nor log segments found. Creating new log.
I20260630 12:26:46.195091 11666 ts_tablet_manager.cc:1434] T a77b68bd54a04a869142255b7a644d27 P fc501ad9d94a426583b41811e60c81e4: Time spent starting tablet: real 0.013s	user 0.006s	sys 0.000s
I20260630 12:26:46.205375 11666 tablet_bootstrap.cc:492] T 6f166545ded84e2a972c6ac2339f902a P fc501ad9d94a426583b41811e60c81e4: Bootstrap starting.
I20260630 12:26:46.210260 11617 tablet_service.cc:1917] Received RequestConsensusVote() RPC: tablet_id: "3a6aeef471e545c1877b3d8fe285a11d" candidate_uuid: "4db8c7976c134eaaad0cb601b356ae76" candidate_term: 1 candidate_status { last_received { term: 0 index: 0 } } ignore_live_leader: false dest_uuid: "fc501ad9d94a426583b41811e60c81e4" is_pre_election: true
W20260630 12:26:46.212913 11509 leader_election.cc:343] T 3a6aeef471e545c1877b3d8fe285a11d P 4db8c7976c134eaaad0cb601b356ae76 [CANDIDATE]: Term 1 pre-election: Tablet error from VoteRequest() call to peer fc501ad9d94a426583b41811e60c81e4 (127.6.209.67:35205): Illegal state: must be running to vote when last-logged opid is not known
I20260630 12:26:46.201068 11702 raft_consensus.cc:515] T 3a6aeef471e545c1877b3d8fe285a11d P 4db8c7976c134eaaad0cb601b356ae76 [term 1 FOLLOWER]: Starting leader election with config: opid_index: -1 OBSOLETE_local: false peers { permanent_uuid: "7c31f50f9fb544818d662c8d0b368110" member_type: VOTER last_known_addr { host: "127.6.209.65" port: 42215 } } peers { permanent_uuid: "4db8c7976c134eaaad0cb601b356ae76" member_type: VOTER last_known_addr { host: "127.6.209.66" port: 45445 } } peers { permanent_uuid: "fc501ad9d94a426583b41811e60c81e4" member_type: VOTER last_known_addr { host: "127.6.209.67" port: 35205 } }
I20260630 12:26:46.191797 11724 consensus_queue.cc:1048] T c11047f8664548e2bbe03abed0cdf8a6 P fc501ad9d94a426583b41811e60c81e4 [LEADER]: Connected to new peer: Peer: permanent_uuid: "4db8c7976c134eaaad0cb601b356ae76" member_type: VOTER last_known_addr { host: "127.6.209.66" port: 45445 }, Status: LMP_MISMATCH, Last received: 0.0, Next index: 1, Last known committed idx: 0, Time since last communication: 0.010s
I20260630 12:26:46.202574 11672 raft_consensus.cc:493] T fa47860cc163482fb99b4ab56df2464e P fc501ad9d94a426583b41811e60c81e4 [term 0 FOLLOWER]: Starting pre-election (no leader contacted us within the election timeout)
I20260630 12:26:46.214936 11666 tablet_bootstrap.cc:654] T 6f166545ded84e2a972c6ac2339f902a P fc501ad9d94a426583b41811e60c81e4: Neither blocks nor log segments found. Creating new log.
I20260630 12:26:46.214653 11672 raft_consensus.cc:515] T fa47860cc163482fb99b4ab56df2464e P fc501ad9d94a426583b41811e60c81e4 [term 0 FOLLOWER]: Starting pre-election with config: opid_index: -1 OBSOLETE_local: false peers { permanent_uuid: "7c31f50f9fb544818d662c8d0b368110" member_type: VOTER last_known_addr { host: "127.6.209.65" port: 42215 } } peers { permanent_uuid: "4db8c7976c134eaaad0cb601b356ae76" member_type: VOTER last_known_addr { host: "127.6.209.66" port: 45445 } } peers { permanent_uuid: "fc501ad9d94a426583b41811e60c81e4" member_type: VOTER last_known_addr { host: "127.6.209.67" port: 35205 } }
I20260630 12:26:46.216971 11672 leader_election.cc:290] T fa47860cc163482fb99b4ab56df2464e P fc501ad9d94a426583b41811e60c81e4 [CANDIDATE]: Term 1 pre-election: Requested pre-vote from peers 7c31f50f9fb544818d662c8d0b368110 (127.6.209.65:42215), 4db8c7976c134eaaad0cb601b356ae76 (127.6.209.66:45445)
I20260630 12:26:46.204079 11695 raft_consensus.cc:493] T a77b68bd54a04a869142255b7a644d27 P fc501ad9d94a426583b41811e60c81e4 [term 0 FOLLOWER]: Starting pre-election (no leader contacted us within the election timeout)
I20260630 12:26:46.193486 11664 ts_tablet_manager.cc:1434] T a77b68bd54a04a869142255b7a644d27 P 7c31f50f9fb544818d662c8d0b368110: Time spent starting tablet: real 0.022s	user 0.008s	sys 0.000s
I20260630 12:26:46.218675 11468 tablet_service.cc:1917] Received RequestConsensusVote() RPC: tablet_id: "fa47860cc163482fb99b4ab56df2464e" candidate_uuid: "fc501ad9d94a426583b41811e60c81e4" candidate_term: 1 candidate_status { last_received { term: 0 index: 0 } } ignore_live_leader: false dest_uuid: "7c31f50f9fb544818d662c8d0b368110" is_pre_election: true
I20260630 12:26:46.220239 11543 tablet_service.cc:1917] Received RequestConsensusVote() RPC: tablet_id: "fa47860cc163482fb99b4ab56df2464e" candidate_uuid: "fc501ad9d94a426583b41811e60c81e4" candidate_term: 1 candidate_status { last_received { term: 0 index: 0 } } ignore_live_leader: false dest_uuid: "4db8c7976c134eaaad0cb601b356ae76" is_pre_election: true
I20260630 12:26:46.221050 11543 raft_consensus.cc:2393] T fa47860cc163482fb99b4ab56df2464e P 4db8c7976c134eaaad0cb601b356ae76 [term 1 FOLLOWER]: Leader pre-election vote request: Denying vote to candidate fc501ad9d94a426583b41811e60c81e4 in current term 1: Already voted for candidate 7c31f50f9fb544818d662c8d0b368110 in this term.
I20260630 12:26:46.218706 11695 raft_consensus.cc:515] T a77b68bd54a04a869142255b7a644d27 P fc501ad9d94a426583b41811e60c81e4 [term 0 FOLLOWER]: Starting pre-election with config: opid_index: -1 OBSOLETE_local: false peers { permanent_uuid: "7c31f50f9fb544818d662c8d0b368110" member_type: VOTER last_known_addr { host: "127.6.209.65" port: 42215 } } peers { permanent_uuid: "4db8c7976c134eaaad0cb601b356ae76" member_type: VOTER last_known_addr { host: "127.6.209.66" port: 45445 } } peers { permanent_uuid: "fc501ad9d94a426583b41811e60c81e4" member_type: VOTER last_known_addr { host: "127.6.209.67" port: 35205 } }
I20260630 12:26:46.222358 11583 leader_election.cc:304] T fa47860cc163482fb99b4ab56df2464e P fc501ad9d94a426583b41811e60c81e4 [CANDIDATE]: Term 1 pre-election: Election decided. Result: candidate lost. Election summary: received 3 responses out of 3 voters: 1 yes votes; 2 no votes. yes voters: fc501ad9d94a426583b41811e60c81e4; no voters: 4db8c7976c134eaaad0cb601b356ae76, 7c31f50f9fb544818d662c8d0b368110
I20260630 12:26:46.223492 11672 raft_consensus.cc:3060] T fa47860cc163482fb99b4ab56df2464e P fc501ad9d94a426583b41811e60c81e4 [term 0 FOLLOWER]: Advancing to term 1
I20260630 12:26:46.227931 11468 tablet_service.cc:1917] Received RequestConsensusVote() RPC: tablet_id: "a77b68bd54a04a869142255b7a644d27" candidate_uuid: "fc501ad9d94a426583b41811e60c81e4" candidate_term: 1 candidate_status { last_received { term: 0 index: 0 } } ignore_live_leader: false dest_uuid: "7c31f50f9fb544818d662c8d0b368110" is_pre_election: true
I20260630 12:26:46.228819 11468 raft_consensus.cc:2468] T a77b68bd54a04a869142255b7a644d27 P 7c31f50f9fb544818d662c8d0b368110 [term 0 FOLLOWER]: Leader pre-election vote request: Granting yes vote for candidate fc501ad9d94a426583b41811e60c81e4 in term 0.
I20260630 12:26:46.230365 11582 leader_election.cc:304] T a77b68bd54a04a869142255b7a644d27 P fc501ad9d94a426583b41811e60c81e4 [CANDIDATE]: Term 1 pre-election: Election decided. Result: candidate won. Election summary: received 2 responses out of 3 voters: 2 yes votes; 0 no votes. yes voters: 7c31f50f9fb544818d662c8d0b368110, fc501ad9d94a426583b41811e60c81e4; no voters: 
I20260630 12:26:46.232035 11695 leader_election.cc:290] T a77b68bd54a04a869142255b7a644d27 P fc501ad9d94a426583b41811e60c81e4 [CANDIDATE]: Term 1 pre-election: Requested pre-vote from peers 7c31f50f9fb544818d662c8d0b368110 (127.6.209.65:42215), 4db8c7976c134eaaad0cb601b356ae76 (127.6.209.66:45445)
I20260630 12:26:46.233026 11695 raft_consensus.cc:2804] T a77b68bd54a04a869142255b7a644d27 P fc501ad9d94a426583b41811e60c81e4 [term 0 FOLLOWER]: Leader pre-election won for term 1
I20260630 12:26:46.234239 11695 raft_consensus.cc:493] T a77b68bd54a04a869142255b7a644d27 P fc501ad9d94a426583b41811e60c81e4 [term 0 FOLLOWER]: Starting leader election (no leader contacted us within the election timeout)
I20260630 12:26:46.235175 11695 raft_consensus.cc:3060] T a77b68bd54a04a869142255b7a644d27 P fc501ad9d94a426583b41811e60c81e4 [term 0 FOLLOWER]: Advancing to term 1
I20260630 12:26:46.238631 11543 tablet_service.cc:1917] Received RequestConsensusVote() RPC: tablet_id: "a77b68bd54a04a869142255b7a644d27" candidate_uuid: "fc501ad9d94a426583b41811e60c81e4" candidate_term: 1 candidate_status { last_received { term: 0 index: 0 } } ignore_live_leader: false dest_uuid: "4db8c7976c134eaaad0cb601b356ae76" is_pre_election: true
W20260630 12:26:46.240199 11583 leader_election.cc:343] T a77b68bd54a04a869142255b7a644d27 P fc501ad9d94a426583b41811e60c81e4 [CANDIDATE]: Term 1 pre-election: Tablet error from VoteRequest() call to peer 4db8c7976c134eaaad0cb601b356ae76 (127.6.209.66:45445): Illegal state: must be running to vote when last-logged opid is not known
I20260630 12:26:46.244328 11663 tablet_bootstrap.cc:492] T f8bfc82ebc154512aa5b5a3a4e5b53af P 4db8c7976c134eaaad0cb601b356ae76: No bootstrap required, opened a new log
I20260630 12:26:46.245712 11365 catalog_manager.cc:5697] T cc7c92d64cb14da48a2cb20278eac8bd P fc501ad9d94a426583b41811e60c81e4 reported cstate change: term changed from 0 to 1, leader changed from <none> to fc501ad9d94a426583b41811e60c81e4 (127.6.209.67). New cstate: current_term: 1 leader_uuid: "fc501ad9d94a426583b41811e60c81e4" committed_config { opid_index: -1 OBSOLETE_local: false peers { permanent_uuid: "7c31f50f9fb544818d662c8d0b368110" member_type: VOTER last_known_addr { host: "127.6.209.65" port: 42215 } health_report { overall_health: UNKNOWN } } peers { permanent_uuid: "4db8c7976c134eaaad0cb601b356ae76" member_type: VOTER last_known_addr { host: "127.6.209.66" port: 45445 } health_report { overall_health: UNKNOWN } } peers { permanent_uuid: "fc501ad9d94a426583b41811e60c81e4" member_type: VOTER last_known_addr { host: "127.6.209.67" port: 35205 } health_report { overall_health: HEALTHY } } }
I20260630 12:26:46.247036 11663 ts_tablet_manager.cc:1403] T f8bfc82ebc154512aa5b5a3a4e5b53af P 4db8c7976c134eaaad0cb601b356ae76: Time spent bootstrapping tablet: real 0.066s	user 0.021s	sys 0.010s
I20260630 12:26:46.247409 11672 raft_consensus.cc:2749] T fa47860cc163482fb99b4ab56df2464e P fc501ad9d94a426583b41811e60c81e4 [term 1 FOLLOWER]: Leader pre-election lost for term 1. Reason: could not achieve majority
