I20260630 12:24:53.223227  7192 tablet_replica.cc:333] T 5179efc130e94c0d91bf893a9b80812d P 3fbe0d8741c54b1487ce07cc2c79d418: stopping tablet replica
I20260630 12:24:53.223286  8259 tablet_copy_client.cc:323] T c2a06ad6e0394c02b565a41d98b8b3fb P d5d44b1575c642049964ecbc4469dac6: tablet copy: Beginning tablet copy session from remote peer at address 127.7.6.1:36175
I20260630 12:24:53.225063  7192 raft_consensus.cc:2243] T 5179efc130e94c0d91bf893a9b80812d P 3fbe0d8741c54b1487ce07cc2c79d418 [term 1 FOLLOWER]: Raft consensus shutting down.
I20260630 12:24:53.225648  7192 raft_consensus.cc:2272] T 5179efc130e94c0d91bf893a9b80812d P 3fbe0d8741c54b1487ce07cc2c79d418 [term 1 FOLLOWER]: Raft consensus is shut down!
I20260630 12:24:53.228317  7192 tablet_replica.cc:333] T 26277c7a28064ff9926222ae4666b86c P 3fbe0d8741c54b1487ce07cc2c79d418: stopping tablet replica
I20260630 12:24:53.229106  7192 raft_consensus.cc:2243] T 26277c7a28064ff9926222ae4666b86c P 3fbe0d8741c54b1487ce07cc2c79d418 [term 2 FOLLOWER]: Raft consensus shutting down.
I20260630 12:24:53.229668  7192 raft_consensus.cc:2272] T 26277c7a28064ff9926222ae4666b86c P 3fbe0d8741c54b1487ce07cc2c79d418 [term 2 FOLLOWER]: Raft consensus is shut down!
W20260630 12:24:53.230504  7896 proxy.cc:239] Call had error, refreshing address and retrying: Remote error: Service unavailable: service kudu.consensus.ConsensusService not registered on TabletServer [suppressed 5 similar messages]
I20260630 12:24:53.233753  7192 tablet_replica.cc:333] T 1b05635f979341a7be792b1f2ade474b P 3fbe0d8741c54b1487ce07cc2c79d418: stopping tablet replica
I20260630 12:24:53.235342  7192 raft_consensus.cc:2243] T 1b05635f979341a7be792b1f2ade474b P 3fbe0d8741c54b1487ce07cc2c79d418 [term 2 FOLLOWER]: Raft consensus shutting down.
W20260630 12:24:53.235478  7896 consensus_peers.cc:597] T 26277c7a28064ff9926222ae4666b86c P 8a5ded3853c340e3912a6f473e32519d -> Peer 3fbe0d8741c54b1487ce07cc2c79d418 (127.7.6.1:36175): Couldn't send request to peer 3fbe0d8741c54b1487ce07cc2c79d418. Status: Remote error: Service unavailable: service kudu.consensus.ConsensusService not registered on TabletServer. This is attempt 1: this message will repeat every 5th retry.
I20260630 12:24:53.235913  7192 raft_consensus.cc:2272] T 1b05635f979341a7be792b1f2ade474b P 3fbe0d8741c54b1487ce07cc2c79d418 [term 2 FOLLOWER]: Raft consensus is shut down!
I20260630 12:24:53.238420  7192 tablet_replica.cc:333] T d90a9f5dabfa431c9ed1f6d921b43064 P 3fbe0d8741c54b1487ce07cc2c79d418: stopping tablet replica
I20260630 12:24:53.239068  7192 raft_consensus.cc:2243] T d90a9f5dabfa431c9ed1f6d921b43064 P 3fbe0d8741c54b1487ce07cc2c79d418 [term 1 LEADER]: Raft consensus shutting down.
I20260630 12:24:53.239990  7192 raft_consensus.cc:2272] T d90a9f5dabfa431c9ed1f6d921b43064 P 3fbe0d8741c54b1487ce07cc2c79d418 [term 1 FOLLOWER]: Raft consensus is shut down!
I20260630 12:24:53.242283  7192 tablet_replica.cc:333] T c474eba6ddb84489839e0cc7565f2cb5 P 3fbe0d8741c54b1487ce07cc2c79d418: stopping tablet replica
I20260630 12:24:53.242928  7192 raft_consensus.cc:2243] T c474eba6ddb84489839e0cc7565f2cb5 P 3fbe0d8741c54b1487ce07cc2c79d418 [term 1 FOLLOWER]: Raft consensus shutting down.
I20260630 12:24:53.243448  7192 raft_consensus.cc:2272] T c474eba6ddb84489839e0cc7565f2cb5 P 3fbe0d8741c54b1487ce07cc2c79d418 [term 1 FOLLOWER]: Raft consensus is shut down!
I20260630 12:24:53.246181  7192 tablet_replica.cc:333] T c2a06ad6e0394c02b565a41d98b8b3fb P 3fbe0d8741c54b1487ce07cc2c79d418: stopping tablet replica
I20260630 12:24:53.246836  7192 raft_consensus.cc:2243] T c2a06ad6e0394c02b565a41d98b8b3fb P 3fbe0d8741c54b1487ce07cc2c79d418 [term 1 LEADER]: Raft consensus shutting down.
I20260630 12:24:53.247772  7192 raft_consensus.cc:2272] T c2a06ad6e0394c02b565a41d98b8b3fb P 3fbe0d8741c54b1487ce07cc2c79d418 [term 1 FOLLOWER]: Raft consensus is shut down!
I20260630 12:24:53.250315  7192 tablet_replica.cc:333] T 3f05758085504ba18303af48e4c151d8 P 3fbe0d8741c54b1487ce07cc2c79d418: stopping tablet replica
I20260630 12:24:53.251003  7192 raft_consensus.cc:2243] T 3f05758085504ba18303af48e4c151d8 P 3fbe0d8741c54b1487ce07cc2c79d418 [term 1 FOLLOWER]: Raft consensus shutting down.
I20260630 12:24:53.251497  7192 raft_consensus.cc:2272] T 3f05758085504ba18303af48e4c151d8 P 3fbe0d8741c54b1487ce07cc2c79d418 [term 1 FOLLOWER]: Raft consensus is shut down!
I20260630 12:24:53.253736  7192 tablet_replica.cc:333] T 7b7c9ec8e98e418d8c581919df703ae5 P 3fbe0d8741c54b1487ce07cc2c79d418: stopping tablet replica
I20260630 12:24:53.254303  7192 raft_consensus.cc:2243] T 7b7c9ec8e98e418d8c581919df703ae5 P 3fbe0d8741c54b1487ce07cc2c79d418 [term 1 LEADER]: Raft consensus shutting down.
I20260630 12:24:53.255132  7192 raft_consensus.cc:2272] T 7b7c9ec8e98e418d8c581919df703ae5 P 3fbe0d8741c54b1487ce07cc2c79d418 [term 1 FOLLOWER]: Raft consensus is shut down!
W20260630 12:24:53.255579  7896 consensus_peers.cc:597] T 3f05758085504ba18303af48e4c151d8 P 8a5ded3853c340e3912a6f473e32519d -> Peer 3fbe0d8741c54b1487ce07cc2c79d418 (127.7.6.1:36175): Couldn't send request to peer 3fbe0d8741c54b1487ce07cc2c79d418. Status: Remote error: Service unavailable: service kudu.consensus.ConsensusService not registered on TabletServer. This is attempt 1: this message will repeat every 5th retry.
I20260630 12:24:53.272697  8267 ts_tablet_manager.cc:933] T 26277c7a28064ff9926222ae4666b86c P d5d44b1575c642049964ecbc4469dac6: Initiating tablet copy from peer 8a5ded3853c340e3912a6f473e32519d (127.7.6.2:36527)
I20260630 12:24:53.274387  8267 tablet_copy_client.cc:323] T 26277c7a28064ff9926222ae4666b86c P d5d44b1575c642049964ecbc4469dac6: tablet copy: Beginning tablet copy session from remote peer at address 127.7.6.2:36527
W20260630 12:24:53.284065  8121 connection.cc:466] server connection from 127.0.0.1:50806 torn down before Call kudu.consensus.ConsensusService.StartTabletCopy from 127.0.0.1:50806 (request call id 1) could send its response
I20260630 12:24:53.290539  7192 tablet_server.cc:196] TabletServer@127.7.6.1:0 shutdown complete.
I20260630 12:24:53.296202  7943 tablet_copy_service.cc:140] P 8a5ded3853c340e3912a6f473e32519d: Received BeginTabletCopySession request for tablet 26277c7a28064ff9926222ae4666b86c from peer d5d44b1575c642049964ecbc4469dac6 ({username='slave'} at 127.0.0.1:55424)
I20260630 12:24:53.296770  7943 tablet_copy_service.cc:161] P 8a5ded3853c340e3912a6f473e32519d: Beginning new tablet copy session on tablet 26277c7a28064ff9926222ae4666b86c from peer d5d44b1575c642049964ecbc4469dac6 at {username='slave'} at 127.0.0.1:55424: session id = d5d44b1575c642049964ecbc4469dac6-26277c7a28064ff9926222ae4666b86c
I20260630 12:24:53.304752  7943 tablet_copy_source_session.cc:215] T 26277c7a28064ff9926222ae4666b86c P 8a5ded3853c340e3912a6f473e32519d: Tablet Copy: opened 0 blocks and 1 log segments
I20260630 12:24:53.305522  8259 ts_tablet_manager.cc:933] T c474eba6ddb84489839e0cc7565f2cb5 P d5d44b1575c642049964ecbc4469dac6: Initiating tablet copy from peer 8a5ded3853c340e3912a6f473e32519d (127.7.6.2:36527)
I20260630 12:24:53.307966  8259 tablet_copy_client.cc:323] T c474eba6ddb84489839e0cc7565f2cb5 P d5d44b1575c642049964ecbc4469dac6: tablet copy: Beginning tablet copy session from remote peer at address 127.7.6.2:36527
I20260630 12:24:53.308666  8267 data_dirs.cc:400] Could only allocate 1 dirs of requested 3 for tablet 26277c7a28064ff9926222ae4666b86c. 1 dirs total, 0 dirs full, 0 dirs failed
I20260630 12:24:53.309907  7943 tablet_copy_service.cc:140] P 8a5ded3853c340e3912a6f473e32519d: Received BeginTabletCopySession request for tablet c474eba6ddb84489839e0cc7565f2cb5 from peer d5d44b1575c642049964ecbc4469dac6 ({username='slave'} at 127.0.0.1:55424)
I20260630 12:24:53.314553  7192 tablet_server.cc:179] TabletServer@127.7.6.2:0 shutting down...
I20260630 12:24:53.319731  7943 tablet_copy_service.cc:161] P 8a5ded3853c340e3912a6f473e32519d: Beginning new tablet copy session on tablet c474eba6ddb84489839e0cc7565f2cb5 from peer d5d44b1575c642049964ecbc4469dac6 at {username='slave'} at 127.0.0.1:55424: session id = d5d44b1575c642049964ecbc4469dac6-c474eba6ddb84489839e0cc7565f2cb5
I20260630 12:24:53.324611  8267 tablet_copy_client.cc:806] T 26277c7a28064ff9926222ae4666b86c P d5d44b1575c642049964ecbc4469dac6: tablet copy: Starting download of 0 data blocks...
I20260630 12:24:53.325124  8267 tablet_copy_client.cc:670] T 26277c7a28064ff9926222ae4666b86c P d5d44b1575c642049964ecbc4469dac6: tablet copy: Starting download of 1 WAL segments...
I20260630 12:24:53.338537  7943 tablet_copy_source_session.cc:215] T c474eba6ddb84489839e0cc7565f2cb5 P 8a5ded3853c340e3912a6f473e32519d: Tablet Copy: opened 0 blocks and 1 log segments
I20260630 12:24:53.341120  7192 tablet_copy_service.cc:362] P 8a5ded3853c340e3912a6f473e32519d: Destroying tablet copy session d5d44b1575c642049964ecbc4469dac6-c474eba6ddb84489839e0cc7565f2cb5 due to service shutdown
I20260630 12:24:53.341574  7192 tablet_copy_service.cc:434] P 8a5ded3853c340e3912a6f473e32519d: ending tablet copy session d5d44b1575c642049964ecbc4469dac6-c474eba6ddb84489839e0cc7565f2cb5 on tablet c474eba6ddb84489839e0cc7565f2cb5 with peer d5d44b1575c642049964ecbc4469dac6
I20260630 12:24:53.342144  8259 data_dirs.cc:400] Could only allocate 1 dirs of requested 3 for tablet c474eba6ddb84489839e0cc7565f2cb5. 1 dirs total, 0 dirs full, 0 dirs failed
I20260630 12:24:53.342164  7192 tablet_copy_service.cc:362] P 8a5ded3853c340e3912a6f473e32519d: Destroying tablet copy session d5d44b1575c642049964ecbc4469dac6-26277c7a28064ff9926222ae4666b86c due to service shutdown
I20260630 12:24:53.343961  7192 tablet_copy_service.cc:434] P 8a5ded3853c340e3912a6f473e32519d: ending tablet copy session d5d44b1575c642049964ecbc4469dac6-26277c7a28064ff9926222ae4666b86c on tablet 26277c7a28064ff9926222ae4666b86c with peer d5d44b1575c642049964ecbc4469dac6
W20260630 12:24:53.346450  7970 consensus_peers.cc:597] T 5179efc130e94c0d91bf893a9b80812d P a96be6a40de3433fbb9b74f2aa5ab1d9 -> Peer 3fbe0d8741c54b1487ce07cc2c79d418 (127.7.6.1:36175): Couldn't send request to peer 3fbe0d8741c54b1487ce07cc2c79d418. Status: Network error: Client connection negotiation failed: client connection to 127.7.6.1:36175: connect: Connection refused (error 111). This is attempt 1: this message will repeat every 5th retry.
I20260630 12:24:53.358064  8259 tablet_copy_client.cc:806] T c474eba6ddb84489839e0cc7565f2cb5 P d5d44b1575c642049964ecbc4469dac6: tablet copy: Starting download of 0 data blocks...
I20260630 12:24:53.360838  8259 tablet_copy_client.cc:670] T c474eba6ddb84489839e0cc7565f2cb5 P d5d44b1575c642049964ecbc4469dac6: tablet copy: Starting download of 1 WAL segments...
I20260630 12:24:53.372926  7192 ts_tablet_manager.cc:1507] Shutting down tablet manager...
I20260630 12:24:53.373647  7192 tablet_replica.cc:333] T c474eba6ddb84489839e0cc7565f2cb5 P 8a5ded3853c340e3912a6f473e32519d: stopping tablet replica
I20260630 12:24:53.374289  7192 raft_consensus.cc:2243] T c474eba6ddb84489839e0cc7565f2cb5 P 8a5ded3853c340e3912a6f473e32519d [term 1 LEADER]: Raft consensus shutting down.
I20260630 12:24:53.375232  7192 raft_consensus.cc:2272] T c474eba6ddb84489839e0cc7565f2cb5 P 8a5ded3853c340e3912a6f473e32519d [term 1 FOLLOWER]: Raft consensus is shut down!
I20260630 12:24:53.377440  7192 tablet_replica.cc:333] T d90a9f5dabfa431c9ed1f6d921b43064 P 8a5ded3853c340e3912a6f473e32519d: stopping tablet replica
I20260630 12:24:53.377965  7192 raft_consensus.cc:2243] T d90a9f5dabfa431c9ed1f6d921b43064 P 8a5ded3853c340e3912a6f473e32519d [term 1 FOLLOWER]: Raft consensus shutting down.
I20260630 12:24:53.378428  7192 raft_consensus.cc:2272] T d90a9f5dabfa431c9ed1f6d921b43064 P 8a5ded3853c340e3912a6f473e32519d [term 1 FOLLOWER]: Raft consensus is shut down!
I20260630 12:24:53.380092  7192 tablet_replica.cc:333] T 1b05635f979341a7be792b1f2ade474b P 8a5ded3853c340e3912a6f473e32519d: stopping tablet replica
I20260630 12:24:53.380579  7192 raft_consensus.cc:2243] T 1b05635f979341a7be792b1f2ade474b P 8a5ded3853c340e3912a6f473e32519d [term 2 FOLLOWER]: Raft consensus shutting down.
I20260630 12:24:53.381059  7192 raft_consensus.cc:2272] T 1b05635f979341a7be792b1f2ade474b P 8a5ded3853c340e3912a6f473e32519d [term 2 FOLLOWER]: Raft consensus is shut down!
I20260630 12:24:53.383325  7192 tablet_replica.cc:333] T 26277c7a28064ff9926222ae4666b86c P 8a5ded3853c340e3912a6f473e32519d: stopping tablet replica
I20260630 12:24:53.383819  7192 raft_consensus.cc:2243] T 26277c7a28064ff9926222ae4666b86c P 8a5ded3853c340e3912a6f473e32519d [term 2 LEADER]: Raft consensus shutting down.
I20260630 12:24:53.384727  7192 raft_consensus.cc:2272] T 26277c7a28064ff9926222ae4666b86c P 8a5ded3853c340e3912a6f473e32519d [term 2 FOLLOWER]: Raft consensus is shut down!
I20260630 12:24:53.386711  7192 tablet_replica.cc:333] T 5179efc130e94c0d91bf893a9b80812d P 8a5ded3853c340e3912a6f473e32519d: stopping tablet replica
I20260630 12:24:53.387334  7192 raft_consensus.cc:2243] T 5179efc130e94c0d91bf893a9b80812d P 8a5ded3853c340e3912a6f473e32519d [term 1 FOLLOWER]: Raft consensus shutting down.
I20260630 12:24:53.387806  7192 raft_consensus.cc:2272] T 5179efc130e94c0d91bf893a9b80812d P 8a5ded3853c340e3912a6f473e32519d [term 1 FOLLOWER]: Raft consensus is shut down!
I20260630 12:24:53.389473  7192 tablet_replica.cc:333] T c2a06ad6e0394c02b565a41d98b8b3fb P 8a5ded3853c340e3912a6f473e32519d: stopping tablet replica
I20260630 12:24:53.389940  7192 raft_consensus.cc:2243] T c2a06ad6e0394c02b565a41d98b8b3fb P 8a5ded3853c340e3912a6f473e32519d [term 1 FOLLOWER]: Raft consensus shutting down.
I20260630 12:24:53.390380  7192 raft_consensus.cc:2272] T c2a06ad6e0394c02b565a41d98b8b3fb P 8a5ded3853c340e3912a6f473e32519d [term 1 FOLLOWER]: Raft consensus is shut down!
I20260630 12:24:53.392570  7192 tablet_replica.cc:333] T 3f05758085504ba18303af48e4c151d8 P 8a5ded3853c340e3912a6f473e32519d: stopping tablet replica
I20260630 12:24:53.393023  7192 raft_consensus.cc:2243] T 3f05758085504ba18303af48e4c151d8 P 8a5ded3853c340e3912a6f473e32519d [term 1 LEADER]: Raft consensus shutting down.
I20260630 12:24:53.393711  7192 raft_consensus.cc:2272] T 3f05758085504ba18303af48e4c151d8 P 8a5ded3853c340e3912a6f473e32519d [term 1 FOLLOWER]: Raft consensus is shut down!
I20260630 12:24:53.395443  7192 tablet_replica.cc:333] T 7b7c9ec8e98e418d8c581919df703ae5 P 8a5ded3853c340e3912a6f473e32519d: stopping tablet replica
I20260630 12:24:53.395877  7192 raft_consensus.cc:2243] T 7b7c9ec8e98e418d8c581919df703ae5 P 8a5ded3853c340e3912a6f473e32519d [term 1 FOLLOWER]: Raft consensus shutting down.
I20260630 12:24:53.396279  7192 raft_consensus.cc:2272] T 7b7c9ec8e98e418d8c581919df703ae5 P 8a5ded3853c340e3912a6f473e32519d [term 1 FOLLOWER]: Raft consensus is shut down!
W20260630 12:24:53.409675  8259 ts_tablet_manager.cc:1011] T c474eba6ddb84489839e0cc7565f2cb5 P d5d44b1575c642049964ecbc4469dac6: Tablet Copy: Unable to fetch data from remote peer 8a5ded3853c340e3912a6f473e32519d (127.7.6.2:36527): Network error: Unable to download WAL segment with seq. number 1: unable to fetch data from remote: recv got EOF from unknown peer (error 108)
I20260630 12:24:53.410216  8259 tablet_replica.cc:333] T c474eba6ddb84489839e0cc7565f2cb5 P d5d44b1575c642049964ecbc4469dac6: stopping tablet replica
I20260630 12:24:53.410543  8259 raft_consensus.cc:2243] T c474eba6ddb84489839e0cc7565f2cb5 P d5d44b1575c642049964ecbc4469dac6 [term 1 LEARNER]: Raft consensus shutting down.
I20260630 12:24:53.410854  8259 raft_consensus.cc:2272] T c474eba6ddb84489839e0cc7565f2cb5 P d5d44b1575c642049964ecbc4469dac6 [term 1 LEARNER]: Raft consensus is shut down!
W20260630 12:24:53.414096  8259 tablet_copy_client.cc:1131] T c474eba6ddb84489839e0cc7565f2cb5 P d5d44b1575c642049964ecbc4469dac6: tablet copy: Unable to close tablet copy session: Network error: failure ending tablet copy session: Client connection negotiation failed: client connection to 127.7.6.2:36527: connect: Connection refused (error 111)
I20260630 12:24:53.414650  7192 tablet_server.cc:196] TabletServer@127.7.6.2:0 shutdown complete.
W20260630 12:24:53.415448  8259 tablet_metadata.cc:476] failed to load DataDirGroup from superblock: Already present: tried to load directory group for tablet c474eba6ddb84489839e0cc7565f2cb5 but one is already registered
I20260630 12:24:53.415731  8259 ts_tablet_manager.cc:1916] T c474eba6ddb84489839e0cc7565f2cb5 P d5d44b1575c642049964ecbc4469dac6: Deleting tablet data with delete state TABLET_DATA_TOMBSTONED
I20260630 12:24:53.431879  8259 ts_tablet_manager.cc:1929] T c474eba6ddb84489839e0cc7565f2cb5 P d5d44b1575c642049964ecbc4469dac6: tablet deleted with delete type TABLET_DATA_TOMBSTONED: last-logged OpId 1.0
I20260630 12:24:53.432353  8259 log.cc:1199] T c474eba6ddb84489839e0cc7565f2cb5 P d5d44b1575c642049964ecbc4469dac6: Deleting WAL directory at /tmp/dist-test-task_Nwj58/test-tmp/auto_rebalancer-test.0.AutoRebalancerTest.AutoRebalancingTurnOffAndOn.1782822277589457-7192-0/minicluster-data/ts-3-root/wals/c474eba6ddb84489839e0cc7565f2cb5
I20260630 12:24:53.438439  7192 tablet_server.cc:179] TabletServer@127.7.6.3:0 shutting down...
W20260630 12:24:53.445233  8267 ts_tablet_manager.cc:1011] T 26277c7a28064ff9926222ae4666b86c P d5d44b1575c642049964ecbc4469dac6: Tablet Copy: Unable to fetch data from remote peer 8a5ded3853c340e3912a6f473e32519d (127.7.6.2:36527): Network error: Unable to download WAL segment with seq. number 1: unable to fetch data from remote: Client connection negotiation failed: client connection to 127.7.6.2:36527: connect: Connection refused (error 111)
I20260630 12:24:53.445811  8267 tablet_replica.cc:333] T 26277c7a28064ff9926222ae4666b86c P d5d44b1575c642049964ecbc4469dac6: stopping tablet replica
I20260630 12:24:53.446216  8267 raft_consensus.cc:2243] T 26277c7a28064ff9926222ae4666b86c P d5d44b1575c642049964ecbc4469dac6 [term 2 LEARNER]: Raft consensus shutting down.
I20260630 12:24:53.446525  8267 raft_consensus.cc:2272] T 26277c7a28064ff9926222ae4666b86c P d5d44b1575c642049964ecbc4469dac6 [term 2 LEARNER]: Raft consensus is shut down!
W20260630 12:24:53.448869  8267 tablet_copy_client.cc:1131] T 26277c7a28064ff9926222ae4666b86c P d5d44b1575c642049964ecbc4469dac6: tablet copy: Unable to close tablet copy session: Network error: failure ending tablet copy session: Client connection negotiation failed: client connection to 127.7.6.2:36527: connect: Connection refused (error 111)
W20260630 12:24:53.450344  8267 tablet_metadata.cc:476] failed to load DataDirGroup from superblock: Already present: tried to load directory group for tablet 26277c7a28064ff9926222ae4666b86c but one is already registered
I20260630 12:24:53.450711  8267 ts_tablet_manager.cc:1916] T 26277c7a28064ff9926222ae4666b86c P d5d44b1575c642049964ecbc4469dac6: Deleting tablet data with delete state TABLET_DATA_TOMBSTONED
I20260630 12:24:53.466365  8267 ts_tablet_manager.cc:1929] T 26277c7a28064ff9926222ae4666b86c P d5d44b1575c642049964ecbc4469dac6: tablet deleted with delete type TABLET_DATA_TOMBSTONED: last-logged OpId 1.0
I20260630 12:24:53.466770  8267 log.cc:1199] T 26277c7a28064ff9926222ae4666b86c P d5d44b1575c642049964ecbc4469dac6: Deleting WAL directory at /tmp/dist-test-task_Nwj58/test-tmp/auto_rebalancer-test.0.AutoRebalancerTest.AutoRebalancingTurnOffAndOn.1782822277589457-7192-0/minicluster-data/ts-3-root/wals/26277c7a28064ff9926222ae4666b86c
I20260630 12:24:53.476797  7192 ts_tablet_manager.cc:1507] Shutting down tablet manager...
I20260630 12:24:53.477468  7192 tablet_replica.cc:333] T 7b7c9ec8e98e418d8c581919df703ae5 P a96be6a40de3433fbb9b74f2aa5ab1d9: stopping tablet replica
I20260630 12:24:53.478061  7192 raft_consensus.cc:2243] T 7b7c9ec8e98e418d8c581919df703ae5 P a96be6a40de3433fbb9b74f2aa5ab1d9 [term 1 FOLLOWER]: Raft consensus shutting down.
I20260630 12:24:53.478549  7192 raft_consensus.cc:2272] T 7b7c9ec8e98e418d8c581919df703ae5 P a96be6a40de3433fbb9b74f2aa5ab1d9 [term 1 FOLLOWER]: Raft consensus is shut down!
I20260630 12:24:53.480265  7192 tablet_replica.cc:333] T 1b05635f979341a7be792b1f2ade474b P a96be6a40de3433fbb9b74f2aa5ab1d9: stopping tablet replica
I20260630 12:24:53.480765  7192 raft_consensus.cc:2243] T 1b05635f979341a7be792b1f2ade474b P a96be6a40de3433fbb9b74f2aa5ab1d9 [term 2 LEADER]: Raft consensus shutting down.
I20260630 12:24:53.481590  7192 raft_consensus.cc:2272] T 1b05635f979341a7be792b1f2ade474b P a96be6a40de3433fbb9b74f2aa5ab1d9 [term 2 FOLLOWER]: Raft consensus is shut down!
I20260630 12:24:53.483705  7192 tablet_replica.cc:333] T 5179efc130e94c0d91bf893a9b80812d P a96be6a40de3433fbb9b74f2aa5ab1d9: stopping tablet replica
I20260630 12:24:53.484287  7192 raft_consensus.cc:2243] T 5179efc130e94c0d91bf893a9b80812d P a96be6a40de3433fbb9b74f2aa5ab1d9 [term 1 LEADER]: Raft consensus shutting down.
I20260630 12:24:53.485003  7192 raft_consensus.cc:2272] T 5179efc130e94c0d91bf893a9b80812d P a96be6a40de3433fbb9b74f2aa5ab1d9 [term 1 FOLLOWER]: Raft consensus is shut down!
I20260630 12:24:53.486824  7192 tablet_replica.cc:333] T 26277c7a28064ff9926222ae4666b86c P a96be6a40de3433fbb9b74f2aa5ab1d9: stopping tablet replica
I20260630 12:24:53.487423  7192 raft_consensus.cc:2243] T 26277c7a28064ff9926222ae4666b86c P a96be6a40de3433fbb9b74f2aa5ab1d9 [term 2 FOLLOWER]: Raft consensus shutting down.
I20260630 12:24:53.487908  7192 raft_consensus.cc:2272] T 26277c7a28064ff9926222ae4666b86c P a96be6a40de3433fbb9b74f2aa5ab1d9 [term 2 FOLLOWER]: Raft consensus is shut down!
I20260630 12:24:53.489856  7192 tablet_replica.cc:333] T c474eba6ddb84489839e0cc7565f2cb5 P a96be6a40de3433fbb9b74f2aa5ab1d9: stopping tablet replica
I20260630 12:24:53.490418  7192 raft_consensus.cc:2243] T c474eba6ddb84489839e0cc7565f2cb5 P a96be6a40de3433fbb9b74f2aa5ab1d9 [term 1 FOLLOWER]: Raft consensus shutting down.
I20260630 12:24:53.490880  7192 raft_consensus.cc:2272] T c474eba6ddb84489839e0cc7565f2cb5 P a96be6a40de3433fbb9b74f2aa5ab1d9 [term 1 FOLLOWER]: Raft consensus is shut down!
I20260630 12:24:53.492915  7192 tablet_replica.cc:333] T d90a9f5dabfa431c9ed1f6d921b43064 P a96be6a40de3433fbb9b74f2aa5ab1d9: stopping tablet replica
I20260630 12:24:53.493391  7192 raft_consensus.cc:2243] T d90a9f5dabfa431c9ed1f6d921b43064 P a96be6a40de3433fbb9b74f2aa5ab1d9 [term 1 FOLLOWER]: Raft consensus shutting down.
I20260630 12:24:53.493783  7192 raft_consensus.cc:2272] T d90a9f5dabfa431c9ed1f6d921b43064 P a96be6a40de3433fbb9b74f2aa5ab1d9 [term 1 FOLLOWER]: Raft consensus is shut down!
I20260630 12:24:53.495415  7192 tablet_replica.cc:333] T 3f05758085504ba18303af48e4c151d8 P a96be6a40de3433fbb9b74f2aa5ab1d9: stopping tablet replica
I20260630 12:24:53.495927  7192 raft_consensus.cc:2243] T 3f05758085504ba18303af48e4c151d8 P a96be6a40de3433fbb9b74f2aa5ab1d9 [term 1 FOLLOWER]: Raft consensus shutting down.
I20260630 12:24:53.496287  7192 raft_consensus.cc:2272] T 3f05758085504ba18303af48e4c151d8 P a96be6a40de3433fbb9b74f2aa5ab1d9 [term 1 FOLLOWER]: Raft consensus is shut down!
I20260630 12:24:53.497845  7192 tablet_replica.cc:333] T c2a06ad6e0394c02b565a41d98b8b3fb P a96be6a40de3433fbb9b74f2aa5ab1d9: stopping tablet replica
I20260630 12:24:53.498318  7192 raft_consensus.cc:2243] T c2a06ad6e0394c02b565a41d98b8b3fb P a96be6a40de3433fbb9b74f2aa5ab1d9 [term 1 FOLLOWER]: Raft consensus shutting down.
I20260630 12:24:53.498716  7192 raft_consensus.cc:2272] T c2a06ad6e0394c02b565a41d98b8b3fb P a96be6a40de3433fbb9b74f2aa5ab1d9 [term 1 FOLLOWER]: Raft consensus is shut down!
I20260630 12:24:53.525871  7192 tablet_server.cc:196] TabletServer@127.7.6.3:0 shutdown complete.
I20260630 12:24:53.543735  7192 tablet_server.cc:179] TabletServer@127.7.6.4:0 shutting down...
I20260630 12:24:53.564287  7192 ts_tablet_manager.cc:1507] Shutting down tablet manager...
I20260630 12:24:53.565603  7192 tablet_replica.cc:333] T 1b05635f979341a7be792b1f2ade474b P d5d44b1575c642049964ecbc4469dac6: stopping tablet replica
I20260630 12:24:53.566185  7192 raft_consensus.cc:2243] T 1b05635f979341a7be792b1f2ade474b P d5d44b1575c642049964ecbc4469dac6 [term 2 LEARNER]: Raft consensus shutting down.
I20260630 12:24:53.566565  7192 raft_consensus.cc:2272] T 1b05635f979341a7be792b1f2ade474b P d5d44b1575c642049964ecbc4469dac6 [term 2 LEARNER]: Raft consensus is shut down!
I20260630 12:24:53.585170  7192 tablet_server.cc:196] TabletServer@127.7.6.4:0 shutdown complete.
I20260630 12:24:53.595539  7192 master.cc:562] Master@127.7.6.62:45373 shutting down...
W20260630 12:24:53.621610  7804 auto_rebalancer.cc:340] scheduled replica move failed to complete: Service unavailable: Catalog manager is not initialized. State: Closing
I20260630 12:24:53.622807  7192 raft_consensus.cc:2243] T 00000000000000000000000000000000 P 7da54a7a47284a4cb637c1c47c5b3777 [term 1 LEADER]: Raft consensus shutting down.
I20260630 12:24:53.623291  7192 raft_consensus.cc:2272] T 00000000000000000000000000000000 P 7da54a7a47284a4cb637c1c47c5b3777 [term 1 FOLLOWER]: Raft consensus is shut down!
I20260630 12:24:53.623625  7192 tablet_replica.cc:333] T 00000000000000000000000000000000 P 7da54a7a47284a4cb637c1c47c5b3777: stopping tablet replica
I20260630 12:24:53.642505  7192 master.cc:584] Master@127.7.6.62:45373 shutdown complete.
[       OK ] AutoRebalancerTest.AutoRebalancingTurnOffAndOn (9212 ms)
[ RUN      ] AutoRebalancerTest.NextLeaderResumesAutoRebalancing
I20260630 12:24:53.678236  7192 internal_mini_cluster.cc:156] Creating distributed mini masters. Addrs: 127.7.6.62:32957,127.7.6.61:43339,127.7.6.60:32959
I20260630 12:24:53.679476  7192 file_cache.cc:492] Constructed file cache file cache with capacity 419430
W20260630 12:24:53.684695  8275 instance_detector.cc:116] could not retrieve AWS instance metadata: Network error: curl error: HTTP response code said error: The requested URL returned error: 404
W20260630 12:24:53.684693  8276 instance_detector.cc:116] could not retrieve Azure instance metadata: Network error: curl error: HTTP response code said error: The requested URL returned error: 404
W20260630 12:24:53.685312  8278 instance_detector.cc:116] could not retrieve OpenStack instance metadata: Network error: curl error: HTTP response code said error: The requested URL returned error: 404
I20260630 12:24:53.686149  7192 server_base.cc:1061] running on GCE node
I20260630 12:24:53.686862  7192 hybrid_clock.cc:584] initializing the hybrid clock with 'system_unsync' time source
W20260630 12:24:53.687072  7192 system_unsync_time.cc:38] NTP support is disabled. Clock error bounds will not be accurate. This configuration is not suitable for distributed clusters.
I20260630 12:24:53.687223  7192 hybrid_clock.cc:648] HybridClock initialized: now 1782822293687209 us; error 0 us; skew 500 ppm
I20260630 12:24:53.687727  7192 server_base.cc:861] Flag tcmalloc_max_total_thread_cache_bytes is not working since tcmalloc is not enabled.
I20260630 12:24:53.689841  7192 webserver.cc:533] Webserver started at http://127.7.6.62:43677/ using document root <none> and password file <none>
I20260630 12:24:53.690407  7192 fs_manager.cc:362] Metadata directory not provided
I20260630 12:24:53.690604  7192 fs_manager.cc:368] Using write-ahead log directory (fs_wal_dir) as metadata directory
I20260630 12:24:53.690900  7192 server_base.cc:909] This appears to be a new deployment of Kudu; creating new FS layout
I20260630 12:24:53.691984  7192 fs_manager.cc:1068] Generated new instance metadata in path /tmp/dist-test-task_Nwj58/test-tmp/auto_rebalancer-test.0.AutoRebalancerTest.NextLeaderResumesAutoRebalancing.1782822277589457-7192-0/minicluster-data/master-0-root/instance:
uuid: "4069a225606d47d48ee9a1754ad0027e"
format_stamp: "Formatted at 2026-06-30 12:24:53 on dist-test-slave-1zhs"
I20260630 12:24:53.696060  7192 fs_manager.cc:696] Time spent creating directory manager: real 0.004s	user 0.005s	sys 0.000s
I20260630 12:24:53.698998  8283 log_block_manager.cc:4031] Time spent loading block containers with low live blocks: real 0.000s	user 0.000s	sys 0.000s
I20260630 12:24:53.699645  7192 fs_manager.cc:730] Time spent opening block manager: real 0.002s	user 0.003s	sys 0.000s
I20260630 12:24:53.699916  7192 fs_manager.cc:647] Opened local filesystem: /tmp/dist-test-task_Nwj58/test-tmp/auto_rebalancer-test.0.AutoRebalancerTest.NextLeaderResumesAutoRebalancing.1782822277589457-7192-0/minicluster-data/master-0-root
uuid: "4069a225606d47d48ee9a1754ad0027e"
format_stamp: "Formatted at 2026-06-30 12:24:53 on dist-test-slave-1zhs"
I20260630 12:24:53.700157  7192 fs_report.cc:389] FS layout report
--------------------
wal directory: /tmp/dist-test-task_Nwj58/test-tmp/auto_rebalancer-test.0.AutoRebalancerTest.NextLeaderResumesAutoRebalancing.1782822277589457-7192-0/minicluster-data/master-0-root
metadata directory: /tmp/dist-test-task_Nwj58/test-tmp/auto_rebalancer-test.0.AutoRebalancerTest.NextLeaderResumesAutoRebalancing.1782822277589457-7192-0/minicluster-data/master-0-root
1 data directories: /tmp/dist-test-task_Nwj58/test-tmp/auto_rebalancer-test.0.AutoRebalancerTest.NextLeaderResumesAutoRebalancing.1782822277589457-7192-0/minicluster-data/master-0-root/data
Total live blocks: 0
Total live bytes: 0
Total live bytes (after alignment): 0
Total number of LBM containers: 0 (0 full)
Did not check for missing blocks
Did not check for orphaned blocks
Total full LBM containers with extra space: 0 (0 repaired)
Total full LBM container extra space in bytes: 0 (0 repaired)
Total incomplete LBM containers: 0 (0 repaired)
Total LBM partial records: 0 (0 repaired)
Total corrupted LBM metadata records in RocksDB: 0 (0 repaired)
I20260630 12:24:53.723625  7192 rpc_server.cc:225] running with OpenSSL 1.1.1  11 Sep 2018
I20260630 12:24:53.724699  7192 kserver.cc:163] Server-wide thread pool size limit: 3276
I20260630 12:24:53.759508  7192 rpc_server.cc:307] RPC server started. Bound to: 127.7.6.62:32957
I20260630 12:24:53.759595  8334 acceptor_pool.cc:272] collecting diagnostics on the listening RPC socket 127.7.6.62:32957 every 8 connection(s)
I20260630 12:24:53.763263  8335 data_dirs.cc:400] Could only allocate 1 dirs of requested 3 for tablet 00000000000000000000000000000000. 1 dirs total, 0 dirs full, 0 dirs failed
I20260630 12:24:53.763543  7192 file_cache.cc:492] Constructed file cache file cache with capacity 419430
W20260630 12:24:53.768607  8337 instance_detector.cc:116] could not retrieve AWS instance metadata: Network error: curl error: HTTP response code said error: The requested URL returned error: 404
W20260630 12:24:53.768748  8338 instance_detector.cc:116] could not retrieve Azure instance metadata: Network error: curl error: HTTP response code said error: The requested URL returned error: 404
I20260630 12:24:53.770047  8335 sys_catalog.cc:422] member_type: VOTER last_known_addr { host: "127.7.6.62" port: 32957 } has no permanent_uuid. Determining permanent_uuid...
W20260630 12:24:53.772060  8340 instance_detector.cc:116] could not retrieve OpenStack instance metadata: Network error: curl error: HTTP response code said error: The requested URL returned error: 404
I20260630 12:24:53.772394  7192 server_base.cc:1061] running on GCE node
I20260630 12:24:53.773554  7192 hybrid_clock.cc:584] initializing the hybrid clock with 'system_unsync' time source
W20260630 12:24:53.773813  7192 system_unsync_time.cc:38] NTP support is disabled. Clock error bounds will not be accurate. This configuration is not suitable for distributed clusters.
I20260630 12:24:53.774024  7192 hybrid_clock.cc:648] HybridClock initialized: now 1782822293774005 us; error 0 us; skew 500 ppm
I20260630 12:24:53.774565  7192 server_base.cc:861] Flag tcmalloc_max_total_thread_cache_bytes is not working since tcmalloc is not enabled.
I20260630 12:24:53.777123  7192 webserver.cc:533] Webserver started at http://127.7.6.61:35721/ using document root <none> and password file <none>
I20260630 12:24:53.777560  7192 fs_manager.cc:362] Metadata directory not provided
I20260630 12:24:53.777735  7192 fs_manager.cc:368] Using write-ahead log directory (fs_wal_dir) as metadata directory
I20260630 12:24:53.777990  7192 server_base.cc:909] This appears to be a new deployment of Kudu; creating new FS layout
I20260630 12:24:53.779103  7192 fs_manager.cc:1068] Generated new instance metadata in path /tmp/dist-test-task_Nwj58/test-tmp/auto_rebalancer-test.0.AutoRebalancerTest.NextLeaderResumesAutoRebalancing.1782822277589457-7192-0/minicluster-data/master-1-root/instance:
uuid: "dc268cd60d774e1ba757126fc943cdad"
format_stamp: "Formatted at 2026-06-30 12:24:53 on dist-test-slave-1zhs"
I20260630 12:24:53.784176  8335 sys_catalog.cc:422] member_type: VOTER last_known_addr { host: "127.7.6.61" port: 43339 } has no permanent_uuid. Determining permanent_uuid...
I20260630 12:24:53.784526  7192 fs_manager.cc:696] Time spent creating directory manager: real 0.005s	user 0.006s	sys 0.000s
I20260630 12:24:53.788931  8348 log_block_manager.cc:4031] Time spent loading block containers with low live blocks: real 0.000s	user 0.000s	sys 0.000s
I20260630 12:24:53.789767  7192 fs_manager.cc:730] Time spent opening block manager: real 0.003s	user 0.002s	sys 0.000s
W20260630 12:24:53.789856  8335 consensus_peers.cc:760] Error getting permanent uuid from config peer 127.7.6.61:43339: Network error: Client connection negotiation failed: client connection to 127.7.6.61:43339: connect: Connection refused (error 111)
I20260630 12:24:53.790048  7192 fs_manager.cc:647] Opened local filesystem: /tmp/dist-test-task_Nwj58/test-tmp/auto_rebalancer-test.0.AutoRebalancerTest.NextLeaderResumesAutoRebalancing.1782822277589457-7192-0/minicluster-data/master-1-root
uuid: "dc268cd60d774e1ba757126fc943cdad"
format_stamp: "Formatted at 2026-06-30 12:24:53 on dist-test-slave-1zhs"
I20260630 12:24:53.790397  7192 fs_report.cc:389] FS layout report
--------------------
wal directory: /tmp/dist-test-task_Nwj58/test-tmp/auto_rebalancer-test.0.AutoRebalancerTest.NextLeaderResumesAutoRebalancing.1782822277589457-7192-0/minicluster-data/master-1-root
metadata directory: /tmp/dist-test-task_Nwj58/test-tmp/auto_rebalancer-test.0.AutoRebalancerTest.NextLeaderResumesAutoRebalancing.1782822277589457-7192-0/minicluster-data/master-1-root
1 data directories: /tmp/dist-test-task_Nwj58/test-tmp/auto_rebalancer-test.0.AutoRebalancerTest.NextLeaderResumesAutoRebalancing.1782822277589457-7192-0/minicluster-data/master-1-root/data
Total live blocks: 0
Total live bytes: 0
Total live bytes (after alignment): 0
Total number of LBM containers: 0 (0 full)
Did not check for missing blocks
Did not check for orphaned blocks
Total full LBM containers with extra space: 0 (0 repaired)
Total full LBM container extra space in bytes: 0 (0 repaired)
Total incomplete LBM containers: 0 (0 repaired)
Total LBM partial records: 0 (0 repaired)
Total corrupted LBM metadata records in RocksDB: 0 (0 repaired)
I20260630 12:24:53.808380  7192 rpc_server.cc:225] running with OpenSSL 1.1.1  11 Sep 2018
I20260630 12:24:53.809463  7192 kserver.cc:163] Server-wide thread pool size limit: 3276
I20260630 12:24:53.811409  8335 consensus_peers.cc:770] Retrying to get permanent uuid for remote peer: member_type: VOTER last_known_addr { host: "127.7.6.61" port: 43339 } attempt: 1
W20260630 12:24:53.815768  8335 consensus_peers.cc:760] Error getting permanent uuid from config peer 127.7.6.61:43339: Network error: Client connection negotiation failed: client connection to 127.7.6.61:43339: connect: Connection refused (error 111)
I20260630 12:24:53.847054  7192 rpc_server.cc:307] RPC server started. Bound to: 127.7.6.61:43339
I20260630 12:24:53.847172  8399 acceptor_pool.cc:272] collecting diagnostics on the listening RPC socket 127.7.6.61:43339 every 8 connection(s)
I20260630 12:24:53.850732  8400 data_dirs.cc:400] Could only allocate 1 dirs of requested 3 for tablet 00000000000000000000000000000000. 1 dirs total, 0 dirs full, 0 dirs failed
I20260630 12:24:53.850759  7192 file_cache.cc:492] Constructed file cache file cache with capacity 419430
I20260630 12:24:53.854174  8335 consensus_peers.cc:770] Retrying to get permanent uuid for remote peer: member_type: VOTER last_known_addr { host: "127.7.6.61" port: 43339 } attempt: 2
W20260630 12:24:53.857388  8402 instance_detector.cc:116] could not retrieve AWS instance metadata: Network error: curl error: HTTP response code said error: The requested URL returned error: 404
I20260630 12:24:53.859100  8400 sys_catalog.cc:422] member_type: VOTER last_known_addr { host: "127.7.6.62" port: 32957 } has no permanent_uuid. Determining permanent_uuid...
W20260630 12:24:53.860824  8403 instance_detector.cc:116] could not retrieve Azure instance metadata: Network error: curl error: HTTP response code said error: The requested URL returned error: 404
W20260630 12:24:53.872048  8408 instance_detector.cc:116] could not retrieve OpenStack instance metadata: Network error: curl error: HTTP response code said error: The requested URL returned error: 404
I20260630 12:24:53.872715  7192 server_base.cc:1061] running on GCE node
I20260630 12:24:53.873222  8335 sys_catalog.cc:422] member_type: VOTER last_known_addr { host: "127.7.6.60" port: 32959 } has no permanent_uuid. Determining permanent_uuid...
I20260630 12:24:53.873670  7192 hybrid_clock.cc:584] initializing the hybrid clock with 'system_unsync' time source
W20260630 12:24:53.873901  7192 system_unsync_time.cc:38] NTP support is disabled. Clock error bounds will not be accurate. This configuration is not suitable for distributed clusters.
I20260630 12:24:53.874130  7192 hybrid_clock.cc:648] HybridClock initialized: now 1782822293874084 us; error 0 us; skew 500 ppm
I20260630 12:24:53.875583  7192 server_base.cc:861] Flag tcmalloc_max_total_thread_cache_bytes is not working since tcmalloc is not enabled.
W20260630 12:24:53.878377  8335 consensus_peers.cc:760] Error getting permanent uuid from config peer 127.7.6.60:32959: Network error: Client connection negotiation failed: client connection to 127.7.6.60:32959: connect: Connection refused (error 111)
I20260630 12:24:53.878899  7192 webserver.cc:533] Webserver started at http://127.7.6.60:43965/ using document root <none> and password file <none>
I20260630 12:24:53.879585  7192 fs_manager.cc:362] Metadata directory not provided
I20260630 12:24:53.879806  7192 fs_manager.cc:368] Using write-ahead log directory (fs_wal_dir) as metadata directory
I20260630 12:24:53.880137  7192 server_base.cc:909] This appears to be a new deployment of Kudu; creating new FS layout
I20260630 12:24:53.881529  7192 fs_manager.cc:1068] Generated new instance metadata in path /tmp/dist-test-task_Nwj58/test-tmp/auto_rebalancer-test.0.AutoRebalancerTest.NextLeaderResumesAutoRebalancing.1782822277589457-7192-0/minicluster-data/master-2-root/instance:
uuid: "7e1a454d4bb644ca8266f99bc682e248"
format_stamp: "Formatted at 2026-06-30 12:24:53 on dist-test-slave-1zhs"
I20260630 12:24:53.882490  8400 sys_catalog.cc:422] member_type: VOTER last_known_addr { host: "127.7.6.61" port: 43339 } has no permanent_uuid. Determining permanent_uuid...
I20260630 12:24:53.886754  7192 fs_manager.cc:696] Time spent creating directory manager: real 0.005s	user 0.004s	sys 0.000s
I20260630 12:24:53.890511  8412 log_block_manager.cc:4031] Time spent loading block containers with low live blocks: real 0.000s	user 0.000s	sys 0.000s
I20260630 12:24:53.891357  7192 fs_manager.cc:730] Time spent opening block manager: real 0.002s	user 0.002s	sys 0.002s
I20260630 12:24:53.891692  7192 fs_manager.cc:647] Opened local filesystem: /tmp/dist-test-task_Nwj58/test-tmp/auto_rebalancer-test.0.AutoRebalancerTest.NextLeaderResumesAutoRebalancing.1782822277589457-7192-0/minicluster-data/master-2-root
uuid: "7e1a454d4bb644ca8266f99bc682e248"
format_stamp: "Formatted at 2026-06-30 12:24:53 on dist-test-slave-1zhs"
I20260630 12:24:53.892025  7192 fs_report.cc:389] FS layout report
--------------------
wal directory: /tmp/dist-test-task_Nwj58/test-tmp/auto_rebalancer-test.0.AutoRebalancerTest.NextLeaderResumesAutoRebalancing.1782822277589457-7192-0/minicluster-data/master-2-root
metadata directory: /tmp/dist-test-task_Nwj58/test-tmp/auto_rebalancer-test.0.AutoRebalancerTest.NextLeaderResumesAutoRebalancing.1782822277589457-7192-0/minicluster-data/master-2-root
1 data directories: /tmp/dist-test-task_Nwj58/test-tmp/auto_rebalancer-test.0.AutoRebalancerTest.NextLeaderResumesAutoRebalancing.1782822277589457-7192-0/minicluster-data/master-2-root/data
Total live blocks: 0
Total live bytes: 0
Total live bytes (after alignment): 0
Total number of LBM containers: 0 (0 full)
Did not check for missing blocks
Did not check for orphaned blocks
Total full LBM containers with extra space: 0 (0 repaired)
Total full LBM container extra space in bytes: 0 (0 repaired)
Total incomplete LBM containers: 0 (0 repaired)
Total LBM partial records: 0 (0 repaired)
Total corrupted LBM metadata records in RocksDB: 0 (0 repaired)
I20260630 12:24:53.892604  8400 sys_catalog.cc:422] member_type: VOTER last_known_addr { host: "127.7.6.60" port: 32959 } has no permanent_uuid. Determining permanent_uuid...
W20260630 12:24:53.898303  8400 consensus_peers.cc:760] Error getting permanent uuid from config peer 127.7.6.60:32959: Network error: Client connection negotiation failed: client connection to 127.7.6.60:32959: connect: Connection refused (error 111)
I20260630 12:24:53.920846  7192 rpc_server.cc:225] running with OpenSSL 1.1.1  11 Sep 2018
I20260630 12:24:53.921854  7192 kserver.cc:163] Server-wide thread pool size limit: 3276
I20260630 12:24:53.922827  8335 consensus_peers.cc:770] Retrying to get permanent uuid for remote peer: member_type: VOTER last_known_addr { host: "127.7.6.60" port: 32959 } attempt: 1
W20260630 12:24:53.927315  8335 consensus_peers.cc:760] Error getting permanent uuid from config peer 127.7.6.60:32959: Network error: Client connection negotiation failed: client connection to 127.7.6.60:32959: connect: Connection refused (error 111)
I20260630 12:24:53.953739  8400 consensus_peers.cc:770] Retrying to get permanent uuid for remote peer: member_type: VOTER last_known_addr { host: "127.7.6.60" port: 32959 } attempt: 1
W20260630 12:24:53.958531  8400 consensus_peers.cc:760] Error getting permanent uuid from config peer 127.7.6.60:32959: Network error: Client connection negotiation failed: client connection to 127.7.6.60:32959: connect: Connection refused (error 111)
I20260630 12:24:53.959841  7192 rpc_server.cc:307] RPC server started. Bound to: 127.7.6.60:32959
I20260630 12:24:53.959942  8464 acceptor_pool.cc:272] collecting diagnostics on the listening RPC socket 127.7.6.60:32959 every 8 connection(s)
I20260630 12:24:53.962787  7192 internal_mini_cluster.cc:184] Waiting to initialize catalog manager on master 0
I20260630 12:24:53.963392  8465 data_dirs.cc:400] Could only allocate 1 dirs of requested 3 for tablet 00000000000000000000000000000000. 1 dirs total, 0 dirs full, 0 dirs failed
I20260630 12:24:53.968783  8465 sys_catalog.cc:422] member_type: VOTER last_known_addr { host: "127.7.6.62" port: 32957 } has no permanent_uuid. Determining permanent_uuid...
I20260630 12:24:53.979538  8465 sys_catalog.cc:422] member_type: VOTER last_known_addr { host: "127.7.6.61" port: 43339 } has no permanent_uuid. Determining permanent_uuid...
I20260630 12:24:53.988575  8465 sys_catalog.cc:422] member_type: VOTER last_known_addr { host: "127.7.6.60" port: 32959 } has no permanent_uuid. Determining permanent_uuid...
I20260630 12:24:53.988667  8335 consensus_peers.cc:770] Retrying to get permanent uuid for remote peer: member_type: VOTER last_known_addr { host: "127.7.6.60" port: 32959 } attempt: 2
I20260630 12:24:53.991935  8400 consensus_peers.cc:770] Retrying to get permanent uuid for remote peer: member_type: VOTER last_known_addr { host: "127.7.6.60" port: 32959 } attempt: 2
I20260630 12:24:54.009155  8335 tablet_bootstrap.cc:492] T 00000000000000000000000000000000 P 4069a225606d47d48ee9a1754ad0027e: Bootstrap starting.
I20260630 12:24:54.011495  8400 tablet_bootstrap.cc:492] T 00000000000000000000000000000000 P dc268cd60d774e1ba757126fc943cdad: Bootstrap starting.
I20260630 12:24:54.011642  8465 tablet_bootstrap.cc:492] T 00000000000000000000000000000000 P 7e1a454d4bb644ca8266f99bc682e248: Bootstrap starting.
I20260630 12:24:54.015770  8400 tablet_bootstrap.cc:654] T 00000000000000000000000000000000 P dc268cd60d774e1ba757126fc943cdad: Neither blocks nor log segments found. Creating new log.
I20260630 12:24:54.015825  8335 tablet_bootstrap.cc:654] T 00000000000000000000000000000000 P 4069a225606d47d48ee9a1754ad0027e: Neither blocks nor log segments found. Creating new log.
I20260630 12:24:54.017964  8465 tablet_bootstrap.cc:654] T 00000000000000000000000000000000 P 7e1a454d4bb644ca8266f99bc682e248: Neither blocks nor log segments found. Creating new log.
I20260630 12:24:54.020560  8400 tablet_bootstrap.cc:492] T 00000000000000000000000000000000 P dc268cd60d774e1ba757126fc943cdad: No bootstrap required, opened a new log
I20260630 12:24:54.022217  8335 tablet_bootstrap.cc:492] T 00000000000000000000000000000000 P 4069a225606d47d48ee9a1754ad0027e: No bootstrap required, opened a new log
I20260630 12:24:54.023136  8465 tablet_bootstrap.cc:492] T 00000000000000000000000000000000 P 7e1a454d4bb644ca8266f99bc682e248: No bootstrap required, opened a new log
I20260630 12:24:54.023226  8400 raft_consensus.cc:359] T 00000000000000000000000000000000 P dc268cd60d774e1ba757126fc943cdad [term 0 FOLLOWER]: Replica starting. Triggering 0 pending ops. Active config: opid_index: -1 OBSOLETE_local: false peers { permanent_uuid: "4069a225606d47d48ee9a1754ad0027e" member_type: VOTER last_known_addr { host: "127.7.6.62" port: 32957 } } peers { permanent_uuid: "dc268cd60d774e1ba757126fc943cdad" member_type: VOTER last_known_addr { host: "127.7.6.61" port: 43339 } } peers { permanent_uuid: "7e1a454d4bb644ca8266f99bc682e248" member_type: VOTER last_known_addr { host: "127.7.6.60" port: 32959 } }
I20260630 12:24:54.024001  8400 raft_consensus.cc:385] T 00000000000000000000000000000000 P dc268cd60d774e1ba757126fc943cdad [term 0 FOLLOWER]: Consensus starting up: Expiring failure detector timer to make a prompt election more likely
I20260630 12:24:54.024292  8400 raft_consensus.cc:740] T 00000000000000000000000000000000 P dc268cd60d774e1ba757126fc943cdad [term 0 FOLLOWER]: Becoming Follower/Learner. State: Replica: dc268cd60d774e1ba757126fc943cdad, State: Initialized, Role: FOLLOWER
I20260630 12:24:54.024223  8335 raft_consensus.cc:359] T 00000000000000000000000000000000 P 4069a225606d47d48ee9a1754ad0027e [term 0 FOLLOWER]: Replica starting. Triggering 0 pending ops. Active config: opid_index: -1 OBSOLETE_local: false peers { permanent_uuid: "4069a225606d47d48ee9a1754ad0027e" member_type: VOTER last_known_addr { host: "127.7.6.62" port: 32957 } } peers { permanent_uuid: "dc268cd60d774e1ba757126fc943cdad" member_type: VOTER last_known_addr { host: "127.7.6.61" port: 43339 } } peers { permanent_uuid: "7e1a454d4bb644ca8266f99bc682e248" member_type: VOTER last_known_addr { host: "127.7.6.60" port: 32959 } }
I20260630 12:24:54.024997  8335 raft_consensus.cc:385] T 00000000000000000000000000000000 P 4069a225606d47d48ee9a1754ad0027e [term 0 FOLLOWER]: Consensus starting up: Expiring failure detector timer to make a prompt election more likely
I20260630 12:24:54.025332  8335 raft_consensus.cc:740] T 00000000000000000000000000000000 P 4069a225606d47d48ee9a1754ad0027e [term 0 FOLLOWER]: Becoming Follower/Learner. State: Replica: 4069a225606d47d48ee9a1754ad0027e, State: Initialized, Role: FOLLOWER
I20260630 12:24:54.025219  8400 consensus_queue.cc:260] T 00000000000000000000000000000000 P dc268cd60d774e1ba757126fc943cdad [NON_LEADER]: Queue going to NON_LEADER mode. State: All replicated index: 0, Majority replicated index: 0, Committed index: 0, Last appended: 0.0, Last appended by leader: 0, Current term: 0, Majority size: -1, State: 0, Mode: NON_LEADER, active raft config: opid_index: -1 OBSOLETE_local: false peers { permanent_uuid: "4069a225606d47d48ee9a1754ad0027e" member_type: VOTER last_known_addr { host: "127.7.6.62" port: 32957 } } peers { permanent_uuid: "dc268cd60d774e1ba757126fc943cdad" member_type: VOTER last_known_addr { host: "127.7.6.61" port: 43339 } } peers { permanent_uuid: "7e1a454d4bb644ca8266f99bc682e248" member_type: VOTER last_known_addr { host: "127.7.6.60" port: 32959 } }
I20260630 12:24:54.025800  8465 raft_consensus.cc:359] T 00000000000000000000000000000000 P 7e1a454d4bb644ca8266f99bc682e248 [term 0 FOLLOWER]: Replica starting. Triggering 0 pending ops. Active config: opid_index: -1 OBSOLETE_local: false peers { permanent_uuid: "4069a225606d47d48ee9a1754ad0027e" member_type: VOTER last_known_addr { host: "127.7.6.62" port: 32957 } } peers { permanent_uuid: "dc268cd60d774e1ba757126fc943cdad" member_type: VOTER last_known_addr { host: "127.7.6.61" port: 43339 } } peers { permanent_uuid: "7e1a454d4bb644ca8266f99bc682e248" member_type: VOTER last_known_addr { host: "127.7.6.60" port: 32959 } }
I20260630 12:24:54.026031  8335 consensus_queue.cc:260] T 00000000000000000000000000000000 P 4069a225606d47d48ee9a1754ad0027e [NON_LEADER]: Queue going to NON_LEADER mode. State: All replicated index: 0, Majority replicated index: 0, Committed index: 0, Last appended: 0.0, Last appended by leader: 0, Current term: 0, Majority size: -1, State: 0, Mode: NON_LEADER, active raft config: opid_index: -1 OBSOLETE_local: false peers { permanent_uuid: "4069a225606d47d48ee9a1754ad0027e" member_type: VOTER last_known_addr { host: "127.7.6.62" port: 32957 } } peers { permanent_uuid: "dc268cd60d774e1ba757126fc943cdad" member_type: VOTER last_known_addr { host: "127.7.6.61" port: 43339 } } peers { permanent_uuid: "7e1a454d4bb644ca8266f99bc682e248" member_type: VOTER last_known_addr { host: "127.7.6.60" port: 32959 } }
I20260630 12:24:54.026573  8465 raft_consensus.cc:385] T 00000000000000000000000000000000 P 7e1a454d4bb644ca8266f99bc682e248 [term 0 FOLLOWER]: Consensus starting up: Expiring failure detector timer to make a prompt election more likely
