I20260630 12:26:02.889580 10307 raft_consensus.cc:1275] T b7a2cc0eb27f46c4888bb798aa1a798d P c263b40e01ae49aeb57fe601794a1a1e [term 1 FOLLOWER]: Refusing update from remote peer 298978fee4ca4dffa7831ed478883e20: Log matching property violated. Preceding OpId in replica: term: 1 index: 2. Preceding OpId from leader: term: 1 index: 3. (index mismatch)
I20260630 12:26:02.892349 10232 raft_consensus.cc:1275] T b7a2cc0eb27f46c4888bb798aa1a798d P 1821e4125fe648d1b13c74f2d162fb3c [term 1 FOLLOWER]: Refusing update from remote peer 298978fee4ca4dffa7831ed478883e20: Log matching property violated. Preceding OpId in replica: term: 1 index: 2. Preceding OpId from leader: term: 1 index: 3. (index mismatch)
I20260630 12:26:02.891700 10612 raft_consensus.cc:2955] T 78240c8ae74641848814ebc73fe2e0eb P c263b40e01ae49aeb57fe601794a1a1e [term 1 LEADER]: Committing config change with OpId 1.3: config changed from index 2 to 3, fca1297babf443dabf30a17a1efb9276 (127.7.6.4) changed from NON_VOTER to VOTER. New config: { opid_index: 3 OBSOLETE_local: false peers { permanent_uuid: "298978fee4ca4dffa7831ed478883e20" member_type: VOTER last_known_addr { host: "127.7.6.1" port: 41267 } attrs { replace: true } } peers { permanent_uuid: "1821e4125fe648d1b13c74f2d162fb3c" member_type: VOTER last_known_addr { host: "127.7.6.2" port: 41955 } } peers { permanent_uuid: "c263b40e01ae49aeb57fe601794a1a1e" member_type: VOTER last_known_addr { host: "127.7.6.3" port: 40485 } } peers { permanent_uuid: "fca1297babf443dabf30a17a1efb9276" member_type: VOTER last_known_addr { host: "127.7.6.4" port: 43997 } attrs { promote: false } } }
I20260630 12:26:02.895797 10471 raft_consensus.cc:1275] T b7a2cc0eb27f46c4888bb798aa1a798d P fca1297babf443dabf30a17a1efb9276 [term 1 LEARNER]: Refusing update from remote peer 298978fee4ca4dffa7831ed478883e20: Log matching property violated. Preceding OpId in replica: term: 1 index: 2. Preceding OpId from leader: term: 1 index: 3. (index mismatch)
I20260630 12:26:02.896692 10416 consensus_queue.cc:1048] T b7a2cc0eb27f46c4888bb798aa1a798d P 298978fee4ca4dffa7831ed478883e20 [LEADER]: Connected to new peer: Peer: permanent_uuid: "1821e4125fe648d1b13c74f2d162fb3c" member_type: VOTER last_known_addr { host: "127.7.6.2" port: 41955 }, Status: LMP_MISMATCH, Last received: 0.0, Next index: 3, Last known committed idx: 2, Time since last communication: 0.000s
I20260630 12:26:02.894181 10158 raft_consensus.cc:2955] T 78240c8ae74641848814ebc73fe2e0eb P 298978fee4ca4dffa7831ed478883e20 [term 1 FOLLOWER]: Committing config change with OpId 1.3: config changed from index 2 to 3, fca1297babf443dabf30a17a1efb9276 (127.7.6.4) changed from NON_VOTER to VOTER. New config: { opid_index: 3 OBSOLETE_local: false peers { permanent_uuid: "298978fee4ca4dffa7831ed478883e20" member_type: VOTER last_known_addr { host: "127.7.6.1" port: 41267 } attrs { replace: true } } peers { permanent_uuid: "1821e4125fe648d1b13c74f2d162fb3c" member_type: VOTER last_known_addr { host: "127.7.6.2" port: 41955 } } peers { permanent_uuid: "c263b40e01ae49aeb57fe601794a1a1e" member_type: VOTER last_known_addr { host: "127.7.6.3" port: 40485 } } peers { permanent_uuid: "fca1297babf443dabf30a17a1efb9276" member_type: VOTER last_known_addr { host: "127.7.6.4" port: 43997 } attrs { promote: false } } }
I20260630 12:26:02.898739 10359 consensus_queue.cc:1048] T b7a2cc0eb27f46c4888bb798aa1a798d P 298978fee4ca4dffa7831ed478883e20 [LEADER]: Connected to new peer: Peer: permanent_uuid: "fca1297babf443dabf30a17a1efb9276" member_type: VOTER last_known_addr { host: "127.7.6.4" port: 43997 } attrs { promote: false }, Status: LMP_MISMATCH, Last received: 0.0, Next index: 3, Last known committed idx: 2, Time since last communication: 0.000s
I20260630 12:26:02.895999 10232 raft_consensus.cc:2955] T 78240c8ae74641848814ebc73fe2e0eb P 1821e4125fe648d1b13c74f2d162fb3c [term 1 FOLLOWER]: Committing config change with OpId 1.3: config changed from index 2 to 3, fca1297babf443dabf30a17a1efb9276 (127.7.6.4) changed from NON_VOTER to VOTER. New config: { opid_index: 3 OBSOLETE_local: false peers { permanent_uuid: "298978fee4ca4dffa7831ed478883e20" member_type: VOTER last_known_addr { host: "127.7.6.1" port: 41267 } attrs { replace: true } } peers { permanent_uuid: "1821e4125fe648d1b13c74f2d162fb3c" member_type: VOTER last_known_addr { host: "127.7.6.2" port: 41955 } } peers { permanent_uuid: "c263b40e01ae49aeb57fe601794a1a1e" member_type: VOTER last_known_addr { host: "127.7.6.3" port: 40485 } } peers { permanent_uuid: "fca1297babf443dabf30a17a1efb9276" member_type: VOTER last_known_addr { host: "127.7.6.4" port: 43997 } attrs { promote: false } } }
I20260630 12:26:02.903144 10390 consensus_queue.cc:1048] T b7a2cc0eb27f46c4888bb798aa1a798d P 298978fee4ca4dffa7831ed478883e20 [LEADER]: Connected to new peer: Peer: permanent_uuid: "c263b40e01ae49aeb57fe601794a1a1e" member_type: VOTER last_known_addr { host: "127.7.6.3" port: 40485 } attrs { replace: true }, Status: LMP_MISMATCH, Last received: 0.0, Next index: 3, Last known committed idx: 2, Time since last communication: 0.000s
I20260630 12:26:02.911369 10055 catalog_manager.cc:5697] T 78240c8ae74641848814ebc73fe2e0eb P 1821e4125fe648d1b13c74f2d162fb3c reported cstate change: config changed from index 2 to 3, fca1297babf443dabf30a17a1efb9276 (127.7.6.4) changed from NON_VOTER to VOTER. New cstate: current_term: 1 leader_uuid: "c263b40e01ae49aeb57fe601794a1a1e" committed_config { opid_index: 3 OBSOLETE_local: false peers { permanent_uuid: "298978fee4ca4dffa7831ed478883e20" member_type: VOTER last_known_addr { host: "127.7.6.1" port: 41267 } attrs { replace: true } } peers { permanent_uuid: "1821e4125fe648d1b13c74f2d162fb3c" member_type: VOTER last_known_addr { host: "127.7.6.2" port: 41955 } } peers { permanent_uuid: "c263b40e01ae49aeb57fe601794a1a1e" member_type: VOTER last_known_addr { host: "127.7.6.3" port: 40485 } } peers { permanent_uuid: "fca1297babf443dabf30a17a1efb9276" member_type: VOTER last_known_addr { host: "127.7.6.4" port: 43997 } attrs { promote: false } } }
I20260630 12:26:02.912408 10470 raft_consensus.cc:2955] T 78240c8ae74641848814ebc73fe2e0eb P fca1297babf443dabf30a17a1efb9276 [term 1 FOLLOWER]: Committing config change with OpId 1.3: config changed from index 2 to 3, fca1297babf443dabf30a17a1efb9276 (127.7.6.4) changed from NON_VOTER to VOTER. New config: { opid_index: 3 OBSOLETE_local: false peers { permanent_uuid: "298978fee4ca4dffa7831ed478883e20" member_type: VOTER last_known_addr { host: "127.7.6.1" port: 41267 } attrs { replace: true } } peers { permanent_uuid: "1821e4125fe648d1b13c74f2d162fb3c" member_type: VOTER last_known_addr { host: "127.7.6.2" port: 41955 } } peers { permanent_uuid: "c263b40e01ae49aeb57fe601794a1a1e" member_type: VOTER last_known_addr { host: "127.7.6.3" port: 40485 } } peers { permanent_uuid: "fca1297babf443dabf30a17a1efb9276" member_type: VOTER last_known_addr { host: "127.7.6.4" port: 43997 } attrs { promote: false } } }
I20260630 12:26:02.919613 10416 raft_consensus.cc:2955] T b7a2cc0eb27f46c4888bb798aa1a798d P 298978fee4ca4dffa7831ed478883e20 [term 1 LEADER]: Committing config change with OpId 1.3: config changed from index 2 to 3, fca1297babf443dabf30a17a1efb9276 (127.7.6.4) changed from NON_VOTER to VOTER. New config: { opid_index: 3 OBSOLETE_local: false peers { permanent_uuid: "298978fee4ca4dffa7831ed478883e20" member_type: VOTER last_known_addr { host: "127.7.6.1" port: 41267 } } peers { permanent_uuid: "1821e4125fe648d1b13c74f2d162fb3c" member_type: VOTER last_known_addr { host: "127.7.6.2" port: 41955 } } peers { permanent_uuid: "c263b40e01ae49aeb57fe601794a1a1e" member_type: VOTER last_known_addr { host: "127.7.6.3" port: 40485 } attrs { replace: true } } peers { permanent_uuid: "fca1297babf443dabf30a17a1efb9276" member_type: VOTER last_known_addr { host: "127.7.6.4" port: 43997 } attrs { promote: false } } }
I20260630 12:26:02.928117 10233 raft_consensus.cc:2955] T b7a2cc0eb27f46c4888bb798aa1a798d P 1821e4125fe648d1b13c74f2d162fb3c [term 1 FOLLOWER]: Committing config change with OpId 1.3: config changed from index 2 to 3, fca1297babf443dabf30a17a1efb9276 (127.7.6.4) changed from NON_VOTER to VOTER. New config: { opid_index: 3 OBSOLETE_local: false peers { permanent_uuid: "298978fee4ca4dffa7831ed478883e20" member_type: VOTER last_known_addr { host: "127.7.6.1" port: 41267 } } peers { permanent_uuid: "1821e4125fe648d1b13c74f2d162fb3c" member_type: VOTER last_known_addr { host: "127.7.6.2" port: 41955 } } peers { permanent_uuid: "c263b40e01ae49aeb57fe601794a1a1e" member_type: VOTER last_known_addr { host: "127.7.6.3" port: 40485 } attrs { replace: true } } peers { permanent_uuid: "fca1297babf443dabf30a17a1efb9276" member_type: VOTER last_known_addr { host: "127.7.6.4" port: 43997 } attrs { promote: false } } }
I20260630 12:26:02.938452 10307 raft_consensus.cc:2955] T b7a2cc0eb27f46c4888bb798aa1a798d P c263b40e01ae49aeb57fe601794a1a1e [term 1 FOLLOWER]: Committing config change with OpId 1.3: config changed from index 2 to 3, fca1297babf443dabf30a17a1efb9276 (127.7.6.4) changed from NON_VOTER to VOTER. New config: { opid_index: 3 OBSOLETE_local: false peers { permanent_uuid: "298978fee4ca4dffa7831ed478883e20" member_type: VOTER last_known_addr { host: "127.7.6.1" port: 41267 } } peers { permanent_uuid: "1821e4125fe648d1b13c74f2d162fb3c" member_type: VOTER last_known_addr { host: "127.7.6.2" port: 41955 } } peers { permanent_uuid: "c263b40e01ae49aeb57fe601794a1a1e" member_type: VOTER last_known_addr { host: "127.7.6.3" port: 40485 } attrs { replace: true } } peers { permanent_uuid: "fca1297babf443dabf30a17a1efb9276" member_type: VOTER last_known_addr { host: "127.7.6.4" port: 43997 } attrs { promote: false } } }
I20260630 12:26:02.967849 10470 raft_consensus.cc:2955] T b7a2cc0eb27f46c4888bb798aa1a798d P fca1297babf443dabf30a17a1efb9276 [term 1 FOLLOWER]: Committing config change with OpId 1.3: config changed from index 2 to 3, fca1297babf443dabf30a17a1efb9276 (127.7.6.4) changed from NON_VOTER to VOTER. New config: { opid_index: 3 OBSOLETE_local: false peers { permanent_uuid: "298978fee4ca4dffa7831ed478883e20" member_type: VOTER last_known_addr { host: "127.7.6.1" port: 41267 } } peers { permanent_uuid: "1821e4125fe648d1b13c74f2d162fb3c" member_type: VOTER last_known_addr { host: "127.7.6.2" port: 41955 } } peers { permanent_uuid: "c263b40e01ae49aeb57fe601794a1a1e" member_type: VOTER last_known_addr { host: "127.7.6.3" port: 40485 } attrs { replace: true } } peers { permanent_uuid: "fca1297babf443dabf30a17a1efb9276" member_type: VOTER last_known_addr { host: "127.7.6.4" port: 43997 } attrs { promote: false } } }
I20260630 12:26:02.979969 10055 catalog_manager.cc:5697] T b7a2cc0eb27f46c4888bb798aa1a798d P 1821e4125fe648d1b13c74f2d162fb3c reported cstate change: config changed from index 2 to 3, fca1297babf443dabf30a17a1efb9276 (127.7.6.4) changed from NON_VOTER to VOTER. New cstate: current_term: 1 leader_uuid: "298978fee4ca4dffa7831ed478883e20" committed_config { opid_index: 3 OBSOLETE_local: false peers { permanent_uuid: "298978fee4ca4dffa7831ed478883e20" member_type: VOTER last_known_addr { host: "127.7.6.1" port: 41267 } } peers { permanent_uuid: "1821e4125fe648d1b13c74f2d162fb3c" member_type: VOTER last_known_addr { host: "127.7.6.2" port: 41955 } } peers { permanent_uuid: "c263b40e01ae49aeb57fe601794a1a1e" member_type: VOTER last_known_addr { host: "127.7.6.3" port: 40485 } attrs { replace: true } } peers { permanent_uuid: "fca1297babf443dabf30a17a1efb9276" member_type: VOTER last_known_addr { host: "127.7.6.4" port: 43997 } attrs { promote: false } } }
I20260630 12:26:02.984292 10307 consensus_queue.cc:237] T 78240c8ae74641848814ebc73fe2e0eb P c263b40e01ae49aeb57fe601794a1a1e [LEADER]: Queue going to LEADER mode. State: All replicated index: 0, Majority replicated index: 3, Committed index: 3, Last appended: 1.3, Last appended by leader: 0, Current term: 1, Majority size: 2, State: 0, Mode: LEADER, active raft config: opid_index: 4 OBSOLETE_local: false peers { permanent_uuid: "1821e4125fe648d1b13c74f2d162fb3c" member_type: VOTER last_known_addr { host: "127.7.6.2" port: 41955 } } peers { permanent_uuid: "c263b40e01ae49aeb57fe601794a1a1e" member_type: VOTER last_known_addr { host: "127.7.6.3" port: 40485 } } peers { permanent_uuid: "fca1297babf443dabf30a17a1efb9276" member_type: VOTER last_known_addr { host: "127.7.6.4" port: 43997 } attrs { promote: false } }
I20260630 12:26:02.989004 10470 raft_consensus.cc:1275] T 78240c8ae74641848814ebc73fe2e0eb P fca1297babf443dabf30a17a1efb9276 [term 1 FOLLOWER]: Refusing update from remote peer c263b40e01ae49aeb57fe601794a1a1e: Log matching property violated. Preceding OpId in replica: term: 1 index: 3. Preceding OpId from leader: term: 1 index: 4. (index mismatch)
I20260630 12:26:02.989198 10233 raft_consensus.cc:1275] T 78240c8ae74641848814ebc73fe2e0eb P 1821e4125fe648d1b13c74f2d162fb3c [term 1 FOLLOWER]: Refusing update from remote peer c263b40e01ae49aeb57fe601794a1a1e: Log matching property violated. Preceding OpId in replica: term: 1 index: 3. Preceding OpId from leader: term: 1 index: 4. (index mismatch)
I20260630 12:26:02.990393 10614 consensus_queue.cc:1048] T 78240c8ae74641848814ebc73fe2e0eb P c263b40e01ae49aeb57fe601794a1a1e [LEADER]: Connected to new peer: Peer: permanent_uuid: "fca1297babf443dabf30a17a1efb9276" member_type: VOTER last_known_addr { host: "127.7.6.4" port: 43997 } attrs { promote: false }, Status: LMP_MISMATCH, Last received: 0.0, Next index: 4, Last known committed idx: 3, Time since last communication: 0.000s
I20260630 12:26:02.991492 10612 consensus_queue.cc:1048] T 78240c8ae74641848814ebc73fe2e0eb P c263b40e01ae49aeb57fe601794a1a1e [LEADER]: Connected to new peer: Peer: permanent_uuid: "1821e4125fe648d1b13c74f2d162fb3c" member_type: VOTER last_known_addr { host: "127.7.6.2" port: 41955 }, Status: LMP_MISMATCH, Last received: 0.0, Next index: 4, Last known committed idx: 3, Time since last communication: 0.000s
I20260630 12:26:02.997761 10158 consensus_queue.cc:237] T b7a2cc0eb27f46c4888bb798aa1a798d P 298978fee4ca4dffa7831ed478883e20 [LEADER]: Queue going to LEADER mode. State: All replicated index: 0, Majority replicated index: 3, Committed index: 3, Last appended: 1.3, Last appended by leader: 0, Current term: 1, Majority size: 2, State: 0, Mode: LEADER, active raft config: opid_index: 4 OBSOLETE_local: false peers { permanent_uuid: "298978fee4ca4dffa7831ed478883e20" member_type: VOTER last_known_addr { host: "127.7.6.1" port: 41267 } } peers { permanent_uuid: "1821e4125fe648d1b13c74f2d162fb3c" member_type: VOTER last_known_addr { host: "127.7.6.2" port: 41955 } } peers { permanent_uuid: "fca1297babf443dabf30a17a1efb9276" member_type: VOTER last_known_addr { host: "127.7.6.4" port: 43997 } attrs { promote: false } }
I20260630 12:26:03.000617 10471 raft_consensus.cc:2955] T 78240c8ae74641848814ebc73fe2e0eb P fca1297babf443dabf30a17a1efb9276 [term 1 FOLLOWER]: Committing config change with OpId 1.4: config changed from index 3 to 4, VOTER 298978fee4ca4dffa7831ed478883e20 (127.7.6.1) evicted. New config: { opid_index: 4 OBSOLETE_local: false peers { permanent_uuid: "1821e4125fe648d1b13c74f2d162fb3c" member_type: VOTER last_known_addr { host: "127.7.6.2" port: 41955 } } peers { permanent_uuid: "c263b40e01ae49aeb57fe601794a1a1e" member_type: VOTER last_known_addr { host: "127.7.6.3" port: 40485 } } peers { permanent_uuid: "fca1297babf443dabf30a17a1efb9276" member_type: VOTER last_known_addr { host: "127.7.6.4" port: 43997 } attrs { promote: false } } }
I20260630 12:26:03.004392 10233 raft_consensus.cc:2955] T 78240c8ae74641848814ebc73fe2e0eb P 1821e4125fe648d1b13c74f2d162fb3c [term 1 FOLLOWER]: Committing config change with OpId 1.4: config changed from index 3 to 4, VOTER 298978fee4ca4dffa7831ed478883e20 (127.7.6.1) evicted. New config: { opid_index: 4 OBSOLETE_local: false peers { permanent_uuid: "1821e4125fe648d1b13c74f2d162fb3c" member_type: VOTER last_known_addr { host: "127.7.6.2" port: 41955 } } peers { permanent_uuid: "c263b40e01ae49aeb57fe601794a1a1e" member_type: VOTER last_known_addr { host: "127.7.6.3" port: 40485 } } peers { permanent_uuid: "fca1297babf443dabf30a17a1efb9276" member_type: VOTER last_known_addr { host: "127.7.6.4" port: 43997 } attrs { promote: false } } }
I20260630 12:26:03.005553 10470 raft_consensus.cc:1275] T b7a2cc0eb27f46c4888bb798aa1a798d P fca1297babf443dabf30a17a1efb9276 [term 1 FOLLOWER]: Refusing update from remote peer 298978fee4ca4dffa7831ed478883e20: Log matching property violated. Preceding OpId in replica: term: 1 index: 3. Preceding OpId from leader: term: 1 index: 4. (index mismatch)
I20260630 12:26:03.006822 10232 raft_consensus.cc:1275] T b7a2cc0eb27f46c4888bb798aa1a798d P 1821e4125fe648d1b13c74f2d162fb3c [term 1 FOLLOWER]: Refusing update from remote peer 298978fee4ca4dffa7831ed478883e20: Log matching property violated. Preceding OpId in replica: term: 1 index: 3. Preceding OpId from leader: term: 1 index: 4. (index mismatch)
I20260630 12:26:03.007267 10359 consensus_queue.cc:1048] T b7a2cc0eb27f46c4888bb798aa1a798d P 298978fee4ca4dffa7831ed478883e20 [LEADER]: Connected to new peer: Peer: permanent_uuid: "fca1297babf443dabf30a17a1efb9276" member_type: VOTER last_known_addr { host: "127.7.6.4" port: 43997 } attrs { promote: false }, Status: LMP_MISMATCH, Last received: 0.0, Next index: 4, Last known committed idx: 3, Time since last communication: 0.000s
I20260630 12:26:03.007622 10608 raft_consensus.cc:2955] T 78240c8ae74641848814ebc73fe2e0eb P c263b40e01ae49aeb57fe601794a1a1e [term 1 LEADER]: Committing config change with OpId 1.4: config changed from index 3 to 4, VOTER 298978fee4ca4dffa7831ed478883e20 (127.7.6.1) evicted. New config: { opid_index: 4 OBSOLETE_local: false peers { permanent_uuid: "1821e4125fe648d1b13c74f2d162fb3c" member_type: VOTER last_known_addr { host: "127.7.6.2" port: 41955 } } peers { permanent_uuid: "c263b40e01ae49aeb57fe601794a1a1e" member_type: VOTER last_known_addr { host: "127.7.6.3" port: 40485 } } peers { permanent_uuid: "fca1297babf443dabf30a17a1efb9276" member_type: VOTER last_known_addr { host: "127.7.6.4" port: 43997 } attrs { promote: false } } }
I20260630 12:26:03.008589 10390 consensus_queue.cc:1048] T b7a2cc0eb27f46c4888bb798aa1a798d P 298978fee4ca4dffa7831ed478883e20 [LEADER]: Connected to new peer: Peer: permanent_uuid: "1821e4125fe648d1b13c74f2d162fb3c" member_type: VOTER last_known_addr { host: "127.7.6.2" port: 41955 }, Status: LMP_MISMATCH, Last received: 0.0, Next index: 4, Last known committed idx: 3, Time since last communication: 0.000s
I20260630 12:26:03.019557 10390 raft_consensus.cc:2955] T b7a2cc0eb27f46c4888bb798aa1a798d P 298978fee4ca4dffa7831ed478883e20 [term 1 LEADER]: Committing config change with OpId 1.4: config changed from index 3 to 4, VOTER c263b40e01ae49aeb57fe601794a1a1e (127.7.6.3) evicted. New config: { opid_index: 4 OBSOLETE_local: false peers { permanent_uuid: "298978fee4ca4dffa7831ed478883e20" member_type: VOTER last_known_addr { host: "127.7.6.1" port: 41267 } } peers { permanent_uuid: "1821e4125fe648d1b13c74f2d162fb3c" member_type: VOTER last_known_addr { host: "127.7.6.2" port: 41955 } } peers { permanent_uuid: "fca1297babf443dabf30a17a1efb9276" member_type: VOTER last_known_addr { host: "127.7.6.4" port: 43997 } attrs { promote: false } } }
I20260630 12:26:03.022353 10231 raft_consensus.cc:2955] T b7a2cc0eb27f46c4888bb798aa1a798d P 1821e4125fe648d1b13c74f2d162fb3c [term 1 FOLLOWER]: Committing config change with OpId 1.4: config changed from index 3 to 4, VOTER c263b40e01ae49aeb57fe601794a1a1e (127.7.6.3) evicted. New config: { opid_index: 4 OBSOLETE_local: false peers { permanent_uuid: "298978fee4ca4dffa7831ed478883e20" member_type: VOTER last_known_addr { host: "127.7.6.1" port: 41267 } } peers { permanent_uuid: "1821e4125fe648d1b13c74f2d162fb3c" member_type: VOTER last_known_addr { host: "127.7.6.2" port: 41955 } } peers { permanent_uuid: "fca1297babf443dabf30a17a1efb9276" member_type: VOTER last_known_addr { host: "127.7.6.4" port: 43997 } attrs { promote: false } } }
I20260630 12:26:03.025130 10469 raft_consensus.cc:2955] T b7a2cc0eb27f46c4888bb798aa1a798d P fca1297babf443dabf30a17a1efb9276 [term 1 FOLLOWER]: Committing config change with OpId 1.4: config changed from index 3 to 4, VOTER c263b40e01ae49aeb57fe601794a1a1e (127.7.6.3) evicted. New config: { opid_index: 4 OBSOLETE_local: false peers { permanent_uuid: "298978fee4ca4dffa7831ed478883e20" member_type: VOTER last_known_addr { host: "127.7.6.1" port: 41267 } } peers { permanent_uuid: "1821e4125fe648d1b13c74f2d162fb3c" member_type: VOTER last_known_addr { host: "127.7.6.2" port: 41955 } } peers { permanent_uuid: "fca1297babf443dabf30a17a1efb9276" member_type: VOTER last_known_addr { host: "127.7.6.4" port: 43997 } attrs { promote: false } } }
I20260630 12:26:03.029843 10042 catalog_manager.cc:5210] ChangeConfig:REMOVE_PEER RPC for tablet b7a2cc0eb27f46c4888bb798aa1a798d with cas_config_opid_index 3: ChangeConfig:REMOVE_PEER succeeded (attempt 1)
I20260630 12:26:03.035085 10053 catalog_manager.cc:5697] T b7a2cc0eb27f46c4888bb798aa1a798d P 298978fee4ca4dffa7831ed478883e20 reported cstate change: config changed from index 3 to 4, VOTER c263b40e01ae49aeb57fe601794a1a1e (127.7.6.3) evicted. New cstate: current_term: 1 leader_uuid: "298978fee4ca4dffa7831ed478883e20" committed_config { opid_index: 4 OBSOLETE_local: false peers { permanent_uuid: "298978fee4ca4dffa7831ed478883e20" member_type: VOTER last_known_addr { host: "127.7.6.1" port: 41267 } health_report { overall_health: HEALTHY } } peers { permanent_uuid: "1821e4125fe648d1b13c74f2d162fb3c" member_type: VOTER last_known_addr { host: "127.7.6.2" port: 41955 } health_report { overall_health: HEALTHY } } peers { permanent_uuid: "fca1297babf443dabf30a17a1efb9276" member_type: VOTER last_known_addr { host: "127.7.6.4" port: 43997 } attrs { promote: false } health_report { overall_health: HEALTHY } } }
I20260630 12:26:03.040395 10041 catalog_manager.cc:5210] ChangeConfig:REMOVE_PEER RPC for tablet 78240c8ae74641848814ebc73fe2e0eb with cas_config_opid_index 3: ChangeConfig:REMOVE_PEER succeeded (attempt 1)
I20260630 12:26:03.046669 10291 tablet_service.cc:1558] Processing DeleteTablet for tablet b7a2cc0eb27f46c4888bb798aa1a798d with delete_type TABLET_DATA_TOMBSTONED (TS c263b40e01ae49aeb57fe601794a1a1e not found in new config with opid_index 4) from {username='slave'} at 127.0.0.1:49364
I20260630 12:26:03.051544 10055 catalog_manager.cc:5697] T 78240c8ae74641848814ebc73fe2e0eb P fca1297babf443dabf30a17a1efb9276 reported cstate change: config changed from index 3 to 4, VOTER 298978fee4ca4dffa7831ed478883e20 (127.7.6.1) evicted. New cstate: current_term: 1 leader_uuid: "c263b40e01ae49aeb57fe601794a1a1e" committed_config { opid_index: 4 OBSOLETE_local: false peers { permanent_uuid: "1821e4125fe648d1b13c74f2d162fb3c" member_type: VOTER last_known_addr { host: "127.7.6.2" port: 41955 } } peers { permanent_uuid: "c263b40e01ae49aeb57fe601794a1a1e" member_type: VOTER last_known_addr { host: "127.7.6.3" port: 40485 } } peers { permanent_uuid: "fca1297babf443dabf30a17a1efb9276" member_type: VOTER last_known_addr { host: "127.7.6.4" port: 43997 } attrs { promote: false } } }
I20260630 12:26:03.054370 10628 tablet_replica.cc:333] T b7a2cc0eb27f46c4888bb798aa1a798d P c263b40e01ae49aeb57fe601794a1a1e: stopping tablet replica
I20260630 12:26:03.055305 10628 raft_consensus.cc:2243] T b7a2cc0eb27f46c4888bb798aa1a798d P c263b40e01ae49aeb57fe601794a1a1e [term 1 FOLLOWER]: Raft consensus shutting down.
I20260630 12:26:03.055944 10628 raft_consensus.cc:2272] T b7a2cc0eb27f46c4888bb798aa1a798d P c263b40e01ae49aeb57fe601794a1a1e [term 1 FOLLOWER]: Raft consensus is shut down!
I20260630 12:26:03.060704 10628 ts_tablet_manager.cc:1916] T b7a2cc0eb27f46c4888bb798aa1a798d P c263b40e01ae49aeb57fe601794a1a1e: Deleting tablet data with delete state TABLET_DATA_TOMBSTONED
I20260630 12:26:03.062714 10147 tablet_service.cc:1558] Processing DeleteTablet for tablet 78240c8ae74641848814ebc73fe2e0eb with delete_type TABLET_DATA_TOMBSTONED (TS 298978fee4ca4dffa7831ed478883e20 not found in new config with opid_index 4) from {username='slave'} at 127.0.0.1:58812
I20260630 12:26:03.074509 10629 tablet_replica.cc:333] T 78240c8ae74641848814ebc73fe2e0eb P 298978fee4ca4dffa7831ed478883e20: stopping tablet replica
I20260630 12:26:03.075407 10629 raft_consensus.cc:2243] T 78240c8ae74641848814ebc73fe2e0eb P 298978fee4ca4dffa7831ed478883e20 [term 1 FOLLOWER]: Raft consensus shutting down.
I20260630 12:26:03.076117 10629 raft_consensus.cc:2272] T 78240c8ae74641848814ebc73fe2e0eb P 298978fee4ca4dffa7831ed478883e20 [term 1 FOLLOWER]: Raft consensus is shut down!
I20260630 12:26:03.079363 10629 ts_tablet_manager.cc:1916] T 78240c8ae74641848814ebc73fe2e0eb P 298978fee4ca4dffa7831ed478883e20: Deleting tablet data with delete state TABLET_DATA_TOMBSTONED
I20260630 12:26:03.079871 10628 ts_tablet_manager.cc:1929] T b7a2cc0eb27f46c4888bb798aa1a798d P c263b40e01ae49aeb57fe601794a1a1e: tablet deleted with delete type TABLET_DATA_TOMBSTONED: last-logged OpId 1.3
I20260630 12:26:03.080255 10628 log.cc:1199] T b7a2cc0eb27f46c4888bb798aa1a798d P c263b40e01ae49aeb57fe601794a1a1e: Deleting WAL directory at /tmp/dist-test-task_Nwj58/test-tmp/auto_rebalancer-test.0.AutoRebalancerTest.RangeAwareRebalancesNewRangeReplicas.1782822277589457-7192-0/minicluster-data/ts-2-root/wals/b7a2cc0eb27f46c4888bb798aa1a798d
I20260630 12:26:03.081825 10041 catalog_manager.cc:5028] TS c263b40e01ae49aeb57fe601794a1a1e (127.7.6.3:40485): tablet b7a2cc0eb27f46c4888bb798aa1a798d (table range_aware_rebalance_new_range [id=dce2f88ce029402a973a3e615f47e6cf]) successfully deleted
I20260630 12:26:03.093374 10629 ts_tablet_manager.cc:1929] T 78240c8ae74641848814ebc73fe2e0eb P 298978fee4ca4dffa7831ed478883e20: tablet deleted with delete type TABLET_DATA_TOMBSTONED: last-logged OpId 1.3
I20260630 12:26:03.093863 10629 log.cc:1199] T 78240c8ae74641848814ebc73fe2e0eb P 298978fee4ca4dffa7831ed478883e20: Deleting WAL directory at /tmp/dist-test-task_Nwj58/test-tmp/auto_rebalancer-test.0.AutoRebalancerTest.RangeAwareRebalancesNewRangeReplicas.1782822277589457-7192-0/minicluster-data/ts-0-root/wals/78240c8ae74641848814ebc73fe2e0eb
I20260630 12:26:03.095358 10042 catalog_manager.cc:5028] TS 298978fee4ca4dffa7831ed478883e20 (127.7.6.1:41267): tablet 78240c8ae74641848814ebc73fe2e0eb (table range_aware_rebalance_new_range [id=dce2f88ce029402a973a3e615f47e6cf]) successfully deleted
I20260630 12:26:03.196038 10610 raft_consensus.cc:1064] T 13dda3b87a564f7cbc45ede92afdc6fc P 1821e4125fe648d1b13c74f2d162fb3c: attempting to promote NON_VOTER fca1297babf443dabf30a17a1efb9276 to VOTER
I20260630 12:26:03.197810 10610 consensus_queue.cc:237] T 13dda3b87a564f7cbc45ede92afdc6fc P 1821e4125fe648d1b13c74f2d162fb3c [LEADER]: Queue going to LEADER mode. State: All replicated index: 0, Majority replicated index: 2, Committed index: 2, Last appended: 1.2, Last appended by leader: 0, Current term: 1, Majority size: 3, State: 0, Mode: LEADER, active raft config: opid_index: 3 OBSOLETE_local: false peers { permanent_uuid: "c263b40e01ae49aeb57fe601794a1a1e" member_type: VOTER last_known_addr { host: "127.7.6.3" port: 40485 } } peers { permanent_uuid: "298978fee4ca4dffa7831ed478883e20" member_type: VOTER last_known_addr { host: "127.7.6.1" port: 41267 } attrs { replace: true } } peers { permanent_uuid: "1821e4125fe648d1b13c74f2d162fb3c" member_type: VOTER last_known_addr { host: "127.7.6.2" port: 41955 } } peers { permanent_uuid: "fca1297babf443dabf30a17a1efb9276" member_type: VOTER last_known_addr { host: "127.7.6.4" port: 43997 } attrs { promote: false } }
I20260630 12:26:03.208813 10158 raft_consensus.cc:1275] T 13dda3b87a564f7cbc45ede92afdc6fc P 298978fee4ca4dffa7831ed478883e20 [term 1 FOLLOWER]: Refusing update from remote peer 1821e4125fe648d1b13c74f2d162fb3c: Log matching property violated. Preceding OpId in replica: term: 1 index: 2. Preceding OpId from leader: term: 1 index: 3. (index mismatch)
I20260630 12:26:03.210402 10632 consensus_queue.cc:1048] T 13dda3b87a564f7cbc45ede92afdc6fc P 1821e4125fe648d1b13c74f2d162fb3c [LEADER]: Connected to new peer: Peer: permanent_uuid: "298978fee4ca4dffa7831ed478883e20" member_type: VOTER last_known_addr { host: "127.7.6.1" port: 41267 } attrs { replace: true }, Status: LMP_MISMATCH, Last received: 0.0, Next index: 3, Last known committed idx: 2, Time since last communication: 0.001s
I20260630 12:26:03.208922 10469 raft_consensus.cc:1275] T 13dda3b87a564f7cbc45ede92afdc6fc P fca1297babf443dabf30a17a1efb9276 [term 1 LEARNER]: Refusing update from remote peer 1821e4125fe648d1b13c74f2d162fb3c: Log matching property violated. Preceding OpId in replica: term: 1 index: 2. Preceding OpId from leader: term: 1 index: 3. (index mismatch)
I20260630 12:26:03.211165 10307 raft_consensus.cc:1275] T 13dda3b87a564f7cbc45ede92afdc6fc P c263b40e01ae49aeb57fe601794a1a1e [term 1 FOLLOWER]: Refusing update from remote peer 1821e4125fe648d1b13c74f2d162fb3c: Log matching property violated. Preceding OpId in replica: term: 1 index: 2. Preceding OpId from leader: term: 1 index: 3. (index mismatch)
I20260630 12:26:03.212920 10610 consensus_queue.cc:1048] T 13dda3b87a564f7cbc45ede92afdc6fc P 1821e4125fe648d1b13c74f2d162fb3c [LEADER]: Connected to new peer: Peer: permanent_uuid: "fca1297babf443dabf30a17a1efb9276" member_type: VOTER last_known_addr { host: "127.7.6.4" port: 43997 } attrs { promote: false }, Status: LMP_MISMATCH, Last received: 0.0, Next index: 3, Last known committed idx: 2, Time since last communication: 0.000s
I20260630 12:26:03.213827 10575 consensus_queue.cc:1048] T 13dda3b87a564f7cbc45ede92afdc6fc P 1821e4125fe648d1b13c74f2d162fb3c [LEADER]: Connected to new peer: Peer: permanent_uuid: "c263b40e01ae49aeb57fe601794a1a1e" member_type: VOTER last_known_addr { host: "127.7.6.3" port: 40485 }, Status: LMP_MISMATCH, Last received: 0.0, Next index: 3, Last known committed idx: 2, Time since last communication: 0.000s
I20260630 12:26:03.233430 10575 raft_consensus.cc:2955] T 13dda3b87a564f7cbc45ede92afdc6fc P 1821e4125fe648d1b13c74f2d162fb3c [term 1 LEADER]: Committing config change with OpId 1.3: config changed from index 2 to 3, fca1297babf443dabf30a17a1efb9276 (127.7.6.4) changed from NON_VOTER to VOTER. New config: { opid_index: 3 OBSOLETE_local: false peers { permanent_uuid: "c263b40e01ae49aeb57fe601794a1a1e" member_type: VOTER last_known_addr { host: "127.7.6.3" port: 40485 } } peers { permanent_uuid: "298978fee4ca4dffa7831ed478883e20" member_type: VOTER last_known_addr { host: "127.7.6.1" port: 41267 } attrs { replace: true } } peers { permanent_uuid: "1821e4125fe648d1b13c74f2d162fb3c" member_type: VOTER last_known_addr { host: "127.7.6.2" port: 41955 } } peers { permanent_uuid: "fca1297babf443dabf30a17a1efb9276" member_type: VOTER last_known_addr { host: "127.7.6.4" port: 43997 } attrs { promote: false } } }
I20260630 12:26:03.235358 10158 raft_consensus.cc:2955] T 13dda3b87a564f7cbc45ede92afdc6fc P 298978fee4ca4dffa7831ed478883e20 [term 1 FOLLOWER]: Committing config change with OpId 1.3: config changed from index 2 to 3, fca1297babf443dabf30a17a1efb9276 (127.7.6.4) changed from NON_VOTER to VOTER. New config: { opid_index: 3 OBSOLETE_local: false peers { permanent_uuid: "c263b40e01ae49aeb57fe601794a1a1e" member_type: VOTER last_known_addr { host: "127.7.6.3" port: 40485 } } peers { permanent_uuid: "298978fee4ca4dffa7831ed478883e20" member_type: VOTER last_known_addr { host: "127.7.6.1" port: 41267 } attrs { replace: true } } peers { permanent_uuid: "1821e4125fe648d1b13c74f2d162fb3c" member_type: VOTER last_known_addr { host: "127.7.6.2" port: 41955 } } peers { permanent_uuid: "fca1297babf443dabf30a17a1efb9276" member_type: VOTER last_known_addr { host: "127.7.6.4" port: 43997 } attrs { promote: false } } }
I20260630 12:26:03.236007 10469 raft_consensus.cc:2955] T 13dda3b87a564f7cbc45ede92afdc6fc P fca1297babf443dabf30a17a1efb9276 [term 1 FOLLOWER]: Committing config change with OpId 1.3: config changed from index 2 to 3, fca1297babf443dabf30a17a1efb9276 (127.7.6.4) changed from NON_VOTER to VOTER. New config: { opid_index: 3 OBSOLETE_local: false peers { permanent_uuid: "c263b40e01ae49aeb57fe601794a1a1e" member_type: VOTER last_known_addr { host: "127.7.6.3" port: 40485 } } peers { permanent_uuid: "298978fee4ca4dffa7831ed478883e20" member_type: VOTER last_known_addr { host: "127.7.6.1" port: 41267 } attrs { replace: true } } peers { permanent_uuid: "1821e4125fe648d1b13c74f2d162fb3c" member_type: VOTER last_known_addr { host: "127.7.6.2" port: 41955 } } peers { permanent_uuid: "fca1297babf443dabf30a17a1efb9276" member_type: VOTER last_known_addr { host: "127.7.6.4" port: 43997 } attrs { promote: false } } }
I20260630 12:26:03.248925 10054 catalog_manager.cc:5697] T 13dda3b87a564f7cbc45ede92afdc6fc P 298978fee4ca4dffa7831ed478883e20 reported cstate change: config changed from index 2 to 3, fca1297babf443dabf30a17a1efb9276 (127.7.6.4) changed from NON_VOTER to VOTER. New cstate: current_term: 1 leader_uuid: "1821e4125fe648d1b13c74f2d162fb3c" committed_config { opid_index: 3 OBSOLETE_local: false peers { permanent_uuid: "c263b40e01ae49aeb57fe601794a1a1e" member_type: VOTER last_known_addr { host: "127.7.6.3" port: 40485 } } peers { permanent_uuid: "298978fee4ca4dffa7831ed478883e20" member_type: VOTER last_known_addr { host: "127.7.6.1" port: 41267 } attrs { replace: true } } peers { permanent_uuid: "1821e4125fe648d1b13c74f2d162fb3c" member_type: VOTER last_known_addr { host: "127.7.6.2" port: 41955 } } peers { permanent_uuid: "fca1297babf443dabf30a17a1efb9276" member_type: VOTER last_known_addr { host: "127.7.6.4" port: 43997 } attrs { promote: false } } }
I20260630 12:26:03.245743 10307 raft_consensus.cc:2955] T 13dda3b87a564f7cbc45ede92afdc6fc P c263b40e01ae49aeb57fe601794a1a1e [term 1 FOLLOWER]: Committing config change with OpId 1.3: config changed from index 2 to 3, fca1297babf443dabf30a17a1efb9276 (127.7.6.4) changed from NON_VOTER to VOTER. New config: { opid_index: 3 OBSOLETE_local: false peers { permanent_uuid: "c263b40e01ae49aeb57fe601794a1a1e" member_type: VOTER last_known_addr { host: "127.7.6.3" port: 40485 } } peers { permanent_uuid: "298978fee4ca4dffa7831ed478883e20" member_type: VOTER last_known_addr { host: "127.7.6.1" port: 41267 } attrs { replace: true } } peers { permanent_uuid: "1821e4125fe648d1b13c74f2d162fb3c" member_type: VOTER last_known_addr { host: "127.7.6.2" port: 41955 } } peers { permanent_uuid: "fca1297babf443dabf30a17a1efb9276" member_type: VOTER last_known_addr { host: "127.7.6.4" port: 43997 } attrs { promote: false } } }
I20260630 12:26:03.251173 10109 auto_leader_rebalancer.cc:141] leader rebalance for table range_aware_rebalance_new_range
I20260630 12:26:03.272542 10233 consensus_queue.cc:237] T 13dda3b87a564f7cbc45ede92afdc6fc P 1821e4125fe648d1b13c74f2d162fb3c [LEADER]: Queue going to LEADER mode. State: All replicated index: 0, Majority replicated index: 3, Committed index: 3, Last appended: 1.3, Last appended by leader: 0, Current term: 1, Majority size: 2, State: 0, Mode: LEADER, active raft config: opid_index: 4 OBSOLETE_local: false peers { permanent_uuid: "c263b40e01ae49aeb57fe601794a1a1e" member_type: VOTER last_known_addr { host: "127.7.6.3" port: 40485 } } peers { permanent_uuid: "1821e4125fe648d1b13c74f2d162fb3c" member_type: VOTER last_known_addr { host: "127.7.6.2" port: 41955 } } peers { permanent_uuid: "fca1297babf443dabf30a17a1efb9276" member_type: VOTER last_known_addr { host: "127.7.6.4" port: 43997 } attrs { promote: false } }
I20260630 12:26:03.277977 10469 raft_consensus.cc:1275] T 13dda3b87a564f7cbc45ede92afdc6fc P fca1297babf443dabf30a17a1efb9276 [term 1 FOLLOWER]: Refusing update from remote peer 1821e4125fe648d1b13c74f2d162fb3c: Log matching property violated. Preceding OpId in replica: term: 1 index: 3. Preceding OpId from leader: term: 1 index: 4. (index mismatch)
I20260630 12:26:03.279543 10610 consensus_queue.cc:1048] T 13dda3b87a564f7cbc45ede92afdc6fc P 1821e4125fe648d1b13c74f2d162fb3c [LEADER]: Connected to new peer: Peer: permanent_uuid: "fca1297babf443dabf30a17a1efb9276" member_type: VOTER last_known_addr { host: "127.7.6.4" port: 43997 } attrs { promote: false }, Status: LMP_MISMATCH, Last received: 0.0, Next index: 4, Last known committed idx: 3, Time since last communication: 0.000s
I20260630 12:26:03.287429 10632 raft_consensus.cc:2955] T 13dda3b87a564f7cbc45ede92afdc6fc P 1821e4125fe648d1b13c74f2d162fb3c [term 1 LEADER]: Committing config change with OpId 1.4: config changed from index 3 to 4, VOTER 298978fee4ca4dffa7831ed478883e20 (127.7.6.1) evicted. New config: { opid_index: 4 OBSOLETE_local: false peers { permanent_uuid: "c263b40e01ae49aeb57fe601794a1a1e" member_type: VOTER last_known_addr { host: "127.7.6.3" port: 40485 } } peers { permanent_uuid: "1821e4125fe648d1b13c74f2d162fb3c" member_type: VOTER last_known_addr { host: "127.7.6.2" port: 41955 } } peers { permanent_uuid: "fca1297babf443dabf30a17a1efb9276" member_type: VOTER last_known_addr { host: "127.7.6.4" port: 43997 } attrs { promote: false } } }
I20260630 12:26:03.291052 10307 raft_consensus.cc:1275] T 13dda3b87a564f7cbc45ede92afdc6fc P c263b40e01ae49aeb57fe601794a1a1e [term 1 FOLLOWER]: Refusing update from remote peer 1821e4125fe648d1b13c74f2d162fb3c: Log matching property violated. Preceding OpId in replica: term: 1 index: 3. Preceding OpId from leader: term: 1 index: 4. (index mismatch)
I20260630 12:26:03.292451 10575 consensus_queue.cc:1048] T 13dda3b87a564f7cbc45ede92afdc6fc P 1821e4125fe648d1b13c74f2d162fb3c [LEADER]: Connected to new peer: Peer: permanent_uuid: "c263b40e01ae49aeb57fe601794a1a1e" member_type: VOTER last_known_addr { host: "127.7.6.3" port: 40485 }, Status: LMP_MISMATCH, Last received: 0.0, Next index: 4, Last known committed idx: 3, Time since last communication: 0.000s
I20260630 12:26:03.293303 10471 raft_consensus.cc:2955] T 13dda3b87a564f7cbc45ede92afdc6fc P fca1297babf443dabf30a17a1efb9276 [term 1 FOLLOWER]: Committing config change with OpId 1.4: config changed from index 3 to 4, VOTER 298978fee4ca4dffa7831ed478883e20 (127.7.6.1) evicted. New config: { opid_index: 4 OBSOLETE_local: false peers { permanent_uuid: "c263b40e01ae49aeb57fe601794a1a1e" member_type: VOTER last_known_addr { host: "127.7.6.3" port: 40485 } } peers { permanent_uuid: "1821e4125fe648d1b13c74f2d162fb3c" member_type: VOTER last_known_addr { host: "127.7.6.2" port: 41955 } } peers { permanent_uuid: "fca1297babf443dabf30a17a1efb9276" member_type: VOTER last_known_addr { host: "127.7.6.4" port: 43997 } attrs { promote: false } } }
I20260630 12:26:03.296752 10307 raft_consensus.cc:2955] T 13dda3b87a564f7cbc45ede92afdc6fc P c263b40e01ae49aeb57fe601794a1a1e [term 1 FOLLOWER]: Committing config change with OpId 1.4: config changed from index 3 to 4, VOTER 298978fee4ca4dffa7831ed478883e20 (127.7.6.1) evicted. New config: { opid_index: 4 OBSOLETE_local: false peers { permanent_uuid: "c263b40e01ae49aeb57fe601794a1a1e" member_type: VOTER last_known_addr { host: "127.7.6.3" port: 40485 } } peers { permanent_uuid: "1821e4125fe648d1b13c74f2d162fb3c" member_type: VOTER last_known_addr { host: "127.7.6.2" port: 41955 } } peers { permanent_uuid: "fca1297babf443dabf30a17a1efb9276" member_type: VOTER last_known_addr { host: "127.7.6.4" port: 43997 } attrs { promote: false } } }
I20260630 12:26:03.299078 10043 catalog_manager.cc:5210] ChangeConfig:REMOVE_PEER RPC for tablet 13dda3b87a564f7cbc45ede92afdc6fc with cas_config_opid_index 3: ChangeConfig:REMOVE_PEER succeeded (attempt 1)
I20260630 12:26:03.305537 10054 catalog_manager.cc:5697] T 13dda3b87a564f7cbc45ede92afdc6fc P 1821e4125fe648d1b13c74f2d162fb3c reported cstate change: config changed from index 3 to 4, VOTER 298978fee4ca4dffa7831ed478883e20 (127.7.6.1) evicted. New cstate: current_term: 1 leader_uuid: "1821e4125fe648d1b13c74f2d162fb3c" committed_config { opid_index: 4 OBSOLETE_local: false peers { permanent_uuid: "c263b40e01ae49aeb57fe601794a1a1e" member_type: VOTER last_known_addr { host: "127.7.6.3" port: 40485 } health_report { overall_health: UNKNOWN } } peers { permanent_uuid: "1821e4125fe648d1b13c74f2d162fb3c" member_type: VOTER last_known_addr { host: "127.7.6.2" port: 41955 } health_report { overall_health: HEALTHY } } peers { permanent_uuid: "fca1297babf443dabf30a17a1efb9276" member_type: VOTER last_known_addr { host: "127.7.6.4" port: 43997 } attrs { promote: false } health_report { overall_health: HEALTHY } } }
I20260630 12:26:03.306376 10158 tablet_service.cc:2072] Received LeaderStepDown RPC: tablet_id: "b7a2cc0eb27f46c4888bb798aa1a798d"
dest_uuid: "298978fee4ca4dffa7831ed478883e20"
mode: GRACEFUL
new_leader_uuid: "fca1297babf443dabf30a17a1efb9276"
 from {username='slave'} at 127.0.0.1:59634
I20260630 12:26:03.306953 10158 raft_consensus.cc:606] T b7a2cc0eb27f46c4888bb798aa1a798d P 298978fee4ca4dffa7831ed478883e20 [term 1 LEADER]: Received request to transfer leadership to TS fca1297babf443dabf30a17a1efb9276
I20260630 12:26:03.308912 10109 auto_leader_rebalancer.cc:440] table: range_aware_rebalance_new_range, leader rebalance finish, leader transfer count: 1
I20260630 12:26:03.309584 10109 auto_leader_rebalancer.cc:515] All tables' leader rebalancing finished this round
I20260630 12:26:03.315155 10147 tablet_service.cc:1558] Processing DeleteTablet for tablet 13dda3b87a564f7cbc45ede92afdc6fc with delete_type TABLET_DATA_TOMBSTONED (TS 298978fee4ca4dffa7831ed478883e20 not found in new config with opid_index 4) from {username='slave'} at 127.0.0.1:58812
I20260630 12:26:03.315948 10629 tablet_replica.cc:333] T 13dda3b87a564f7cbc45ede92afdc6fc P 298978fee4ca4dffa7831ed478883e20: stopping tablet replica
I20260630 12:26:03.316870 10629 raft_consensus.cc:2243] T 13dda3b87a564f7cbc45ede92afdc6fc P 298978fee4ca4dffa7831ed478883e20 [term 1 FOLLOWER]: Raft consensus shutting down.
I20260630 12:26:03.317481 10629 raft_consensus.cc:2272] T 13dda3b87a564f7cbc45ede92afdc6fc P 298978fee4ca4dffa7831ed478883e20 [term 1 FOLLOWER]: Raft consensus is shut down!
I20260630 12:26:03.321602 10629 ts_tablet_manager.cc:1916] T 13dda3b87a564f7cbc45ede92afdc6fc P 298978fee4ca4dffa7831ed478883e20: Deleting tablet data with delete state TABLET_DATA_TOMBSTONED
I20260630 12:26:03.331437 10629 ts_tablet_manager.cc:1929] T 13dda3b87a564f7cbc45ede92afdc6fc P 298978fee4ca4dffa7831ed478883e20: tablet deleted with delete type TABLET_DATA_TOMBSTONED: last-logged OpId 1.3
I20260630 12:26:03.331733 10629 log.cc:1199] T 13dda3b87a564f7cbc45ede92afdc6fc P 298978fee4ca4dffa7831ed478883e20: Deleting WAL directory at /tmp/dist-test-task_Nwj58/test-tmp/auto_rebalancer-test.0.AutoRebalancerTest.RangeAwareRebalancesNewRangeReplicas.1782822277589457-7192-0/minicluster-data/ts-0-root/wals/13dda3b87a564f7cbc45ede92afdc6fc
I20260630 12:26:03.332896 10042 catalog_manager.cc:5028] TS 298978fee4ca4dffa7831ed478883e20 (127.7.6.1:41267): tablet 13dda3b87a564f7cbc45ede92afdc6fc (table range_aware_rebalance_new_range [id=dce2f88ce029402a973a3e615f47e6cf]) successfully deleted
I20260630 12:26:03.498481 10416 raft_consensus.cc:993] T b7a2cc0eb27f46c4888bb798aa1a798d P 298978fee4ca4dffa7831ed478883e20: : Instructing follower fca1297babf443dabf30a17a1efb9276 to start an election
I20260630 12:26:03.499053 10359 raft_consensus.cc:1081] T b7a2cc0eb27f46c4888bb798aa1a798d P 298978fee4ca4dffa7831ed478883e20 [term 1 LEADER]: Signalling peer fca1297babf443dabf30a17a1efb9276 to start an election
I20260630 12:26:03.500602 10471 tablet_service.cc:2044] Received Run Leader Election RPC: tablet_id: "b7a2cc0eb27f46c4888bb798aa1a798d"
dest_uuid: "fca1297babf443dabf30a17a1efb9276"
 from {username='slave'} at 127.0.0.1:55354
I20260630 12:26:03.501408 10471 raft_consensus.cc:493] T b7a2cc0eb27f46c4888bb798aa1a798d P fca1297babf443dabf30a17a1efb9276 [term 1 FOLLOWER]: Starting forced leader election (received explicit request)
I20260630 12:26:03.501804 10471 raft_consensus.cc:3060] T b7a2cc0eb27f46c4888bb798aa1a798d P fca1297babf443dabf30a17a1efb9276 [term 1 FOLLOWER]: Advancing to term 2
I20260630 12:26:03.506245 10471 raft_consensus.cc:515] T b7a2cc0eb27f46c4888bb798aa1a798d P fca1297babf443dabf30a17a1efb9276 [term 2 FOLLOWER]: Starting forced leader election with config: opid_index: 4 OBSOLETE_local: false peers { permanent_uuid: "298978fee4ca4dffa7831ed478883e20" member_type: VOTER last_known_addr { host: "127.7.6.1" port: 41267 } } peers { permanent_uuid: "1821e4125fe648d1b13c74f2d162fb3c" member_type: VOTER last_known_addr { host: "127.7.6.2" port: 41955 } } peers { permanent_uuid: "fca1297babf443dabf30a17a1efb9276" member_type: VOTER last_known_addr { host: "127.7.6.4" port: 43997 } attrs { promote: false } }
I20260630 12:26:03.507751 10471 leader_election.cc:290] T b7a2cc0eb27f46c4888bb798aa1a798d P fca1297babf443dabf30a17a1efb9276 [CANDIDATE]: Term 2 election: Requested vote from peers 298978fee4ca4dffa7831ed478883e20 (127.7.6.1:41267), 1821e4125fe648d1b13c74f2d162fb3c (127.7.6.2:41955)
I20260630 12:26:03.508383 10158 tablet_service.cc:1917] Received RequestConsensusVote() RPC: tablet_id: "b7a2cc0eb27f46c4888bb798aa1a798d" candidate_uuid: "fca1297babf443dabf30a17a1efb9276" candidate_term: 2 candidate_status { last_received { term: 1 index: 4 } } ignore_live_leader: true dest_uuid: "298978fee4ca4dffa7831ed478883e20"
I20260630 12:26:03.508708 10233 tablet_service.cc:1917] Received RequestConsensusVote() RPC: tablet_id: "b7a2cc0eb27f46c4888bb798aa1a798d" candidate_uuid: "fca1297babf443dabf30a17a1efb9276" candidate_term: 2 candidate_status { last_received { term: 1 index: 4 } } ignore_live_leader: true dest_uuid: "1821e4125fe648d1b13c74f2d162fb3c"
I20260630 12:26:03.509019 10158 raft_consensus.cc:3055] T b7a2cc0eb27f46c4888bb798aa1a798d P 298978fee4ca4dffa7831ed478883e20 [term 1 LEADER]: Stepping down as leader of term 1
I20260630 12:26:03.509253 10233 raft_consensus.cc:3060] T b7a2cc0eb27f46c4888bb798aa1a798d P 1821e4125fe648d1b13c74f2d162fb3c [term 1 FOLLOWER]: Advancing to term 2
I20260630 12:26:03.509410 10158 raft_consensus.cc:740] T b7a2cc0eb27f46c4888bb798aa1a798d P 298978fee4ca4dffa7831ed478883e20 [term 1 LEADER]: Becoming Follower/Learner. State: Replica: 298978fee4ca4dffa7831ed478883e20, State: Running, Role: LEADER
I20260630 12:26:03.510295 10158 consensus_queue.cc:260] T b7a2cc0eb27f46c4888bb798aa1a798d P 298978fee4ca4dffa7831ed478883e20 [NON_LEADER]: Queue going to NON_LEADER mode. State: All replicated index: 0, Majority replicated index: 4, Committed index: 4, Last appended: 1.4, Last appended by leader: 4, Current term: 1, Majority size: -1, State: 0, Mode: NON_LEADER, active raft config: opid_index: 4 OBSOLETE_local: false peers { permanent_uuid: "298978fee4ca4dffa7831ed478883e20" member_type: VOTER last_known_addr { host: "127.7.6.1" port: 41267 } } peers { permanent_uuid: "1821e4125fe648d1b13c74f2d162fb3c" member_type: VOTER last_known_addr { host: "127.7.6.2" port: 41955 } } peers { permanent_uuid: "fca1297babf443dabf30a17a1efb9276" member_type: VOTER last_known_addr { host: "127.7.6.4" port: 43997 } attrs { promote: false } }
I20260630 12:26:03.511494 10158 raft_consensus.cc:3060] T b7a2cc0eb27f46c4888bb798aa1a798d P 298978fee4ca4dffa7831ed478883e20 [term 1 FOLLOWER]: Advancing to term 2
I20260630 12:26:03.515794 10233 raft_consensus.cc:2468] T b7a2cc0eb27f46c4888bb798aa1a798d P 1821e4125fe648d1b13c74f2d162fb3c [term 2 FOLLOWER]: Leader election vote request: Granting yes vote for candidate fca1297babf443dabf30a17a1efb9276 in term 2.
I20260630 12:26:03.516898 10437 leader_election.cc:304] T b7a2cc0eb27f46c4888bb798aa1a798d P fca1297babf443dabf30a17a1efb9276 [CANDIDATE]: Term 2 election: Election decided. Result: candidate won. Election summary: received 2 responses out of 3 voters: 2 yes votes; 0 no votes. yes voters: 1821e4125fe648d1b13c74f2d162fb3c, fca1297babf443dabf30a17a1efb9276; no voters: 
I20260630 12:26:03.517539 10516 raft_consensus.cc:2804] T b7a2cc0eb27f46c4888bb798aa1a798d P fca1297babf443dabf30a17a1efb9276 [term 2 FOLLOWER]: Leader election won for term 2
I20260630 12:26:03.517603 10158 raft_consensus.cc:2468] T b7a2cc0eb27f46c4888bb798aa1a798d P 298978fee4ca4dffa7831ed478883e20 [term 2 FOLLOWER]: Leader election vote request: Granting yes vote for candidate fca1297babf443dabf30a17a1efb9276 in term 2.
I20260630 12:26:03.518544 10516 raft_consensus.cc:697] T b7a2cc0eb27f46c4888bb798aa1a798d P fca1297babf443dabf30a17a1efb9276 [term 2 LEADER]: Becoming Leader. State: Replica: fca1297babf443dabf30a17a1efb9276, State: Running, Role: LEADER
I20260630 12:26:03.519375 10516 consensus_queue.cc:237] T b7a2cc0eb27f46c4888bb798aa1a798d P fca1297babf443dabf30a17a1efb9276 [LEADER]: Queue going to LEADER mode. State: All replicated index: 0, Majority replicated index: 4, Committed index: 4, Last appended: 1.4, Last appended by leader: 4, Current term: 2, Majority size: 2, State: 0, Mode: LEADER, active raft config: opid_index: 4 OBSOLETE_local: false peers { permanent_uuid: "298978fee4ca4dffa7831ed478883e20" member_type: VOTER last_known_addr { host: "127.7.6.1" port: 41267 } } peers { permanent_uuid: "1821e4125fe648d1b13c74f2d162fb3c" member_type: VOTER last_known_addr { host: "127.7.6.2" port: 41955 } } peers { permanent_uuid: "fca1297babf443dabf30a17a1efb9276" member_type: VOTER last_known_addr { host: "127.7.6.4" port: 43997 } attrs { promote: false } }
