I20260630 12:24:35.422400 17092 fs_manager.cc:730] Time spent opening block manager: real 0.003s	user 0.001s	sys 0.000s
I20260630 12:24:35.422763 17092 fs_manager.cc:647] Opened local filesystem: /tmp/dist-test-taskorT1JB/test-tmp/auto_rebalancer-test.0.AutoRebalancerTest.OnlyLeaderDoesAutoRebalancing.1782822273405482-17092-0/minicluster-data/ts-0-root
uuid: "082bdaab088f4101b139423ab03831b6"
format_stamp: "Formatted at 2026-06-30 12:24:35 on dist-test-slave-gmjw"
I20260630 12:24:35.423178 17092 fs_report.cc:389] FS layout report
--------------------
wal directory: /tmp/dist-test-taskorT1JB/test-tmp/auto_rebalancer-test.0.AutoRebalancerTest.OnlyLeaderDoesAutoRebalancing.1782822273405482-17092-0/minicluster-data/ts-0-root
metadata directory: /tmp/dist-test-taskorT1JB/test-tmp/auto_rebalancer-test.0.AutoRebalancerTest.OnlyLeaderDoesAutoRebalancing.1782822273405482-17092-0/minicluster-data/ts-0-root
1 data directories: /tmp/dist-test-taskorT1JB/test-tmp/auto_rebalancer-test.0.AutoRebalancerTest.OnlyLeaderDoesAutoRebalancing.1782822273405482-17092-0/minicluster-data/ts-0-root/data
Total live blocks: 0
Total live bytes: 0
Total live bytes (after alignment): 0
Total number of LBM containers: 0 (0 full)
Did not check for missing blocks
Did not check for orphaned blocks
Total full LBM containers with extra space: 0 (0 repaired)
Total full LBM container extra space in bytes: 0 (0 repaired)
Total incomplete LBM containers: 0 (0 repaired)
Total LBM partial records: 0 (0 repaired)
Total corrupted LBM metadata records in RocksDB: 0 (0 repaired)
I20260630 12:24:35.435451 17323 catalog_manager.cc:6070] T 00000000000000000000000000000000 P 4674b7f3c2c1476ba38ee5cc2ebed653: Generated new TSK 0
I20260630 12:24:35.436669 17323 catalog_manager.cc:1550] Initializing in-progress tserver states...
I20260630 12:24:35.461241 17092 rpc_server.cc:225] running with OpenSSL 1.1.1  11 Sep 2018
I20260630 12:24:35.462570 17092 kserver.cc:163] Server-wide thread pool size limit: 3276
I20260630 12:24:35.464695 17092 txn_system_client.cc:432] TxnSystemClient initialization is disabled...
I20260630 12:24:35.468217 17092 ts_tablet_manager.cc:585] Loaded tablet metadata (0 total tablets, 0 live tablets)
I20260630 12:24:35.468436 17092 ts_tablet_manager.cc:531] Time spent load tablet metadata: real 0.000s	user 0.000s	sys 0.000s
I20260630 12:24:35.468672 17092 ts_tablet_manager.cc:616] Registered 0 tablets
I20260630 12:24:35.468828 17092 ts_tablet_manager.cc:595] Time spent register tablets: real 0.000s	user 0.000s	sys 0.000s
I20260630 12:24:35.556910 17092 rpc_server.cc:307] RPC server started. Bound to: 127.16.177.1:35375
I20260630 12:24:35.557060 17416 acceptor_pool.cc:272] collecting diagnostics on the listening RPC socket 127.16.177.1:35375 every 8 connection(s)
I20260630 12:24:35.597002 17092 file_cache.cc:492] Constructed file cache file cache with capacity 419430
I20260630 12:24:35.597349 17418 heartbeater.cc:344] Connected to a master server at 127.16.177.61:39761
I20260630 12:24:35.597790 17418 heartbeater.cc:461] Registering TS with master...
I20260630 12:24:35.598994 17418 heartbeater.cc:507] Master 127.16.177.61:39761 requested a full tablet report, sending...
I20260630 12:24:35.603801 17189 ts_manager.cc:194] Registered new tserver with Master: 082bdaab088f4101b139423ab03831b6 (127.16.177.1:35375)
I20260630 12:24:35.604456 17417 heartbeater.cc:344] Connected to a master server at 127.16.177.60:42819
I20260630 12:24:35.604818 17417 heartbeater.cc:461] Registering TS with master...
I20260630 12:24:35.605674 17417 heartbeater.cc:507] Master 127.16.177.60:42819 requested a full tablet report, sending...
I20260630 12:24:35.607623 17189 master_service.cc:502] Signed X509 certificate for tserver {username='slave'} at 127.0.0.1:40592
I20260630 12:24:35.608899 17254 ts_manager.cc:194] Registered new tserver with Master: 082bdaab088f4101b139423ab03831b6 (127.16.177.1:35375)
W20260630 12:24:35.612345 17424 instance_detector.cc:116] could not retrieve AWS instance metadata: Network error: curl error: HTTP response code said error: The requested URL returned error: 404
I20260630 12:24:35.616865 17419 heartbeater.cc:344] Connected to a master server at 127.16.177.62:38391
I20260630 12:24:35.617230 17419 heartbeater.cc:461] Registering TS with master...
I20260630 12:24:35.617872 17419 heartbeater.cc:507] Master 127.16.177.62:38391 requested a full tablet report, sending...
I20260630 12:24:35.620764 17124 ts_manager.cc:194] Registered new tserver with Master: 082bdaab088f4101b139423ab03831b6 (127.16.177.1:35375)
W20260630 12:24:35.622650 17425 instance_detector.cc:116] could not retrieve Azure instance metadata: Network error: curl error: HTTP response code said error: The requested URL returned error: 404
W20260630 12:24:35.623872 17427 instance_detector.cc:116] could not retrieve OpenStack instance metadata: Network error: curl error: HTTP response code said error: The requested URL returned error: 404
I20260630 12:24:35.624188 17092 server_base.cc:1061] running on GCE node
I20260630 12:24:35.624995 17092 hybrid_clock.cc:584] initializing the hybrid clock with 'system_unsync' time source
W20260630 12:24:35.625218 17092 system_unsync_time.cc:38] NTP support is disabled. Clock error bounds will not be accurate. This configuration is not suitable for distributed clusters.
I20260630 12:24:35.625375 17092 hybrid_clock.cc:648] HybridClock initialized: now 1782822275625359 us; error 0 us; skew 500 ppm
I20260630 12:24:35.625856 17092 server_base.cc:861] Flag tcmalloc_max_total_thread_cache_bytes is not working since tcmalloc is not enabled.
I20260630 12:24:35.628268 17092 webserver.cc:533] Webserver started at http://127.16.177.2:43453/ using document root <none> and password file <none>
I20260630 12:24:35.628697 17092 fs_manager.cc:362] Metadata directory not provided
I20260630 12:24:35.628868 17092 fs_manager.cc:368] Using write-ahead log directory (fs_wal_dir) as metadata directory
I20260630 12:24:35.629109 17092 server_base.cc:909] This appears to be a new deployment of Kudu; creating new FS layout
I20260630 12:24:35.630071 17092 fs_manager.cc:1068] Generated new instance metadata in path /tmp/dist-test-taskorT1JB/test-tmp/auto_rebalancer-test.0.AutoRebalancerTest.OnlyLeaderDoesAutoRebalancing.1782822273405482-17092-0/minicluster-data/ts-1-root/instance:
uuid: "64c72e1daeea49b18b55d121ad8f02c2"
format_stamp: "Formatted at 2026-06-30 12:24:35 on dist-test-slave-gmjw"
I20260630 12:24:35.634379 17092 fs_manager.cc:696] Time spent creating directory manager: real 0.004s	user 0.006s	sys 0.000s
I20260630 12:24:35.637423 17432 log_block_manager.cc:4031] Time spent loading block containers with low live blocks: real 0.000s	user 0.000s	sys 0.000s
I20260630 12:24:35.638146 17092 fs_manager.cc:730] Time spent opening block manager: real 0.002s	user 0.002s	sys 0.000s
I20260630 12:24:35.638384 17092 fs_manager.cc:647] Opened local filesystem: /tmp/dist-test-taskorT1JB/test-tmp/auto_rebalancer-test.0.AutoRebalancerTest.OnlyLeaderDoesAutoRebalancing.1782822273405482-17092-0/minicluster-data/ts-1-root
uuid: "64c72e1daeea49b18b55d121ad8f02c2"
format_stamp: "Formatted at 2026-06-30 12:24:35 on dist-test-slave-gmjw"
I20260630 12:24:35.638619 17092 fs_report.cc:389] FS layout report
--------------------
wal directory: /tmp/dist-test-taskorT1JB/test-tmp/auto_rebalancer-test.0.AutoRebalancerTest.OnlyLeaderDoesAutoRebalancing.1782822273405482-17092-0/minicluster-data/ts-1-root
metadata directory: /tmp/dist-test-taskorT1JB/test-tmp/auto_rebalancer-test.0.AutoRebalancerTest.OnlyLeaderDoesAutoRebalancing.1782822273405482-17092-0/minicluster-data/ts-1-root
1 data directories: /tmp/dist-test-taskorT1JB/test-tmp/auto_rebalancer-test.0.AutoRebalancerTest.OnlyLeaderDoesAutoRebalancing.1782822273405482-17092-0/minicluster-data/ts-1-root/data
Total live blocks: 0
Total live bytes: 0
Total live bytes (after alignment): 0
Total number of LBM containers: 0 (0 full)
Did not check for missing blocks
Did not check for orphaned blocks
Total full LBM containers with extra space: 0 (0 repaired)
Total full LBM container extra space in bytes: 0 (0 repaired)
Total incomplete LBM containers: 0 (0 repaired)
Total LBM partial records: 0 (0 repaired)
Total corrupted LBM metadata records in RocksDB: 0 (0 repaired)
I20260630 12:24:35.674649 17092 rpc_server.cc:225] running with OpenSSL 1.1.1  11 Sep 2018
I20260630 12:24:35.675899 17092 kserver.cc:163] Server-wide thread pool size limit: 3276
I20260630 12:24:35.677210 17092 txn_system_client.cc:432] TxnSystemClient initialization is disabled...
I20260630 12:24:35.679279 17092 ts_tablet_manager.cc:585] Loaded tablet metadata (0 total tablets, 0 live tablets)
I20260630 12:24:35.679458 17092 ts_tablet_manager.cc:531] Time spent load tablet metadata: real 0.000s	user 0.000s	sys 0.000s
I20260630 12:24:35.679702 17092 ts_tablet_manager.cc:616] Registered 0 tablets
I20260630 12:24:35.679843 17092 ts_tablet_manager.cc:595] Time spent register tablets: real 0.000s	user 0.000s	sys 0.000s
I20260630 12:24:35.765213 17092 rpc_server.cc:307] RPC server started. Bound to: 127.16.177.2:37465
I20260630 12:24:35.765321 17494 acceptor_pool.cc:272] collecting diagnostics on the listening RPC socket 127.16.177.2:37465 every 8 connection(s)
I20260630 12:24:35.784435 17092 file_cache.cc:492] Constructed file cache file cache with capacity 419430
I20260630 12:24:35.794790 17495 heartbeater.cc:344] Connected to a master server at 127.16.177.60:42819
I20260630 12:24:35.795243 17495 heartbeater.cc:461] Registering TS with master...
I20260630 12:24:35.796263 17495 heartbeater.cc:507] Master 127.16.177.60:42819 requested a full tablet report, sending...
I20260630 12:24:35.799486 17496 heartbeater.cc:344] Connected to a master server at 127.16.177.61:39761
I20260630 12:24:35.799911 17496 heartbeater.cc:461] Registering TS with master...
I20260630 12:24:35.800797 17496 heartbeater.cc:507] Master 127.16.177.61:39761 requested a full tablet report, sending...
I20260630 12:24:35.801901 17254 ts_manager.cc:194] Registered new tserver with Master: 64c72e1daeea49b18b55d121ad8f02c2 (127.16.177.2:37465)
I20260630 12:24:35.803086 17189 ts_manager.cc:194] Registered new tserver with Master: 64c72e1daeea49b18b55d121ad8f02c2 (127.16.177.2:37465)
I20260630 12:24:35.804790 17189 master_service.cc:502] Signed X509 certificate for tserver {username='slave'} at 127.0.0.1:40598
I20260630 12:24:35.807013 17497 heartbeater.cc:344] Connected to a master server at 127.16.177.62:38391
I20260630 12:24:35.807380 17497 heartbeater.cc:461] Registering TS with master...
I20260630 12:24:35.808135 17497 heartbeater.cc:507] Master 127.16.177.62:38391 requested a full tablet report, sending...
W20260630 12:24:35.810662 17501 instance_detector.cc:116] could not retrieve AWS instance metadata: Network error: curl error: HTTP response code said error: The requested URL returned error: 404
I20260630 12:24:35.810925 17124 ts_manager.cc:194] Registered new tserver with Master: 64c72e1daeea49b18b55d121ad8f02c2 (127.16.177.2:37465)
W20260630 12:24:35.813354 17502 instance_detector.cc:116] could not retrieve Azure instance metadata: Network error: curl error: HTTP response code said error: The requested URL returned error: 404
I20260630 12:24:35.816977 17092 server_base.cc:1061] running on GCE node
W20260630 12:24:35.817518 17504 instance_detector.cc:116] could not retrieve OpenStack instance metadata: Network error: curl error: HTTP response code said error: The requested URL returned error: 404
I20260630 12:24:35.818475 17092 hybrid_clock.cc:584] initializing the hybrid clock with 'system_unsync' time source
W20260630 12:24:35.818710 17092 system_unsync_time.cc:38] NTP support is disabled. Clock error bounds will not be accurate. This configuration is not suitable for distributed clusters.
I20260630 12:24:35.818895 17092 hybrid_clock.cc:648] HybridClock initialized: now 1782822275818879 us; error 0 us; skew 500 ppm
I20260630 12:24:35.819363 17092 server_base.cc:861] Flag tcmalloc_max_total_thread_cache_bytes is not working since tcmalloc is not enabled.
I20260630 12:24:35.821748 17092 webserver.cc:533] Webserver started at http://127.16.177.3:39031/ using document root <none> and password file <none>
I20260630 12:24:35.822203 17092 fs_manager.cc:362] Metadata directory not provided
I20260630 12:24:35.822386 17092 fs_manager.cc:368] Using write-ahead log directory (fs_wal_dir) as metadata directory
I20260630 12:24:35.822643 17092 server_base.cc:909] This appears to be a new deployment of Kudu; creating new FS layout
I20260630 12:24:35.823634 17092 fs_manager.cc:1068] Generated new instance metadata in path /tmp/dist-test-taskorT1JB/test-tmp/auto_rebalancer-test.0.AutoRebalancerTest.OnlyLeaderDoesAutoRebalancing.1782822273405482-17092-0/minicluster-data/ts-2-root/instance:
uuid: "8130d07a79e3483d967128260c6f987e"
format_stamp: "Formatted at 2026-06-30 12:24:35 on dist-test-slave-gmjw"
I20260630 12:24:35.827976 17092 fs_manager.cc:696] Time spent creating directory manager: real 0.004s	user 0.004s	sys 0.000s
I20260630 12:24:35.831099 17509 log_block_manager.cc:4031] Time spent loading block containers with low live blocks: real 0.000s	user 0.000s	sys 0.000s
I20260630 12:24:35.831905 17092 fs_manager.cc:730] Time spent opening block manager: real 0.002s	user 0.002s	sys 0.000s
I20260630 12:24:35.832161 17092 fs_manager.cc:647] Opened local filesystem: /tmp/dist-test-taskorT1JB/test-tmp/auto_rebalancer-test.0.AutoRebalancerTest.OnlyLeaderDoesAutoRebalancing.1782822273405482-17092-0/minicluster-data/ts-2-root
uuid: "8130d07a79e3483d967128260c6f987e"
format_stamp: "Formatted at 2026-06-30 12:24:35 on dist-test-slave-gmjw"
I20260630 12:24:35.832454 17092 fs_report.cc:389] FS layout report
--------------------
wal directory: /tmp/dist-test-taskorT1JB/test-tmp/auto_rebalancer-test.0.AutoRebalancerTest.OnlyLeaderDoesAutoRebalancing.1782822273405482-17092-0/minicluster-data/ts-2-root
metadata directory: /tmp/dist-test-taskorT1JB/test-tmp/auto_rebalancer-test.0.AutoRebalancerTest.OnlyLeaderDoesAutoRebalancing.1782822273405482-17092-0/minicluster-data/ts-2-root
1 data directories: /tmp/dist-test-taskorT1JB/test-tmp/auto_rebalancer-test.0.AutoRebalancerTest.OnlyLeaderDoesAutoRebalancing.1782822273405482-17092-0/minicluster-data/ts-2-root/data
Total live blocks: 0
Total live bytes: 0
Total live bytes (after alignment): 0
Total number of LBM containers: 0 (0 full)
Did not check for missing blocks
Did not check for orphaned blocks
Total full LBM containers with extra space: 0 (0 repaired)
Total full LBM container extra space in bytes: 0 (0 repaired)
Total incomplete LBM containers: 0 (0 repaired)
Total LBM partial records: 0 (0 repaired)
Total corrupted LBM metadata records in RocksDB: 0 (0 repaired)
I20260630 12:24:35.852602 17092 rpc_server.cc:225] running with OpenSSL 1.1.1  11 Sep 2018
I20260630 12:24:35.853820 17092 kserver.cc:163] Server-wide thread pool size limit: 3276
I20260630 12:24:35.855177 17092 txn_system_client.cc:432] TxnSystemClient initialization is disabled...
I20260630 12:24:35.858104 17092 ts_tablet_manager.cc:585] Loaded tablet metadata (0 total tablets, 0 live tablets)
I20260630 12:24:35.858278 17092 ts_tablet_manager.cc:531] Time spent load tablet metadata: real 0.000s	user 0.000s	sys 0.000s
I20260630 12:24:35.858500 17092 ts_tablet_manager.cc:616] Registered 0 tablets
I20260630 12:24:35.858649 17092 ts_tablet_manager.cc:595] Time spent register tablets: real 0.000s	user 0.000s	sys 0.000s
I20260630 12:24:35.954216 17092 rpc_server.cc:307] RPC server started. Bound to: 127.16.177.3:40859
I20260630 12:24:35.954317 17571 acceptor_pool.cc:272] collecting diagnostics on the listening RPC socket 127.16.177.3:40859 every 8 connection(s)
I20260630 12:24:35.974524 17572 heartbeater.cc:344] Connected to a master server at 127.16.177.60:42819
I20260630 12:24:35.974994 17572 heartbeater.cc:461] Registering TS with master...
I20260630 12:24:35.975965 17572 heartbeater.cc:507] Master 127.16.177.60:42819 requested a full tablet report, sending...
I20260630 12:24:35.978891 17254 ts_manager.cc:194] Registered new tserver with Master: 8130d07a79e3483d967128260c6f987e (127.16.177.3:40859)
I20260630 12:24:35.996568 17573 heartbeater.cc:344] Connected to a master server at 127.16.177.61:39761
I20260630 12:24:35.996994 17573 heartbeater.cc:461] Registering TS with master...
I20260630 12:24:35.997895 17573 heartbeater.cc:507] Master 127.16.177.61:39761 requested a full tablet report, sending...
I20260630 12:24:35.999902 17189 ts_manager.cc:194] Registered new tserver with Master: 8130d07a79e3483d967128260c6f987e (127.16.177.3:40859)
I20260630 12:24:36.001462 17189 master_service.cc:502] Signed X509 certificate for tserver {username='slave'} at 127.0.0.1:40610
I20260630 12:24:36.002245 17575 heartbeater.cc:344] Connected to a master server at 127.16.177.62:38391
I20260630 12:24:36.002656 17575 heartbeater.cc:461] Registering TS with master...
I20260630 12:24:36.003614 17575 heartbeater.cc:507] Master 127.16.177.62:38391 requested a full tablet report, sending...
I20260630 12:24:36.005939 17124 ts_manager.cc:194] Registered new tserver with Master: 8130d07a79e3483d967128260c6f987e (127.16.177.3:40859)
I20260630 12:24:36.006228 17092 internal_mini_cluster.cc:371] 3 TS(s) registered with all masters after 0.014140447s
I20260630 12:24:36.291841 17322 catalog_manager.cc:1295] Loaded cluster ID: 61de73a8926f452f86e3fb7da3ad11bd
I20260630 12:24:36.292104 17322 catalog_manager.cc:1588] T 00000000000000000000000000000000 P ab033077e37644daa67f0415e0314173: loading cluster ID for follower catalog manager: success
I20260630 12:24:36.297701 17322 catalog_manager.cc:1610] T 00000000000000000000000000000000 P ab033077e37644daa67f0415e0314173: acquiring CA information for follower catalog manager: success
I20260630 12:24:36.301874 17322 catalog_manager.cc:1638] T 00000000000000000000000000000000 P ab033077e37644daa67f0415e0314173: importing token verification keys for follower catalog manager: success; most recent TSK sequence number 0
I20260630 12:24:36.362886 17336 catalog_manager.cc:1295] Loaded cluster ID: 61de73a8926f452f86e3fb7da3ad11bd
I20260630 12:24:36.363131 17336 catalog_manager.cc:1588] T 00000000000000000000000000000000 P d78fdb1eac5548d6bb572f9bdc88f7ce: loading cluster ID for follower catalog manager: success
I20260630 12:24:36.367648 17336 catalog_manager.cc:1610] T 00000000000000000000000000000000 P d78fdb1eac5548d6bb572f9bdc88f7ce: acquiring CA information for follower catalog manager: success
I20260630 12:24:36.371069 17336 catalog_manager.cc:1638] T 00000000000000000000000000000000 P d78fdb1eac5548d6bb572f9bdc88f7ce: importing token verification keys for follower catalog manager: success; most recent TSK sequence number 0
I20260630 12:24:36.612141 17418 heartbeater.cc:499] Master 127.16.177.61:39761 was elected leader, sending a full tablet report...
I20260630 12:24:36.807982 17496 heartbeater.cc:499] Master 127.16.177.61:39761 was elected leader, sending a full tablet report...
I20260630 12:24:37.005410 17573 heartbeater.cc:499] Master 127.16.177.61:39761 was elected leader, sending a full tablet report...
I20260630 12:24:37.255208 17318 auto_leader_rebalancer.cc:515] All tables' leader rebalancing finished this round
I20260630 12:24:37.364125 17189 catalog_manager.cc:2283] Servicing CreateTable request from {username='slave'} at 127.0.0.1:40614:
name: "test-workload"
schema {
  columns {
    name: "key"
    type: INT32
    is_key: true
    is_nullable: false
    encoding: AUTO_ENCODING
    compression: DEFAULT_COMPRESSION
    cfile_block_size: 0
    immutable: false
  }
  columns {
    name: "int_val"
    type: INT32
    is_key: false
    is_nullable: false
    encoding: AUTO_ENCODING
    compression: DEFAULT_COMPRESSION
    cfile_block_size: 0
    immutable: false
  }
  columns {
    name: "string_val"
    type: STRING
    is_key: false
    is_nullable: true
    encoding: AUTO_ENCODING
    compression: DEFAULT_COMPRESSION
    cfile_block_size: 0
    immutable: false
  }
}
num_replicas: 1
split_rows_range_bounds {
  rows: "\004\001\000\377\377\377\037\004\001\000\376\377\377?\004\001\000\375\377\377_""\004\001\000\377\377\377\037\004\001\000\376\377\377?\004\001\000\375\377\377_"
  indirect_data: """"
}
partition_schema {
  range_schema {
    columns {
      name: "key"
    }
  }
}
I20260630 12:24:37.449769 17537 tablet_service.cc:1511] Processing CreateTablet for tablet f09cc975b0b34efdb75baec6c604985e (DEFAULT_TABLE table=test-workload [id=072a322fe7fa4fadb7882141a913d873]), partition=RANGE (key) PARTITION 536870911 <= VALUES < 1073741822
I20260630 12:24:37.450322 17460 tablet_service.cc:1511] Processing CreateTablet for tablet 9f4e409713794960a2a98969ce601c04 (DEFAULT_TABLE table=test-workload [id=072a322fe7fa4fadb7882141a913d873]), partition=RANGE (key) PARTITION VALUES < 536870911
I20260630 12:24:37.451874 17460 data_dirs.cc:400] Could only allocate 1 dirs of requested 3 for tablet 9f4e409713794960a2a98969ce601c04. 1 dirs total, 0 dirs full, 0 dirs failed
I20260630 12:24:37.452088 17537 data_dirs.cc:400] Could only allocate 1 dirs of requested 3 for tablet f09cc975b0b34efdb75baec6c604985e. 1 dirs total, 0 dirs full, 0 dirs failed
I20260630 12:24:37.455454 17382 tablet_service.cc:1511] Processing CreateTablet for tablet 44a0b8cd0e854027b6a658fefd8468a9 (DEFAULT_TABLE table=test-workload [id=072a322fe7fa4fadb7882141a913d873]), partition=RANGE (key) PARTITION 1073741822 <= VALUES < 1610612733
I20260630 12:24:37.456794 17382 data_dirs.cc:400] Could only allocate 1 dirs of requested 3 for tablet 44a0b8cd0e854027b6a658fefd8468a9. 1 dirs total, 0 dirs full, 0 dirs failed
I20260630 12:24:37.455865 17381 tablet_service.cc:1511] Processing CreateTablet for tablet 02b061e84b6e40368158633635199b38 (DEFAULT_TABLE table=test-workload [id=072a322fe7fa4fadb7882141a913d873]), partition=RANGE (key) PARTITION 1610612733 <= VALUES
I20260630 12:24:37.457958 17381 data_dirs.cc:400] Could only allocate 1 dirs of requested 3 for tablet 02b061e84b6e40368158633635199b38. 1 dirs total, 0 dirs full, 0 dirs failed
I20260630 12:24:37.473583 17607 tablet_bootstrap.cc:492] T f09cc975b0b34efdb75baec6c604985e P 8130d07a79e3483d967128260c6f987e: Bootstrap starting.
I20260630 12:24:37.477542 17608 tablet_bootstrap.cc:492] T 9f4e409713794960a2a98969ce601c04 P 64c72e1daeea49b18b55d121ad8f02c2: Bootstrap starting.
I20260630 12:24:37.480554 17609 tablet_bootstrap.cc:492] T 44a0b8cd0e854027b6a658fefd8468a9 P 082bdaab088f4101b139423ab03831b6: Bootstrap starting.
I20260630 12:24:37.480716 17607 tablet_bootstrap.cc:654] T f09cc975b0b34efdb75baec6c604985e P 8130d07a79e3483d967128260c6f987e: Neither blocks nor log segments found. Creating new log.
I20260630 12:24:37.484401 17608 tablet_bootstrap.cc:654] T 9f4e409713794960a2a98969ce601c04 P 64c72e1daeea49b18b55d121ad8f02c2: Neither blocks nor log segments found. Creating new log.
I20260630 12:24:37.487630 17609 tablet_bootstrap.cc:654] T 44a0b8cd0e854027b6a658fefd8468a9 P 082bdaab088f4101b139423ab03831b6: Neither blocks nor log segments found. Creating new log.
I20260630 12:24:37.489813 17607 tablet_bootstrap.cc:492] T f09cc975b0b34efdb75baec6c604985e P 8130d07a79e3483d967128260c6f987e: No bootstrap required, opened a new log
I20260630 12:24:37.490202 17607 ts_tablet_manager.cc:1403] T f09cc975b0b34efdb75baec6c604985e P 8130d07a79e3483d967128260c6f987e: Time spent bootstrapping tablet: real 0.017s	user 0.004s	sys 0.008s
I20260630 12:24:37.492872 17607 raft_consensus.cc:359] T f09cc975b0b34efdb75baec6c604985e P 8130d07a79e3483d967128260c6f987e [term 0 FOLLOWER]: Replica starting. Triggering 0 pending ops. Active config: opid_index: -1 OBSOLETE_local: true peers { permanent_uuid: "8130d07a79e3483d967128260c6f987e" member_type: VOTER last_known_addr { host: "127.16.177.3" port: 40859 } }
I20260630 12:24:37.493311 17607 raft_consensus.cc:385] T f09cc975b0b34efdb75baec6c604985e P 8130d07a79e3483d967128260c6f987e [term 0 FOLLOWER]: Consensus starting up: Expiring failure detector timer to make a prompt election more likely
I20260630 12:24:37.493635 17607 raft_consensus.cc:740] T f09cc975b0b34efdb75baec6c604985e P 8130d07a79e3483d967128260c6f987e [term 0 FOLLOWER]: Becoming Follower/Learner. State: Replica: 8130d07a79e3483d967128260c6f987e, State: Initialized, Role: FOLLOWER
I20260630 12:24:37.494215 17609 tablet_bootstrap.cc:492] T 44a0b8cd0e854027b6a658fefd8468a9 P 082bdaab088f4101b139423ab03831b6: No bootstrap required, opened a new log
I20260630 12:24:37.494642 17609 ts_tablet_manager.cc:1403] T 44a0b8cd0e854027b6a658fefd8468a9 P 082bdaab088f4101b139423ab03831b6: Time spent bootstrapping tablet: real 0.014s	user 0.013s	sys 0.000s
I20260630 12:24:37.494652 17607 consensus_queue.cc:260] T f09cc975b0b34efdb75baec6c604985e P 8130d07a79e3483d967128260c6f987e [NON_LEADER]: Queue going to NON_LEADER mode. State: All replicated index: 0, Majority replicated index: 0, Committed index: 0, Last appended: 0.0, Last appended by leader: 0, Current term: 0, Majority size: -1, State: 0, Mode: NON_LEADER, active raft config: opid_index: -1 OBSOLETE_local: true peers { permanent_uuid: "8130d07a79e3483d967128260c6f987e" member_type: VOTER last_known_addr { host: "127.16.177.3" port: 40859 } }
I20260630 12:24:37.495501 17607 raft_consensus.cc:399] T f09cc975b0b34efdb75baec6c604985e P 8130d07a79e3483d967128260c6f987e [term 0 FOLLOWER]: Only one voter in the Raft config. Triggering election immediately
I20260630 12:24:37.496817 17608 tablet_bootstrap.cc:492] T 9f4e409713794960a2a98969ce601c04 P 64c72e1daeea49b18b55d121ad8f02c2: No bootstrap required, opened a new log
I20260630 12:24:37.495924 17607 raft_consensus.cc:493] T f09cc975b0b34efdb75baec6c604985e P 8130d07a79e3483d967128260c6f987e [term 0 FOLLOWER]: Starting leader election (initial election of a single-replica configuration)
I20260630 12:24:37.497289 17607 raft_consensus.cc:3060] T f09cc975b0b34efdb75baec6c604985e P 8130d07a79e3483d967128260c6f987e [term 0 FOLLOWER]: Advancing to term 1
I20260630 12:24:37.497340 17608 ts_tablet_manager.cc:1403] T 9f4e409713794960a2a98969ce601c04 P 64c72e1daeea49b18b55d121ad8f02c2: Time spent bootstrapping tablet: real 0.020s	user 0.009s	sys 0.010s
I20260630 12:24:37.498001 17609 raft_consensus.cc:359] T 44a0b8cd0e854027b6a658fefd8468a9 P 082bdaab088f4101b139423ab03831b6 [term 0 FOLLOWER]: Replica starting. Triggering 0 pending ops. Active config: opid_index: -1 OBSOLETE_local: true peers { permanent_uuid: "082bdaab088f4101b139423ab03831b6" member_type: VOTER last_known_addr { host: "127.16.177.1" port: 35375 } }
I20260630 12:24:37.498549 17609 raft_consensus.cc:385] T 44a0b8cd0e854027b6a658fefd8468a9 P 082bdaab088f4101b139423ab03831b6 [term 0 FOLLOWER]: Consensus starting up: Expiring failure detector timer to make a prompt election more likely
I20260630 12:24:37.498819 17609 raft_consensus.cc:740] T 44a0b8cd0e854027b6a658fefd8468a9 P 082bdaab088f4101b139423ab03831b6 [term 0 FOLLOWER]: Becoming Follower/Learner. State: Replica: 082bdaab088f4101b139423ab03831b6, State: Initialized, Role: FOLLOWER
I20260630 12:24:37.499503 17609 consensus_queue.cc:260] T 44a0b8cd0e854027b6a658fefd8468a9 P 082bdaab088f4101b139423ab03831b6 [NON_LEADER]: Queue going to NON_LEADER mode. State: All replicated index: 0, Majority replicated index: 0, Committed index: 0, Last appended: 0.0, Last appended by leader: 0, Current term: 0, Majority size: -1, State: 0, Mode: NON_LEADER, active raft config: opid_index: -1 OBSOLETE_local: true peers { permanent_uuid: "082bdaab088f4101b139423ab03831b6" member_type: VOTER last_known_addr { host: "127.16.177.1" port: 35375 } }
I20260630 12:24:37.499745 17608 raft_consensus.cc:359] T 9f4e409713794960a2a98969ce601c04 P 64c72e1daeea49b18b55d121ad8f02c2 [term 0 FOLLOWER]: Replica starting. Triggering 0 pending ops. Active config: opid_index: -1 OBSOLETE_local: true peers { permanent_uuid: "64c72e1daeea49b18b55d121ad8f02c2" member_type: VOTER last_known_addr { host: "127.16.177.2" port: 37465 } }
I20260630 12:24:37.500185 17608 raft_consensus.cc:385] T 9f4e409713794960a2a98969ce601c04 P 64c72e1daeea49b18b55d121ad8f02c2 [term 0 FOLLOWER]: Consensus starting up: Expiring failure detector timer to make a prompt election more likely
I20260630 12:24:37.500569 17608 raft_consensus.cc:740] T 9f4e409713794960a2a98969ce601c04 P 64c72e1daeea49b18b55d121ad8f02c2 [term 0 FOLLOWER]: Becoming Follower/Learner. State: Replica: 64c72e1daeea49b18b55d121ad8f02c2, State: Initialized, Role: FOLLOWER
I20260630 12:24:37.501091 17608 consensus_queue.cc:260] T 9f4e409713794960a2a98969ce601c04 P 64c72e1daeea49b18b55d121ad8f02c2 [NON_LEADER]: Queue going to NON_LEADER mode. State: All replicated index: 0, Majority replicated index: 0, Committed index: 0, Last appended: 0.0, Last appended by leader: 0, Current term: 0, Majority size: -1, State: 0, Mode: NON_LEADER, active raft config: opid_index: -1 OBSOLETE_local: true peers { permanent_uuid: "64c72e1daeea49b18b55d121ad8f02c2" member_type: VOTER last_known_addr { host: "127.16.177.2" port: 37465 } }
I20260630 12:24:37.501541 17608 raft_consensus.cc:399] T 9f4e409713794960a2a98969ce601c04 P 64c72e1daeea49b18b55d121ad8f02c2 [term 0 FOLLOWER]: Only one voter in the Raft config. Triggering election immediately
I20260630 12:24:37.501761 17608 raft_consensus.cc:493] T 9f4e409713794960a2a98969ce601c04 P 64c72e1daeea49b18b55d121ad8f02c2 [term 0 FOLLOWER]: Starting leader election (initial election of a single-replica configuration)
I20260630 12:24:37.501998 17608 raft_consensus.cc:3060] T 9f4e409713794960a2a98969ce601c04 P 64c72e1daeea49b18b55d121ad8f02c2 [term 0 FOLLOWER]: Advancing to term 1
I20260630 12:24:37.502796 17607 raft_consensus.cc:515] T f09cc975b0b34efdb75baec6c604985e P 8130d07a79e3483d967128260c6f987e [term 1 FOLLOWER]: Starting leader election with config: opid_index: -1 OBSOLETE_local: true peers { permanent_uuid: "8130d07a79e3483d967128260c6f987e" member_type: VOTER last_known_addr { host: "127.16.177.3" port: 40859 } }
I20260630 12:24:37.503319 17607 leader_election.cc:304] T f09cc975b0b34efdb75baec6c604985e P 8130d07a79e3483d967128260c6f987e [CANDIDATE]: Term 1 election: Election decided. Result: candidate won. Election summary: received 1 responses out of 1 voters: 1 yes votes; 0 no votes. yes voters: 8130d07a79e3483d967128260c6f987e; no voters: 
I20260630 12:24:37.500134 17609 raft_consensus.cc:399] T 44a0b8cd0e854027b6a658fefd8468a9 P 082bdaab088f4101b139423ab03831b6 [term 0 FOLLOWER]: Only one voter in the Raft config. Triggering election immediately
I20260630 12:24:37.503779 17609 raft_consensus.cc:493] T 44a0b8cd0e854027b6a658fefd8468a9 P 082bdaab088f4101b139423ab03831b6 [term 0 FOLLOWER]: Starting leader election (initial election of a single-replica configuration)
I20260630 12:24:37.504158 17609 raft_consensus.cc:3060] T 44a0b8cd0e854027b6a658fefd8468a9 P 082bdaab088f4101b139423ab03831b6 [term 0 FOLLOWER]: Advancing to term 1
I20260630 12:24:37.505411 17607 leader_election.cc:290] T f09cc975b0b34efdb75baec6c604985e P 8130d07a79e3483d967128260c6f987e [CANDIDATE]: Term 1 election: Requested vote from peers 
I20260630 12:24:37.505828 17613 raft_consensus.cc:2804] T f09cc975b0b34efdb75baec6c604985e P 8130d07a79e3483d967128260c6f987e [term 1 FOLLOWER]: Leader election won for term 1
I20260630 12:24:37.507328 17608 raft_consensus.cc:515] T 9f4e409713794960a2a98969ce601c04 P 64c72e1daeea49b18b55d121ad8f02c2 [term 1 FOLLOWER]: Starting leader election with config: opid_index: -1 OBSOLETE_local: true peers { permanent_uuid: "64c72e1daeea49b18b55d121ad8f02c2" member_type: VOTER last_known_addr { host: "127.16.177.2" port: 37465 } }
I20260630 12:24:37.508085 17608 leader_election.cc:304] T 9f4e409713794960a2a98969ce601c04 P 64c72e1daeea49b18b55d121ad8f02c2 [CANDIDATE]: Term 1 election: Election decided. Result: candidate won. Election summary: received 1 responses out of 1 voters: 1 yes votes; 0 no votes. yes voters: 64c72e1daeea49b18b55d121ad8f02c2; no voters: 
I20260630 12:24:37.510677 17609 raft_consensus.cc:515] T 44a0b8cd0e854027b6a658fefd8468a9 P 082bdaab088f4101b139423ab03831b6 [term 1 FOLLOWER]: Starting leader election with config: opid_index: -1 OBSOLETE_local: true peers { permanent_uuid: "082bdaab088f4101b139423ab03831b6" member_type: VOTER last_known_addr { host: "127.16.177.1" port: 35375 } }
I20260630 12:24:37.511674 17609 leader_election.cc:304] T 44a0b8cd0e854027b6a658fefd8468a9 P 082bdaab088f4101b139423ab03831b6 [CANDIDATE]: Term 1 election: Election decided. Result: candidate won. Election summary: received 1 responses out of 1 voters: 1 yes votes; 0 no votes. yes voters: 082bdaab088f4101b139423ab03831b6; no voters: 
I20260630 12:24:37.516283 17607 ts_tablet_manager.cc:1434] T f09cc975b0b34efdb75baec6c604985e P 8130d07a79e3483d967128260c6f987e: Time spent starting tablet: real 0.026s	user 0.006s	sys 0.016s
I20260630 12:24:37.517587 17613 raft_consensus.cc:697] T f09cc975b0b34efdb75baec6c604985e P 8130d07a79e3483d967128260c6f987e [term 1 LEADER]: Becoming Leader. State: Replica: 8130d07a79e3483d967128260c6f987e, State: Running, Role: LEADER
I20260630 12:24:37.518327 17608 leader_election.cc:290] T 9f4e409713794960a2a98969ce601c04 P 64c72e1daeea49b18b55d121ad8f02c2 [CANDIDATE]: Term 1 election: Requested vote from peers 
I20260630 12:24:37.518730 17616 raft_consensus.cc:2804] T 9f4e409713794960a2a98969ce601c04 P 64c72e1daeea49b18b55d121ad8f02c2 [term 1 FOLLOWER]: Leader election won for term 1
I20260630 12:24:37.518432 17613 consensus_queue.cc:237] T f09cc975b0b34efdb75baec6c604985e P 8130d07a79e3483d967128260c6f987e [LEADER]: Queue going to LEADER mode. State: All replicated index: 0, Majority replicated index: 0, Committed index: 0, Last appended: 0.0, Last appended by leader: 0, Current term: 1, Majority size: 1, State: 0, Mode: LEADER, active raft config: opid_index: -1 OBSOLETE_local: true peers { permanent_uuid: "8130d07a79e3483d967128260c6f987e" member_type: VOTER last_known_addr { host: "127.16.177.3" port: 40859 } }
I20260630 12:24:37.522223 17617 raft_consensus.cc:2804] T 44a0b8cd0e854027b6a658fefd8468a9 P 082bdaab088f4101b139423ab03831b6 [term 1 FOLLOWER]: Leader election won for term 1
I20260630 12:24:37.522687 17609 leader_election.cc:290] T 44a0b8cd0e854027b6a658fefd8468a9 P 082bdaab088f4101b139423ab03831b6 [CANDIDATE]: Term 1 election: Requested vote from peers 
I20260630 12:24:37.528087 17608 ts_tablet_manager.cc:1434] T 9f4e409713794960a2a98969ce601c04 P 64c72e1daeea49b18b55d121ad8f02c2: Time spent starting tablet: real 0.030s	user 0.017s	sys 0.010s
I20260630 12:24:37.531721 17616 raft_consensus.cc:697] T 9f4e409713794960a2a98969ce601c04 P 64c72e1daeea49b18b55d121ad8f02c2 [term 1 LEADER]: Becoming Leader. State: Replica: 64c72e1daeea49b18b55d121ad8f02c2, State: Running, Role: LEADER
I20260630 12:24:37.532554 17616 consensus_queue.cc:237] T 9f4e409713794960a2a98969ce601c04 P 64c72e1daeea49b18b55d121ad8f02c2 [LEADER]: Queue going to LEADER mode. State: All replicated index: 0, Majority replicated index: 0, Committed index: 0, Last appended: 0.0, Last appended by leader: 0, Current term: 1, Majority size: 1, State: 0, Mode: LEADER, active raft config: opid_index: -1 OBSOLETE_local: true peers { permanent_uuid: "64c72e1daeea49b18b55d121ad8f02c2" member_type: VOTER last_known_addr { host: "127.16.177.2" port: 37465 } }
I20260630 12:24:37.539070 17189 catalog_manager.cc:5697] T f09cc975b0b34efdb75baec6c604985e P 8130d07a79e3483d967128260c6f987e reported cstate change: term changed from 0 to 1, leader changed from <none> to 8130d07a79e3483d967128260c6f987e (127.16.177.3). New cstate: current_term: 1 leader_uuid: "8130d07a79e3483d967128260c6f987e" committed_config { opid_index: -1 OBSOLETE_local: true peers { permanent_uuid: "8130d07a79e3483d967128260c6f987e" member_type: VOTER last_known_addr { host: "127.16.177.3" port: 40859 } health_report { overall_health: HEALTHY } } }
I20260630 12:24:37.543293 17617 raft_consensus.cc:697] T 44a0b8cd0e854027b6a658fefd8468a9 P 082bdaab088f4101b139423ab03831b6 [term 1 LEADER]: Becoming Leader. State: Replica: 082bdaab088f4101b139423ab03831b6, State: Running, Role: LEADER
I20260630 12:24:37.553921 17617 consensus_queue.cc:237] T 44a0b8cd0e854027b6a658fefd8468a9 P 082bdaab088f4101b139423ab03831b6 [LEADER]: Queue going to LEADER mode. State: All replicated index: 0, Majority replicated index: 0, Committed index: 0, Last appended: 0.0, Last appended by leader: 0, Current term: 1, Majority size: 1, State: 0, Mode: LEADER, active raft config: opid_index: -1 OBSOLETE_local: true peers { permanent_uuid: "082bdaab088f4101b139423ab03831b6" member_type: VOTER last_known_addr { host: "127.16.177.1" port: 35375 } }
I20260630 12:24:37.564293 17609 ts_tablet_manager.cc:1434] T 44a0b8cd0e854027b6a658fefd8468a9 P 082bdaab088f4101b139423ab03831b6: Time spent starting tablet: real 0.069s	user 0.017s	sys 0.011s
I20260630 12:24:37.565341 17609 tablet_bootstrap.cc:492] T 02b061e84b6e40368158633635199b38 P 082bdaab088f4101b139423ab03831b6: Bootstrap starting.
I20260630 12:24:37.572067 17609 tablet_bootstrap.cc:654] T 02b061e84b6e40368158633635199b38 P 082bdaab088f4101b139423ab03831b6: Neither blocks nor log segments found. Creating new log.
I20260630 12:24:37.577889 17188 catalog_manager.cc:5697] T 44a0b8cd0e854027b6a658fefd8468a9 P 082bdaab088f4101b139423ab03831b6 reported cstate change: term changed from 0 to 1, leader changed from <none> to 082bdaab088f4101b139423ab03831b6 (127.16.177.1). New cstate: current_term: 1 leader_uuid: "082bdaab088f4101b139423ab03831b6" committed_config { opid_index: -1 OBSOLETE_local: true peers { permanent_uuid: "082bdaab088f4101b139423ab03831b6" member_type: VOTER last_known_addr { host: "127.16.177.1" port: 35375 } health_report { overall_health: HEALTHY } } }
I20260630 12:24:37.579101 17189 catalog_manager.cc:5697] T 9f4e409713794960a2a98969ce601c04 P 64c72e1daeea49b18b55d121ad8f02c2 reported cstate change: term changed from 0 to 1, leader changed from <none> to 64c72e1daeea49b18b55d121ad8f02c2 (127.16.177.2). New cstate: current_term: 1 leader_uuid: "64c72e1daeea49b18b55d121ad8f02c2" committed_config { opid_index: -1 OBSOLETE_local: true peers { permanent_uuid: "64c72e1daeea49b18b55d121ad8f02c2" member_type: VOTER last_known_addr { host: "127.16.177.2" port: 37465 } health_report { overall_health: HEALTHY } } }
I20260630 12:24:37.594965 17609 tablet_bootstrap.cc:492] T 02b061e84b6e40368158633635199b38 P 082bdaab088f4101b139423ab03831b6: No bootstrap required, opened a new log
I20260630 12:24:37.595521 17609 ts_tablet_manager.cc:1403] T 02b061e84b6e40368158633635199b38 P 082bdaab088f4101b139423ab03831b6: Time spent bootstrapping tablet: real 0.030s	user 0.012s	sys 0.004s
I20260630 12:24:37.598358 17609 raft_consensus.cc:359] T 02b061e84b6e40368158633635199b38 P 082bdaab088f4101b139423ab03831b6 [term 0 FOLLOWER]: Replica starting. Triggering 0 pending ops. Active config: opid_index: -1 OBSOLETE_local: true peers { permanent_uuid: "082bdaab088f4101b139423ab03831b6" member_type: VOTER last_known_addr { host: "127.16.177.1" port: 35375 } }
I20260630 12:24:37.598929 17609 raft_consensus.cc:385] T 02b061e84b6e40368158633635199b38 P 082bdaab088f4101b139423ab03831b6 [term 0 FOLLOWER]: Consensus starting up: Expiring failure detector timer to make a prompt election more likely
I20260630 12:24:37.599252 17609 raft_consensus.cc:740] T 02b061e84b6e40368158633635199b38 P 082bdaab088f4101b139423ab03831b6 [term 0 FOLLOWER]: Becoming Follower/Learner. State: Replica: 082bdaab088f4101b139423ab03831b6, State: Initialized, Role: FOLLOWER
I20260630 12:24:37.601984 17609 consensus_queue.cc:260] T 02b061e84b6e40368158633635199b38 P 082bdaab088f4101b139423ab03831b6 [NON_LEADER]: Queue going to NON_LEADER mode. State: All replicated index: 0, Majority replicated index: 0, Committed index: 0, Last appended: 0.0, Last appended by leader: 0, Current term: 0, Majority size: -1, State: 0, Mode: NON_LEADER, active raft config: opid_index: -1 OBSOLETE_local: true peers { permanent_uuid: "082bdaab088f4101b139423ab03831b6" member_type: VOTER last_known_addr { host: "127.16.177.1" port: 35375 } }
I20260630 12:24:37.602613 17609 raft_consensus.cc:399] T 02b061e84b6e40368158633635199b38 P 082bdaab088f4101b139423ab03831b6 [term 0 FOLLOWER]: Only one voter in the Raft config. Triggering election immediately
I20260630 12:24:37.602938 17609 raft_consensus.cc:493] T 02b061e84b6e40368158633635199b38 P 082bdaab088f4101b139423ab03831b6 [term 0 FOLLOWER]: Starting leader election (initial election of a single-replica configuration)
I20260630 12:24:37.603322 17609 raft_consensus.cc:3060] T 02b061e84b6e40368158633635199b38 P 082bdaab088f4101b139423ab03831b6 [term 0 FOLLOWER]: Advancing to term 1
I20260630 12:24:37.609545 17609 raft_consensus.cc:515] T 02b061e84b6e40368158633635199b38 P 082bdaab088f4101b139423ab03831b6 [term 1 FOLLOWER]: Starting leader election with config: opid_index: -1 OBSOLETE_local: true peers { permanent_uuid: "082bdaab088f4101b139423ab03831b6" member_type: VOTER last_known_addr { host: "127.16.177.1" port: 35375 } }
I20260630 12:24:37.610349 17609 leader_election.cc:304] T 02b061e84b6e40368158633635199b38 P 082bdaab088f4101b139423ab03831b6 [CANDIDATE]: Term 1 election: Election decided. Result: candidate won. Election summary: received 1 responses out of 1 voters: 1 yes votes; 0 no votes. yes voters: 082bdaab088f4101b139423ab03831b6; no voters: 
I20260630 12:24:37.610940 17609 leader_election.cc:290] T 02b061e84b6e40368158633635199b38 P 082bdaab088f4101b139423ab03831b6 [CANDIDATE]: Term 1 election: Requested vote from peers 
I20260630 12:24:37.611689 17617 raft_consensus.cc:2804] T 02b061e84b6e40368158633635199b38 P 082bdaab088f4101b139423ab03831b6 [term 1 FOLLOWER]: Leader election won for term 1
I20260630 12:24:37.612155 17617 raft_consensus.cc:697] T 02b061e84b6e40368158633635199b38 P 082bdaab088f4101b139423ab03831b6 [term 1 LEADER]: Becoming Leader. State: Replica: 082bdaab088f4101b139423ab03831b6, State: Running, Role: LEADER
I20260630 12:24:37.612666 17609 ts_tablet_manager.cc:1434] T 02b061e84b6e40368158633635199b38 P 082bdaab088f4101b139423ab03831b6: Time spent starting tablet: real 0.017s	user 0.013s	sys 0.000s
I20260630 12:24:37.612814 17617 consensus_queue.cc:237] T 02b061e84b6e40368158633635199b38 P 082bdaab088f4101b139423ab03831b6 [LEADER]: Queue going to LEADER mode. State: All replicated index: 0, Majority replicated index: 0, Committed index: 0, Last appended: 0.0, Last appended by leader: 0, Current term: 1, Majority size: 1, State: 0, Mode: LEADER, active raft config: opid_index: -1 OBSOLETE_local: true peers { permanent_uuid: "082bdaab088f4101b139423ab03831b6" member_type: VOTER last_known_addr { host: "127.16.177.1" port: 35375 } }
I20260630 12:24:37.623451 17188 catalog_manager.cc:5697] T 02b061e84b6e40368158633635199b38 P 082bdaab088f4101b139423ab03831b6 reported cstate change: term changed from 0 to 1, leader changed from <none> to 082bdaab088f4101b139423ab03831b6 (127.16.177.1). New cstate: current_term: 1 leader_uuid: "082bdaab088f4101b139423ab03831b6" committed_config { opid_index: -1 OBSOLETE_local: true peers { permanent_uuid: "082bdaab088f4101b139423ab03831b6" member_type: VOTER last_known_addr { host: "127.16.177.1" port: 35375 } health_report { overall_health: HEALTHY } } }
I20260630 12:24:39.256312 17318 auto_leader_rebalancer.cc:141] leader rebalance for table test-workload
I20260630 12:24:39.258775 17318 auto_leader_rebalancer.cc:515] All tables' leader rebalancing finished this round
I20260630 12:24:39.664386 17092 tablet_server.cc:179] TabletServer@127.16.177.1:0 shutting down...
I20260630 12:24:39.679560 17092 ts_tablet_manager.cc:1507] Shutting down tablet manager...
I20260630 12:24:39.680399 17092 tablet_replica.cc:333] T 02b061e84b6e40368158633635199b38 P 082bdaab088f4101b139423ab03831b6: stopping tablet replica
I20260630 12:24:39.680974 17092 raft_consensus.cc:2243] T 02b061e84b6e40368158633635199b38 P 082bdaab088f4101b139423ab03831b6 [term 1 LEADER]: Raft consensus shutting down.
I20260630 12:24:39.681421 17092 raft_consensus.cc:2272] T 02b061e84b6e40368158633635199b38 P 082bdaab088f4101b139423ab03831b6 [term 1 FOLLOWER]: Raft consensus is shut down!
I20260630 12:24:39.683609 17092 tablet_replica.cc:333] T 44a0b8cd0e854027b6a658fefd8468a9 P 082bdaab088f4101b139423ab03831b6: stopping tablet replica
I20260630 12:24:39.684105 17092 raft_consensus.cc:2243] T 44a0b8cd0e854027b6a658fefd8468a9 P 082bdaab088f4101b139423ab03831b6 [term 1 LEADER]: Raft consensus shutting down.
I20260630 12:24:39.684466 17092 raft_consensus.cc:2272] T 44a0b8cd0e854027b6a658fefd8468a9 P 082bdaab088f4101b139423ab03831b6 [term 1 FOLLOWER]: Raft consensus is shut down!
I20260630 12:24:39.761251 17092 tablet_server.cc:196] TabletServer@127.16.177.1:0 shutdown complete.
I20260630 12:24:39.770352 17092 tablet_server.cc:179] TabletServer@127.16.177.2:0 shutting down...
I20260630 12:24:39.784229 17092 ts_tablet_manager.cc:1507] Shutting down tablet manager...
I20260630 12:24:39.784826 17092 tablet_replica.cc:333] T 9f4e409713794960a2a98969ce601c04 P 64c72e1daeea49b18b55d121ad8f02c2: stopping tablet replica
I20260630 12:24:39.785343 17092 raft_consensus.cc:2243] T 9f4e409713794960a2a98969ce601c04 P 64c72e1daeea49b18b55d121ad8f02c2 [term 1 LEADER]: Raft consensus shutting down.
I20260630 12:24:39.785743 17092 raft_consensus.cc:2272] T 9f4e409713794960a2a98969ce601c04 P 64c72e1daeea49b18b55d121ad8f02c2 [term 1 FOLLOWER]: Raft consensus is shut down!
I20260630 12:24:39.802709 17092 tablet_server.cc:196] TabletServer@127.16.177.2:0 shutdown complete.
I20260630 12:24:39.809993 17092 tablet_server.cc:179] TabletServer@127.16.177.3:0 shutting down...
I20260630 12:24:39.825382 17092 ts_tablet_manager.cc:1507] Shutting down tablet manager...
I20260630 12:24:39.826001 17092 tablet_replica.cc:333] T f09cc975b0b34efdb75baec6c604985e P 8130d07a79e3483d967128260c6f987e: stopping tablet replica
I20260630 12:24:39.826514 17092 raft_consensus.cc:2243] T f09cc975b0b34efdb75baec6c604985e P 8130d07a79e3483d967128260c6f987e [term 1 LEADER]: Raft consensus shutting down.
I20260630 12:24:39.826954 17092 raft_consensus.cc:2272] T f09cc975b0b34efdb75baec6c604985e P 8130d07a79e3483d967128260c6f987e [term 1 FOLLOWER]: Raft consensus is shut down!
I20260630 12:24:39.843863 17092 tablet_server.cc:196] TabletServer@127.16.177.3:0 shutdown complete.
I20260630 12:24:39.851110 17092 master.cc:562] Master@127.16.177.62:38391 shutting down...
I20260630 12:24:40.002468 17092 raft_consensus.cc:2243] T 00000000000000000000000000000000 P d78fdb1eac5548d6bb572f9bdc88f7ce [term 1 FOLLOWER]: Raft consensus shutting down.
I20260630 12:24:40.002943 17092 raft_consensus.cc:2272] T 00000000000000000000000000000000 P d78fdb1eac5548d6bb572f9bdc88f7ce [term 1 FOLLOWER]: Raft consensus is shut down!
I20260630 12:24:40.003218 17092 tablet_replica.cc:333] T 00000000000000000000000000000000 P d78fdb1eac5548d6bb572f9bdc88f7ce: stopping tablet replica
I20260630 12:24:40.020334 17092 master.cc:584] Master@127.16.177.62:38391 shutdown complete.
I20260630 12:24:40.029405 17092 master.cc:562] Master@127.16.177.61:39761 shutting down...
I20260630 12:24:40.040917 17092 raft_consensus.cc:2243] T 00000000000000000000000000000000 P 4674b7f3c2c1476ba38ee5cc2ebed653 [term 1 LEADER]: Raft consensus shutting down.
I20260630 12:24:40.041705 17092 raft_consensus.cc:2272] T 00000000000000000000000000000000 P 4674b7f3c2c1476ba38ee5cc2ebed653 [term 1 FOLLOWER]: Raft consensus is shut down!
I20260630 12:24:40.042011 17092 tablet_replica.cc:333] T 00000000000000000000000000000000 P 4674b7f3c2c1476ba38ee5cc2ebed653: stopping tablet replica
I20260630 12:24:40.078255 17092 master.cc:584] Master@127.16.177.61:39761 shutdown complete.
I20260630 12:24:40.088372 17092 master.cc:562] Master@127.16.177.60:42819 shutting down...
I20260630 12:24:40.101382 17092 raft_consensus.cc:2243] T 00000000000000000000000000000000 P ab033077e37644daa67f0415e0314173 [term 1 FOLLOWER]: Raft consensus shutting down.
I20260630 12:24:40.101814 17092 raft_consensus.cc:2272] T 00000000000000000000000000000000 P ab033077e37644daa67f0415e0314173 [term 1 FOLLOWER]: Raft consensus is shut down!
I20260630 12:24:40.102056 17092 tablet_replica.cc:333] T 00000000000000000000000000000000 P ab033077e37644daa67f0415e0314173: stopping tablet replica
I20260630 12:24:40.118304 17092 master.cc:584] Master@127.16.177.60:42819 shutdown complete.
[       OK ] AutoRebalancerTest.OnlyLeaderDoesAutoRebalancing (6576 ms)
[ RUN      ] AutoRebalancerTest.AutoRebalancingTurnOffAndOn
I20260630 12:24:40.140830 17092 internal_mini_cluster.cc:156] Creating distributed mini masters. Addrs: 127.16.177.62:40439
I20260630 12:24:40.141746 17092 file_cache.cc:492] Constructed file cache file cache with capacity 419430
W20260630 12:24:40.145974 17630 instance_detector.cc:116] could not retrieve AWS instance metadata: Network error: curl error: HTTP response code said error: The requested URL returned error: 404
W20260630 12:24:40.147547 17633 instance_detector.cc:116] could not retrieve OpenStack instance metadata: Network error: curl error: HTTP response code said error: The requested URL returned error: 404
W20260630 12:24:40.147622 17631 instance_detector.cc:116] could not retrieve Azure instance metadata: Network error: curl error: HTTP response code said error: The requested URL returned error: 404
I20260630 12:24:40.147810 17092 server_base.cc:1061] running on GCE node
I20260630 12:24:40.148749 17092 hybrid_clock.cc:584] initializing the hybrid clock with 'system_unsync' time source
W20260630 12:24:40.148926 17092 system_unsync_time.cc:38] NTP support is disabled. Clock error bounds will not be accurate. This configuration is not suitable for distributed clusters.
I20260630 12:24:40.149039 17092 hybrid_clock.cc:648] HybridClock initialized: now 1782822280149027 us; error 0 us; skew 500 ppm
