I20260630 12:26:14.574733 11661 internal_mini_cluster.cc:156] Creating distributed mini masters. Addrs: 127.11.99.126:38097
I20260630 12:26:14.575785 11661 file_cache.cc:492] Constructed file cache file cache with capacity 419430
W20260630 12:26:14.581664 15626 instance_detector.cc:116] could not retrieve Azure instance metadata: Network error: curl error: HTTP response code said error: The requested URL returned error: 404
W20260630 12:26:14.581744 15625 instance_detector.cc:116] could not retrieve AWS instance metadata: Network error: curl error: HTTP response code said error: The requested URL returned error: 404
W20260630 12:26:14.582536 15628 instance_detector.cc:116] could not retrieve OpenStack instance metadata: Network error: curl error: HTTP response code said error: The requested URL returned error: 404
I20260630 12:26:14.585268 11661 server_base.cc:1061] running on GCE node
I20260630 12:26:14.586040 11661 hybrid_clock.cc:584] initializing the hybrid clock with 'system_unsync' time source
W20260630 12:26:14.586239 11661 system_unsync_time.cc:38] NTP support is disabled. Clock error bounds will not be accurate. This configuration is not suitable for distributed clusters.
I20260630 12:26:14.586422 11661 hybrid_clock.cc:648] HybridClock initialized: now 1782822374586409 us; error 0 us; skew 500 ppm
I20260630 12:26:14.586961 11661 server_base.cc:861] Flag tcmalloc_max_total_thread_cache_bytes is not working since tcmalloc is not enabled.
I20260630 12:26:14.589831 11661 webserver.cc:533] Webserver started at http://127.11.99.126:37199/ using document root <none> and password file <none>
I20260630 12:26:14.590358 11661 fs_manager.cc:362] Metadata directory not provided
I20260630 12:26:14.590611 11661 fs_manager.cc:368] Using write-ahead log directory (fs_wal_dir) as metadata directory
I20260630 12:26:14.590907 11661 server_base.cc:909] This appears to be a new deployment of Kudu; creating new FS layout
I20260630 12:26:14.592133 11661 fs_manager.cc:1068] Generated new instance metadata in path /tmp/dist-test-taskrL4I9u/test-tmp/auto_rebalancer-test.0.AutoRebalancerTest.NoReplicaMovesIfCannotFixPlacementPolicy.1782822271078090-11661-0/minicluster-data/master-0-root/instance:
uuid: "c5c64917d57b4711868b53f94be43c30"
format_stamp: "Formatted at 2026-06-30 12:26:14 on dist-test-slave-zxvz"
I20260630 12:26:14.596664 11661 fs_manager.cc:696] Time spent creating directory manager: real 0.004s	user 0.004s	sys 0.000s
I20260630 12:26:14.600137 15633 log_block_manager.cc:4031] Time spent loading block containers with low live blocks: real 0.000s	user 0.000s	sys 0.000s
I20260630 12:26:14.600951 11661 fs_manager.cc:730] Time spent opening block manager: real 0.002s	user 0.002s	sys 0.001s
I20260630 12:26:14.601326 11661 fs_manager.cc:647] Opened local filesystem: /tmp/dist-test-taskrL4I9u/test-tmp/auto_rebalancer-test.0.AutoRebalancerTest.NoReplicaMovesIfCannotFixPlacementPolicy.1782822271078090-11661-0/minicluster-data/master-0-root
uuid: "c5c64917d57b4711868b53f94be43c30"
format_stamp: "Formatted at 2026-06-30 12:26:14 on dist-test-slave-zxvz"
I20260630 12:26:14.601624 11661 fs_report.cc:389] FS layout report
--------------------
wal directory: /tmp/dist-test-taskrL4I9u/test-tmp/auto_rebalancer-test.0.AutoRebalancerTest.NoReplicaMovesIfCannotFixPlacementPolicy.1782822271078090-11661-0/minicluster-data/master-0-root
metadata directory: /tmp/dist-test-taskrL4I9u/test-tmp/auto_rebalancer-test.0.AutoRebalancerTest.NoReplicaMovesIfCannotFixPlacementPolicy.1782822271078090-11661-0/minicluster-data/master-0-root
1 data directories: /tmp/dist-test-taskrL4I9u/test-tmp/auto_rebalancer-test.0.AutoRebalancerTest.NoReplicaMovesIfCannotFixPlacementPolicy.1782822271078090-11661-0/minicluster-data/master-0-root/data
Total live blocks: 0
Total live bytes: 0
Total live bytes (after alignment): 0
Total number of LBM containers: 0 (0 full)
Did not check for missing blocks
Did not check for orphaned blocks
Total full LBM containers with extra space: 0 (0 repaired)
Total full LBM container extra space in bytes: 0 (0 repaired)
Total incomplete LBM containers: 0 (0 repaired)
Total LBM partial records: 0 (0 repaired)
Total corrupted LBM metadata records in RocksDB: 0 (0 repaired)
I20260630 12:26:14.610991 11661 rpc_server.cc:225] running with OpenSSL 1.1.1  11 Sep 2018
I20260630 12:26:14.612263 11661 kserver.cc:163] Server-wide thread pool size limit: 3276
I20260630 12:26:14.650738 11661 rpc_server.cc:307] RPC server started. Bound to: 127.11.99.126:38097
I20260630 12:26:14.650849 15684 acceptor_pool.cc:272] collecting diagnostics on the listening RPC socket 127.11.99.126:38097 every 8 connection(s)
I20260630 12:26:14.654765 15685 data_dirs.cc:400] Could only allocate 1 dirs of requested 3 for tablet 00000000000000000000000000000000. 1 dirs total, 0 dirs full, 0 dirs failed
I20260630 12:26:14.665328 15685 tablet_bootstrap.cc:492] T 00000000000000000000000000000000 P c5c64917d57b4711868b53f94be43c30: Bootstrap starting.
I20260630 12:26:14.670235 15685 tablet_bootstrap.cc:654] T 00000000000000000000000000000000 P c5c64917d57b4711868b53f94be43c30: Neither blocks nor log segments found. Creating new log.
I20260630 12:26:14.674623 15685 tablet_bootstrap.cc:492] T 00000000000000000000000000000000 P c5c64917d57b4711868b53f94be43c30: No bootstrap required, opened a new log
I20260630 12:26:14.677471 15685 raft_consensus.cc:359] T 00000000000000000000000000000000 P c5c64917d57b4711868b53f94be43c30 [term 0 FOLLOWER]: Replica starting. Triggering 0 pending ops. Active config: opid_index: -1 OBSOLETE_local: true peers { permanent_uuid: "c5c64917d57b4711868b53f94be43c30" member_type: VOTER }
I20260630 12:26:14.678352 15685 raft_consensus.cc:385] T 00000000000000000000000000000000 P c5c64917d57b4711868b53f94be43c30 [term 0 FOLLOWER]: Consensus starting up: Expiring failure detector timer to make a prompt election more likely
I20260630 12:26:14.678648 15685 raft_consensus.cc:740] T 00000000000000000000000000000000 P c5c64917d57b4711868b53f94be43c30 [term 0 FOLLOWER]: Becoming Follower/Learner. State: Replica: c5c64917d57b4711868b53f94be43c30, State: Initialized, Role: FOLLOWER
I20260630 12:26:14.679426 15685 consensus_queue.cc:260] T 00000000000000000000000000000000 P c5c64917d57b4711868b53f94be43c30 [NON_LEADER]: Queue going to NON_LEADER mode. State: All replicated index: 0, Majority replicated index: 0, Committed index: 0, Last appended: 0.0, Last appended by leader: 0, Current term: 0, Majority size: -1, State: 0, Mode: NON_LEADER, active raft config: opid_index: -1 OBSOLETE_local: true peers { permanent_uuid: "c5c64917d57b4711868b53f94be43c30" member_type: VOTER }
I20260630 12:26:14.680078 15685 raft_consensus.cc:399] T 00000000000000000000000000000000 P c5c64917d57b4711868b53f94be43c30 [term 0 FOLLOWER]: Only one voter in the Raft config. Triggering election immediately
I20260630 12:26:14.680315 15685 raft_consensus.cc:493] T 00000000000000000000000000000000 P c5c64917d57b4711868b53f94be43c30 [term 0 FOLLOWER]: Starting leader election (initial election of a single-replica configuration)
I20260630 12:26:14.680675 15685 raft_consensus.cc:3060] T 00000000000000000000000000000000 P c5c64917d57b4711868b53f94be43c30 [term 0 FOLLOWER]: Advancing to term 1
I20260630 12:26:14.687234 15685 raft_consensus.cc:515] T 00000000000000000000000000000000 P c5c64917d57b4711868b53f94be43c30 [term 1 FOLLOWER]: Starting leader election with config: opid_index: -1 OBSOLETE_local: true peers { permanent_uuid: "c5c64917d57b4711868b53f94be43c30" member_type: VOTER }
I20260630 12:26:14.688118 15685 leader_election.cc:304] T 00000000000000000000000000000000 P c5c64917d57b4711868b53f94be43c30 [CANDIDATE]: Term 1 election: Election decided. Result: candidate won. Election summary: received 1 responses out of 1 voters: 1 yes votes; 0 no votes. yes voters: c5c64917d57b4711868b53f94be43c30; no voters: 
I20260630 12:26:14.689352 15685 leader_election.cc:290] T 00000000000000000000000000000000 P c5c64917d57b4711868b53f94be43c30 [CANDIDATE]: Term 1 election: Requested vote from peers 
I20260630 12:26:14.689746 15688 raft_consensus.cc:2804] T 00000000000000000000000000000000 P c5c64917d57b4711868b53f94be43c30 [term 1 FOLLOWER]: Leader election won for term 1
I20260630 12:26:14.691067 15688 raft_consensus.cc:697] T 00000000000000000000000000000000 P c5c64917d57b4711868b53f94be43c30 [term 1 LEADER]: Becoming Leader. State: Replica: c5c64917d57b4711868b53f94be43c30, State: Running, Role: LEADER
I20260630 12:26:14.691763 15688 consensus_queue.cc:237] T 00000000000000000000000000000000 P c5c64917d57b4711868b53f94be43c30 [LEADER]: Queue going to LEADER mode. State: All replicated index: 0, Majority replicated index: 0, Committed index: 0, Last appended: 0.0, Last appended by leader: 0, Current term: 1, Majority size: 1, State: 0, Mode: LEADER, active raft config: opid_index: -1 OBSOLETE_local: true peers { permanent_uuid: "c5c64917d57b4711868b53f94be43c30" member_type: VOTER }
I20260630 12:26:14.692399 15685 sys_catalog.cc:565] T 00000000000000000000000000000000 P c5c64917d57b4711868b53f94be43c30 [sys.catalog]: configured and running, proceeding with master startup.
I20260630 12:26:14.696009 15690 sys_catalog.cc:455] T 00000000000000000000000000000000 P c5c64917d57b4711868b53f94be43c30 [sys.catalog]: SysCatalogTable state changed. Reason: New leader c5c64917d57b4711868b53f94be43c30. Latest consensus state: current_term: 1 leader_uuid: "c5c64917d57b4711868b53f94be43c30" committed_config { opid_index: -1 OBSOLETE_local: true peers { permanent_uuid: "c5c64917d57b4711868b53f94be43c30" member_type: VOTER } }
I20260630 12:26:14.696465 15689 sys_catalog.cc:455] T 00000000000000000000000000000000 P c5c64917d57b4711868b53f94be43c30 [sys.catalog]: SysCatalogTable state changed. Reason: RaftConsensus started. Latest consensus state: current_term: 1 leader_uuid: "c5c64917d57b4711868b53f94be43c30" committed_config { opid_index: -1 OBSOLETE_local: true peers { permanent_uuid: "c5c64917d57b4711868b53f94be43c30" member_type: VOTER } }
I20260630 12:26:14.696720 15690 sys_catalog.cc:458] T 00000000000000000000000000000000 P c5c64917d57b4711868b53f94be43c30 [sys.catalog]: This master's current role is: LEADER
I20260630 12:26:14.697783 15689 sys_catalog.cc:458] T 00000000000000000000000000000000 P c5c64917d57b4711868b53f94be43c30 [sys.catalog]: This master's current role is: LEADER
I20260630 12:26:14.700245 15696 catalog_manager.cc:1511] Loading table and tablet metadata into memory...
I20260630 12:26:14.705327 15696 catalog_manager.cc:1520] Initializing Kudu cluster ID...
I20260630 12:26:14.709290 11661 internal_mini_cluster.cc:184] Waiting to initialize catalog manager on master 0
I20260630 12:26:14.714825 15696 catalog_manager.cc:1383] Generated new cluster ID: 1e12d5880c064b88965a3af48921d3ba
I20260630 12:26:14.715099 15696 catalog_manager.cc:1531] Initializing Kudu internal certificate authority...
I20260630 12:26:14.728682 15696 catalog_manager.cc:1406] Generated new certificate authority record
I20260630 12:26:14.729943 15696 catalog_manager.cc:1540] Loading token signing keys...
I20260630 12:26:14.751609 15696 catalog_manager.cc:6070] T 00000000000000000000000000000000 P c5c64917d57b4711868b53f94be43c30: Generated new TSK 0
I20260630 12:26:14.752259 15696 catalog_manager.cc:1550] Initializing in-progress tserver states...
I20260630 12:26:14.776966 11661 file_cache.cc:492] Constructed file cache file cache with capacity 419430
W20260630 12:26:14.783336 15706 instance_detector.cc:116] could not retrieve AWS instance metadata: Network error: curl error: HTTP response code said error: The requested URL returned error: 404
W20260630 12:26:14.784121 15707 instance_detector.cc:116] could not retrieve Azure instance metadata: Network error: curl error: HTTP response code said error: The requested URL returned error: 404
W20260630 12:26:14.785884 15709 instance_detector.cc:116] could not retrieve OpenStack instance metadata: Network error: curl error: HTTP response code said error: The requested URL returned error: 404
I20260630 12:26:14.786497 11661 server_base.cc:1061] running on GCE node
I20260630 12:26:14.787250 11661 hybrid_clock.cc:584] initializing the hybrid clock with 'system_unsync' time source
W20260630 12:26:14.787474 11661 system_unsync_time.cc:38] NTP support is disabled. Clock error bounds will not be accurate. This configuration is not suitable for distributed clusters.
I20260630 12:26:14.787644 11661 hybrid_clock.cc:648] HybridClock initialized: now 1782822374787623 us; error 0 us; skew 500 ppm
I20260630 12:26:14.788208 11661 server_base.cc:861] Flag tcmalloc_max_total_thread_cache_bytes is not working since tcmalloc is not enabled.
I20260630 12:26:14.790555 11661 webserver.cc:533] Webserver started at http://127.11.99.65:34861/ using document root <none> and password file <none>
I20260630 12:26:14.791036 11661 fs_manager.cc:362] Metadata directory not provided
I20260630 12:26:14.791249 11661 fs_manager.cc:368] Using write-ahead log directory (fs_wal_dir) as metadata directory
I20260630 12:26:14.791514 11661 server_base.cc:909] This appears to be a new deployment of Kudu; creating new FS layout
I20260630 12:26:14.792649 11661 fs_manager.cc:1068] Generated new instance metadata in path /tmp/dist-test-taskrL4I9u/test-tmp/auto_rebalancer-test.0.AutoRebalancerTest.NoReplicaMovesIfCannotFixPlacementPolicy.1782822271078090-11661-0/minicluster-data/ts-0-root/instance:
uuid: "0a847cae79294843a682bed756293c5c"
format_stamp: "Formatted at 2026-06-30 12:26:14 on dist-test-slave-zxvz"
I20260630 12:26:14.796996 11661 fs_manager.cc:696] Time spent creating directory manager: real 0.004s	user 0.004s	sys 0.001s
I20260630 12:26:14.800432 15714 log_block_manager.cc:4031] Time spent loading block containers with low live blocks: real 0.000s	user 0.000s	sys 0.000s
I20260630 12:26:14.801692 11661 fs_manager.cc:730] Time spent opening block manager: real 0.003s	user 0.002s	sys 0.001s
I20260630 12:26:14.801954 11661 fs_manager.cc:647] Opened local filesystem: /tmp/dist-test-taskrL4I9u/test-tmp/auto_rebalancer-test.0.AutoRebalancerTest.NoReplicaMovesIfCannotFixPlacementPolicy.1782822271078090-11661-0/minicluster-data/ts-0-root
uuid: "0a847cae79294843a682bed756293c5c"
format_stamp: "Formatted at 2026-06-30 12:26:14 on dist-test-slave-zxvz"
I20260630 12:26:14.802201 11661 fs_report.cc:389] FS layout report
--------------------
wal directory: /tmp/dist-test-taskrL4I9u/test-tmp/auto_rebalancer-test.0.AutoRebalancerTest.NoReplicaMovesIfCannotFixPlacementPolicy.1782822271078090-11661-0/minicluster-data/ts-0-root
metadata directory: /tmp/dist-test-taskrL4I9u/test-tmp/auto_rebalancer-test.0.AutoRebalancerTest.NoReplicaMovesIfCannotFixPlacementPolicy.1782822271078090-11661-0/minicluster-data/ts-0-root
1 data directories: /tmp/dist-test-taskrL4I9u/test-tmp/auto_rebalancer-test.0.AutoRebalancerTest.NoReplicaMovesIfCannotFixPlacementPolicy.1782822271078090-11661-0/minicluster-data/ts-0-root/data
Total live blocks: 0
Total live bytes: 0
Total live bytes (after alignment): 0
Total number of LBM containers: 0 (0 full)
Did not check for missing blocks
Did not check for orphaned blocks
Total full LBM containers with extra space: 0 (0 repaired)
Total full LBM container extra space in bytes: 0 (0 repaired)
Total incomplete LBM containers: 0 (0 repaired)
Total LBM partial records: 0 (0 repaired)
Total corrupted LBM metadata records in RocksDB: 0 (0 repaired)
I20260630 12:26:14.837990 11661 rpc_server.cc:225] running with OpenSSL 1.1.1  11 Sep 2018
I20260630 12:26:14.839129 11661 kserver.cc:163] Server-wide thread pool size limit: 3276
I20260630 12:26:14.840881 11661 txn_system_client.cc:432] TxnSystemClient initialization is disabled...
I20260630 12:26:14.843603 11661 ts_tablet_manager.cc:585] Loaded tablet metadata (0 total tablets, 0 live tablets)
I20260630 12:26:14.844010 11661 ts_tablet_manager.cc:531] Time spent load tablet metadata: real 0.000s	user 0.001s	sys 0.000s
I20260630 12:26:14.844242 11661 ts_tablet_manager.cc:616] Registered 0 tablets
I20260630 12:26:14.844391 11661 ts_tablet_manager.cc:595] Time spent register tablets: real 0.000s	user 0.000s	sys 0.000s
I20260630 12:26:14.888173 11661 rpc_server.cc:307] RPC server started. Bound to: 127.11.99.65:40165
I20260630 12:26:14.888341 15776 acceptor_pool.cc:272] collecting diagnostics on the listening RPC socket 127.11.99.65:40165 every 8 connection(s)
I20260630 12:26:14.893244 11661 file_cache.cc:492] Constructed file cache file cache with capacity 419430
W20260630 12:26:14.900012 15781 instance_detector.cc:116] could not retrieve AWS instance metadata: Network error: curl error: HTTP response code said error: The requested URL returned error: 404
W20260630 12:26:14.900997 15782 instance_detector.cc:116] could not retrieve Azure instance metadata: Network error: curl error: HTTP response code said error: The requested URL returned error: 404
I20260630 12:26:14.903825 11661 server_base.cc:1061] running on GCE node
W20260630 12:26:14.904759 15784 instance_detector.cc:116] could not retrieve OpenStack instance metadata: Network error: curl error: HTTP response code said error: The requested URL returned error: 404
I20260630 12:26:14.905668 11661 hybrid_clock.cc:584] initializing the hybrid clock with 'system_unsync' time source
W20260630 12:26:14.905910 11661 system_unsync_time.cc:38] NTP support is disabled. Clock error bounds will not be accurate. This configuration is not suitable for distributed clusters.
I20260630 12:26:14.906127 11661 hybrid_clock.cc:648] HybridClock initialized: now 1782822374906108 us; error 0 us; skew 500 ppm
I20260630 12:26:14.906612 15777 heartbeater.cc:344] Connected to a master server at 127.11.99.126:38097
I20260630 12:26:14.906777 11661 server_base.cc:861] Flag tcmalloc_max_total_thread_cache_bytes is not working since tcmalloc is not enabled.
I20260630 12:26:14.907012 15777 heartbeater.cc:461] Registering TS with master...
I20260630 12:26:14.908048 15777 heartbeater.cc:507] Master 127.11.99.126:38097 requested a full tablet report, sending...
I20260630 12:26:14.909850 11661 webserver.cc:533] Webserver started at http://127.11.99.66:36535/ using document root <none> and password file <none>
I20260630 12:26:14.910387 11661 fs_manager.cc:362] Metadata directory not provided
I20260630 12:26:14.910589 11661 fs_manager.cc:368] Using write-ahead log directory (fs_wal_dir) as metadata directory
I20260630 12:26:14.910885 11661 server_base.cc:909] This appears to be a new deployment of Kudu; creating new FS layout
I20260630 12:26:14.911018 15650 ts_manager.cc:194] Registered new tserver with Master: 0a847cae79294843a682bed756293c5c (127.11.99.65:40165)
I20260630 12:26:14.912179 11661 fs_manager.cc:1068] Generated new instance metadata in path /tmp/dist-test-taskrL4I9u/test-tmp/auto_rebalancer-test.0.AutoRebalancerTest.NoReplicaMovesIfCannotFixPlacementPolicy.1782822271078090-11661-0/minicluster-data/ts-1-root/instance:
uuid: "6c546340236849ca9076f107e6645137"
format_stamp: "Formatted at 2026-06-30 12:26:14 on dist-test-slave-zxvz"
I20260630 12:26:14.913115 15650 master_service.cc:502] Signed X509 certificate for tserver {username='slave'} at 127.0.0.1:36390
I20260630 12:26:14.917274 11661 fs_manager.cc:696] Time spent creating directory manager: real 0.005s	user 0.004s	sys 0.000s
I20260630 12:26:14.921068 15789 log_block_manager.cc:4031] Time spent loading block containers with low live blocks: real 0.000s	user 0.000s	sys 0.000s
I20260630 12:26:14.922133 11661 fs_manager.cc:730] Time spent opening block manager: real 0.003s	user 0.002s	sys 0.001s
I20260630 12:26:14.922569 11661 fs_manager.cc:647] Opened local filesystem: /tmp/dist-test-taskrL4I9u/test-tmp/auto_rebalancer-test.0.AutoRebalancerTest.NoReplicaMovesIfCannotFixPlacementPolicy.1782822271078090-11661-0/minicluster-data/ts-1-root
uuid: "6c546340236849ca9076f107e6645137"
format_stamp: "Formatted at 2026-06-30 12:26:14 on dist-test-slave-zxvz"
I20260630 12:26:14.923010 11661 fs_report.cc:389] FS layout report
--------------------
wal directory: /tmp/dist-test-taskrL4I9u/test-tmp/auto_rebalancer-test.0.AutoRebalancerTest.NoReplicaMovesIfCannotFixPlacementPolicy.1782822271078090-11661-0/minicluster-data/ts-1-root
metadata directory: /tmp/dist-test-taskrL4I9u/test-tmp/auto_rebalancer-test.0.AutoRebalancerTest.NoReplicaMovesIfCannotFixPlacementPolicy.1782822271078090-11661-0/minicluster-data/ts-1-root
1 data directories: /tmp/dist-test-taskrL4I9u/test-tmp/auto_rebalancer-test.0.AutoRebalancerTest.NoReplicaMovesIfCannotFixPlacementPolicy.1782822271078090-11661-0/minicluster-data/ts-1-root/data
Total live blocks: 0
Total live bytes: 0
Total live bytes (after alignment): 0
Total number of LBM containers: 0 (0 full)
Did not check for missing blocks
Did not check for orphaned blocks
Total full LBM containers with extra space: 0 (0 repaired)
Total full LBM container extra space in bytes: 0 (0 repaired)
Total incomplete LBM containers: 0 (0 repaired)
Total LBM partial records: 0 (0 repaired)
Total corrupted LBM metadata records in RocksDB: 0 (0 repaired)
I20260630 12:26:14.938755 11661 rpc_server.cc:225] running with OpenSSL 1.1.1  11 Sep 2018
I20260630 12:26:14.940280 11661 kserver.cc:163] Server-wide thread pool size limit: 3276
I20260630 12:26:14.941977 11661 txn_system_client.cc:432] TxnSystemClient initialization is disabled...
I20260630 12:26:14.944672 11661 ts_tablet_manager.cc:585] Loaded tablet metadata (0 total tablets, 0 live tablets)
I20260630 12:26:14.944963 11661 ts_tablet_manager.cc:531] Time spent load tablet metadata: real 0.000s	user 0.000s	sys 0.000s
I20260630 12:26:14.945225 11661 ts_tablet_manager.cc:616] Registered 0 tablets
I20260630 12:26:14.945396 11661 ts_tablet_manager.cc:595] Time spent register tablets: real 0.000s	user 0.000s	sys 0.000s
I20260630 12:26:14.989852 11661 rpc_server.cc:307] RPC server started. Bound to: 127.11.99.66:37523
I20260630 12:26:14.989955 15851 acceptor_pool.cc:272] collecting diagnostics on the listening RPC socket 127.11.99.66:37523 every 8 connection(s)
I20260630 12:26:14.994557 11661 file_cache.cc:492] Constructed file cache file cache with capacity 419430
W20260630 12:26:15.001830 15855 instance_detector.cc:116] could not retrieve AWS instance metadata: Network error: curl error: HTTP response code said error: The requested URL returned error: 404
W20260630 12:26:15.003059 15856 instance_detector.cc:116] could not retrieve Azure instance metadata: Network error: curl error: HTTP response code said error: The requested URL returned error: 404
I20260630 12:26:15.006819 11661 server_base.cc:1061] running on GCE node
W20260630 12:26:15.007381 15858 instance_detector.cc:116] could not retrieve OpenStack instance metadata: Network error: curl error: HTTP response code said error: The requested URL returned error: 404
I20260630 12:26:15.008890 11661 hybrid_clock.cc:584] initializing the hybrid clock with 'system_unsync' time source
W20260630 12:26:15.009191 11661 system_unsync_time.cc:38] NTP support is disabled. Clock error bounds will not be accurate. This configuration is not suitable for distributed clusters.
I20260630 12:26:15.009394 11661 hybrid_clock.cc:648] HybridClock initialized: now 1782822375009357 us; error 0 us; skew 500 ppm
I20260630 12:26:15.009613 15852 heartbeater.cc:344] Connected to a master server at 127.11.99.126:38097
I20260630 12:26:15.010006 15852 heartbeater.cc:461] Registering TS with master...
I20260630 12:26:15.010066 11661 server_base.cc:861] Flag tcmalloc_max_total_thread_cache_bytes is not working since tcmalloc is not enabled.
I20260630 12:26:15.010968 15852 heartbeater.cc:507] Master 127.11.99.126:38097 requested a full tablet report, sending...
I20260630 12:26:15.012974 11661 webserver.cc:533] Webserver started at http://127.11.99.67:44531/ using document root <none> and password file <none>
I20260630 12:26:15.013492 11661 fs_manager.cc:362] Metadata directory not provided
I20260630 12:26:15.013463 15650 ts_manager.cc:194] Registered new tserver with Master: 6c546340236849ca9076f107e6645137 (127.11.99.66:37523)
I20260630 12:26:15.013928 11661 fs_manager.cc:368] Using write-ahead log directory (fs_wal_dir) as metadata directory
I20260630 12:26:15.014254 11661 server_base.cc:909] This appears to be a new deployment of Kudu; creating new FS layout
I20260630 12:26:15.015123 15650 master_service.cc:502] Signed X509 certificate for tserver {username='slave'} at 127.0.0.1:36394
I20260630 12:26:15.015398 11661 fs_manager.cc:1068] Generated new instance metadata in path /tmp/dist-test-taskrL4I9u/test-tmp/auto_rebalancer-test.0.AutoRebalancerTest.NoReplicaMovesIfCannotFixPlacementPolicy.1782822271078090-11661-0/minicluster-data/ts-2-root/instance:
uuid: "52b952ecb7e64514aab885eaf698f743"
format_stamp: "Formatted at 2026-06-30 12:26:15 on dist-test-slave-zxvz"
I20260630 12:26:15.019840 11661 fs_manager.cc:696] Time spent creating directory manager: real 0.004s	user 0.002s	sys 0.001s
I20260630 12:26:15.023200 15863 log_block_manager.cc:4031] Time spent loading block containers with low live blocks: real 0.000s	user 0.000s	sys 0.000s
I20260630 12:26:15.024420 11661 fs_manager.cc:730] Time spent opening block manager: real 0.003s	user 0.003s	sys 0.000s
I20260630 12:26:15.024750 11661 fs_manager.cc:647] Opened local filesystem: /tmp/dist-test-taskrL4I9u/test-tmp/auto_rebalancer-test.0.AutoRebalancerTest.NoReplicaMovesIfCannotFixPlacementPolicy.1782822271078090-11661-0/minicluster-data/ts-2-root
uuid: "52b952ecb7e64514aab885eaf698f743"
format_stamp: "Formatted at 2026-06-30 12:26:15 on dist-test-slave-zxvz"
I20260630 12:26:15.025089 11661 fs_report.cc:389] FS layout report
--------------------
wal directory: /tmp/dist-test-taskrL4I9u/test-tmp/auto_rebalancer-test.0.AutoRebalancerTest.NoReplicaMovesIfCannotFixPlacementPolicy.1782822271078090-11661-0/minicluster-data/ts-2-root
metadata directory: /tmp/dist-test-taskrL4I9u/test-tmp/auto_rebalancer-test.0.AutoRebalancerTest.NoReplicaMovesIfCannotFixPlacementPolicy.1782822271078090-11661-0/minicluster-data/ts-2-root
1 data directories: /tmp/dist-test-taskrL4I9u/test-tmp/auto_rebalancer-test.0.AutoRebalancerTest.NoReplicaMovesIfCannotFixPlacementPolicy.1782822271078090-11661-0/minicluster-data/ts-2-root/data
Total live blocks: 0
Total live bytes: 0
Total live bytes (after alignment): 0
Total number of LBM containers: 0 (0 full)
Did not check for missing blocks
Did not check for orphaned blocks
Total full LBM containers with extra space: 0 (0 repaired)
Total full LBM container extra space in bytes: 0 (0 repaired)
Total incomplete LBM containers: 0 (0 repaired)
Total LBM partial records: 0 (0 repaired)
Total corrupted LBM metadata records in RocksDB: 0 (0 repaired)
I20260630 12:26:15.058277 11661 rpc_server.cc:225] running with OpenSSL 1.1.1  11 Sep 2018
I20260630 12:26:15.059451 11661 kserver.cc:163] Server-wide thread pool size limit: 3276
I20260630 12:26:15.060986 11661 txn_system_client.cc:432] TxnSystemClient initialization is disabled...
I20260630 12:26:15.063150 11661 ts_tablet_manager.cc:585] Loaded tablet metadata (0 total tablets, 0 live tablets)
I20260630 12:26:15.063380 11661 ts_tablet_manager.cc:531] Time spent load tablet metadata: real 0.000s	user 0.000s	sys 0.000s
I20260630 12:26:15.063630 11661 ts_tablet_manager.cc:616] Registered 0 tablets
I20260630 12:26:15.063812 11661 ts_tablet_manager.cc:595] Time spent register tablets: real 0.000s	user 0.000s	sys 0.000s
I20260630 12:26:15.107142 11661 rpc_server.cc:307] RPC server started. Bound to: 127.11.99.67:34715
I20260630 12:26:15.107229 15925 acceptor_pool.cc:272] collecting diagnostics on the listening RPC socket 127.11.99.67:34715 every 8 connection(s)
I20260630 12:26:15.122975 15926 heartbeater.cc:344] Connected to a master server at 127.11.99.126:38097
I20260630 12:26:15.123354 15926 heartbeater.cc:461] Registering TS with master...
I20260630 12:26:15.124215 15926 heartbeater.cc:507] Master 127.11.99.126:38097 requested a full tablet report, sending...
I20260630 12:26:15.126191 15650 ts_manager.cc:194] Registered new tserver with Master: 52b952ecb7e64514aab885eaf698f743 (127.11.99.67:34715)
I20260630 12:26:15.127040 11661 internal_mini_cluster.cc:371] 3 TS(s) registered with all masters after 0.016246076s
I20260630 12:26:15.127864 15650 master_service.cc:502] Signed X509 certificate for tserver {username='slave'} at 127.0.0.1:36398
I20260630 12:26:15.916244 15777 heartbeater.cc:499] Master 127.11.99.126:38097 was elected leader, sending a full tablet report...
I20260630 12:26:16.017470 15852 heartbeater.cc:499] Master 127.11.99.126:38097 was elected leader, sending a full tablet report...
I20260630 12:26:16.130867 15926 heartbeater.cc:499] Master 127.11.99.126:38097 was elected leader, sending a full tablet report...
I20260630 12:26:16.197548 15650 catalog_manager.cc:2283] Servicing CreateTable request from {username='slave'} at 127.0.0.1:36412:
name: "test-workload"
schema {
  columns {
    name: "key"
    type: INT32
    is_key: true
    is_nullable: false
    encoding: AUTO_ENCODING
    compression: DEFAULT_COMPRESSION
    cfile_block_size: 0
    immutable: false
  }
  columns {
    name: "int_val"
    type: INT32
    is_key: false
    is_nullable: false
    encoding: AUTO_ENCODING
    compression: DEFAULT_COMPRESSION
    cfile_block_size: 0
    immutable: false
  }
  columns {
    name: "string_val"
    type: STRING
    is_key: false
    is_nullable: true
    encoding: AUTO_ENCODING
    compression: DEFAULT_COMPRESSION
    cfile_block_size: 0
    immutable: false
  }
}
num_replicas: 3
split_rows_range_bounds {
}
partition_schema {
  range_schema {
    columns {
      name: "key"
    }
  }
}
W20260630 12:26:16.199388 15650 catalog_manager.cc:7077] The number of live tablet servers is not enough to re-replicate a tablet replica of the newly created table test-workload in case of a server failure: 4 tablet servers would be needed, 3 are available. Consider bringing up more tablet servers.
I20260630 12:26:16.250286 15742 tablet_service.cc:1511] Processing CreateTablet for tablet b02ed289e8774d62883b5be4e514b84c (DEFAULT_TABLE table=test-workload [id=6916833cb5514c2bbcec86838c182c62]), partition=RANGE (key) PARTITION UNBOUNDED
I20260630 12:26:16.251703 15742 data_dirs.cc:400] Could only allocate 1 dirs of requested 3 for tablet b02ed289e8774d62883b5be4e514b84c. 1 dirs total, 0 dirs full, 0 dirs failed
I20260630 12:26:16.252761 15817 tablet_service.cc:1511] Processing CreateTablet for tablet b02ed289e8774d62883b5be4e514b84c (DEFAULT_TABLE table=test-workload [id=6916833cb5514c2bbcec86838c182c62]), partition=RANGE (key) PARTITION UNBOUNDED
I20260630 12:26:16.254029 15817 data_dirs.cc:400] Could only allocate 1 dirs of requested 3 for tablet b02ed289e8774d62883b5be4e514b84c. 1 dirs total, 0 dirs full, 0 dirs failed
I20260630 12:26:16.254508 15891 tablet_service.cc:1511] Processing CreateTablet for tablet b02ed289e8774d62883b5be4e514b84c (DEFAULT_TABLE table=test-workload [id=6916833cb5514c2bbcec86838c182c62]), partition=RANGE (key) PARTITION UNBOUNDED
I20260630 12:26:16.255558 15891 data_dirs.cc:400] Could only allocate 1 dirs of requested 3 for tablet b02ed289e8774d62883b5be4e514b84c. 1 dirs total, 0 dirs full, 0 dirs failed
I20260630 12:26:16.269726 15947 tablet_bootstrap.cc:492] T b02ed289e8774d62883b5be4e514b84c P 0a847cae79294843a682bed756293c5c: Bootstrap starting.
I20260630 12:26:16.272006 15948 tablet_bootstrap.cc:492] T b02ed289e8774d62883b5be4e514b84c P 52b952ecb7e64514aab885eaf698f743: Bootstrap starting.
I20260630 12:26:16.273059 15949 tablet_bootstrap.cc:492] T b02ed289e8774d62883b5be4e514b84c P 6c546340236849ca9076f107e6645137: Bootstrap starting.
I20260630 12:26:16.277822 15947 tablet_bootstrap.cc:654] T b02ed289e8774d62883b5be4e514b84c P 0a847cae79294843a682bed756293c5c: Neither blocks nor log segments found. Creating new log.
I20260630 12:26:16.278843 15949 tablet_bootstrap.cc:654] T b02ed289e8774d62883b5be4e514b84c P 6c546340236849ca9076f107e6645137: Neither blocks nor log segments found. Creating new log.
I20260630 12:26:16.279417 15948 tablet_bootstrap.cc:654] T b02ed289e8774d62883b5be4e514b84c P 52b952ecb7e64514aab885eaf698f743: Neither blocks nor log segments found. Creating new log.
I20260630 12:26:16.283835 15947 tablet_bootstrap.cc:492] T b02ed289e8774d62883b5be4e514b84c P 0a847cae79294843a682bed756293c5c: No bootstrap required, opened a new log
I20260630 12:26:16.284282 15947 ts_tablet_manager.cc:1403] T b02ed289e8774d62883b5be4e514b84c P 0a847cae79294843a682bed756293c5c: Time spent bootstrapping tablet: real 0.015s	user 0.012s	sys 0.002s
I20260630 12:26:16.284605 15949 tablet_bootstrap.cc:492] T b02ed289e8774d62883b5be4e514b84c P 6c546340236849ca9076f107e6645137: No bootstrap required, opened a new log
I20260630 12:26:16.285107 15949 ts_tablet_manager.cc:1403] T b02ed289e8774d62883b5be4e514b84c P 6c546340236849ca9076f107e6645137: Time spent bootstrapping tablet: real 0.013s	user 0.010s	sys 0.000s
I20260630 12:26:16.285382 15948 tablet_bootstrap.cc:492] T b02ed289e8774d62883b5be4e514b84c P 52b952ecb7e64514aab885eaf698f743: No bootstrap required, opened a new log
I20260630 12:26:16.285887 15948 ts_tablet_manager.cc:1403] T b02ed289e8774d62883b5be4e514b84c P 52b952ecb7e64514aab885eaf698f743: Time spent bootstrapping tablet: real 0.015s	user 0.012s	sys 0.000s
I20260630 12:26:16.286448 15947 raft_consensus.cc:359] T b02ed289e8774d62883b5be4e514b84c P 0a847cae79294843a682bed756293c5c [term 0 FOLLOWER]: Replica starting. Triggering 0 pending ops. Active config: opid_index: -1 OBSOLETE_local: false peers { permanent_uuid: "6c546340236849ca9076f107e6645137" member_type: VOTER last_known_addr { host: "127.11.99.66" port: 37523 } } peers { permanent_uuid: "0a847cae79294843a682bed756293c5c" member_type: VOTER last_known_addr { host: "127.11.99.65" port: 40165 } } peers { permanent_uuid: "52b952ecb7e64514aab885eaf698f743" member_type: VOTER last_known_addr { host: "127.11.99.67" port: 34715 } }
I20260630 12:26:16.287020 15947 raft_consensus.cc:385] T b02ed289e8774d62883b5be4e514b84c P 0a847cae79294843a682bed756293c5c [term 0 FOLLOWER]: Consensus starting up: Expiring failure detector timer to make a prompt election more likely
I20260630 12:26:16.287257 15947 raft_consensus.cc:740] T b02ed289e8774d62883b5be4e514b84c P 0a847cae79294843a682bed756293c5c [term 0 FOLLOWER]: Becoming Follower/Learner. State: Replica: 0a847cae79294843a682bed756293c5c, State: Initialized, Role: FOLLOWER
I20260630 12:26:16.287962 15947 consensus_queue.cc:260] T b02ed289e8774d62883b5be4e514b84c P 0a847cae79294843a682bed756293c5c [NON_LEADER]: Queue going to NON_LEADER mode. State: All replicated index: 0, Majority replicated index: 0, Committed index: 0, Last appended: 0.0, Last appended by leader: 0, Current term: 0, Majority size: -1, State: 0, Mode: NON_LEADER, active raft config: opid_index: -1 OBSOLETE_local: false peers { permanent_uuid: "6c546340236849ca9076f107e6645137" member_type: VOTER last_known_addr { host: "127.11.99.66" port: 37523 } } peers { permanent_uuid: "0a847cae79294843a682bed756293c5c" member_type: VOTER last_known_addr { host: "127.11.99.65" port: 40165 } } peers { permanent_uuid: "52b952ecb7e64514aab885eaf698f743" member_type: VOTER last_known_addr { host: "127.11.99.67" port: 34715 } }
I20260630 12:26:16.288072 15949 raft_consensus.cc:359] T b02ed289e8774d62883b5be4e514b84c P 6c546340236849ca9076f107e6645137 [term 0 FOLLOWER]: Replica starting. Triggering 0 pending ops. Active config: opid_index: -1 OBSOLETE_local: false peers { permanent_uuid: "6c546340236849ca9076f107e6645137" member_type: VOTER last_known_addr { host: "127.11.99.66" port: 37523 } } peers { permanent_uuid: "0a847cae79294843a682bed756293c5c" member_type: VOTER last_known_addr { host: "127.11.99.65" port: 40165 } } peers { permanent_uuid: "52b952ecb7e64514aab885eaf698f743" member_type: VOTER last_known_addr { host: "127.11.99.67" port: 34715 } }
I20260630 12:26:16.288980 15949 raft_consensus.cc:385] T b02ed289e8774d62883b5be4e514b84c P 6c546340236849ca9076f107e6645137 [term 0 FOLLOWER]: Consensus starting up: Expiring failure detector timer to make a prompt election more likely
I20260630 12:26:16.288784 15948 raft_consensus.cc:359] T b02ed289e8774d62883b5be4e514b84c P 52b952ecb7e64514aab885eaf698f743 [term 0 FOLLOWER]: Replica starting. Triggering 0 pending ops. Active config: opid_index: -1 OBSOLETE_local: false peers { permanent_uuid: "6c546340236849ca9076f107e6645137" member_type: VOTER last_known_addr { host: "127.11.99.66" port: 37523 } } peers { permanent_uuid: "0a847cae79294843a682bed756293c5c" member_type: VOTER last_known_addr { host: "127.11.99.65" port: 40165 } } peers { permanent_uuid: "52b952ecb7e64514aab885eaf698f743" member_type: VOTER last_known_addr { host: "127.11.99.67" port: 34715 } }
I20260630 12:26:16.289404 15949 raft_consensus.cc:740] T b02ed289e8774d62883b5be4e514b84c P 6c546340236849ca9076f107e6645137 [term 0 FOLLOWER]: Becoming Follower/Learner. State: Replica: 6c546340236849ca9076f107e6645137, State: Initialized, Role: FOLLOWER
I20260630 12:26:16.289674 15948 raft_consensus.cc:385] T b02ed289e8774d62883b5be4e514b84c P 52b952ecb7e64514aab885eaf698f743 [term 0 FOLLOWER]: Consensus starting up: Expiring failure detector timer to make a prompt election more likely
I20260630 12:26:16.290083 15948 raft_consensus.cc:740] T b02ed289e8774d62883b5be4e514b84c P 52b952ecb7e64514aab885eaf698f743 [term 0 FOLLOWER]: Becoming Follower/Learner. State: Replica: 52b952ecb7e64514aab885eaf698f743, State: Initialized, Role: FOLLOWER
I20260630 12:26:16.290452 15949 consensus_queue.cc:260] T b02ed289e8774d62883b5be4e514b84c P 6c546340236849ca9076f107e6645137 [NON_LEADER]: Queue going to NON_LEADER mode. State: All replicated index: 0, Majority replicated index: 0, Committed index: 0, Last appended: 0.0, Last appended by leader: 0, Current term: 0, Majority size: -1, State: 0, Mode: NON_LEADER, active raft config: opid_index: -1 OBSOLETE_local: false peers { permanent_uuid: "6c546340236849ca9076f107e6645137" member_type: VOTER last_known_addr { host: "127.11.99.66" port: 37523 } } peers { permanent_uuid: "0a847cae79294843a682bed756293c5c" member_type: VOTER last_known_addr { host: "127.11.99.65" port: 40165 } } peers { permanent_uuid: "52b952ecb7e64514aab885eaf698f743" member_type: VOTER last_known_addr { host: "127.11.99.67" port: 34715 } }
I20260630 12:26:16.291134 15948 consensus_queue.cc:260] T b02ed289e8774d62883b5be4e514b84c P 52b952ecb7e64514aab885eaf698f743 [NON_LEADER]: Queue going to NON_LEADER mode. State: All replicated index: 0, Majority replicated index: 0, Committed index: 0, Last appended: 0.0, Last appended by leader: 0, Current term: 0, Majority size: -1, State: 0, Mode: NON_LEADER, active raft config: opid_index: -1 OBSOLETE_local: false peers { permanent_uuid: "6c546340236849ca9076f107e6645137" member_type: VOTER last_known_addr { host: "127.11.99.66" port: 37523 } } peers { permanent_uuid: "0a847cae79294843a682bed756293c5c" member_type: VOTER last_known_addr { host: "127.11.99.65" port: 40165 } } peers { permanent_uuid: "52b952ecb7e64514aab885eaf698f743" member_type: VOTER last_known_addr { host: "127.11.99.67" port: 34715 } }
I20260630 12:26:16.294274 15949 ts_tablet_manager.cc:1434] T b02ed289e8774d62883b5be4e514b84c P 6c546340236849ca9076f107e6645137: Time spent starting tablet: real 0.009s	user 0.003s	sys 0.006s
I20260630 12:26:16.298262 15947 ts_tablet_manager.cc:1434] T b02ed289e8774d62883b5be4e514b84c P 0a847cae79294843a682bed756293c5c: Time spent starting tablet: real 0.014s	user 0.003s	sys 0.010s
I20260630 12:26:16.299110 15948 ts_tablet_manager.cc:1434] T b02ed289e8774d62883b5be4e514b84c P 52b952ecb7e64514aab885eaf698f743: Time spent starting tablet: real 0.013s	user 0.008s	sys 0.005s
I20260630 12:26:16.485845 15955 raft_consensus.cc:493] T b02ed289e8774d62883b5be4e514b84c P 52b952ecb7e64514aab885eaf698f743 [term 0 FOLLOWER]: Starting pre-election (no leader contacted us within the election timeout)
I20260630 12:26:16.486415 15955 raft_consensus.cc:515] T b02ed289e8774d62883b5be4e514b84c P 52b952ecb7e64514aab885eaf698f743 [term 0 FOLLOWER]: Starting pre-election with config: opid_index: -1 OBSOLETE_local: false peers { permanent_uuid: "6c546340236849ca9076f107e6645137" member_type: VOTER last_known_addr { host: "127.11.99.66" port: 37523 } } peers { permanent_uuid: "0a847cae79294843a682bed756293c5c" member_type: VOTER last_known_addr { host: "127.11.99.65" port: 40165 } } peers { permanent_uuid: "52b952ecb7e64514aab885eaf698f743" member_type: VOTER last_known_addr { host: "127.11.99.67" port: 34715 } }
I20260630 12:26:16.489202 15955 leader_election.cc:290] T b02ed289e8774d62883b5be4e514b84c P 52b952ecb7e64514aab885eaf698f743 [CANDIDATE]: Term 1 pre-election: Requested pre-vote from peers 6c546340236849ca9076f107e6645137 (127.11.99.66:37523), 0a847cae79294843a682bed756293c5c (127.11.99.65:40165)
I20260630 12:26:16.500211 15827 tablet_service.cc:1917] Received RequestConsensusVote() RPC: tablet_id: "b02ed289e8774d62883b5be4e514b84c" candidate_uuid: "52b952ecb7e64514aab885eaf698f743" candidate_term: 1 candidate_status { last_received { term: 0 index: 0 } } ignore_live_leader: false dest_uuid: "6c546340236849ca9076f107e6645137" is_pre_election: true
I20260630 12:26:16.500946 15827 raft_consensus.cc:2468] T b02ed289e8774d62883b5be4e514b84c P 6c546340236849ca9076f107e6645137 [term 0 FOLLOWER]: Leader pre-election vote request: Granting yes vote for candidate 52b952ecb7e64514aab885eaf698f743 in term 0.
I20260630 12:26:16.501385 15752 tablet_service.cc:1917] Received RequestConsensusVote() RPC: tablet_id: "b02ed289e8774d62883b5be4e514b84c" candidate_uuid: "52b952ecb7e64514aab885eaf698f743" candidate_term: 1 candidate_status { last_received { term: 0 index: 0 } } ignore_live_leader: false dest_uuid: "0a847cae79294843a682bed756293c5c" is_pre_election: true
I20260630 12:26:16.501978 15752 raft_consensus.cc:2468] T b02ed289e8774d62883b5be4e514b84c P 0a847cae79294843a682bed756293c5c [term 0 FOLLOWER]: Leader pre-election vote request: Granting yes vote for candidate 52b952ecb7e64514aab885eaf698f743 in term 0.
I20260630 12:26:16.502076 15864 leader_election.cc:304] T b02ed289e8774d62883b5be4e514b84c P 52b952ecb7e64514aab885eaf698f743 [CANDIDATE]: Term 1 pre-election: Election decided. Result: candidate won. Election summary: received 2 responses out of 3 voters: 2 yes votes; 0 no votes. yes voters: 52b952ecb7e64514aab885eaf698f743, 6c546340236849ca9076f107e6645137; no voters: 
I20260630 12:26:16.502972 15955 raft_consensus.cc:2804] T b02ed289e8774d62883b5be4e514b84c P 52b952ecb7e64514aab885eaf698f743 [term 0 FOLLOWER]: Leader pre-election won for term 1
I20260630 12:26:16.503468 15955 raft_consensus.cc:493] T b02ed289e8774d62883b5be4e514b84c P 52b952ecb7e64514aab885eaf698f743 [term 0 FOLLOWER]: Starting leader election (no leader contacted us within the election timeout)
I20260630 12:26:16.503803 15955 raft_consensus.cc:3060] T b02ed289e8774d62883b5be4e514b84c P 52b952ecb7e64514aab885eaf698f743 [term 0 FOLLOWER]: Advancing to term 1
I20260630 12:26:16.509613 15955 raft_consensus.cc:515] T b02ed289e8774d62883b5be4e514b84c P 52b952ecb7e64514aab885eaf698f743 [term 1 FOLLOWER]: Starting leader election with config: opid_index: -1 OBSOLETE_local: false peers { permanent_uuid: "6c546340236849ca9076f107e6645137" member_type: VOTER last_known_addr { host: "127.11.99.66" port: 37523 } } peers { permanent_uuid: "0a847cae79294843a682bed756293c5c" member_type: VOTER last_known_addr { host: "127.11.99.65" port: 40165 } } peers { permanent_uuid: "52b952ecb7e64514aab885eaf698f743" member_type: VOTER last_known_addr { host: "127.11.99.67" port: 34715 } }
I20260630 12:26:16.511421 15955 leader_election.cc:290] T b02ed289e8774d62883b5be4e514b84c P 52b952ecb7e64514aab885eaf698f743 [CANDIDATE]: Term 1 election: Requested vote from peers 6c546340236849ca9076f107e6645137 (127.11.99.66:37523), 0a847cae79294843a682bed756293c5c (127.11.99.65:40165)
I20260630 12:26:16.512265 15827 tablet_service.cc:1917] Received RequestConsensusVote() RPC: tablet_id: "b02ed289e8774d62883b5be4e514b84c" candidate_uuid: "52b952ecb7e64514aab885eaf698f743" candidate_term: 1 candidate_status { last_received { term: 0 index: 0 } } ignore_live_leader: false dest_uuid: "6c546340236849ca9076f107e6645137"
I20260630 12:26:16.512391 15752 tablet_service.cc:1917] Received RequestConsensusVote() RPC: tablet_id: "b02ed289e8774d62883b5be4e514b84c" candidate_uuid: "52b952ecb7e64514aab885eaf698f743" candidate_term: 1 candidate_status { last_received { term: 0 index: 0 } } ignore_live_leader: false dest_uuid: "0a847cae79294843a682bed756293c5c"
I20260630 12:26:16.512744 15827 raft_consensus.cc:3060] T b02ed289e8774d62883b5be4e514b84c P 6c546340236849ca9076f107e6645137 [term 0 FOLLOWER]: Advancing to term 1
I20260630 12:26:16.513008 15752 raft_consensus.cc:3060] T b02ed289e8774d62883b5be4e514b84c P 0a847cae79294843a682bed756293c5c [term 0 FOLLOWER]: Advancing to term 1
I20260630 12:26:16.517836 15827 raft_consensus.cc:2468] T b02ed289e8774d62883b5be4e514b84c P 6c546340236849ca9076f107e6645137 [term 1 FOLLOWER]: Leader election vote request: Granting yes vote for candidate 52b952ecb7e64514aab885eaf698f743 in term 1.
I20260630 12:26:16.519016 15752 raft_consensus.cc:2468] T b02ed289e8774d62883b5be4e514b84c P 0a847cae79294843a682bed756293c5c [term 1 FOLLOWER]: Leader election vote request: Granting yes vote for candidate 52b952ecb7e64514aab885eaf698f743 in term 1.
I20260630 12:26:16.518889 15864 leader_election.cc:304] T b02ed289e8774d62883b5be4e514b84c P 52b952ecb7e64514aab885eaf698f743 [CANDIDATE]: Term 1 election: Election decided. Result: candidate won. Election summary: received 2 responses out of 3 voters: 2 yes votes; 0 no votes. yes voters: 52b952ecb7e64514aab885eaf698f743, 6c546340236849ca9076f107e6645137; no voters: 
I20260630 12:26:16.519797 15955 raft_consensus.cc:2804] T b02ed289e8774d62883b5be4e514b84c P 52b952ecb7e64514aab885eaf698f743 [term 1 FOLLOWER]: Leader election won for term 1
I20260630 12:26:16.520874 15955 raft_consensus.cc:697] T b02ed289e8774d62883b5be4e514b84c P 52b952ecb7e64514aab885eaf698f743 [term 1 LEADER]: Becoming Leader. State: Replica: 52b952ecb7e64514aab885eaf698f743, State: Running, Role: LEADER
I20260630 12:26:16.521497 15955 consensus_queue.cc:237] T b02ed289e8774d62883b5be4e514b84c P 52b952ecb7e64514aab885eaf698f743 [LEADER]: Queue going to LEADER mode. State: All replicated index: 0, Majority replicated index: 0, Committed index: 0, Last appended: 0.0, Last appended by leader: 0, Current term: 1, Majority size: 2, State: 0, Mode: LEADER, active raft config: opid_index: -1 OBSOLETE_local: false peers { permanent_uuid: "6c546340236849ca9076f107e6645137" member_type: VOTER last_known_addr { host: "127.11.99.66" port: 37523 } } peers { permanent_uuid: "0a847cae79294843a682bed756293c5c" member_type: VOTER last_known_addr { host: "127.11.99.65" port: 40165 } } peers { permanent_uuid: "52b952ecb7e64514aab885eaf698f743" member_type: VOTER last_known_addr { host: "127.11.99.67" port: 34715 } }
I20260630 12:26:16.527835 15650 catalog_manager.cc:5697] T b02ed289e8774d62883b5be4e514b84c P 52b952ecb7e64514aab885eaf698f743 reported cstate change: term changed from 0 to 1, leader changed from <none> to 52b952ecb7e64514aab885eaf698f743 (127.11.99.67). New cstate: current_term: 1 leader_uuid: "52b952ecb7e64514aab885eaf698f743" committed_config { opid_index: -1 OBSOLETE_local: false peers { permanent_uuid: "6c546340236849ca9076f107e6645137" member_type: VOTER last_known_addr { host: "127.11.99.66" port: 37523 } health_report { overall_health: UNKNOWN } } peers { permanent_uuid: "0a847cae79294843a682bed756293c5c" member_type: VOTER last_known_addr { host: "127.11.99.65" port: 40165 } health_report { overall_health: UNKNOWN } } peers { permanent_uuid: "52b952ecb7e64514aab885eaf698f743" member_type: VOTER last_known_addr { host: "127.11.99.67" port: 34715 } health_report { overall_health: HEALTHY } } }
I20260630 12:26:16.707001 15698 placement_policy_util.cc:411] tablet b02ed289e8774d62883b5be4e514b84c: detected majority of replicas (2 of 3) at location L0
I20260630 12:26:16.709393 15703 auto_leader_rebalancer.cc:141] leader rebalance for table test-workload
I20260630 12:26:16.711266 15703 auto_leader_rebalancer.cc:440] table: test-workload, leader rebalance finish, leader transfer count: 0
I20260630 12:26:16.711697 15703 auto_leader_rebalancer.cc:515] All tables' leader rebalancing finished this round
I20260630 12:26:16.983975 15955 consensus_queue.cc:1048] T b02ed289e8774d62883b5be4e514b84c P 52b952ecb7e64514aab885eaf698f743 [LEADER]: Connected to new peer: Peer: permanent_uuid: "0a847cae79294843a682bed756293c5c" member_type: VOTER last_known_addr { host: "127.11.99.65" port: 40165 }, Status: LMP_MISMATCH, Last received: 0.0, Next index: 1, Last known committed idx: 0, Time since last communication: 0.000s
I20260630 12:26:16.996906 15958 consensus_queue.cc:1048] T b02ed289e8774d62883b5be4e514b84c P 52b952ecb7e64514aab885eaf698f743 [LEADER]: Connected to new peer: Peer: permanent_uuid: "6c546340236849ca9076f107e6645137" member_type: VOTER last_known_addr { host: "127.11.99.66" port: 37523 }, Status: LMP_MISMATCH, Last received: 0.0, Next index: 1, Last known committed idx: 0, Time since last communication: 0.001s
I20260630 12:26:17.717082 15698 placement_policy_util.cc:411] tablet b02ed289e8774d62883b5be4e514b84c: detected majority of replicas (2 of 3) at location L0
I20260630 12:26:18.712707 15703 auto_leader_rebalancer.cc:141] leader rebalance for table test-workload
I20260630 12:26:18.714015 15703 auto_leader_rebalancer.cc:440] table: test-workload, leader rebalance finish, leader transfer count: 0
I20260630 12:26:18.714269 15703 auto_leader_rebalancer.cc:515] All tables' leader rebalancing finished this round
I20260630 12:26:18.726037 15698 placement_policy_util.cc:411] tablet b02ed289e8774d62883b5be4e514b84c: detected majority of replicas (2 of 3) at location L0
