I20260630 12:26:00.572607 11824 ts_tablet_manager.cc:1403] T 8c745c13eab04fd0956b1e614d56d335 P cc79e43f7e0048a39ea0a0801cefdea8: Time spent bootstrapping tablet: real 0.035s	user 0.003s	sys 0.010s
I20260630 12:26:00.575414 11687 leader_election.cc:290] T 6257839b65fa4ae48eaad34a1624092a P 5ea64752349740a2b249ac7c124f68ab [CANDIDATE]: Term 1 pre-election: Requested pre-vote from peers 2931812166b84ed69140d6d6b0313b8b (127.8.65.196:42723), cc79e43f7e0048a39ea0a0801cefdea8 (127.8.65.195:34475)
I20260630 12:26:00.576958 11632 tablet_service.cc:1917] Received RequestConsensusVote() RPC: tablet_id: "6257839b65fa4ae48eaad34a1624092a" candidate_uuid: "5ea64752349740a2b249ac7c124f68ab" candidate_term: 1 candidate_status { last_received { term: 0 index: 0 } } ignore_live_leader: false dest_uuid: "cc79e43f7e0048a39ea0a0801cefdea8" is_pre_election: true
I20260630 12:26:00.577909 11632 raft_consensus.cc:2468] T 6257839b65fa4ae48eaad34a1624092a P cc79e43f7e0048a39ea0a0801cefdea8 [term 0 FOLLOWER]: Leader pre-election vote request: Granting yes vote for candidate 5ea64752349740a2b249ac7c124f68ab in term 0.
I20260630 12:26:00.579603 11448 leader_election.cc:304] T 6257839b65fa4ae48eaad34a1624092a P 5ea64752349740a2b249ac7c124f68ab [CANDIDATE]: Term 1 pre-election: Election decided. Result: candidate won. Election summary: received 2 responses out of 3 voters: 2 yes votes; 0 no votes. yes voters: 5ea64752349740a2b249ac7c124f68ab, cc79e43f7e0048a39ea0a0801cefdea8; no voters: 
I20260630 12:26:00.579382 11824 raft_consensus.cc:359] T 8c745c13eab04fd0956b1e614d56d335 P cc79e43f7e0048a39ea0a0801cefdea8 [term 0 FOLLOWER]: Replica starting. Triggering 0 pending ops. Active config: opid_index: -1 OBSOLETE_local: false peers { permanent_uuid: "5ea64752349740a2b249ac7c124f68ab" member_type: VOTER last_known_addr { host: "127.8.65.193" port: 38929 } } peers { permanent_uuid: "2931812166b84ed69140d6d6b0313b8b" member_type: VOTER last_known_addr { host: "127.8.65.196" port: 42723 } } peers { permanent_uuid: "cc79e43f7e0048a39ea0a0801cefdea8" member_type: VOTER last_known_addr { host: "127.8.65.195" port: 34475 } }
I20260630 12:26:00.580480 11687 raft_consensus.cc:2804] T 6257839b65fa4ae48eaad34a1624092a P 5ea64752349740a2b249ac7c124f68ab [term 0 FOLLOWER]: Leader pre-election won for term 1
I20260630 12:26:00.580503 11824 raft_consensus.cc:385] T 8c745c13eab04fd0956b1e614d56d335 P cc79e43f7e0048a39ea0a0801cefdea8 [term 0 FOLLOWER]: Consensus starting up: Expiring failure detector timer to make a prompt election more likely
I20260630 12:26:00.580945 11687 raft_consensus.cc:493] T 6257839b65fa4ae48eaad34a1624092a P 5ea64752349740a2b249ac7c124f68ab [term 0 FOLLOWER]: Starting leader election (no leader contacted us within the election timeout)
I20260630 12:26:00.583310 11680 tablet_bootstrap.cc:492] T acb8f7cbe31244e58649611374bb9170 P 5ea64752349740a2b249ac7c124f68ab: No bootstrap required, opened a new log
I20260630 12:26:00.583400 11687 raft_consensus.cc:3060] T 6257839b65fa4ae48eaad34a1624092a P 5ea64752349740a2b249ac7c124f68ab [term 0 FOLLOWER]: Advancing to term 1
I20260630 12:26:00.584205 11680 ts_tablet_manager.cc:1403] T acb8f7cbe31244e58649611374bb9170 P 5ea64752349740a2b249ac7c124f68ab: Time spent bootstrapping tablet: real 0.039s	user 0.013s	sys 0.002s
I20260630 12:26:00.592844 11827 tablet_bootstrap.cc:492] T 8c745c13eab04fd0956b1e614d56d335 P 2931812166b84ed69140d6d6b0313b8b: No bootstrap required, opened a new log
I20260630 12:26:00.593394 11827 ts_tablet_manager.cc:1403] T 8c745c13eab04fd0956b1e614d56d335 P 2931812166b84ed69140d6d6b0313b8b: Time spent bootstrapping tablet: real 0.049s	user 0.027s	sys 0.017s
I20260630 12:26:00.591742 11687 raft_consensus.cc:515] T 6257839b65fa4ae48eaad34a1624092a P 5ea64752349740a2b249ac7c124f68ab [term 1 FOLLOWER]: Starting leader election with config: opid_index: -1 OBSOLETE_local: false peers { permanent_uuid: "2931812166b84ed69140d6d6b0313b8b" member_type: VOTER last_known_addr { host: "127.8.65.196" port: 42723 } } peers { permanent_uuid: "cc79e43f7e0048a39ea0a0801cefdea8" member_type: VOTER last_known_addr { host: "127.8.65.195" port: 34475 } } peers { permanent_uuid: "5ea64752349740a2b249ac7c124f68ab" member_type: VOTER last_known_addr { host: "127.8.65.193" port: 38929 } }
I20260630 12:26:00.596701 11827 raft_consensus.cc:359] T 8c745c13eab04fd0956b1e614d56d335 P 2931812166b84ed69140d6d6b0313b8b [term 0 FOLLOWER]: Replica starting. Triggering 0 pending ops. Active config: opid_index: -1 OBSOLETE_local: false peers { permanent_uuid: "5ea64752349740a2b249ac7c124f68ab" member_type: VOTER last_known_addr { host: "127.8.65.193" port: 38929 } } peers { permanent_uuid: "2931812166b84ed69140d6d6b0313b8b" member_type: VOTER last_known_addr { host: "127.8.65.196" port: 42723 } } peers { permanent_uuid: "cc79e43f7e0048a39ea0a0801cefdea8" member_type: VOTER last_known_addr { host: "127.8.65.195" port: 34475 } }
I20260630 12:26:00.597232 11632 tablet_service.cc:1917] Received RequestConsensusVote() RPC: tablet_id: "6257839b65fa4ae48eaad34a1624092a" candidate_uuid: "5ea64752349740a2b249ac7c124f68ab" candidate_term: 1 candidate_status { last_received { term: 0 index: 0 } } ignore_live_leader: false dest_uuid: "cc79e43f7e0048a39ea0a0801cefdea8"
I20260630 12:26:00.597503 11827 raft_consensus.cc:385] T 8c745c13eab04fd0956b1e614d56d335 P 2931812166b84ed69140d6d6b0313b8b [term 0 FOLLOWER]: Consensus starting up: Expiring failure detector timer to make a prompt election more likely
I20260630 12:26:00.597961 11632 raft_consensus.cc:3060] T 6257839b65fa4ae48eaad34a1624092a P cc79e43f7e0048a39ea0a0801cefdea8 [term 0 FOLLOWER]: Advancing to term 1
I20260630 12:26:00.583359 11824 raft_consensus.cc:740] T 8c745c13eab04fd0956b1e614d56d335 P cc79e43f7e0048a39ea0a0801cefdea8 [term 0 FOLLOWER]: Becoming Follower/Learner. State: Replica: cc79e43f7e0048a39ea0a0801cefdea8, State: Initialized, Role: FOLLOWER
I20260630 12:26:00.598150 11687 leader_election.cc:290] T 6257839b65fa4ae48eaad34a1624092a P 5ea64752349740a2b249ac7c124f68ab [CANDIDATE]: Term 1 election: Requested vote from peers 2931812166b84ed69140d6d6b0313b8b (127.8.65.196:42723), cc79e43f7e0048a39ea0a0801cefdea8 (127.8.65.195:34475)
I20260630 12:26:00.599233 11824 consensus_queue.cc:260] T 8c745c13eab04fd0956b1e614d56d335 P cc79e43f7e0048a39ea0a0801cefdea8 [NON_LEADER]: Queue going to NON_LEADER mode. State: All replicated index: 0, Majority replicated index: 0, Committed index: 0, Last appended: 0.0, Last appended by leader: 0, Current term: 0, Majority size: -1, State: 0, Mode: NON_LEADER, active raft config: opid_index: -1 OBSOLETE_local: false peers { permanent_uuid: "5ea64752349740a2b249ac7c124f68ab" member_type: VOTER last_known_addr { host: "127.8.65.193" port: 38929 } } peers { permanent_uuid: "2931812166b84ed69140d6d6b0313b8b" member_type: VOTER last_known_addr { host: "127.8.65.196" port: 42723 } } peers { permanent_uuid: "cc79e43f7e0048a39ea0a0801cefdea8" member_type: VOTER last_known_addr { host: "127.8.65.195" port: 34475 } }
I20260630 12:26:00.602713 11824 ts_tablet_manager.cc:1434] T 8c745c13eab04fd0956b1e614d56d335 P cc79e43f7e0048a39ea0a0801cefdea8: Time spent starting tablet: real 0.030s	user 0.008s	sys 0.005s
I20260630 12:26:00.603978 11824 tablet_bootstrap.cc:492] T 90fd793cabde4b938c9d9a4c7649e6bc P cc79e43f7e0048a39ea0a0801cefdea8: Bootstrap starting.
I20260630 12:26:00.597911 11827 raft_consensus.cc:740] T 8c745c13eab04fd0956b1e614d56d335 P 2931812166b84ed69140d6d6b0313b8b [term 0 FOLLOWER]: Becoming Follower/Learner. State: Replica: 2931812166b84ed69140d6d6b0313b8b, State: Initialized, Role: FOLLOWER
I20260630 12:26:00.605093 11688 raft_consensus.cc:493] T 4137603de4034a298361059de8ce9743 P cc79e43f7e0048a39ea0a0801cefdea8 [term 0 FOLLOWER]: Starting pre-election (no leader contacted us within the election timeout)
I20260630 12:26:00.605100 11827 consensus_queue.cc:260] T 8c745c13eab04fd0956b1e614d56d335 P 2931812166b84ed69140d6d6b0313b8b [NON_LEADER]: Queue going to NON_LEADER mode. State: All replicated index: 0, Majority replicated index: 0, Committed index: 0, Last appended: 0.0, Last appended by leader: 0, Current term: 0, Majority size: -1, State: 0, Mode: NON_LEADER, active raft config: opid_index: -1 OBSOLETE_local: false peers { permanent_uuid: "5ea64752349740a2b249ac7c124f68ab" member_type: VOTER last_known_addr { host: "127.8.65.193" port: 38929 } } peers { permanent_uuid: "2931812166b84ed69140d6d6b0313b8b" member_type: VOTER last_known_addr { host: "127.8.65.196" port: 42723 } } peers { permanent_uuid: "cc79e43f7e0048a39ea0a0801cefdea8" member_type: VOTER last_known_addr { host: "127.8.65.195" port: 34475 } }
I20260630 12:26:00.605836 11688 raft_consensus.cc:515] T 4137603de4034a298361059de8ce9743 P cc79e43f7e0048a39ea0a0801cefdea8 [term 0 FOLLOWER]: Starting pre-election with config: opid_index: -1 OBSOLETE_local: false peers { permanent_uuid: "cc79e43f7e0048a39ea0a0801cefdea8" member_type: VOTER last_known_addr { host: "127.8.65.195" port: 34475 } } peers { permanent_uuid: "56bff1f1d899416d957caa17844cebb8" member_type: VOTER last_known_addr { host: "127.8.65.194" port: 39199 } } peers { permanent_uuid: "2931812166b84ed69140d6d6b0313b8b" member_type: VOTER last_known_addr { host: "127.8.65.196" port: 42723 } }
I20260630 12:26:00.597889 11822 raft_consensus.cc:493] T acb8f7cbe31244e58649611374bb9170 P 56bff1f1d899416d957caa17844cebb8 [term 0 FOLLOWER]: Starting pre-election (no leader contacted us within the election timeout)
I20260630 12:26:00.607527 11822 raft_consensus.cc:515] T acb8f7cbe31244e58649611374bb9170 P 56bff1f1d899416d957caa17844cebb8 [term 0 FOLLOWER]: Starting pre-election with config: opid_index: -1 OBSOLETE_local: false peers { permanent_uuid: "56bff1f1d899416d957caa17844cebb8" member_type: VOTER last_known_addr { host: "127.8.65.194" port: 39199 } } peers { permanent_uuid: "2931812166b84ed69140d6d6b0313b8b" member_type: VOTER last_known_addr { host: "127.8.65.196" port: 42723 } } peers { permanent_uuid: "5ea64752349740a2b249ac7c124f68ab" member_type: VOTER last_known_addr { host: "127.8.65.193" port: 38929 } }
I20260630 12:26:00.608701 11827 ts_tablet_manager.cc:1434] T 8c745c13eab04fd0956b1e614d56d335 P 2931812166b84ed69140d6d6b0313b8b: Time spent starting tablet: real 0.015s	user 0.007s	sys 0.000s
I20260630 12:26:00.609624 11560 tablet_service.cc:1917] Received RequestConsensusVote() RPC: tablet_id: "4137603de4034a298361059de8ce9743" candidate_uuid: "cc79e43f7e0048a39ea0a0801cefdea8" candidate_term: 1 candidate_status { last_received { term: 0 index: 0 } } ignore_live_leader: false dest_uuid: "56bff1f1d899416d957caa17844cebb8" is_pre_election: true
I20260630 12:26:00.610152 11827 tablet_bootstrap.cc:492] T acb8f7cbe31244e58649611374bb9170 P 2931812166b84ed69140d6d6b0313b8b: Bootstrap starting.
I20260630 12:26:00.610402 11560 raft_consensus.cc:2468] T 4137603de4034a298361059de8ce9743 P 56bff1f1d899416d957caa17844cebb8 [term 0 FOLLOWER]: Leader pre-election vote request: Granting yes vote for candidate cc79e43f7e0048a39ea0a0801cefdea8 in term 0.
I20260630 12:26:00.611619 11680 raft_consensus.cc:359] T acb8f7cbe31244e58649611374bb9170 P 5ea64752349740a2b249ac7c124f68ab [term 0 FOLLOWER]: Replica starting. Triggering 0 pending ops. Active config: opid_index: -1 OBSOLETE_local: false peers { permanent_uuid: "56bff1f1d899416d957caa17844cebb8" member_type: VOTER last_known_addr { host: "127.8.65.194" port: 39199 } } peers { permanent_uuid: "2931812166b84ed69140d6d6b0313b8b" member_type: VOTER last_known_addr { host: "127.8.65.196" port: 42723 } } peers { permanent_uuid: "5ea64752349740a2b249ac7c124f68ab" member_type: VOTER last_known_addr { host: "127.8.65.193" port: 38929 } }
I20260630 12:26:00.612394 11598 leader_election.cc:304] T 4137603de4034a298361059de8ce9743 P cc79e43f7e0048a39ea0a0801cefdea8 [CANDIDATE]: Term 1 pre-election: Election decided. Result: candidate won. Election summary: received 2 responses out of 3 voters: 2 yes votes; 0 no votes. yes voters: 56bff1f1d899416d957caa17844cebb8, cc79e43f7e0048a39ea0a0801cefdea8; no voters: 
I20260630 12:26:00.612406 11780 tablet_service.cc:1917] Received RequestConsensusVote() RPC: tablet_id: "6257839b65fa4ae48eaad34a1624092a" candidate_uuid: "5ea64752349740a2b249ac7c124f68ab" candidate_term: 1 candidate_status { last_received { term: 0 index: 0 } } ignore_live_leader: false dest_uuid: "2931812166b84ed69140d6d6b0313b8b" is_pre_election: true
I20260630 12:26:00.609853 11822 leader_election.cc:290] T acb8f7cbe31244e58649611374bb9170 P 56bff1f1d899416d957caa17844cebb8 [CANDIDATE]: Term 1 pre-election: Requested pre-vote from peers 2931812166b84ed69140d6d6b0313b8b (127.8.65.196:42723), 5ea64752349740a2b249ac7c124f68ab (127.8.65.193:38929)
I20260630 12:26:00.612372 11680 raft_consensus.cc:385] T acb8f7cbe31244e58649611374bb9170 P 5ea64752349740a2b249ac7c124f68ab [term 0 FOLLOWER]: Consensus starting up: Expiring failure detector timer to make a prompt election more likely
I20260630 12:26:00.622350 11778 tablet_service.cc:1917] Received RequestConsensusVote() RPC: tablet_id: "acb8f7cbe31244e58649611374bb9170" candidate_uuid: "56bff1f1d899416d957caa17844cebb8" candidate_term: 1 candidate_status { last_received { term: 0 index: 0 } } ignore_live_leader: false dest_uuid: "2931812166b84ed69140d6d6b0313b8b" is_pre_election: true
I20260630 12:26:00.623373 11680 raft_consensus.cc:740] T acb8f7cbe31244e58649611374bb9170 P 5ea64752349740a2b249ac7c124f68ab [term 0 FOLLOWER]: Becoming Follower/Learner. State: Replica: 5ea64752349740a2b249ac7c124f68ab, State: Initialized, Role: FOLLOWER
I20260630 12:26:00.633006 11729 raft_consensus.cc:2804] T 4137603de4034a298361059de8ce9743 P cc79e43f7e0048a39ea0a0801cefdea8 [term 0 FOLLOWER]: Leader pre-election won for term 1
I20260630 12:26:00.634024 11729 raft_consensus.cc:493] T 4137603de4034a298361059de8ce9743 P cc79e43f7e0048a39ea0a0801cefdea8 [term 0 FOLLOWER]: Starting leader election (no leader contacted us within the election timeout)
I20260630 12:26:00.634552 11729 raft_consensus.cc:3060] T 4137603de4034a298361059de8ce9743 P cc79e43f7e0048a39ea0a0801cefdea8 [term 0 FOLLOWER]: Advancing to term 1
W20260630 12:26:00.635613 11525 leader_election.cc:343] T acb8f7cbe31244e58649611374bb9170 P 56bff1f1d899416d957caa17844cebb8 [CANDIDATE]: Term 1 pre-election: Tablet error from VoteRequest() call to peer 2931812166b84ed69140d6d6b0313b8b (127.8.65.196:42723): Illegal state: must be running to vote when last-logged opid is not known
I20260630 12:26:00.636730 11484 tablet_service.cc:1917] Received RequestConsensusVote() RPC: tablet_id: "acb8f7cbe31244e58649611374bb9170" candidate_uuid: "56bff1f1d899416d957caa17844cebb8" candidate_term: 1 candidate_status { last_received { term: 0 index: 0 } } ignore_live_leader: false dest_uuid: "5ea64752349740a2b249ac7c124f68ab" is_pre_election: true
I20260630 12:26:00.631151 11780 raft_consensus.cc:2468] T 6257839b65fa4ae48eaad34a1624092a P 2931812166b84ed69140d6d6b0313b8b [term 0 FOLLOWER]: Leader pre-election vote request: Granting yes vote for candidate 5ea64752349740a2b249ac7c124f68ab in term 0.
I20260630 12:26:00.638934 11845 raft_consensus.cc:493] T 6257839b65fa4ae48eaad34a1624092a P 2931812166b84ed69140d6d6b0313b8b [term 0 FOLLOWER]: Starting pre-election (no leader contacted us within the election timeout)
I20260630 12:26:00.639571 11845 raft_consensus.cc:515] T 6257839b65fa4ae48eaad34a1624092a P 2931812166b84ed69140d6d6b0313b8b [term 0 FOLLOWER]: Starting pre-election with config: opid_index: -1 OBSOLETE_local: false peers { permanent_uuid: "2931812166b84ed69140d6d6b0313b8b" member_type: VOTER last_known_addr { host: "127.8.65.196" port: 42723 } } peers { permanent_uuid: "cc79e43f7e0048a39ea0a0801cefdea8" member_type: VOTER last_known_addr { host: "127.8.65.195" port: 34475 } } peers { permanent_uuid: "5ea64752349740a2b249ac7c124f68ab" member_type: VOTER last_known_addr { host: "127.8.65.193" port: 38929 } }
I20260630 12:26:00.660965 11632 raft_consensus.cc:2468] T 6257839b65fa4ae48eaad34a1624092a P cc79e43f7e0048a39ea0a0801cefdea8 [term 1 FOLLOWER]: Leader election vote request: Granting yes vote for candidate 5ea64752349740a2b249ac7c124f68ab in term 1.
I20260630 12:26:00.671226 11824 tablet_bootstrap.cc:654] T 90fd793cabde4b938c9d9a4c7649e6bc P cc79e43f7e0048a39ea0a0801cefdea8: Neither blocks nor log segments found. Creating new log.
I20260630 12:26:00.671787 11827 tablet_bootstrap.cc:654] T acb8f7cbe31244e58649611374bb9170 P 2931812166b84ed69140d6d6b0313b8b: Neither blocks nor log segments found. Creating new log.
I20260630 12:26:00.672675 11838 raft_consensus.cc:493] T c14b450cc67b4218afee6234676f3f12 P cc79e43f7e0048a39ea0a0801cefdea8 [term 0 FOLLOWER]: Starting pre-election (no leader contacted us within the election timeout)
I20260630 12:26:00.673338 11838 raft_consensus.cc:515] T c14b450cc67b4218afee6234676f3f12 P cc79e43f7e0048a39ea0a0801cefdea8 [term 0 FOLLOWER]: Starting pre-election with config: opid_index: -1 OBSOLETE_local: false peers { permanent_uuid: "cc79e43f7e0048a39ea0a0801cefdea8" member_type: VOTER last_known_addr { host: "127.8.65.195" port: 34475 } } peers { permanent_uuid: "2931812166b84ed69140d6d6b0313b8b" member_type: VOTER last_known_addr { host: "127.8.65.196" port: 42723 } } peers { permanent_uuid: "5ea64752349740a2b249ac7c124f68ab" member_type: VOTER last_known_addr { host: "127.8.65.193" port: 38929 } }
I20260630 12:26:00.674041 11779 tablet_service.cc:1917] Received RequestConsensusVote() RPC: tablet_id: "6257839b65fa4ae48eaad34a1624092a" candidate_uuid: "5ea64752349740a2b249ac7c124f68ab" candidate_term: 1 candidate_status { last_received { term: 0 index: 0 } } ignore_live_leader: false dest_uuid: "2931812166b84ed69140d6d6b0313b8b"
I20260630 12:26:00.674918 11779 raft_consensus.cc:3060] T 6257839b65fa4ae48eaad34a1624092a P 2931812166b84ed69140d6d6b0313b8b [term 0 FOLLOWER]: Advancing to term 1
I20260630 12:26:00.676330 11838 leader_election.cc:290] T c14b450cc67b4218afee6234676f3f12 P cc79e43f7e0048a39ea0a0801cefdea8 [CANDIDATE]: Term 1 pre-election: Requested pre-vote from peers 2931812166b84ed69140d6d6b0313b8b (127.8.65.196:42723), 5ea64752349740a2b249ac7c124f68ab (127.8.65.193:38929)
I20260630 12:26:00.678869 11710 raft_consensus.cc:493] T 8c745c13eab04fd0956b1e614d56d335 P 5ea64752349740a2b249ac7c124f68ab [term 0 FOLLOWER]: Starting pre-election (no leader contacted us within the election timeout)
I20260630 12:26:00.679472 11710 raft_consensus.cc:515] T 8c745c13eab04fd0956b1e614d56d335 P 5ea64752349740a2b249ac7c124f68ab [term 0 FOLLOWER]: Starting pre-election with config: opid_index: -1 OBSOLETE_local: false peers { permanent_uuid: "5ea64752349740a2b249ac7c124f68ab" member_type: VOTER last_known_addr { host: "127.8.65.193" port: 38929 } } peers { permanent_uuid: "2931812166b84ed69140d6d6b0313b8b" member_type: VOTER last_known_addr { host: "127.8.65.196" port: 42723 } } peers { permanent_uuid: "cc79e43f7e0048a39ea0a0801cefdea8" member_type: VOTER last_known_addr { host: "127.8.65.195" port: 34475 } }
I20260630 12:26:00.683383 11710 leader_election.cc:290] T 8c745c13eab04fd0956b1e614d56d335 P 5ea64752349740a2b249ac7c124f68ab [CANDIDATE]: Term 1 pre-election: Requested pre-vote from peers 2931812166b84ed69140d6d6b0313b8b (127.8.65.196:42723), cc79e43f7e0048a39ea0a0801cefdea8 (127.8.65.195:34475)
I20260630 12:26:00.685513 11485 tablet_service.cc:1917] Received RequestConsensusVote() RPC: tablet_id: "c14b450cc67b4218afee6234676f3f12" candidate_uuid: "cc79e43f7e0048a39ea0a0801cefdea8" candidate_term: 1 candidate_status { last_received { term: 0 index: 0 } } ignore_live_leader: false dest_uuid: "5ea64752349740a2b249ac7c124f68ab" is_pre_election: true
I20260630 12:26:00.686316 11485 raft_consensus.cc:2468] T c14b450cc67b4218afee6234676f3f12 P 5ea64752349740a2b249ac7c124f68ab [term 0 FOLLOWER]: Leader pre-election vote request: Granting yes vote for candidate cc79e43f7e0048a39ea0a0801cefdea8 in term 0.
I20260630 12:26:00.686570 11688 leader_election.cc:290] T 4137603de4034a298361059de8ce9743 P cc79e43f7e0048a39ea0a0801cefdea8 [CANDIDATE]: Term 1 pre-election: Requested pre-vote from peers 56bff1f1d899416d957caa17844cebb8 (127.8.65.194:39199), 2931812166b84ed69140d6d6b0313b8b (127.8.65.196:42723)
I20260630 12:26:00.687841 11448 leader_election.cc:304] T 6257839b65fa4ae48eaad34a1624092a P 5ea64752349740a2b249ac7c124f68ab [CANDIDATE]: Term 1 election: Election decided. Result: candidate won. Election summary: received 2 responses out of 3 voters: 2 yes votes; 0 no votes. yes voters: 5ea64752349740a2b249ac7c124f68ab, cc79e43f7e0048a39ea0a0801cefdea8; no voters: 
I20260630 12:26:00.690003 11598 leader_election.cc:304] T c14b450cc67b4218afee6234676f3f12 P cc79e43f7e0048a39ea0a0801cefdea8 [CANDIDATE]: Term 1 pre-election: Election decided. Result: candidate won. Election summary: received 2 responses out of 3 voters: 2 yes votes; 0 no votes. yes voters: 5ea64752349740a2b249ac7c124f68ab, cc79e43f7e0048a39ea0a0801cefdea8; no voters: 
I20260630 12:26:00.690153 11687 raft_consensus.cc:2804] T 6257839b65fa4ae48eaad34a1624092a P 5ea64752349740a2b249ac7c124f68ab [term 1 FOLLOWER]: Leader election won for term 1
I20260630 12:26:00.691061 11687 raft_consensus.cc:697] T 6257839b65fa4ae48eaad34a1624092a P 5ea64752349740a2b249ac7c124f68ab [term 1 LEADER]: Becoming Leader. State: Replica: 5ea64752349740a2b249ac7c124f68ab, State: Running, Role: LEADER
I20260630 12:26:00.691905 11687 consensus_queue.cc:237] T 6257839b65fa4ae48eaad34a1624092a P 5ea64752349740a2b249ac7c124f68ab [LEADER]: Queue going to LEADER mode. State: All replicated index: 0, Majority replicated index: 0, Committed index: 0, Last appended: 0.0, Last appended by leader: 0, Current term: 1, Majority size: 2, State: 0, Mode: LEADER, active raft config: opid_index: -1 OBSOLETE_local: false peers { permanent_uuid: "2931812166b84ed69140d6d6b0313b8b" member_type: VOTER last_known_addr { host: "127.8.65.196" port: 42723 } } peers { permanent_uuid: "cc79e43f7e0048a39ea0a0801cefdea8" member_type: VOTER last_known_addr { host: "127.8.65.195" port: 34475 } } peers { permanent_uuid: "5ea64752349740a2b249ac7c124f68ab" member_type: VOTER last_known_addr { host: "127.8.65.193" port: 38929 } }
I20260630 12:26:00.693454 11838 raft_consensus.cc:2804] T c14b450cc67b4218afee6234676f3f12 P cc79e43f7e0048a39ea0a0801cefdea8 [term 0 FOLLOWER]: Leader pre-election won for term 1
I20260630 12:26:00.693913 11838 raft_consensus.cc:493] T c14b450cc67b4218afee6234676f3f12 P cc79e43f7e0048a39ea0a0801cefdea8 [term 0 FOLLOWER]: Starting leader election (no leader contacted us within the election timeout)
I20260630 12:26:00.694296 11838 raft_consensus.cc:3060] T c14b450cc67b4218afee6234676f3f12 P cc79e43f7e0048a39ea0a0801cefdea8 [term 0 FOLLOWER]: Advancing to term 1
I20260630 12:26:00.694897 11827 tablet_bootstrap.cc:492] T acb8f7cbe31244e58649611374bb9170 P 2931812166b84ed69140d6d6b0313b8b: No bootstrap required, opened a new log
I20260630 12:26:00.695434 11827 ts_tablet_manager.cc:1403] T acb8f7cbe31244e58649611374bb9170 P 2931812166b84ed69140d6d6b0313b8b: Time spent bootstrapping tablet: real 0.085s	user 0.012s	sys 0.005s
I20260630 12:26:00.695719 11822 raft_consensus.cc:493] T 90fd793cabde4b938c9d9a4c7649e6bc P 56bff1f1d899416d957caa17844cebb8 [term 0 FOLLOWER]: Starting pre-election (no leader contacted us within the election timeout)
I20260630 12:26:00.696188 11822 raft_consensus.cc:515] T 90fd793cabde4b938c9d9a4c7649e6bc P 56bff1f1d899416d957caa17844cebb8 [term 0 FOLLOWER]: Starting pre-election with config: opid_index: -1 OBSOLETE_local: false peers { permanent_uuid: "cc79e43f7e0048a39ea0a0801cefdea8" member_type: VOTER last_known_addr { host: "127.8.65.195" port: 34475 } } peers { permanent_uuid: "2931812166b84ed69140d6d6b0313b8b" member_type: VOTER last_known_addr { host: "127.8.65.196" port: 42723 } } peers { permanent_uuid: "56bff1f1d899416d957caa17844cebb8" member_type: VOTER last_known_addr { host: "127.8.65.194" port: 39199 } }
I20260630 12:26:00.698428 11822 leader_election.cc:290] T 90fd793cabde4b938c9d9a4c7649e6bc P 56bff1f1d899416d957caa17844cebb8 [CANDIDATE]: Term 1 pre-election: Requested pre-vote from peers cc79e43f7e0048a39ea0a0801cefdea8 (127.8.65.195:34475), 2931812166b84ed69140d6d6b0313b8b (127.8.65.196:42723)
I20260630 12:26:00.700654 11780 tablet_service.cc:1917] Received RequestConsensusVote() RPC: tablet_id: "90fd793cabde4b938c9d9a4c7649e6bc" candidate_uuid: "56bff1f1d899416d957caa17844cebb8" candidate_term: 1 candidate_status { last_received { term: 0 index: 0 } } ignore_live_leader: false dest_uuid: "2931812166b84ed69140d6d6b0313b8b" is_pre_election: true
W20260630 12:26:00.702193 11525 leader_election.cc:343] T 90fd793cabde4b938c9d9a4c7649e6bc P 56bff1f1d899416d957caa17844cebb8 [CANDIDATE]: Term 1 pre-election: Tablet error from VoteRequest() call to peer 2931812166b84ed69140d6d6b0313b8b (127.8.65.196:42723): Illegal state: must be running to vote when last-logged opid is not known
I20260630 12:26:00.692849 11845 leader_election.cc:290] T 6257839b65fa4ae48eaad34a1624092a P 2931812166b84ed69140d6d6b0313b8b [CANDIDATE]: Term 1 pre-election: Requested pre-vote from peers cc79e43f7e0048a39ea0a0801cefdea8 (127.8.65.195:34475), 5ea64752349740a2b249ac7c124f68ab (127.8.65.193:38929)
I20260630 12:26:00.703779 11779 raft_consensus.cc:2468] T 6257839b65fa4ae48eaad34a1624092a P 2931812166b84ed69140d6d6b0313b8b [term 1 FOLLOWER]: Leader election vote request: Granting yes vote for candidate 5ea64752349740a2b249ac7c124f68ab in term 1.
I20260630 12:26:00.704540 11680 consensus_queue.cc:260] T acb8f7cbe31244e58649611374bb9170 P 5ea64752349740a2b249ac7c124f68ab [NON_LEADER]: Queue going to NON_LEADER mode. State: All replicated index: 0, Majority replicated index: 0, Committed index: 0, Last appended: 0.0, Last appended by leader: 0, Current term: 0, Majority size: -1, State: 0, Mode: NON_LEADER, active raft config: opid_index: -1 OBSOLETE_local: false peers { permanent_uuid: "56bff1f1d899416d957caa17844cebb8" member_type: VOTER last_known_addr { host: "127.8.65.194" port: 39199 } } peers { permanent_uuid: "2931812166b84ed69140d6d6b0313b8b" member_type: VOTER last_known_addr { host: "127.8.65.196" port: 42723 } } peers { permanent_uuid: "5ea64752349740a2b249ac7c124f68ab" member_type: VOTER last_known_addr { host: "127.8.65.193" port: 38929 } }
I20260630 12:26:00.706023 11484 raft_consensus.cc:2468] T acb8f7cbe31244e58649611374bb9170 P 5ea64752349740a2b249ac7c124f68ab [term 0 FOLLOWER]: Leader pre-election vote request: Granting yes vote for candidate 56bff1f1d899416d957caa17844cebb8 in term 0.
I20260630 12:26:00.708905 11524 leader_election.cc:304] T acb8f7cbe31244e58649611374bb9170 P 56bff1f1d899416d957caa17844cebb8 [CANDIDATE]: Term 1 pre-election: Election decided. Result: candidate won. Election summary: received 3 responses out of 3 voters: 2 yes votes; 1 no votes. yes voters: 56bff1f1d899416d957caa17844cebb8, 5ea64752349740a2b249ac7c124f68ab; no voters: 2931812166b84ed69140d6d6b0313b8b
I20260630 12:26:00.709542 11838 raft_consensus.cc:515] T c14b450cc67b4218afee6234676f3f12 P cc79e43f7e0048a39ea0a0801cefdea8 [term 1 FOLLOWER]: Starting leader election with config: opid_index: -1 OBSOLETE_local: false peers { permanent_uuid: "cc79e43f7e0048a39ea0a0801cefdea8" member_type: VOTER last_known_addr { host: "127.8.65.195" port: 34475 } } peers { permanent_uuid: "2931812166b84ed69140d6d6b0313b8b" member_type: VOTER last_known_addr { host: "127.8.65.196" port: 42723 } } peers { permanent_uuid: "5ea64752349740a2b249ac7c124f68ab" member_type: VOTER last_known_addr { host: "127.8.65.193" port: 38929 } }
I20260630 12:26:00.710803 11822 raft_consensus.cc:2804] T acb8f7cbe31244e58649611374bb9170 P 56bff1f1d899416d957caa17844cebb8 [term 0 FOLLOWER]: Leader pre-election won for term 1
I20260630 12:26:00.698840 11827 raft_consensus.cc:359] T acb8f7cbe31244e58649611374bb9170 P 2931812166b84ed69140d6d6b0313b8b [term 0 FOLLOWER]: Replica starting. Triggering 0 pending ops. Active config: opid_index: -1 OBSOLETE_local: false peers { permanent_uuid: "56bff1f1d899416d957caa17844cebb8" member_type: VOTER last_known_addr { host: "127.8.65.194" port: 39199 } } peers { permanent_uuid: "2931812166b84ed69140d6d6b0313b8b" member_type: VOTER last_known_addr { host: "127.8.65.196" port: 42723 } } peers { permanent_uuid: "5ea64752349740a2b249ac7c124f68ab" member_type: VOTER last_known_addr { host: "127.8.65.193" port: 38929 } }
I20260630 12:26:00.711330 11822 raft_consensus.cc:493] T acb8f7cbe31244e58649611374bb9170 P 56bff1f1d899416d957caa17844cebb8 [term 0 FOLLOWER]: Starting leader election (no leader contacted us within the election timeout)
I20260630 12:26:00.711516 11827 raft_consensus.cc:385] T acb8f7cbe31244e58649611374bb9170 P 2931812166b84ed69140d6d6b0313b8b [term 0 FOLLOWER]: Consensus starting up: Expiring failure detector timer to make a prompt election more likely
I20260630 12:26:00.711838 11822 raft_consensus.cc:3060] T acb8f7cbe31244e58649611374bb9170 P 56bff1f1d899416d957caa17844cebb8 [term 0 FOLLOWER]: Advancing to term 1
I20260630 12:26:00.711886 11827 raft_consensus.cc:740] T acb8f7cbe31244e58649611374bb9170 P 2931812166b84ed69140d6d6b0313b8b [term 0 FOLLOWER]: Becoming Follower/Learner. State: Replica: 2931812166b84ed69140d6d6b0313b8b, State: Initialized, Role: FOLLOWER
I20260630 12:26:00.712808 11827 consensus_queue.cc:260] T acb8f7cbe31244e58649611374bb9170 P 2931812166b84ed69140d6d6b0313b8b [NON_LEADER]: Queue going to NON_LEADER mode. State: All replicated index: 0, Majority replicated index: 0, Committed index: 0, Last appended: 0.0, Last appended by leader: 0, Current term: 0, Majority size: -1, State: 0, Mode: NON_LEADER, active raft config: opid_index: -1 OBSOLETE_local: false peers { permanent_uuid: "56bff1f1d899416d957caa17844cebb8" member_type: VOTER last_known_addr { host: "127.8.65.194" port: 39199 } } peers { permanent_uuid: "2931812166b84ed69140d6d6b0313b8b" member_type: VOTER last_known_addr { host: "127.8.65.196" port: 42723 } } peers { permanent_uuid: "5ea64752349740a2b249ac7c124f68ab" member_type: VOTER last_known_addr { host: "127.8.65.193" port: 38929 } }
I20260630 12:26:00.715262 11827 ts_tablet_manager.cc:1434] T acb8f7cbe31244e58649611374bb9170 P 2931812166b84ed69140d6d6b0313b8b: Time spent starting tablet: real 0.019s	user 0.008s	sys 0.000s
I20260630 12:26:00.716297 11827 tablet_bootstrap.cc:492] T 90fd793cabde4b938c9d9a4c7649e6bc P 2931812166b84ed69140d6d6b0313b8b: Bootstrap starting.
I20260630 12:26:00.718616 11632 tablet_service.cc:1917] Received RequestConsensusVote() RPC: tablet_id: "6257839b65fa4ae48eaad34a1624092a" candidate_uuid: "2931812166b84ed69140d6d6b0313b8b" candidate_term: 1 candidate_status { last_received { term: 0 index: 0 } } ignore_live_leader: false dest_uuid: "cc79e43f7e0048a39ea0a0801cefdea8" is_pre_election: true
I20260630 12:26:00.719767 11632 raft_consensus.cc:2393] T 6257839b65fa4ae48eaad34a1624092a P cc79e43f7e0048a39ea0a0801cefdea8 [term 1 FOLLOWER]: Leader pre-election vote request: Denying vote to candidate 2931812166b84ed69140d6d6b0313b8b in current term 1: Already voted for candidate 5ea64752349740a2b249ac7c124f68ab in this term.
I20260630 12:26:00.725203 11680 ts_tablet_manager.cc:1434] T acb8f7cbe31244e58649611374bb9170 P 5ea64752349740a2b249ac7c124f68ab: Time spent starting tablet: real 0.141s	user 0.009s	sys 0.002s
I20260630 12:26:00.735491 11838 leader_election.cc:290] T c14b450cc67b4218afee6234676f3f12 P cc79e43f7e0048a39ea0a0801cefdea8 [CANDIDATE]: Term 1 election: Requested vote from peers 2931812166b84ed69140d6d6b0313b8b (127.8.65.196:42723), 5ea64752349740a2b249ac7c124f68ab (127.8.65.193:38929)
I20260630 12:26:00.736151 11824 tablet_bootstrap.cc:492] T 90fd793cabde4b938c9d9a4c7649e6bc P cc79e43f7e0048a39ea0a0801cefdea8: No bootstrap required, opened a new log
I20260630 12:26:00.735790 11729 raft_consensus.cc:515] T 4137603de4034a298361059de8ce9743 P cc79e43f7e0048a39ea0a0801cefdea8 [term 1 FOLLOWER]: Starting leader election with config: opid_index: -1 OBSOLETE_local: false peers { permanent_uuid: "cc79e43f7e0048a39ea0a0801cefdea8" member_type: VOTER last_known_addr { host: "127.8.65.195" port: 34475 } } peers { permanent_uuid: "56bff1f1d899416d957caa17844cebb8" member_type: VOTER last_known_addr { host: "127.8.65.194" port: 39199 } } peers { permanent_uuid: "2931812166b84ed69140d6d6b0313b8b" member_type: VOTER last_known_addr { host: "127.8.65.196" port: 42723 } }
I20260630 12:26:00.736735 11824 ts_tablet_manager.cc:1403] T 90fd793cabde4b938c9d9a4c7649e6bc P cc79e43f7e0048a39ea0a0801cefdea8: Time spent bootstrapping tablet: real 0.133s	user 0.015s	sys 0.003s
I20260630 12:26:00.730935 11709 raft_consensus.cc:493] T 645eb94329d94ee79bb7050472cee1ca P 5ea64752349740a2b249ac7c124f68ab [term 0 FOLLOWER]: Starting pre-election (no leader contacted us within the election timeout)
I20260630 12:26:00.738564 11845 raft_consensus.cc:493] T c14b450cc67b4218afee6234676f3f12 P 2931812166b84ed69140d6d6b0313b8b [term 0 FOLLOWER]: Starting pre-election (no leader contacted us within the election timeout)
I20260630 12:26:00.738749 11709 raft_consensus.cc:515] T 645eb94329d94ee79bb7050472cee1ca P 5ea64752349740a2b249ac7c124f68ab [term 0 FOLLOWER]: Starting pre-election with config: opid_index: -1 OBSOLETE_local: false peers { permanent_uuid: "5ea64752349740a2b249ac7c124f68ab" member_type: VOTER last_known_addr { host: "127.8.65.193" port: 38929 } } peers { permanent_uuid: "2931812166b84ed69140d6d6b0313b8b" member_type: VOTER last_known_addr { host: "127.8.65.196" port: 42723 } } peers { permanent_uuid: "56bff1f1d899416d957caa17844cebb8" member_type: VOTER last_known_addr { host: "127.8.65.194" port: 39199 } }
I20260630 12:26:00.739049 11845 raft_consensus.cc:515] T c14b450cc67b4218afee6234676f3f12 P 2931812166b84ed69140d6d6b0313b8b [term 0 FOLLOWER]: Starting pre-election with config: opid_index: -1 OBSOLETE_local: false peers { permanent_uuid: "cc79e43f7e0048a39ea0a0801cefdea8" member_type: VOTER last_known_addr { host: "127.8.65.195" port: 34475 } } peers { permanent_uuid: "2931812166b84ed69140d6d6b0313b8b" member_type: VOTER last_known_addr { host: "127.8.65.196" port: 42723 } } peers { permanent_uuid: "5ea64752349740a2b249ac7c124f68ab" member_type: VOTER last_known_addr { host: "127.8.65.193" port: 38929 } }
I20260630 12:26:00.742938 11779 tablet_service.cc:1917] Received RequestConsensusVote() RPC: tablet_id: "8c745c13eab04fd0956b1e614d56d335" candidate_uuid: "5ea64752349740a2b249ac7c124f68ab" candidate_term: 1 candidate_status { last_received { term: 0 index: 0 } } ignore_live_leader: false dest_uuid: "2931812166b84ed69140d6d6b0313b8b" is_pre_election: true
I20260630 12:26:00.742944 11632 tablet_service.cc:1917] Received RequestConsensusVote() RPC: tablet_id: "c14b450cc67b4218afee6234676f3f12" candidate_uuid: "2931812166b84ed69140d6d6b0313b8b" candidate_term: 1 candidate_status { last_received { term: 0 index: 0 } } ignore_live_leader: false dest_uuid: "cc79e43f7e0048a39ea0a0801cefdea8" is_pre_election: true
I20260630 12:26:00.742822 11560 tablet_service.cc:1917] Received RequestConsensusVote() RPC: tablet_id: "645eb94329d94ee79bb7050472cee1ca" candidate_uuid: "5ea64752349740a2b249ac7c124f68ab" candidate_term: 1 candidate_status { last_received { term: 0 index: 0 } } ignore_live_leader: false dest_uuid: "56bff1f1d899416d957caa17844cebb8" is_pre_election: true
I20260630 12:26:00.744397 11632 raft_consensus.cc:2393] T c14b450cc67b4218afee6234676f3f12 P cc79e43f7e0048a39ea0a0801cefdea8 [term 1 FOLLOWER]: Leader pre-election vote request: Denying vote to candidate 2931812166b84ed69140d6d6b0313b8b in current term 1: Already voted for candidate cc79e43f7e0048a39ea0a0801cefdea8 in this term.
I20260630 12:26:00.744961 11484 tablet_service.cc:1917] Received RequestConsensusVote() RPC: tablet_id: "c14b450cc67b4218afee6234676f3f12" candidate_uuid: "cc79e43f7e0048a39ea0a0801cefdea8" candidate_term: 1 candidate_status { last_received { term: 0 index: 0 } } ignore_live_leader: false dest_uuid: "5ea64752349740a2b249ac7c124f68ab"
I20260630 12:26:00.745563 11779 raft_consensus.cc:2468] T 8c745c13eab04fd0956b1e614d56d335 P 2931812166b84ed69140d6d6b0313b8b [term 0 FOLLOWER]: Leader pre-election vote request: Granting yes vote for candidate 5ea64752349740a2b249ac7c124f68ab in term 0.
I20260630 12:26:00.745599 11484 raft_consensus.cc:3060] T c14b450cc67b4218afee6234676f3f12 P 5ea64752349740a2b249ac7c124f68ab [term 0 FOLLOWER]: Advancing to term 1
I20260630 12:26:00.744437 11560 raft_consensus.cc:2468] T 645eb94329d94ee79bb7050472cee1ca P 56bff1f1d899416d957caa17844cebb8 [term 0 FOLLOWER]: Leader pre-election vote request: Granting yes vote for candidate 5ea64752349740a2b249ac7c124f68ab in term 0.
I20260630 12:26:00.747740 11824 raft_consensus.cc:359] T 90fd793cabde4b938c9d9a4c7649e6bc P cc79e43f7e0048a39ea0a0801cefdea8 [term 0 FOLLOWER]: Replica starting. Triggering 0 pending ops. Active config: opid_index: -1 OBSOLETE_local: false peers { permanent_uuid: "cc79e43f7e0048a39ea0a0801cefdea8" member_type: VOTER last_known_addr { host: "127.8.65.195" port: 34475 } } peers { permanent_uuid: "2931812166b84ed69140d6d6b0313b8b" member_type: VOTER last_known_addr { host: "127.8.65.196" port: 42723 } } peers { permanent_uuid: "56bff1f1d899416d957caa17844cebb8" member_type: VOTER last_known_addr { host: "127.8.65.194" port: 39199 } }
I20260630 12:26:00.748562 11824 raft_consensus.cc:385] T 90fd793cabde4b938c9d9a4c7649e6bc P cc79e43f7e0048a39ea0a0801cefdea8 [term 0 FOLLOWER]: Consensus starting up: Expiring failure detector timer to make a prompt election more likely
I20260630 12:26:00.748901 11824 raft_consensus.cc:740] T 90fd793cabde4b938c9d9a4c7649e6bc P cc79e43f7e0048a39ea0a0801cefdea8 [term 0 FOLLOWER]: Becoming Follower/Learner. State: Replica: cc79e43f7e0048a39ea0a0801cefdea8, State: Initialized, Role: FOLLOWER
I20260630 12:26:00.742486 11845 leader_election.cc:290] T c14b450cc67b4218afee6234676f3f12 P 2931812166b84ed69140d6d6b0313b8b [CANDIDATE]: Term 1 pre-election: Requested pre-vote from peers cc79e43f7e0048a39ea0a0801cefdea8 (127.8.65.195:34475), 5ea64752349740a2b249ac7c124f68ab (127.8.65.193:38929)
I20260630 12:26:00.755406 11450 leader_election.cc:304] T 8c745c13eab04fd0956b1e614d56d335 P 5ea64752349740a2b249ac7c124f68ab [CANDIDATE]: Term 1 pre-election: Election decided. Result: candidate won. Election summary: received 2 responses out of 3 voters: 2 yes votes; 0 no votes. yes voters: 2931812166b84ed69140d6d6b0313b8b, 5ea64752349740a2b249ac7c124f68ab; no voters: 
I20260630 12:26:00.741086 11709 leader_election.cc:290] T 645eb94329d94ee79bb7050472cee1ca P 5ea64752349740a2b249ac7c124f68ab [CANDIDATE]: Term 1 pre-election: Requested pre-vote from peers 2931812166b84ed69140d6d6b0313b8b (127.8.65.196:42723), 56bff1f1d899416d957caa17844cebb8 (127.8.65.194:39199)
I20260630 12:26:00.758129 11824 consensus_queue.cc:260] T 90fd793cabde4b938c9d9a4c7649e6bc P cc79e43f7e0048a39ea0a0801cefdea8 [NON_LEADER]: Queue going to NON_LEADER mode. State: All replicated index: 0, Majority replicated index: 0, Committed index: 0, Last appended: 0.0, Last appended by leader: 0, Current term: 0, Majority size: -1, State: 0, Mode: NON_LEADER, active raft config: opid_index: -1 OBSOLETE_local: false peers { permanent_uuid: "cc79e43f7e0048a39ea0a0801cefdea8" member_type: VOTER last_known_addr { host: "127.8.65.195" port: 34475 } } peers { permanent_uuid: "2931812166b84ed69140d6d6b0313b8b" member_type: VOTER last_known_addr { host: "127.8.65.196" port: 42723 } } peers { permanent_uuid: "56bff1f1d899416d957caa17844cebb8" member_type: VOTER last_known_addr { host: "127.8.65.194" port: 39199 } }
W20260630 12:26:00.758711 11370 catalog_manager.cc:4810] Async tablet task AlterTable RPC for tablet 90fd793cabde4b938c9d9a4c7649e6bc (table range_aware_rebalance_new_range [id=ff13148ed43b430492f32529024d3d4b], current schema version=0) failed: Not found: failed to reset TS proxy: No leader found: Tablet 90fd793cabde4b938c9d9a4c7649e6bc consensus state has no leader
I20260630 12:26:00.754735 11779 tablet_service.cc:1917] Received RequestConsensusVote() RPC: tablet_id: "645eb94329d94ee79bb7050472cee1ca" candidate_uuid: "5ea64752349740a2b249ac7c124f68ab" candidate_term: 1 candidate_status { last_received { term: 0 index: 0 } } ignore_live_leader: false dest_uuid: "2931812166b84ed69140d6d6b0313b8b" is_pre_election: true
I20260630 12:26:00.760324 11779 raft_consensus.cc:2468] T 645eb94329d94ee79bb7050472cee1ca P 2931812166b84ed69140d6d6b0313b8b [term 0 FOLLOWER]: Leader pre-election vote request: Granting yes vote for candidate 5ea64752349740a2b249ac7c124f68ab in term 0.
I20260630 12:26:00.760736 11824 ts_tablet_manager.cc:1434] T 90fd793cabde4b938c9d9a4c7649e6bc P cc79e43f7e0048a39ea0a0801cefdea8: Time spent starting tablet: real 0.024s	user 0.006s	sys 0.002s
I20260630 12:26:00.761552 11484 raft_consensus.cc:2468] T c14b450cc67b4218afee6234676f3f12 P 5ea64752349740a2b249ac7c124f68ab [term 1 FOLLOWER]: Leader election vote request: Granting yes vote for candidate cc79e43f7e0048a39ea0a0801cefdea8 in term 1.
I20260630 12:26:00.748173 11449 leader_election.cc:304] T 645eb94329d94ee79bb7050472cee1ca P 5ea64752349740a2b249ac7c124f68ab [CANDIDATE]: Term 1 pre-election: Election decided. Result: candidate won. Election summary: received 2 responses out of 3 voters: 2 yes votes; 0 no votes. yes voters: 56bff1f1d899416d957caa17844cebb8, 5ea64752349740a2b249ac7c124f68ab; no voters: 
I20260630 12:26:00.763175 11709 raft_consensus.cc:2804] T 645eb94329d94ee79bb7050472cee1ca P 5ea64752349740a2b249ac7c124f68ab [term 0 FOLLOWER]: Leader pre-election won for term 1
I20260630 12:26:00.763558 11709 raft_consensus.cc:493] T 645eb94329d94ee79bb7050472cee1ca P 5ea64752349740a2b249ac7c124f68ab [term 0 FOLLOWER]: Starting leader election (no leader contacted us within the election timeout)
I20260630 12:26:00.763907 11709 raft_consensus.cc:3060] T 645eb94329d94ee79bb7050472cee1ca P 5ea64752349740a2b249ac7c124f68ab [term 0 FOLLOWER]: Advancing to term 1
I20260630 12:26:00.764406 11633 tablet_service.cc:1917] Received RequestConsensusVote() RPC: tablet_id: "90fd793cabde4b938c9d9a4c7649e6bc" candidate_uuid: "56bff1f1d899416d957caa17844cebb8" candidate_term: 1 candidate_status { last_received { term: 0 index: 0 } } ignore_live_leader: false dest_uuid: "cc79e43f7e0048a39ea0a0801cefdea8" is_pre_election: true
I20260630 12:26:00.764187 11380 catalog_manager.cc:5697] T 6257839b65fa4ae48eaad34a1624092a P 5ea64752349740a2b249ac7c124f68ab reported cstate change: term changed from 0 to 1, leader changed from <none> to 5ea64752349740a2b249ac7c124f68ab (127.8.65.193). New cstate: current_term: 1 leader_uuid: "5ea64752349740a2b249ac7c124f68ab" committed_config { opid_index: -1 OBSOLETE_local: false peers { permanent_uuid: "2931812166b84ed69140d6d6b0313b8b" member_type: VOTER last_known_addr { host: "127.8.65.196" port: 42723 } health_report { overall_health: UNKNOWN } } peers { permanent_uuid: "cc79e43f7e0048a39ea0a0801cefdea8" member_type: VOTER last_known_addr { host: "127.8.65.195" port: 34475 } health_report { overall_health: UNKNOWN } } peers { permanent_uuid: "5ea64752349740a2b249ac7c124f68ab" member_type: VOTER last_known_addr { host: "127.8.65.193" port: 38929 } health_report { overall_health: HEALTHY } } }
I20260630 12:26:00.765182 11633 raft_consensus.cc:2468] T 90fd793cabde4b938c9d9a4c7649e6bc P cc79e43f7e0048a39ea0a0801cefdea8 [term 0 FOLLOWER]: Leader pre-election vote request: Granting yes vote for candidate 56bff1f1d899416d957caa17844cebb8 in term 0.
I20260630 12:26:00.766104 11485 tablet_service.cc:1917] Received RequestConsensusVote() RPC: tablet_id: "c14b450cc67b4218afee6234676f3f12" candidate_uuid: "2931812166b84ed69140d6d6b0313b8b" candidate_term: 1 candidate_status { last_received { term: 0 index: 0 } } ignore_live_leader: false dest_uuid: "5ea64752349740a2b249ac7c124f68ab" is_pre_election: true
I20260630 12:26:00.767297 11485 raft_consensus.cc:2393] T c14b450cc67b4218afee6234676f3f12 P 5ea64752349740a2b249ac7c124f68ab [term 1 FOLLOWER]: Leader pre-election vote request: Denying vote to candidate 2931812166b84ed69140d6d6b0313b8b in current term 1: Already voted for candidate cc79e43f7e0048a39ea0a0801cefdea8 in this term.
I20260630 12:26:00.766474 11523 leader_election.cc:304] T 90fd793cabde4b938c9d9a4c7649e6bc P 56bff1f1d899416d957caa17844cebb8 [CANDIDATE]: Term 1 pre-election: Election decided. Result: candidate won. Election summary: received 3 responses out of 3 voters: 2 yes votes; 1 no votes. yes voters: 56bff1f1d899416d957caa17844cebb8, cc79e43f7e0048a39ea0a0801cefdea8; no voters: 2931812166b84ed69140d6d6b0313b8b
I20260630 12:26:00.768487 11683 raft_consensus.cc:2804] T 90fd793cabde4b938c9d9a4c7649e6bc P 56bff1f1d899416d957caa17844cebb8 [term 0 FOLLOWER]: Leader pre-election won for term 1
I20260630 12:26:00.768867 11683 raft_consensus.cc:493] T 90fd793cabde4b938c9d9a4c7649e6bc P 56bff1f1d899416d957caa17844cebb8 [term 0 FOLLOWER]: Starting leader election (no leader contacted us within the election timeout)
I20260630 12:26:00.769233 11683 raft_consensus.cc:3060] T 90fd793cabde4b938c9d9a4c7649e6bc P 56bff1f1d899416d957caa17844cebb8 [term 0 FOLLOWER]: Advancing to term 1
I20260630 12:26:00.770944 11598 leader_election.cc:304] T c14b450cc67b4218afee6234676f3f12 P cc79e43f7e0048a39ea0a0801cefdea8 [CANDIDATE]: Term 1 election: Election decided. Result: candidate won. Election summary: received 2 responses out of 3 voters: 2 yes votes; 0 no votes. yes voters: 5ea64752349740a2b249ac7c124f68ab, cc79e43f7e0048a39ea0a0801cefdea8; no voters: 
I20260630 12:26:00.772639 11874 raft_consensus.cc:2804] T c14b450cc67b4218afee6234676f3f12 P cc79e43f7e0048a39ea0a0801cefdea8 [term 1 FOLLOWER]: Leader election won for term 1
I20260630 12:26:00.773331 11874 raft_consensus.cc:697] T c14b450cc67b4218afee6234676f3f12 P cc79e43f7e0048a39ea0a0801cefdea8 [term 1 LEADER]: Becoming Leader. State: Replica: cc79e43f7e0048a39ea0a0801cefdea8, State: Running, Role: LEADER
I20260630 12:26:00.757817 11687 raft_consensus.cc:2804] T 8c745c13eab04fd0956b1e614d56d335 P 5ea64752349740a2b249ac7c124f68ab [term 0 FOLLOWER]: Leader pre-election won for term 1
I20260630 12:26:00.778146 11687 raft_consensus.cc:493] T 8c745c13eab04fd0956b1e614d56d335 P 5ea64752349740a2b249ac7c124f68ab [term 0 FOLLOWER]: Starting leader election (no leader contacted us within the election timeout)
I20260630 12:26:00.782013 11687 raft_consensus.cc:3060] T 8c745c13eab04fd0956b1e614d56d335 P 5ea64752349740a2b249ac7c124f68ab [term 0 FOLLOWER]: Advancing to term 1
I20260630 12:26:00.782727 11744 leader_election.cc:304] T c14b450cc67b4218afee6234676f3f12 P 2931812166b84ed69140d6d6b0313b8b [CANDIDATE]: Term 1 pre-election: Election decided. Result: candidate lost. Election summary: received 3 responses out of 3 voters: 1 yes votes; 2 no votes. yes voters: 2931812166b84ed69140d6d6b0313b8b; no voters: 5ea64752349740a2b249ac7c124f68ab, cc79e43f7e0048a39ea0a0801cefdea8
I20260630 12:26:00.787721 11779 tablet_service.cc:1917] Received RequestConsensusVote() RPC: tablet_id: "4137603de4034a298361059de8ce9743" candidate_uuid: "cc79e43f7e0048a39ea0a0801cefdea8" candidate_term: 1 candidate_status { last_received { term: 0 index: 0 } } ignore_live_leader: false dest_uuid: "2931812166b84ed69140d6d6b0313b8b" is_pre_election: true
I20260630 12:26:00.788820 11845 raft_consensus.cc:3060] T c14b450cc67b4218afee6234676f3f12 P 2931812166b84ed69140d6d6b0313b8b [term 0 FOLLOWER]: Advancing to term 1
I20260630 12:26:00.774173 11874 consensus_queue.cc:237] T c14b450cc67b4218afee6234676f3f12 P cc79e43f7e0048a39ea0a0801cefdea8 [LEADER]: Queue going to LEADER mode. State: All replicated index: 0, Majority replicated index: 0, Committed index: 0, Last appended: 0.0, Last appended by leader: 0, Current term: 1, Majority size: 2, State: 0, Mode: LEADER, active raft config: opid_index: -1 OBSOLETE_local: false peers { permanent_uuid: "cc79e43f7e0048a39ea0a0801cefdea8" member_type: VOTER last_known_addr { host: "127.8.65.195" port: 34475 } } peers { permanent_uuid: "2931812166b84ed69140d6d6b0313b8b" member_type: VOTER last_known_addr { host: "127.8.65.196" port: 42723 } } peers { permanent_uuid: "5ea64752349740a2b249ac7c124f68ab" member_type: VOTER last_known_addr { host: "127.8.65.193" port: 38929 } }
I20260630 12:26:00.786934 11780 tablet_service.cc:1917] Received RequestConsensusVote() RPC: tablet_id: "c14b450cc67b4218afee6234676f3f12" candidate_uuid: "cc79e43f7e0048a39ea0a0801cefdea8" candidate_term: 1 candidate_status { last_received { term: 0 index: 0 } } ignore_live_leader: false dest_uuid: "2931812166b84ed69140d6d6b0313b8b" is_pre_election: true
I20260630 12:26:00.790581 11779 tablet_service.cc:1917] Received RequestConsensusVote() RPC: tablet_id: "c14b450cc67b4218afee6234676f3f12" candidate_uuid: "cc79e43f7e0048a39ea0a0801cefdea8" candidate_term: 1 candidate_status { last_received { term: 0 index: 0 } } ignore_live_leader: false dest_uuid: "2931812166b84ed69140d6d6b0313b8b"
I20260630 12:26:00.784619 11683 raft_consensus.cc:515] T 90fd793cabde4b938c9d9a4c7649e6bc P 56bff1f1d899416d957caa17844cebb8 [term 1 FOLLOWER]: Starting leader election with config: opid_index: -1 OBSOLETE_local: false peers { permanent_uuid: "cc79e43f7e0048a39ea0a0801cefdea8" member_type: VOTER last_known_addr { host: "127.8.65.195" port: 34475 } } peers { permanent_uuid: "2931812166b84ed69140d6d6b0313b8b" member_type: VOTER last_known_addr { host: "127.8.65.196" port: 42723 } } peers { permanent_uuid: "56bff1f1d899416d957caa17844cebb8" member_type: VOTER last_known_addr { host: "127.8.65.194" port: 39199 } }
I20260630 12:26:00.800154 11633 tablet_service.cc:1917] Received RequestConsensusVote() RPC: tablet_id: "8c745c13eab04fd0956b1e614d56d335" candidate_uuid: "5ea64752349740a2b249ac7c124f68ab" candidate_term: 1 candidate_status { last_received { term: 0 index: 0 } } ignore_live_leader: false dest_uuid: "cc79e43f7e0048a39ea0a0801cefdea8" is_pre_election: true
