I20260630 12:24:47.191668  8228 raft_consensus.cc:515] T 490f068a6d724e30a2e89dda527dc67b P 622c3d0a94a04ba1a1890365761bbfc8 [term 1 FOLLOWER]: Starting pre-election with config: opid_index: 2 OBSOLETE_local: false peers { permanent_uuid: "19c233a7191a432ab4bb7ec7a48cbbe4" member_type: VOTER last_known_addr { host: "127.6.251.65" port: 41907 } } peers { permanent_uuid: "4571a01b11174f31ad3e20ab56460660" member_type: VOTER last_known_addr { host: "127.6.251.66" port: 38221 } } peers { permanent_uuid: "622c3d0a94a04ba1a1890365761bbfc8" member_type: VOTER last_known_addr { host: "127.6.251.67" port: 42237 } attrs { replace: true } } peers { permanent_uuid: "338bc318af474ba891ebed899543fa0a" member_type: NON_VOTER last_known_addr { host: "127.6.251.68" port: 33745 } attrs { promote: true } }
I20260630 12:24:47.194216  8228 leader_election.cc:290] T 490f068a6d724e30a2e89dda527dc67b P 622c3d0a94a04ba1a1890365761bbfc8 [CANDIDATE]: Term 2 pre-election: Requested pre-vote from peers 19c233a7191a432ab4bb7ec7a48cbbe4 (127.6.251.65:41907), 4571a01b11174f31ad3e20ab56460660 (127.6.251.66:38221)
W20260630 12:24:47.199597  7933 leader_election.cc:336] T 490f068a6d724e30a2e89dda527dc67b P 622c3d0a94a04ba1a1890365761bbfc8 [CANDIDATE]: Term 2 pre-election: RPC error from VoteRequest() call to peer 19c233a7191a432ab4bb7ec7a48cbbe4 (127.6.251.65:41907): Network error: Client connection negotiation failed: client connection to 127.6.251.65:41907: connect: Connection refused (error 111)
W20260630 12:24:47.200527  7932 leader_election.cc:336] T 490f068a6d724e30a2e89dda527dc67b P 622c3d0a94a04ba1a1890365761bbfc8 [CANDIDATE]: Term 2 pre-election: RPC error from VoteRequest() call to peer 4571a01b11174f31ad3e20ab56460660 (127.6.251.66:38221): Network error: Client connection negotiation failed: client connection to 127.6.251.66:38221: connect: Connection refused (error 111)
I20260630 12:24:47.200946  7932 leader_election.cc:304] T 490f068a6d724e30a2e89dda527dc67b P 622c3d0a94a04ba1a1890365761bbfc8 [CANDIDATE]: Term 2 pre-election: Election decided. Result: candidate lost. Election summary: received 3 responses out of 3 voters: 1 yes votes; 2 no votes. yes voters: 622c3d0a94a04ba1a1890365761bbfc8; no voters: 19c233a7191a432ab4bb7ec7a48cbbe4, 4571a01b11174f31ad3e20ab56460660
I20260630 12:24:47.201627  8228 raft_consensus.cc:2749] T 490f068a6d724e30a2e89dda527dc67b P 622c3d0a94a04ba1a1890365761bbfc8 [term 1 FOLLOWER]: Leader pre-election lost for term 2. Reason: could not achieve majority
W20260630 12:24:47.230222  7149 thread.cc:527] Waited for 3000ms trying to join with diag-logger (tid 7914)
I20260630 12:24:47.251691  8228 raft_consensus.cc:493] T 80ab9a8e3c844ec49154d1b854e062e9 P 622c3d0a94a04ba1a1890365761bbfc8 [term 1 FOLLOWER]: Starting pre-election (detected failure of leader 19c233a7191a432ab4bb7ec7a48cbbe4)
I20260630 12:24:47.252288  8228 raft_consensus.cc:515] T 80ab9a8e3c844ec49154d1b854e062e9 P 622c3d0a94a04ba1a1890365761bbfc8 [term 1 FOLLOWER]: Starting pre-election with config: opid_index: -1 OBSOLETE_local: false peers { permanent_uuid: "19c233a7191a432ab4bb7ec7a48cbbe4" member_type: VOTER last_known_addr { host: "127.6.251.65" port: 41907 } } peers { permanent_uuid: "4571a01b11174f31ad3e20ab56460660" member_type: VOTER last_known_addr { host: "127.6.251.66" port: 38221 } } peers { permanent_uuid: "622c3d0a94a04ba1a1890365761bbfc8" member_type: VOTER last_known_addr { host: "127.6.251.67" port: 42237 } }
I20260630 12:24:47.254623  8228 leader_election.cc:290] T 80ab9a8e3c844ec49154d1b854e062e9 P 622c3d0a94a04ba1a1890365761bbfc8 [CANDIDATE]: Term 2 pre-election: Requested pre-vote from peers 19c233a7191a432ab4bb7ec7a48cbbe4 (127.6.251.65:41907), 4571a01b11174f31ad3e20ab56460660 (127.6.251.66:38221)
W20260630 12:24:47.259413  7933 leader_election.cc:336] T 80ab9a8e3c844ec49154d1b854e062e9 P 622c3d0a94a04ba1a1890365761bbfc8 [CANDIDATE]: Term 2 pre-election: RPC error from VoteRequest() call to peer 19c233a7191a432ab4bb7ec7a48cbbe4 (127.6.251.65:41907): Network error: Client connection negotiation failed: client connection to 127.6.251.65:41907: connect: Connection refused (error 111)
W20260630 12:24:47.260533  7932 leader_election.cc:336] T 80ab9a8e3c844ec49154d1b854e062e9 P 622c3d0a94a04ba1a1890365761bbfc8 [CANDIDATE]: Term 2 pre-election: RPC error from VoteRequest() call to peer 4571a01b11174f31ad3e20ab56460660 (127.6.251.66:38221): Network error: Client connection negotiation failed: client connection to 127.6.251.66:38221: connect: Connection refused (error 111)
I20260630 12:24:47.261031  7932 leader_election.cc:304] T 80ab9a8e3c844ec49154d1b854e062e9 P 622c3d0a94a04ba1a1890365761bbfc8 [CANDIDATE]: Term 2 pre-election: Election decided. Result: candidate lost. Election summary: received 3 responses out of 3 voters: 1 yes votes; 2 no votes. yes voters: 622c3d0a94a04ba1a1890365761bbfc8; no voters: 19c233a7191a432ab4bb7ec7a48cbbe4, 4571a01b11174f31ad3e20ab56460660
I20260630 12:24:47.262210  8228 raft_consensus.cc:2749] T 80ab9a8e3c844ec49154d1b854e062e9 P 622c3d0a94a04ba1a1890365761bbfc8 [term 1 FOLLOWER]: Leader pre-election lost for term 2. Reason: could not achieve majority
I20260630 12:24:47.262917  7769 auto_leader_rebalancer.cc:141] leader rebalance for table test-workload
W20260630 12:24:47.269982  7933 consensus_peers.cc:597] T 8819308fb4494f07b78e0604b84600a6 P 622c3d0a94a04ba1a1890365761bbfc8 -> Peer 19c233a7191a432ab4bb7ec7a48cbbe4 (127.6.251.65:41907): Couldn't send request to peer 19c233a7191a432ab4bb7ec7a48cbbe4. Status: Network error: Client connection negotiation failed: client connection to 127.6.251.65:41907: connect: Connection refused (error 111). This is attempt 6: this message will repeat every 5th retry.
I20260630 12:24:47.272374  7769 auto_leader_rebalancer.cc:440] table: test-workload, leader rebalance finish, leader transfer count: 0
I20260630 12:24:47.272964  7769 auto_leader_rebalancer.cc:515] All tables' leader rebalancing finished this round
W20260630 12:24:47.316092  7933 consensus_peers.cc:597] T 9e4f2271aa264456b4ac4492d1aa1321 P 622c3d0a94a04ba1a1890365761bbfc8 -> Peer 19c233a7191a432ab4bb7ec7a48cbbe4 (127.6.251.65:41907): Couldn't send request to peer 19c233a7191a432ab4bb7ec7a48cbbe4. Status: Network error: Client connection negotiation failed: client connection to 127.6.251.65:41907: connect: Connection refused (error 111). This is attempt 6: this message will repeat every 5th retry.
W20260630 12:24:47.497174  7932 consensus_peers.cc:597] T 8819308fb4494f07b78e0604b84600a6 P 622c3d0a94a04ba1a1890365761bbfc8 -> Peer 4571a01b11174f31ad3e20ab56460660 (127.6.251.66:38221): Couldn't send request to peer 4571a01b11174f31ad3e20ab56460660. Status: Network error: Client connection negotiation failed: client connection to 127.6.251.66:38221: connect: Connection refused (error 111). This is attempt 6: this message will repeat every 5th retry.
W20260630 12:24:48.231071  7149 thread.cc:527] Waited for 4000ms trying to join with diag-logger (tid 7914)
I20260630 12:24:48.362632  8237 raft_consensus.cc:493] T 6a7b7022adef4a72be85fadf76b290aa P 622c3d0a94a04ba1a1890365761bbfc8 [term 1 FOLLOWER]: Starting pre-election (detected failure of leader 19c233a7191a432ab4bb7ec7a48cbbe4)
I20260630 12:24:48.363700  8237 raft_consensus.cc:515] T 6a7b7022adef4a72be85fadf76b290aa P 622c3d0a94a04ba1a1890365761bbfc8 [term 1 FOLLOWER]: Starting pre-election with config: opid_index: -1 OBSOLETE_local: false peers { permanent_uuid: "19c233a7191a432ab4bb7ec7a48cbbe4" member_type: VOTER last_known_addr { host: "127.6.251.65" port: 41907 } } peers { permanent_uuid: "4571a01b11174f31ad3e20ab56460660" member_type: VOTER last_known_addr { host: "127.6.251.66" port: 38221 } } peers { permanent_uuid: "622c3d0a94a04ba1a1890365761bbfc8" member_type: VOTER last_known_addr { host: "127.6.251.67" port: 42237 } }
I20260630 12:24:48.368988  8237 leader_election.cc:290] T 6a7b7022adef4a72be85fadf76b290aa P 622c3d0a94a04ba1a1890365761bbfc8 [CANDIDATE]: Term 2 pre-election: Requested pre-vote from peers 19c233a7191a432ab4bb7ec7a48cbbe4 (127.6.251.65:41907), 4571a01b11174f31ad3e20ab56460660 (127.6.251.66:38221)
W20260630 12:24:48.380136  7933 leader_election.cc:336] T 6a7b7022adef4a72be85fadf76b290aa P 622c3d0a94a04ba1a1890365761bbfc8 [CANDIDATE]: Term 2 pre-election: RPC error from VoteRequest() call to peer 19c233a7191a432ab4bb7ec7a48cbbe4 (127.6.251.65:41907): Network error: Client connection negotiation failed: client connection to 127.6.251.65:41907: connect: Connection refused (error 111)
W20260630 12:24:48.382206  7932 leader_election.cc:336] T 6a7b7022adef4a72be85fadf76b290aa P 622c3d0a94a04ba1a1890365761bbfc8 [CANDIDATE]: Term 2 pre-election: RPC error from VoteRequest() call to peer 4571a01b11174f31ad3e20ab56460660 (127.6.251.66:38221): Network error: Client connection negotiation failed: client connection to 127.6.251.66:38221: connect: Connection refused (error 111)
I20260630 12:24:48.389783  7932 leader_election.cc:304] T 6a7b7022adef4a72be85fadf76b290aa P 622c3d0a94a04ba1a1890365761bbfc8 [CANDIDATE]: Term 2 pre-election: Election decided. Result: candidate lost. Election summary: received 3 responses out of 3 voters: 1 yes votes; 2 no votes. yes voters: 622c3d0a94a04ba1a1890365761bbfc8; no voters: 19c233a7191a432ab4bb7ec7a48cbbe4, 4571a01b11174f31ad3e20ab56460660
I20260630 12:24:48.390746  8237 raft_consensus.cc:2749] T 6a7b7022adef4a72be85fadf76b290aa P 622c3d0a94a04ba1a1890365761bbfc8 [term 1 FOLLOWER]: Leader pre-election lost for term 2. Reason: could not achieve majority
I20260630 12:24:48.736279  8237 raft_consensus.cc:493] T 28ac96a4b8484346bb6c748c21abeb3a P 622c3d0a94a04ba1a1890365761bbfc8 [term 2 FOLLOWER]: Starting pre-election (detected failure of leader 4571a01b11174f31ad3e20ab56460660)
I20260630 12:24:48.737161  8237 raft_consensus.cc:515] T 28ac96a4b8484346bb6c748c21abeb3a P 622c3d0a94a04ba1a1890365761bbfc8 [term 2 FOLLOWER]: Starting pre-election with config: opid_index: 3 OBSOLETE_local: false peers { permanent_uuid: "19c233a7191a432ab4bb7ec7a48cbbe4" member_type: VOTER last_known_addr { host: "127.6.251.65" port: 41907 } } peers { permanent_uuid: "4571a01b11174f31ad3e20ab56460660" member_type: VOTER last_known_addr { host: "127.6.251.66" port: 38221 } } peers { permanent_uuid: "622c3d0a94a04ba1a1890365761bbfc8" member_type: VOTER last_known_addr { host: "127.6.251.67" port: 42237 } attrs { replace: true } } peers { permanent_uuid: "338bc318af474ba891ebed899543fa0a" member_type: NON_VOTER last_known_addr { host: "127.6.251.68" port: 33745 } attrs { promote: true } }
I20260630 12:24:48.739552  8237 leader_election.cc:290] T 28ac96a4b8484346bb6c748c21abeb3a P 622c3d0a94a04ba1a1890365761bbfc8 [CANDIDATE]: Term 3 pre-election: Requested pre-vote from peers 19c233a7191a432ab4bb7ec7a48cbbe4 (127.6.251.65:41907), 4571a01b11174f31ad3e20ab56460660 (127.6.251.66:38221)
W20260630 12:24:48.741292  7933 proxy.cc:239] Call had error, refreshing address and retrying: Network error: Client connection negotiation failed: client connection to 127.6.251.65:41907: connect: Connection refused (error 111) [suppressed 70 similar messages]
W20260630 12:24:48.744910  7932 leader_election.cc:336] T 28ac96a4b8484346bb6c748c21abeb3a P 622c3d0a94a04ba1a1890365761bbfc8 [CANDIDATE]: Term 3 pre-election: RPC error from VoteRequest() call to peer 4571a01b11174f31ad3e20ab56460660 (127.6.251.66:38221): Network error: Client connection negotiation failed: client connection to 127.6.251.66:38221: connect: Connection refused (error 111)
W20260630 12:24:48.745602  7933 leader_election.cc:336] T 28ac96a4b8484346bb6c748c21abeb3a P 622c3d0a94a04ba1a1890365761bbfc8 [CANDIDATE]: Term 3 pre-election: RPC error from VoteRequest() call to peer 19c233a7191a432ab4bb7ec7a48cbbe4 (127.6.251.65:41907): Network error: Client connection negotiation failed: client connection to 127.6.251.65:41907: connect: Connection refused (error 111)
I20260630 12:24:48.746124  7933 leader_election.cc:304] T 28ac96a4b8484346bb6c748c21abeb3a P 622c3d0a94a04ba1a1890365761bbfc8 [CANDIDATE]: Term 3 pre-election: Election decided. Result: candidate lost. Election summary: received 3 responses out of 3 voters: 1 yes votes; 2 no votes. yes voters: 622c3d0a94a04ba1a1890365761bbfc8; no voters: 19c233a7191a432ab4bb7ec7a48cbbe4, 4571a01b11174f31ad3e20ab56460660
I20260630 12:24:48.746892  8237 raft_consensus.cc:2749] T 28ac96a4b8484346bb6c748c21abeb3a P 622c3d0a94a04ba1a1890365761bbfc8 [term 2 FOLLOWER]: Leader pre-election lost for term 3. Reason: could not achieve majority
I20260630 12:24:48.764297  7149 tablet_server.cc:196] TabletServer@127.6.251.66:0 shutdown complete.
I20260630 12:24:48.793185  7149 tablet_server.cc:179] TabletServer@127.6.251.67:0 shutting down...
I20260630 12:24:48.825170  7149 ts_tablet_manager.cc:1507] Shutting down tablet manager...
I20260630 12:24:48.826153  7149 tablet_replica.cc:333] T 6a7b7022adef4a72be85fadf76b290aa P 622c3d0a94a04ba1a1890365761bbfc8: stopping tablet replica
I20260630 12:24:48.827149  7149 raft_consensus.cc:2243] T 6a7b7022adef4a72be85fadf76b290aa P 622c3d0a94a04ba1a1890365761bbfc8 [term 1 FOLLOWER]: Raft consensus shutting down.
I20260630 12:24:48.827695  7149 raft_consensus.cc:2272] T 6a7b7022adef4a72be85fadf76b290aa P 622c3d0a94a04ba1a1890365761bbfc8 [term 1 FOLLOWER]: Raft consensus is shut down!
I20260630 12:24:48.829934  7149 tablet_replica.cc:333] T 490f068a6d724e30a2e89dda527dc67b P 622c3d0a94a04ba1a1890365761bbfc8: stopping tablet replica
I20260630 12:24:48.830514  7149 raft_consensus.cc:2243] T 490f068a6d724e30a2e89dda527dc67b P 622c3d0a94a04ba1a1890365761bbfc8 [term 1 FOLLOWER]: Raft consensus shutting down.
I20260630 12:24:48.831171  7149 raft_consensus.cc:2272] T 490f068a6d724e30a2e89dda527dc67b P 622c3d0a94a04ba1a1890365761bbfc8 [term 1 FOLLOWER]: Raft consensus is shut down!
I20260630 12:24:48.833232  7149 tablet_replica.cc:333] T 28ac96a4b8484346bb6c748c21abeb3a P 622c3d0a94a04ba1a1890365761bbfc8: stopping tablet replica
I20260630 12:24:48.833738  7149 raft_consensus.cc:2243] T 28ac96a4b8484346bb6c748c21abeb3a P 622c3d0a94a04ba1a1890365761bbfc8 [term 2 FOLLOWER]: Raft consensus shutting down.
I20260630 12:24:48.834297  7149 raft_consensus.cc:2272] T 28ac96a4b8484346bb6c748c21abeb3a P 622c3d0a94a04ba1a1890365761bbfc8 [term 2 FOLLOWER]: Raft consensus is shut down!
I20260630 12:24:48.836268  7149 tablet_replica.cc:333] T 8819308fb4494f07b78e0604b84600a6 P 622c3d0a94a04ba1a1890365761bbfc8: stopping tablet replica
I20260630 12:24:48.836808  7149 raft_consensus.cc:2243] T 8819308fb4494f07b78e0604b84600a6 P 622c3d0a94a04ba1a1890365761bbfc8 [term 1 LEADER]: Raft consensus shutting down.
I20260630 12:24:48.837859  7149 pending_rounds.cc:70] T 8819308fb4494f07b78e0604b84600a6 P 622c3d0a94a04ba1a1890365761bbfc8: Trying to abort 1 pending ops.
I20260630 12:24:48.838155  7149 pending_rounds.cc:77] T 8819308fb4494f07b78e0604b84600a6 P 622c3d0a94a04ba1a1890365761bbfc8: Aborting op as it isn't in flight: id { term: 1 index: 3 } timestamp: 7302440078282706944 op_type: CHANGE_CONFIG_OP change_config_record { tablet_id: "8819308fb4494f07b78e0604b84600a6" old_config { opid_index: 2 OBSOLETE_local: false peers { permanent_uuid: "19c233a7191a432ab4bb7ec7a48cbbe4" member_type: VOTER last_known_addr { host: "127.6.251.65" port: 41907 } } peers { permanent_uuid: "4571a01b11174f31ad3e20ab56460660" member_type: VOTER last_known_addr { host: "127.6.251.66" port: 38221 } attrs { replace: true } } peers { permanent_uuid: "622c3d0a94a04ba1a1890365761bbfc8" member_type: VOTER last_known_addr { host: "127.6.251.67" port: 42237 } } peers { permanent_uuid: "338bc318af474ba891ebed899543fa0a" member_type: NON_VOTER last_known_addr { host: "127.6.251.68" port: 33745 } attrs { promote: true } } } new_config { opid_index: 3 OBSOLETE_local: false peers { permanent_uuid: "19c233a7191a432ab4bb7ec7a48cbbe4" member_type: VOTER last_known_addr { host: "127.6.251.65" port: 41907 } } peers { permanent_uuid: "4571a01b11174f31ad3e20ab56460660" member_type: VOTER last_known_addr { host: "127.6.251.66" port: 38221 } attrs { replace: true } } peers { permanent_uuid: "622c3d0a94a04ba1a1890365761bbfc8" member_type: VOTER last_known_addr { host: "127.6.251.67" port: 42237 } } peers { permanent_uuid: "338bc318af474ba891ebed899543fa0a" member_type: VOTER last_known_addr { host: "127.6.251.68" port: 33745 } attrs { promote: false } } } }
I20260630 12:24:48.839210  7149 raft_consensus.cc:2917] T 8819308fb4494f07b78e0604b84600a6 P 622c3d0a94a04ba1a1890365761bbfc8 [term 1 LEADER]: Aborting config change with OpId 1.3: Aborted: Op aborted
I20260630 12:24:48.839602  7149 raft_consensus.cc:2889] T 8819308fb4494f07b78e0604b84600a6 P 622c3d0a94a04ba1a1890365761bbfc8 [term 1 LEADER]: CHANGE_CONFIG_OP replication failed: Aborted: Op aborted
I20260630 12:24:48.839883  7149 raft_consensus.cc:2272] T 8819308fb4494f07b78e0604b84600a6 P 622c3d0a94a04ba1a1890365761bbfc8 [term 1 FOLLOWER]: Raft consensus is shut down!
I20260630 12:24:48.841881  7149 tablet_replica.cc:333] T 80ab9a8e3c844ec49154d1b854e062e9 P 622c3d0a94a04ba1a1890365761bbfc8: stopping tablet replica
I20260630 12:24:48.842379  7149 raft_consensus.cc:2243] T 80ab9a8e3c844ec49154d1b854e062e9 P 622c3d0a94a04ba1a1890365761bbfc8 [term 1 FOLLOWER]: Raft consensus shutting down.
I20260630 12:24:48.842890  7149 raft_consensus.cc:2272] T 80ab9a8e3c844ec49154d1b854e062e9 P 622c3d0a94a04ba1a1890365761bbfc8 [term 1 FOLLOWER]: Raft consensus is shut down!
I20260630 12:24:48.844887  7149 tablet_replica.cc:333] T 9e4f2271aa264456b4ac4492d1aa1321 P 622c3d0a94a04ba1a1890365761bbfc8: stopping tablet replica
I20260630 12:24:48.845422  7149 raft_consensus.cc:2243] T 9e4f2271aa264456b4ac4492d1aa1321 P 622c3d0a94a04ba1a1890365761bbfc8 [term 1 LEADER]: Raft consensus shutting down.
I20260630 12:24:48.846388  7149 pending_rounds.cc:70] T 9e4f2271aa264456b4ac4492d1aa1321 P 622c3d0a94a04ba1a1890365761bbfc8: Trying to abort 1 pending ops.
I20260630 12:24:48.846580  7149 pending_rounds.cc:77] T 9e4f2271aa264456b4ac4492d1aa1321 P 622c3d0a94a04ba1a1890365761bbfc8: Aborting op as it isn't in flight: id { term: 1 index: 3 } timestamp: 7302440078340833280 op_type: CHANGE_CONFIG_OP change_config_record { tablet_id: "9e4f2271aa264456b4ac4492d1aa1321" old_config { opid_index: 2 OBSOLETE_local: false peers { permanent_uuid: "19c233a7191a432ab4bb7ec7a48cbbe4" member_type: VOTER last_known_addr { host: "127.6.251.65" port: 41907 } attrs { replace: true } } peers { permanent_uuid: "4571a01b11174f31ad3e20ab56460660" member_type: VOTER last_known_addr { host: "127.6.251.66" port: 38221 } } peers { permanent_uuid: "622c3d0a94a04ba1a1890365761bbfc8" member_type: VOTER last_known_addr { host: "127.6.251.67" port: 42237 } } peers { permanent_uuid: "338bc318af474ba891ebed899543fa0a" member_type: NON_VOTER last_known_addr { host: "127.6.251.68" port: 33745 } attrs { promote: true } } } new_config { opid_index: 3 OBSOLETE_local: false peers { permanent_uuid: "19c233a7191a432ab4bb7ec7a48cbbe4" member_type: VOTER last_known_addr { host: "127.6.251.65" port: 41907 } attrs { replace: true } } peers { permanent_uuid: "4571a01b11174f31ad3e20ab56460660" member_type: VOTER last_known_addr { host: "127.6.251.66" port: 38221 } } peers { permanent_uuid: "622c3d0a94a04ba1a1890365761bbfc8" member_type: VOTER last_known_addr { host: "127.6.251.67" port: 42237 } } peers { permanent_uuid: "338bc318af474ba891ebed899543fa0a" member_type: VOTER last_known_addr { host: "127.6.251.68" port: 33745 } attrs { promote: false } } } }
I20260630 12:24:48.847275  7149 raft_consensus.cc:2917] T 9e4f2271aa264456b4ac4492d1aa1321 P 622c3d0a94a04ba1a1890365761bbfc8 [term 1 LEADER]: Aborting config change with OpId 1.3: Aborted: Op aborted
I20260630 12:24:48.847594  7149 raft_consensus.cc:2889] T 9e4f2271aa264456b4ac4492d1aa1321 P 622c3d0a94a04ba1a1890365761bbfc8 [term 1 LEADER]: CHANGE_CONFIG_OP replication failed: Aborted: Op aborted
I20260630 12:24:48.847848  7149 raft_consensus.cc:2272] T 9e4f2271aa264456b4ac4492d1aa1321 P 622c3d0a94a04ba1a1890365761bbfc8 [term 1 FOLLOWER]: Raft consensus is shut down!
I20260630 12:24:48.849850  7149 tablet_replica.cc:333] T 9eb4d309b2f444feb83b4d02af2c37e1 P 622c3d0a94a04ba1a1890365761bbfc8: stopping tablet replica
I20260630 12:24:48.850338  7149 raft_consensus.cc:2243] T 9eb4d309b2f444feb83b4d02af2c37e1 P 622c3d0a94a04ba1a1890365761bbfc8 [term 1 FOLLOWER]: Raft consensus shutting down.
I20260630 12:24:48.850863  7149 raft_consensus.cc:2272] T 9eb4d309b2f444feb83b4d02af2c37e1 P 622c3d0a94a04ba1a1890365761bbfc8 [term 1 FOLLOWER]: Raft consensus is shut down!
I20260630 12:24:48.852703  7149 tablet_replica.cc:333] T f617173221f64d8182211a884125b09f P 622c3d0a94a04ba1a1890365761bbfc8: stopping tablet replica
I20260630 12:24:48.853152  7149 raft_consensus.cc:2243] T f617173221f64d8182211a884125b09f P 622c3d0a94a04ba1a1890365761bbfc8 [term 1 FOLLOWER]: Raft consensus shutting down.
I20260630 12:24:48.853633  7149 raft_consensus.cc:2272] T f617173221f64d8182211a884125b09f P 622c3d0a94a04ba1a1890365761bbfc8 [term 1 FOLLOWER]: Raft consensus is shut down!
I20260630 12:24:48.882458  7149 tablet_server.cc:196] TabletServer@127.6.251.67:0 shutdown complete.
I20260630 12:24:48.905428  7149 tablet_server.cc:179] TabletServer@127.6.251.68:0 shutting down...
I20260630 12:24:48.934792  7149 ts_tablet_manager.cc:1507] Shutting down tablet manager...
I20260630 12:24:48.935696  7149 tablet_replica.cc:333] T 9e4f2271aa264456b4ac4492d1aa1321 P 338bc318af474ba891ebed899543fa0a: stopping tablet replica
I20260630 12:24:48.936455  7149 raft_consensus.cc:2243] T 9e4f2271aa264456b4ac4492d1aa1321 P 338bc318af474ba891ebed899543fa0a [term 1 FOLLOWER]: Raft consensus shutting down.
I20260630 12:24:48.937027  7149 pending_rounds.cc:70] T 9e4f2271aa264456b4ac4492d1aa1321 P 338bc318af474ba891ebed899543fa0a: Trying to abort 1 pending ops.
I20260630 12:24:48.937259  7149 pending_rounds.cc:77] T 9e4f2271aa264456b4ac4492d1aa1321 P 338bc318af474ba891ebed899543fa0a: Aborting op as it isn't in flight: id { term: 1 index: 3 } timestamp: 7302440078340833280 op_type: CHANGE_CONFIG_OP change_config_record { tablet_id: "9e4f2271aa264456b4ac4492d1aa1321" old_config { opid_index: 2 OBSOLETE_local: false peers { permanent_uuid: "19c233a7191a432ab4bb7ec7a48cbbe4" member_type: VOTER last_known_addr { host: "127.6.251.65" port: 41907 } attrs { replace: true } } peers { permanent_uuid: "4571a01b11174f31ad3e20ab56460660" member_type: VOTER last_known_addr { host: "127.6.251.66" port: 38221 } } peers { permanent_uuid: "622c3d0a94a04ba1a1890365761bbfc8" member_type: VOTER last_known_addr { host: "127.6.251.67" port: 42237 } } peers { permanent_uuid: "338bc318af474ba891ebed899543fa0a" member_type: NON_VOTER last_known_addr { host: "127.6.251.68" port: 33745 } attrs { promote: true } } } new_config { opid_index: 3 OBSOLETE_local: false peers { permanent_uuid: "19c233a7191a432ab4bb7ec7a48cbbe4" member_type: VOTER last_known_addr { host: "127.6.251.65" port: 41907 } attrs { replace: true } } peers { permanent_uuid: "4571a01b11174f31ad3e20ab56460660" member_type: VOTER last_known_addr { host: "127.6.251.66" port: 38221 } } peers { permanent_uuid: "622c3d0a94a04ba1a1890365761bbfc8" member_type: VOTER last_known_addr { host: "127.6.251.67" port: 42237 } } peers { permanent_uuid: "338bc318af474ba891ebed899543fa0a" member_type: VOTER last_known_addr { host: "127.6.251.68" port: 33745 } attrs { promote: false } } } }
I20260630 12:24:48.938244  7149 raft_consensus.cc:2917] T 9e4f2271aa264456b4ac4492d1aa1321 P 338bc318af474ba891ebed899543fa0a [term 1 FOLLOWER]: Aborting config change with OpId 1.3: Aborted: Op aborted
I20260630 12:24:48.938695  7149 raft_consensus.cc:2889] T 9e4f2271aa264456b4ac4492d1aa1321 P 338bc318af474ba891ebed899543fa0a [term 1 LEARNER]: CHANGE_CONFIG_OP replication failed: Aborted: Op aborted
I20260630 12:24:48.939055  7149 raft_consensus.cc:2272] T 9e4f2271aa264456b4ac4492d1aa1321 P 338bc318af474ba891ebed899543fa0a [term 1 LEARNER]: Raft consensus is shut down!
I20260630 12:24:48.941715  7149 tablet_replica.cc:333] T 8819308fb4494f07b78e0604b84600a6 P 338bc318af474ba891ebed899543fa0a: stopping tablet replica
I20260630 12:24:48.942337  7149 raft_consensus.cc:2243] T 8819308fb4494f07b78e0604b84600a6 P 338bc318af474ba891ebed899543fa0a [term 1 FOLLOWER]: Raft consensus shutting down.
I20260630 12:24:48.942838  7149 pending_rounds.cc:70] T 8819308fb4494f07b78e0604b84600a6 P 338bc318af474ba891ebed899543fa0a: Trying to abort 1 pending ops.
I20260630 12:24:48.943060  7149 pending_rounds.cc:77] T 8819308fb4494f07b78e0604b84600a6 P 338bc318af474ba891ebed899543fa0a: Aborting op as it isn't in flight: id { term: 1 index: 3 } timestamp: 7302440078282706944 op_type: CHANGE_CONFIG_OP change_config_record { tablet_id: "8819308fb4494f07b78e0604b84600a6" old_config { opid_index: 2 OBSOLETE_local: false peers { permanent_uuid: "19c233a7191a432ab4bb7ec7a48cbbe4" member_type: VOTER last_known_addr { host: "127.6.251.65" port: 41907 } } peers { permanent_uuid: "4571a01b11174f31ad3e20ab56460660" member_type: VOTER last_known_addr { host: "127.6.251.66" port: 38221 } attrs { replace: true } } peers { permanent_uuid: "622c3d0a94a04ba1a1890365761bbfc8" member_type: VOTER last_known_addr { host: "127.6.251.67" port: 42237 } } peers { permanent_uuid: "338bc318af474ba891ebed899543fa0a" member_type: NON_VOTER last_known_addr { host: "127.6.251.68" port: 33745 } attrs { promote: true } } } new_config { opid_index: 3 OBSOLETE_local: false peers { permanent_uuid: "19c233a7191a432ab4bb7ec7a48cbbe4" member_type: VOTER last_known_addr { host: "127.6.251.65" port: 41907 } } peers { permanent_uuid: "4571a01b11174f31ad3e20ab56460660" member_type: VOTER last_known_addr { host: "127.6.251.66" port: 38221 } attrs { replace: true } } peers { permanent_uuid: "622c3d0a94a04ba1a1890365761bbfc8" member_type: VOTER last_known_addr { host: "127.6.251.67" port: 42237 } } peers { permanent_uuid: "338bc318af474ba891ebed899543fa0a" member_type: VOTER last_known_addr { host: "127.6.251.68" port: 33745 } attrs { promote: false } } } }
I20260630 12:24:48.944084  7149 raft_consensus.cc:2917] T 8819308fb4494f07b78e0604b84600a6 P 338bc318af474ba891ebed899543fa0a [term 1 FOLLOWER]: Aborting config change with OpId 1.3: Aborted: Op aborted
I20260630 12:24:48.944494  7149 raft_consensus.cc:2889] T 8819308fb4494f07b78e0604b84600a6 P 338bc318af474ba891ebed899543fa0a [term 1 LEARNER]: CHANGE_CONFIG_OP replication failed: Aborted: Op aborted
I20260630 12:24:48.944806  7149 raft_consensus.cc:2272] T 8819308fb4494f07b78e0604b84600a6 P 338bc318af474ba891ebed899543fa0a [term 1 LEARNER]: Raft consensus is shut down!
I20260630 12:24:48.967788  7149 tablet_server.cc:196] TabletServer@127.6.251.68:0 shutdown complete.
I20260630 12:24:48.980692  7149 master.cc:562] Master@127.6.251.126:40325 shutting down...
W20260630 12:24:49.006323  7764 auto_rebalancer.cc:340] scheduled replica move failed to complete: Service unavailable: Catalog manager is not initialized. State: Closing
I20260630 12:24:49.007814  7149 raft_consensus.cc:2243] T 00000000000000000000000000000000 P 9ed6f6be5a63453e8c403b480e14f0c2 [term 1 LEADER]: Raft consensus shutting down.
I20260630 12:24:49.008442  7149 raft_consensus.cc:2272] T 00000000000000000000000000000000 P 9ed6f6be5a63453e8c403b480e14f0c2 [term 1 FOLLOWER]: Raft consensus is shut down!
I20260630 12:24:49.008801  7149 tablet_replica.cc:333] T 00000000000000000000000000000000 P 9ed6f6be5a63453e8c403b480e14f0c2: stopping tablet replica
I20260630 12:24:49.028474  7149 master.cc:584] Master@127.6.251.126:40325 shutdown complete.
[       OK ] AutoRebalancerTest.AutoRebalancingTurnOffAndOn (13997 ms)
[ RUN      ] AutoRebalancerTest.NextLeaderResumesAutoRebalancing
I20260630 12:24:49.068840  7149 internal_mini_cluster.cc:156] Creating distributed mini masters. Addrs: 127.6.251.126:37855,127.6.251.125:41735,127.6.251.124:38797
I20260630 12:24:49.070201  7149 file_cache.cc:492] Constructed file cache file cache with capacity 419430
W20260630 12:24:49.076259  8240 instance_detector.cc:116] could not retrieve AWS instance metadata: Network error: curl error: HTTP response code said error: The requested URL returned error: 404
W20260630 12:24:49.076259  8241 instance_detector.cc:116] could not retrieve Azure instance metadata: Network error: curl error: HTTP response code said error: The requested URL returned error: 404
W20260630 12:24:49.077044  8243 instance_detector.cc:116] could not retrieve OpenStack instance metadata: Network error: curl error: HTTP response code said error: The requested URL returned error: 404
I20260630 12:24:49.077793  7149 server_base.cc:1061] running on GCE node
I20260630 12:24:49.078969  7149 hybrid_clock.cc:584] initializing the hybrid clock with 'system_unsync' time source
W20260630 12:24:49.079142  7149 system_unsync_time.cc:38] NTP support is disabled. Clock error bounds will not be accurate. This configuration is not suitable for distributed clusters.
I20260630 12:24:49.079322  7149 hybrid_clock.cc:648] HybridClock initialized: now 1782822289079307 us; error 0 us; skew 500 ppm
I20260630 12:24:49.079905  7149 server_base.cc:861] Flag tcmalloc_max_total_thread_cache_bytes is not working since tcmalloc is not enabled.
I20260630 12:24:49.082716  7149 webserver.cc:533] Webserver started at http://127.6.251.126:45785/ using document root <none> and password file <none>
I20260630 12:24:49.083395  7149 fs_manager.cc:362] Metadata directory not provided
I20260630 12:24:49.083601  7149 fs_manager.cc:368] Using write-ahead log directory (fs_wal_dir) as metadata directory
I20260630 12:24:49.083937  7149 server_base.cc:909] This appears to be a new deployment of Kudu; creating new FS layout
I20260630 12:24:49.085270  7149 fs_manager.cc:1068] Generated new instance metadata in path /tmp/dist-test-taskr7i4cH/test-tmp/auto_rebalancer-test.0.AutoRebalancerTest.NextLeaderResumesAutoRebalancing.1782822267916001-7149-0/minicluster-data/master-0-root/instance:
uuid: "ff5db7e2f2cd4d5b9eb7bde5d32b14e7"
format_stamp: "Formatted at 2026-06-30 12:24:49 on dist-test-slave-rpbv"
I20260630 12:24:49.090193  7149 fs_manager.cc:696] Time spent creating directory manager: real 0.004s	user 0.007s	sys 0.000s
I20260630 12:24:49.093797  8248 log_block_manager.cc:4031] Time spent loading block containers with low live blocks: real 0.000s	user 0.000s	sys 0.000s
I20260630 12:24:49.094866  7149 fs_manager.cc:730] Time spent opening block manager: real 0.003s	user 0.003s	sys 0.000s
I20260630 12:24:49.095127  7149 fs_manager.cc:647] Opened local filesystem: /tmp/dist-test-taskr7i4cH/test-tmp/auto_rebalancer-test.0.AutoRebalancerTest.NextLeaderResumesAutoRebalancing.1782822267916001-7149-0/minicluster-data/master-0-root
uuid: "ff5db7e2f2cd4d5b9eb7bde5d32b14e7"
format_stamp: "Formatted at 2026-06-30 12:24:49 on dist-test-slave-rpbv"
I20260630 12:24:49.095376  7149 fs_report.cc:389] FS layout report
--------------------
wal directory: /tmp/dist-test-taskr7i4cH/test-tmp/auto_rebalancer-test.0.AutoRebalancerTest.NextLeaderResumesAutoRebalancing.1782822267916001-7149-0/minicluster-data/master-0-root
metadata directory: /tmp/dist-test-taskr7i4cH/test-tmp/auto_rebalancer-test.0.AutoRebalancerTest.NextLeaderResumesAutoRebalancing.1782822267916001-7149-0/minicluster-data/master-0-root
1 data directories: /tmp/dist-test-taskr7i4cH/test-tmp/auto_rebalancer-test.0.AutoRebalancerTest.NextLeaderResumesAutoRebalancing.1782822267916001-7149-0/minicluster-data/master-0-root/data
Total live blocks: 0
Total live bytes: 0
Total live bytes (after alignment): 0
Total number of LBM containers: 0 (0 full)
Did not check for missing blocks
Did not check for orphaned blocks
Total full LBM containers with extra space: 0 (0 repaired)
Total full LBM container extra space in bytes: 0 (0 repaired)
Total incomplete LBM containers: 0 (0 repaired)
Total LBM partial records: 0 (0 repaired)
Total corrupted LBM metadata records in RocksDB: 0 (0 repaired)
I20260630 12:24:49.118805  7149 rpc_server.cc:225] running with OpenSSL 1.1.1  11 Sep 2018
I20260630 12:24:49.120018  7149 kserver.cc:163] Server-wide thread pool size limit: 3276
I20260630 12:24:49.164163  7149 rpc_server.cc:307] RPC server started. Bound to: 127.6.251.126:37855
I20260630 12:24:49.164251  8299 acceptor_pool.cc:272] collecting diagnostics on the listening RPC socket 127.6.251.126:37855 every 8 connection(s)
I20260630 12:24:49.168599  8300 data_dirs.cc:400] Could only allocate 1 dirs of requested 3 for tablet 00000000000000000000000000000000. 1 dirs total, 0 dirs full, 0 dirs failed
I20260630 12:24:49.168931  7149 file_cache.cc:492] Constructed file cache file cache with capacity 419430
W20260630 12:24:49.174410  8302 instance_detector.cc:116] could not retrieve AWS instance metadata: Network error: curl error: HTTP response code said error: The requested URL returned error: 404
W20260630 12:24:49.175978  8303 instance_detector.cc:116] could not retrieve Azure instance metadata: Network error: curl error: HTTP response code said error: The requested URL returned error: 404
I20260630 12:24:49.177548  8300 sys_catalog.cc:422] member_type: VOTER last_known_addr { host: "127.6.251.126" port: 37855 } has no permanent_uuid. Determining permanent_uuid...
W20260630 12:24:49.179283  8305 instance_detector.cc:116] could not retrieve OpenStack instance metadata: Network error: curl error: HTTP response code said error: The requested URL returned error: 404
I20260630 12:24:49.181555  7149 server_base.cc:1061] running on GCE node
I20260630 12:24:49.182484  7149 hybrid_clock.cc:584] initializing the hybrid clock with 'system_unsync' time source
W20260630 12:24:49.182785  7149 system_unsync_time.cc:38] NTP support is disabled. Clock error bounds will not be accurate. This configuration is not suitable for distributed clusters.
I20260630 12:24:49.182982  7149 hybrid_clock.cc:648] HybridClock initialized: now 1782822289182966 us; error 0 us; skew 500 ppm
I20260630 12:24:49.183758  7149 server_base.cc:861] Flag tcmalloc_max_total_thread_cache_bytes is not working since tcmalloc is not enabled.
I20260630 12:24:49.186811  7149 webserver.cc:533] Webserver started at http://127.6.251.125:41357/ using document root <none> and password file <none>
I20260630 12:24:49.187505  7149 fs_manager.cc:362] Metadata directory not provided
I20260630 12:24:49.187769  7149 fs_manager.cc:368] Using write-ahead log directory (fs_wal_dir) as metadata directory
I20260630 12:24:49.188117  7149 server_base.cc:909] This appears to be a new deployment of Kudu; creating new FS layout
I20260630 12:24:49.189736  7149 fs_manager.cc:1068] Generated new instance metadata in path /tmp/dist-test-taskr7i4cH/test-tmp/auto_rebalancer-test.0.AutoRebalancerTest.NextLeaderResumesAutoRebalancing.1782822267916001-7149-0/minicluster-data/master-1-root/instance:
uuid: "577f12cada0142b08996a6422ed463c8"
format_stamp: "Formatted at 2026-06-30 12:24:49 on dist-test-slave-rpbv"
I20260630 12:24:49.194969  7149 fs_manager.cc:696] Time spent creating directory manager: real 0.005s	user 0.003s	sys 0.004s
I20260630 12:24:49.198271  8300 sys_catalog.cc:422] member_type: VOTER last_known_addr { host: "127.6.251.125" port: 41735 } has no permanent_uuid. Determining permanent_uuid...
I20260630 12:24:49.199333  8312 log_block_manager.cc:4031] Time spent loading block containers with low live blocks: real 0.000s	user 0.000s	sys 0.000s
I20260630 12:24:49.200194  7149 fs_manager.cc:730] Time spent opening block manager: real 0.003s	user 0.004s	sys 0.000s
I20260630 12:24:49.200565  7149 fs_manager.cc:647] Opened local filesystem: /tmp/dist-test-taskr7i4cH/test-tmp/auto_rebalancer-test.0.AutoRebalancerTest.NextLeaderResumesAutoRebalancing.1782822267916001-7149-0/minicluster-data/master-1-root
uuid: "577f12cada0142b08996a6422ed463c8"
format_stamp: "Formatted at 2026-06-30 12:24:49 on dist-test-slave-rpbv"
I20260630 12:24:49.200935  7149 fs_report.cc:389] FS layout report
--------------------
wal directory: /tmp/dist-test-taskr7i4cH/test-tmp/auto_rebalancer-test.0.AutoRebalancerTest.NextLeaderResumesAutoRebalancing.1782822267916001-7149-0/minicluster-data/master-1-root
metadata directory: /tmp/dist-test-taskr7i4cH/test-tmp/auto_rebalancer-test.0.AutoRebalancerTest.NextLeaderResumesAutoRebalancing.1782822267916001-7149-0/minicluster-data/master-1-root
1 data directories: /tmp/dist-test-taskr7i4cH/test-tmp/auto_rebalancer-test.0.AutoRebalancerTest.NextLeaderResumesAutoRebalancing.1782822267916001-7149-0/minicluster-data/master-1-root/data
Total live blocks: 0
Total live bytes: 0
Total live bytes (after alignment): 0
Total number of LBM containers: 0 (0 full)
Did not check for missing blocks
Did not check for orphaned blocks
Total full LBM containers with extra space: 0 (0 repaired)
Total full LBM container extra space in bytes: 0 (0 repaired)
Total incomplete LBM containers: 0 (0 repaired)
Total LBM partial records: 0 (0 repaired)
Total corrupted LBM metadata records in RocksDB: 0 (0 repaired)
W20260630 12:24:49.204910  8300 consensus_peers.cc:760] Error getting permanent uuid from config peer 127.6.251.125:41735: Network error: Client connection negotiation failed: client connection to 127.6.251.125:41735: connect: Connection refused (error 111)
I20260630 12:24:49.223199  7149 rpc_server.cc:225] running with OpenSSL 1.1.1  11 Sep 2018
I20260630 12:24:49.224462  7149 kserver.cc:163] Server-wide thread pool size limit: 3276
I20260630 12:24:49.226550  8300 consensus_peers.cc:770] Retrying to get permanent uuid for remote peer: member_type: VOTER last_known_addr { host: "127.6.251.125" port: 41735 } attempt: 1
W20260630 12:24:49.231575  8300 consensus_peers.cc:760] Error getting permanent uuid from config peer 127.6.251.125:41735: Network error: Client connection negotiation failed: client connection to 127.6.251.125:41735: connect: Connection refused (error 111)
I20260630 12:24:49.264703  7149 rpc_server.cc:307] RPC server started. Bound to: 127.6.251.125:41735
I20260630 12:24:49.264796  8364 acceptor_pool.cc:272] collecting diagnostics on the listening RPC socket 127.6.251.125:41735 every 8 connection(s)
I20260630 12:24:49.268615  7149 file_cache.cc:492] Constructed file cache file cache with capacity 419430
I20260630 12:24:49.268888  8365 data_dirs.cc:400] Could only allocate 1 dirs of requested 3 for tablet 00000000000000000000000000000000. 1 dirs total, 0 dirs full, 0 dirs failed
W20260630 12:24:49.274686  8367 instance_detector.cc:116] could not retrieve AWS instance metadata: Network error: curl error: HTTP response code said error: The requested URL returned error: 404
W20260630 12:24:49.274962  8368 instance_detector.cc:116] could not retrieve Azure instance metadata: Network error: curl error: HTTP response code said error: The requested URL returned error: 404
W20260630 12:24:49.277664  8370 instance_detector.cc:116] could not retrieve OpenStack instance metadata: Network error: curl error: HTTP response code said error: The requested URL returned error: 404
I20260630 12:24:49.278566  8365 sys_catalog.cc:422] member_type: VOTER last_known_addr { host: "127.6.251.126" port: 37855 } has no permanent_uuid. Determining permanent_uuid...
I20260630 12:24:49.279844  7149 server_base.cc:1061] running on GCE node
I20260630 12:24:49.280984  7149 hybrid_clock.cc:584] initializing the hybrid clock with 'system_unsync' time source
W20260630 12:24:49.281217  7149 system_unsync_time.cc:38] NTP support is disabled. Clock error bounds will not be accurate. This configuration is not suitable for distributed clusters.
I20260630 12:24:49.281435  7149 hybrid_clock.cc:648] HybridClock initialized: now 1782822289281416 us; error 0 us; skew 500 ppm
I20260630 12:24:49.281975  7149 server_base.cc:861] Flag tcmalloc_max_total_thread_cache_bytes is not working since tcmalloc is not enabled.
I20260630 12:24:49.285005  7149 webserver.cc:533] Webserver started at http://127.6.251.124:40783/ using document root <none> and password file <none>
I20260630 12:24:49.285549  7149 fs_manager.cc:362] Metadata directory not provided
I20260630 12:24:49.285769  7149 fs_manager.cc:368] Using write-ahead log directory (fs_wal_dir) as metadata directory
I20260630 12:24:49.286047  7149 server_base.cc:909] This appears to be a new deployment of Kudu; creating new FS layout
I20260630 12:24:49.287189  7149 fs_manager.cc:1068] Generated new instance metadata in path /tmp/dist-test-taskr7i4cH/test-tmp/auto_rebalancer-test.0.AutoRebalancerTest.NextLeaderResumesAutoRebalancing.1782822267916001-7149-0/minicluster-data/master-2-root/instance:
uuid: "38b866039b184bc39488fee42f8ab51c"
format_stamp: "Formatted at 2026-06-30 12:24:49 on dist-test-slave-rpbv"
I20260630 12:24:49.292699  7149 fs_manager.cc:696] Time spent creating directory manager: real 0.005s	user 0.005s	sys 0.000s
I20260630 12:24:49.293591  8365 sys_catalog.cc:422] member_type: VOTER last_known_addr { host: "127.6.251.125" port: 41735 } has no permanent_uuid. Determining permanent_uuid...
I20260630 12:24:49.299369  8377 log_block_manager.cc:4031] Time spent loading block containers with low live blocks: real 0.000s	user 0.000s	sys 0.000s
I20260630 12:24:49.300370  7149 fs_manager.cc:730] Time spent opening block manager: real 0.005s	user 0.002s	sys 0.000s
I20260630 12:24:49.300732  7149 fs_manager.cc:647] Opened local filesystem: /tmp/dist-test-taskr7i4cH/test-tmp/auto_rebalancer-test.0.AutoRebalancerTest.NextLeaderResumesAutoRebalancing.1782822267916001-7149-0/minicluster-data/master-2-root
uuid: "38b866039b184bc39488fee42f8ab51c"
format_stamp: "Formatted at 2026-06-30 12:24:49 on dist-test-slave-rpbv"
I20260630 12:24:49.301060  7149 fs_report.cc:389] FS layout report
--------------------
wal directory: /tmp/dist-test-taskr7i4cH/test-tmp/auto_rebalancer-test.0.AutoRebalancerTest.NextLeaderResumesAutoRebalancing.1782822267916001-7149-0/minicluster-data/master-2-root
metadata directory: /tmp/dist-test-taskr7i4cH/test-tmp/auto_rebalancer-test.0.AutoRebalancerTest.NextLeaderResumesAutoRebalancing.1782822267916001-7149-0/minicluster-data/master-2-root
1 data directories: /tmp/dist-test-taskr7i4cH/test-tmp/auto_rebalancer-test.0.AutoRebalancerTest.NextLeaderResumesAutoRebalancing.1782822267916001-7149-0/minicluster-data/master-2-root/data
Total live blocks: 0
Total live bytes: 0
Total live bytes (after alignment): 0
Total number of LBM containers: 0 (0 full)
Did not check for missing blocks
Did not check for orphaned blocks
Total full LBM containers with extra space: 0 (0 repaired)
Total full LBM container extra space in bytes: 0 (0 repaired)
Total incomplete LBM containers: 0 (0 repaired)
Total LBM partial records: 0 (0 repaired)
Total corrupted LBM metadata records in RocksDB: 0 (0 repaired)
I20260630 12:24:49.308947  8365 sys_catalog.cc:422] member_type: VOTER last_known_addr { host: "127.6.251.124" port: 38797 } has no permanent_uuid. Determining permanent_uuid...
I20260630 12:24:49.310020  8300 consensus_peers.cc:770] Retrying to get permanent uuid for remote peer: member_type: VOTER last_known_addr { host: "127.6.251.125" port: 41735 } attempt: 2
W20260630 12:24:49.315053  8365 consensus_peers.cc:760] Error getting permanent uuid from config peer 127.6.251.124:38797: Network error: Client connection negotiation failed: client connection to 127.6.251.124:38797: connect: Connection refused (error 111)
I20260630 12:24:49.319661  7149 rpc_server.cc:225] running with OpenSSL 1.1.1  11 Sep 2018
I20260630 12:24:49.321332  7149 kserver.cc:163] Server-wide thread pool size limit: 3276
I20260630 12:24:49.321260  8300 sys_catalog.cc:422] member_type: VOTER last_known_addr { host: "127.6.251.124" port: 38797 } has no permanent_uuid. Determining permanent_uuid...
W20260630 12:24:49.326272  8300 consensus_peers.cc:760] Error getting permanent uuid from config peer 127.6.251.124:38797: Network error: Client connection negotiation failed: client connection to 127.6.251.124:38797: connect: Connection refused (error 111)
I20260630 12:24:49.363891  7149 rpc_server.cc:307] RPC server started. Bound to: 127.6.251.124:38797
I20260630 12:24:49.364004  8429 acceptor_pool.cc:272] collecting diagnostics on the listening RPC socket 127.6.251.124:38797 every 8 connection(s)
I20260630 12:24:49.364727  8300 consensus_peers.cc:770] Retrying to get permanent uuid for remote peer: member_type: VOTER last_known_addr { host: "127.6.251.124" port: 38797 } attempt: 1
I20260630 12:24:49.368227  7149 internal_mini_cluster.cc:184] Waiting to initialize catalog manager on master 0
I20260630 12:24:49.369390  8430 data_dirs.cc:400] Could only allocate 1 dirs of requested 3 for tablet 00000000000000000000000000000000. 1 dirs total, 0 dirs full, 0 dirs failed
I20260630 12:24:49.370651  8365 consensus_peers.cc:770] Retrying to get permanent uuid for remote peer: member_type: VOTER last_known_addr { host: "127.6.251.124" port: 38797 } attempt: 1
I20260630 12:24:49.378407  8430 sys_catalog.cc:422] member_type: VOTER last_known_addr { host: "127.6.251.126" port: 37855 } has no permanent_uuid. Determining permanent_uuid...
I20260630 12:24:49.388441  8300 tablet_bootstrap.cc:492] T 00000000000000000000000000000000 P ff5db7e2f2cd4d5b9eb7bde5d32b14e7: Bootstrap starting.
I20260630 12:24:49.393689  8430 sys_catalog.cc:422] member_type: VOTER last_known_addr { host: "127.6.251.125" port: 41735 } has no permanent_uuid. Determining permanent_uuid...
I20260630 12:24:49.394536  8365 tablet_bootstrap.cc:492] T 00000000000000000000000000000000 P 577f12cada0142b08996a6422ed463c8: Bootstrap starting.
I20260630 12:24:49.395535  8300 tablet_bootstrap.cc:654] T 00000000000000000000000000000000 P ff5db7e2f2cd4d5b9eb7bde5d32b14e7: Neither blocks nor log segments found. Creating new log.
I20260630 12:24:49.400599  8365 tablet_bootstrap.cc:654] T 00000000000000000000000000000000 P 577f12cada0142b08996a6422ed463c8: Neither blocks nor log segments found. Creating new log.
I20260630 12:24:49.401835  8300 tablet_bootstrap.cc:492] T 00000000000000000000000000000000 P ff5db7e2f2cd4d5b9eb7bde5d32b14e7: No bootstrap required, opened a new log
I20260630 12:24:49.405380  8300 raft_consensus.cc:359] T 00000000000000000000000000000000 P ff5db7e2f2cd4d5b9eb7bde5d32b14e7 [term 0 FOLLOWER]: Replica starting. Triggering 0 pending ops. Active config: opid_index: -1 OBSOLETE_local: false peers { permanent_uuid: "ff5db7e2f2cd4d5b9eb7bde5d32b14e7" member_type: VOTER last_known_addr { host: "127.6.251.126" port: 37855 } } peers { permanent_uuid: "577f12cada0142b08996a6422ed463c8" member_type: VOTER last_known_addr { host: "127.6.251.125" port: 41735 } } peers { permanent_uuid: "38b866039b184bc39488fee42f8ab51c" member_type: VOTER last_known_addr { host: "127.6.251.124" port: 38797 } }
I20260630 12:24:49.406301  8300 raft_consensus.cc:385] T 00000000000000000000000000000000 P ff5db7e2f2cd4d5b9eb7bde5d32b14e7 [term 0 FOLLOWER]: Consensus starting up: Expiring failure detector timer to make a prompt election more likely
I20260630 12:24:49.406653  8300 raft_consensus.cc:740] T 00000000000000000000000000000000 P ff5db7e2f2cd4d5b9eb7bde5d32b14e7 [term 0 FOLLOWER]: Becoming Follower/Learner. State: Replica: ff5db7e2f2cd4d5b9eb7bde5d32b14e7, State: Initialized, Role: FOLLOWER
I20260630 12:24:49.407380  8365 tablet_bootstrap.cc:492] T 00000000000000000000000000000000 P 577f12cada0142b08996a6422ed463c8: No bootstrap required, opened a new log
I20260630 12:24:49.407887  8430 sys_catalog.cc:422] member_type: VOTER last_known_addr { host: "127.6.251.124" port: 38797 } has no permanent_uuid. Determining permanent_uuid...
I20260630 12:24:49.407603  8300 consensus_queue.cc:260] T 00000000000000000000000000000000 P ff5db7e2f2cd4d5b9eb7bde5d32b14e7 [NON_LEADER]: Queue going to NON_LEADER mode. State: All replicated index: 0, Majority replicated index: 0, Committed index: 0, Last appended: 0.0, Last appended by leader: 0, Current term: 0, Majority size: -1, State: 0, Mode: NON_LEADER, active raft config: opid_index: -1 OBSOLETE_local: false peers { permanent_uuid: "ff5db7e2f2cd4d5b9eb7bde5d32b14e7" member_type: VOTER last_known_addr { host: "127.6.251.126" port: 37855 } } peers { permanent_uuid: "577f12cada0142b08996a6422ed463c8" member_type: VOTER last_known_addr { host: "127.6.251.125" port: 41735 } } peers { permanent_uuid: "38b866039b184bc39488fee42f8ab51c" member_type: VOTER last_known_addr { host: "127.6.251.124" port: 38797 } }
I20260630 12:24:49.411180  8365 raft_consensus.cc:359] T 00000000000000000000000000000000 P 577f12cada0142b08996a6422ed463c8 [term 0 FOLLOWER]: Replica starting. Triggering 0 pending ops. Active config: opid_index: -1 OBSOLETE_local: false peers { permanent_uuid: "ff5db7e2f2cd4d5b9eb7bde5d32b14e7" member_type: VOTER last_known_addr { host: "127.6.251.126" port: 37855 } } peers { permanent_uuid: "577f12cada0142b08996a6422ed463c8" member_type: VOTER last_known_addr { host: "127.6.251.125" port: 41735 } } peers { permanent_uuid: "38b866039b184bc39488fee42f8ab51c" member_type: VOTER last_known_addr { host: "127.6.251.124" port: 38797 } }
I20260630 12:24:49.411890  8437 sys_catalog.cc:455] T 00000000000000000000000000000000 P ff5db7e2f2cd4d5b9eb7bde5d32b14e7 [sys.catalog]: SysCatalogTable state changed. Reason: RaftConsensus started. Latest consensus state: current_term: 0 committed_config { opid_index: -1 OBSOLETE_local: false peers { permanent_uuid: "ff5db7e2f2cd4d5b9eb7bde5d32b14e7" member_type: VOTER last_known_addr { host: "127.6.251.126" port: 37855 } } peers { permanent_uuid: "577f12cada0142b08996a6422ed463c8" member_type: VOTER last_known_addr { host: "127.6.251.125" port: 41735 } } peers { permanent_uuid: "38b866039b184bc39488fee42f8ab51c" member_type: VOTER last_known_addr { host: "127.6.251.124" port: 38797 } } }
I20260630 12:24:49.412405  8365 raft_consensus.cc:385] T 00000000000000000000000000000000 P 577f12cada0142b08996a6422ed463c8 [term 0 FOLLOWER]: Consensus starting up: Expiring failure detector timer to make a prompt election more likely
