I20260630 12:25:49.585402 13480 raft_consensus.cc:740] T 7050465a2c6d4b18a1e3cea06fe5aead P d845a5cde321445bb9d90c628db4a164 [term 0 FOLLOWER]: Becoming Follower/Learner. State: Replica: d845a5cde321445bb9d90c628db4a164, State: Initialized, Role: FOLLOWER
I20260630 12:25:49.587798 13479 ts_tablet_manager.cc:1434] T 7d3d296e1e1a46748652f67989071238 P a535dabe913949038ce9af666f582153: Time spent starting tablet: real 0.011s	user 0.009s	sys 0.000s
I20260630 12:25:49.589084 13479 tablet_bootstrap.cc:492] T 7050465a2c6d4b18a1e3cea06fe5aead P a535dabe913949038ce9af666f582153: Bootstrap starting.
I20260630 12:25:49.589676 13480 consensus_queue.cc:260] T 7050465a2c6d4b18a1e3cea06fe5aead P d845a5cde321445bb9d90c628db4a164 [NON_LEADER]: Queue going to NON_LEADER mode. State: All replicated index: 0, Majority replicated index: 0, Committed index: 0, Last appended: 0.0, Last appended by leader: 0, Current term: 0, Majority size: -1, State: 0, Mode: NON_LEADER, active raft config: opid_index: -1 OBSOLETE_local: false peers { permanent_uuid: "d845a5cde321445bb9d90c628db4a164" member_type: VOTER last_known_addr { host: "127.10.21.129" port: 35309 } } peers { permanent_uuid: "4ca5d9b687ef4b3d8c6edbecbedff5b8" member_type: VOTER last_known_addr { host: "127.10.21.130" port: 42561 } } peers { permanent_uuid: "a535dabe913949038ce9af666f582153" member_type: VOTER last_known_addr { host: "127.10.21.131" port: 37191 } }
I20260630 12:25:49.592172 13485 raft_consensus.cc:493] T c93b99f3409a45bb996b89d2adc6c820 P a535dabe913949038ce9af666f582153 [term 0 FOLLOWER]: Starting pre-election (no leader contacted us within the election timeout)
I20260630 12:25:49.592666 13485 raft_consensus.cc:515] T c93b99f3409a45bb996b89d2adc6c820 P a535dabe913949038ce9af666f582153 [term 0 FOLLOWER]: Starting pre-election with config: opid_index: -1 OBSOLETE_local: false peers { permanent_uuid: "d845a5cde321445bb9d90c628db4a164" member_type: VOTER last_known_addr { host: "127.10.21.129" port: 35309 } } peers { permanent_uuid: "4ca5d9b687ef4b3d8c6edbecbedff5b8" member_type: VOTER last_known_addr { host: "127.10.21.130" port: 42561 } } peers { permanent_uuid: "a535dabe913949038ce9af666f582153" member_type: VOTER last_known_addr { host: "127.10.21.131" port: 37191 } }
I20260630 12:25:49.594817 13485 leader_election.cc:290] T c93b99f3409a45bb996b89d2adc6c820 P a535dabe913949038ce9af666f582153 [CANDIDATE]: Term 1 pre-election: Requested pre-vote from peers d845a5cde321445bb9d90c628db4a164 (127.10.21.129:35309), 4ca5d9b687ef4b3d8c6edbecbedff5b8 (127.10.21.130:42561)
I20260630 12:25:49.595840 13360 tablet_service.cc:1917] Received RequestConsensusVote() RPC: tablet_id: "c93b99f3409a45bb996b89d2adc6c820" candidate_uuid: "a535dabe913949038ce9af666f582153" candidate_term: 1 candidate_status { last_received { term: 0 index: 0 } } ignore_live_leader: false dest_uuid: "4ca5d9b687ef4b3d8c6edbecbedff5b8" is_pre_election: true
I20260630 12:25:49.596369 13284 tablet_service.cc:1917] Received RequestConsensusVote() RPC: tablet_id: "c93b99f3409a45bb996b89d2adc6c820" candidate_uuid: "a535dabe913949038ce9af666f582153" candidate_term: 1 candidate_status { last_received { term: 0 index: 0 } } ignore_live_leader: false dest_uuid: "d845a5cde321445bb9d90c628db4a164" is_pre_election: true
I20260630 12:25:49.596779 13479 tablet_bootstrap.cc:654] T 7050465a2c6d4b18a1e3cea06fe5aead P a535dabe913949038ce9af666f582153: Neither blocks nor log segments found. Creating new log.
I20260630 12:25:49.596972 13284 raft_consensus.cc:2468] T c93b99f3409a45bb996b89d2adc6c820 P d845a5cde321445bb9d90c628db4a164 [term 0 FOLLOWER]: Leader pre-election vote request: Granting yes vote for candidate a535dabe913949038ce9af666f582153 in term 0.
W20260630 12:25:49.597251 13399 leader_election.cc:343] T c93b99f3409a45bb996b89d2adc6c820 P a535dabe913949038ce9af666f582153 [CANDIDATE]: Term 1 pre-election: Tablet error from VoteRequest() call to peer 4ca5d9b687ef4b3d8c6edbecbedff5b8 (127.10.21.130:42561): Illegal state: must be running to vote when last-logged opid is not known
I20260630 12:25:49.592181 13480 ts_tablet_manager.cc:1434] T 7050465a2c6d4b18a1e3cea06fe5aead P d845a5cde321445bb9d90c628db4a164: Time spent starting tablet: real 0.016s	user 0.003s	sys 0.003s
I20260630 12:25:49.598294 13398 leader_election.cc:304] T c93b99f3409a45bb996b89d2adc6c820 P a535dabe913949038ce9af666f582153 [CANDIDATE]: Term 1 pre-election: Election decided. Result: candidate won. Election summary: received 3 responses out of 3 voters: 2 yes votes; 1 no votes. yes voters: a535dabe913949038ce9af666f582153, d845a5cde321445bb9d90c628db4a164; no voters: 4ca5d9b687ef4b3d8c6edbecbedff5b8
I20260630 12:25:49.599237 13480 tablet_bootstrap.cc:492] T 57e3c5c03d5c4dc8a9bf8bd867edd0a1 P d845a5cde321445bb9d90c628db4a164: Bootstrap starting.
I20260630 12:25:49.601907 13478 tablet_bootstrap.cc:492] T c93b99f3409a45bb996b89d2adc6c820 P 4ca5d9b687ef4b3d8c6edbecbedff5b8: No bootstrap required, opened a new log
I20260630 12:25:49.602523 13478 ts_tablet_manager.cc:1403] T c93b99f3409a45bb996b89d2adc6c820 P 4ca5d9b687ef4b3d8c6edbecbedff5b8: Time spent bootstrapping tablet: real 0.031s	user 0.002s	sys 0.014s
I20260630 12:25:49.605865 13478 raft_consensus.cc:359] T c93b99f3409a45bb996b89d2adc6c820 P 4ca5d9b687ef4b3d8c6edbecbedff5b8 [term 0 FOLLOWER]: Replica starting. Triggering 0 pending ops. Active config: opid_index: -1 OBSOLETE_local: false peers { permanent_uuid: "d845a5cde321445bb9d90c628db4a164" member_type: VOTER last_known_addr { host: "127.10.21.129" port: 35309 } } peers { permanent_uuid: "4ca5d9b687ef4b3d8c6edbecbedff5b8" member_type: VOTER last_known_addr { host: "127.10.21.130" port: 42561 } } peers { permanent_uuid: "a535dabe913949038ce9af666f582153" member_type: VOTER last_known_addr { host: "127.10.21.131" port: 37191 } }
I20260630 12:25:49.606595 13485 raft_consensus.cc:2804] T c93b99f3409a45bb996b89d2adc6c820 P a535dabe913949038ce9af666f582153 [term 0 FOLLOWER]: Leader pre-election won for term 1
I20260630 12:25:49.606822 13478 raft_consensus.cc:385] T c93b99f3409a45bb996b89d2adc6c820 P 4ca5d9b687ef4b3d8c6edbecbedff5b8 [term 0 FOLLOWER]: Consensus starting up: Expiring failure detector timer to make a prompt election more likely
I20260630 12:25:49.607161 13485 raft_consensus.cc:493] T c93b99f3409a45bb996b89d2adc6c820 P a535dabe913949038ce9af666f582153 [term 0 FOLLOWER]: Starting leader election (no leader contacted us within the election timeout)
I20260630 12:25:49.607349 13478 raft_consensus.cc:740] T c93b99f3409a45bb996b89d2adc6c820 P 4ca5d9b687ef4b3d8c6edbecbedff5b8 [term 0 FOLLOWER]: Becoming Follower/Learner. State: Replica: 4ca5d9b687ef4b3d8c6edbecbedff5b8, State: Initialized, Role: FOLLOWER
I20260630 12:25:49.607841 13480 tablet_bootstrap.cc:654] T 57e3c5c03d5c4dc8a9bf8bd867edd0a1 P d845a5cde321445bb9d90c628db4a164: Neither blocks nor log segments found. Creating new log.
I20260630 12:25:49.607764 13485 raft_consensus.cc:3060] T c93b99f3409a45bb996b89d2adc6c820 P a535dabe913949038ce9af666f582153 [term 0 FOLLOWER]: Advancing to term 1
I20260630 12:25:49.608469 13478 consensus_queue.cc:260] T c93b99f3409a45bb996b89d2adc6c820 P 4ca5d9b687ef4b3d8c6edbecbedff5b8 [NON_LEADER]: Queue going to NON_LEADER mode. State: All replicated index: 0, Majority replicated index: 0, Committed index: 0, Last appended: 0.0, Last appended by leader: 0, Current term: 0, Majority size: -1, State: 0, Mode: NON_LEADER, active raft config: opid_index: -1 OBSOLETE_local: false peers { permanent_uuid: "d845a5cde321445bb9d90c628db4a164" member_type: VOTER last_known_addr { host: "127.10.21.129" port: 35309 } } peers { permanent_uuid: "4ca5d9b687ef4b3d8c6edbecbedff5b8" member_type: VOTER last_known_addr { host: "127.10.21.130" port: 42561 } } peers { permanent_uuid: "a535dabe913949038ce9af666f582153" member_type: VOTER last_known_addr { host: "127.10.21.131" port: 37191 } }
I20260630 12:25:49.612042 13478 ts_tablet_manager.cc:1434] T c93b99f3409a45bb996b89d2adc6c820 P 4ca5d9b687ef4b3d8c6edbecbedff5b8: Time spent starting tablet: real 0.009s	user 0.007s	sys 0.002s
I20260630 12:25:49.611677 13180 catalog_manager.cc:5697] T 36e6cd9888354dd1a6099fcfc764177b P 4ca5d9b687ef4b3d8c6edbecbedff5b8 reported cstate change: term changed from 0 to 1, leader changed from <none> to 4ca5d9b687ef4b3d8c6edbecbedff5b8 (127.10.21.130). New cstate: current_term: 1 leader_uuid: "4ca5d9b687ef4b3d8c6edbecbedff5b8" committed_config { opid_index: -1 OBSOLETE_local: false peers { permanent_uuid: "4ca5d9b687ef4b3d8c6edbecbedff5b8" member_type: VOTER last_known_addr { host: "127.10.21.130" port: 42561 } health_report { overall_health: HEALTHY } } peers { permanent_uuid: "d845a5cde321445bb9d90c628db4a164" member_type: VOTER last_known_addr { host: "127.10.21.129" port: 35309 } health_report { overall_health: UNKNOWN } } peers { permanent_uuid: "a535dabe913949038ce9af666f582153" member_type: VOTER last_known_addr { host: "127.10.21.131" port: 37191 } health_report { overall_health: UNKNOWN } } }
I20260630 12:25:49.612926 13478 tablet_bootstrap.cc:492] T 7050465a2c6d4b18a1e3cea06fe5aead P 4ca5d9b687ef4b3d8c6edbecbedff5b8: Bootstrap starting.
I20260630 12:25:49.614845 13487 raft_consensus.cc:493] T 5178f3e825ad4bb590c9fe7fe41d2acf P d845a5cde321445bb9d90c628db4a164 [term 0 FOLLOWER]: Starting pre-election (no leader contacted us within the election timeout)
I20260630 12:25:49.615304 13487 raft_consensus.cc:515] T 5178f3e825ad4bb590c9fe7fe41d2acf P d845a5cde321445bb9d90c628db4a164 [term 0 FOLLOWER]: Starting pre-election with config: opid_index: -1 OBSOLETE_local: false peers { permanent_uuid: "4ca5d9b687ef4b3d8c6edbecbedff5b8" member_type: VOTER last_known_addr { host: "127.10.21.130" port: 42561 } } peers { permanent_uuid: "d845a5cde321445bb9d90c628db4a164" member_type: VOTER last_known_addr { host: "127.10.21.129" port: 35309 } } peers { permanent_uuid: "a535dabe913949038ce9af666f582153" member_type: VOTER last_known_addr { host: "127.10.21.131" port: 37191 } }
I20260630 12:25:49.616180 13485 raft_consensus.cc:515] T c93b99f3409a45bb996b89d2adc6c820 P a535dabe913949038ce9af666f582153 [term 1 FOLLOWER]: Starting leader election with config: opid_index: -1 OBSOLETE_local: false peers { permanent_uuid: "d845a5cde321445bb9d90c628db4a164" member_type: VOTER last_known_addr { host: "127.10.21.129" port: 35309 } } peers { permanent_uuid: "4ca5d9b687ef4b3d8c6edbecbedff5b8" member_type: VOTER last_known_addr { host: "127.10.21.130" port: 42561 } } peers { permanent_uuid: "a535dabe913949038ce9af666f582153" member_type: VOTER last_known_addr { host: "127.10.21.131" port: 37191 } }
I20260630 12:25:49.617908 13487 leader_election.cc:290] T 5178f3e825ad4bb590c9fe7fe41d2acf P d845a5cde321445bb9d90c628db4a164 [CANDIDATE]: Term 1 pre-election: Requested pre-vote from peers 4ca5d9b687ef4b3d8c6edbecbedff5b8 (127.10.21.130:42561), a535dabe913949038ce9af666f582153 (127.10.21.131:37191)
I20260630 12:25:49.621994 13360 tablet_service.cc:1917] Received RequestConsensusVote() RPC: tablet_id: "c93b99f3409a45bb996b89d2adc6c820" candidate_uuid: "a535dabe913949038ce9af666f582153" candidate_term: 1 candidate_status { last_received { term: 0 index: 0 } } ignore_live_leader: false dest_uuid: "4ca5d9b687ef4b3d8c6edbecbedff5b8"
I20260630 12:25:49.622737 13360 raft_consensus.cc:3060] T c93b99f3409a45bb996b89d2adc6c820 P 4ca5d9b687ef4b3d8c6edbecbedff5b8 [term 0 FOLLOWER]: Advancing to term 1
I20260630 12:25:49.626960 13479 tablet_bootstrap.cc:492] T 7050465a2c6d4b18a1e3cea06fe5aead P a535dabe913949038ce9af666f582153: No bootstrap required, opened a new log
I20260630 12:25:49.627612 13479 ts_tablet_manager.cc:1403] T 7050465a2c6d4b18a1e3cea06fe5aead P a535dabe913949038ce9af666f582153: Time spent bootstrapping tablet: real 0.039s	user 0.016s	sys 0.005s
I20260630 12:25:49.630756 13479 raft_consensus.cc:359] T 7050465a2c6d4b18a1e3cea06fe5aead P a535dabe913949038ce9af666f582153 [term 0 FOLLOWER]: Replica starting. Triggering 0 pending ops. Active config: opid_index: -1 OBSOLETE_local: false peers { permanent_uuid: "d845a5cde321445bb9d90c628db4a164" member_type: VOTER last_known_addr { host: "127.10.21.129" port: 35309 } } peers { permanent_uuid: "4ca5d9b687ef4b3d8c6edbecbedff5b8" member_type: VOTER last_known_addr { host: "127.10.21.130" port: 42561 } } peers { permanent_uuid: "a535dabe913949038ce9af666f582153" member_type: VOTER last_known_addr { host: "127.10.21.131" port: 37191 } }
I20260630 12:25:49.631342 13485 leader_election.cc:290] T c93b99f3409a45bb996b89d2adc6c820 P a535dabe913949038ce9af666f582153 [CANDIDATE]: Term 1 election: Requested vote from peers d845a5cde321445bb9d90c628db4a164 (127.10.21.129:35309), 4ca5d9b687ef4b3d8c6edbecbedff5b8 (127.10.21.130:42561)
I20260630 12:25:49.631497 13479 raft_consensus.cc:385] T 7050465a2c6d4b18a1e3cea06fe5aead P a535dabe913949038ce9af666f582153 [term 0 FOLLOWER]: Consensus starting up: Expiring failure detector timer to make a prompt election more likely
I20260630 12:25:49.631943 13479 raft_consensus.cc:740] T 7050465a2c6d4b18a1e3cea06fe5aead P a535dabe913949038ce9af666f582153 [term 0 FOLLOWER]: Becoming Follower/Learner. State: Replica: a535dabe913949038ce9af666f582153, State: Initialized, Role: FOLLOWER
I20260630 12:25:49.632243 13360 raft_consensus.cc:2468] T c93b99f3409a45bb996b89d2adc6c820 P 4ca5d9b687ef4b3d8c6edbecbedff5b8 [term 1 FOLLOWER]: Leader election vote request: Granting yes vote for candidate a535dabe913949038ce9af666f582153 in term 1.
I20260630 12:25:49.632761 13479 consensus_queue.cc:260] T 7050465a2c6d4b18a1e3cea06fe5aead P a535dabe913949038ce9af666f582153 [NON_LEADER]: Queue going to NON_LEADER mode. State: All replicated index: 0, Majority replicated index: 0, Committed index: 0, Last appended: 0.0, Last appended by leader: 0, Current term: 0, Majority size: -1, State: 0, Mode: NON_LEADER, active raft config: opid_index: -1 OBSOLETE_local: false peers { permanent_uuid: "d845a5cde321445bb9d90c628db4a164" member_type: VOTER last_known_addr { host: "127.10.21.129" port: 35309 } } peers { permanent_uuid: "4ca5d9b687ef4b3d8c6edbecbedff5b8" member_type: VOTER last_known_addr { host: "127.10.21.130" port: 42561 } } peers { permanent_uuid: "a535dabe913949038ce9af666f582153" member_type: VOTER last_known_addr { host: "127.10.21.131" port: 37191 } }
I20260630 12:25:49.635619 13479 ts_tablet_manager.cc:1434] T 7050465a2c6d4b18a1e3cea06fe5aead P a535dabe913949038ce9af666f582153: Time spent starting tablet: real 0.008s	user 0.007s	sys 0.001s
I20260630 12:25:49.636591 13479 tablet_bootstrap.cc:492] T 57e3c5c03d5c4dc8a9bf8bd867edd0a1 P a535dabe913949038ce9af666f582153: Bootstrap starting.
I20260630 12:25:49.637882 13478 tablet_bootstrap.cc:654] T 7050465a2c6d4b18a1e3cea06fe5aead P 4ca5d9b687ef4b3d8c6edbecbedff5b8: Neither blocks nor log segments found. Creating new log.
I20260630 12:25:49.641415 13399 leader_election.cc:304] T c93b99f3409a45bb996b89d2adc6c820 P a535dabe913949038ce9af666f582153 [CANDIDATE]: Term 1 election: Election decided. Result: candidate won. Election summary: received 2 responses out of 3 voters: 2 yes votes; 0 no votes. yes voters: 4ca5d9b687ef4b3d8c6edbecbedff5b8, a535dabe913949038ce9af666f582153; no voters: 
I20260630 12:25:49.642267 13485 raft_consensus.cc:2804] T c93b99f3409a45bb996b89d2adc6c820 P a535dabe913949038ce9af666f582153 [term 1 FOLLOWER]: Leader election won for term 1
I20260630 12:25:49.643157 13479 tablet_bootstrap.cc:654] T 57e3c5c03d5c4dc8a9bf8bd867edd0a1 P a535dabe913949038ce9af666f582153: Neither blocks nor log segments found. Creating new log.
I20260630 12:25:49.646919 13478 tablet_bootstrap.cc:492] T 7050465a2c6d4b18a1e3cea06fe5aead P 4ca5d9b687ef4b3d8c6edbecbedff5b8: No bootstrap required, opened a new log
I20260630 12:25:49.647509 13478 ts_tablet_manager.cc:1403] T 7050465a2c6d4b18a1e3cea06fe5aead P 4ca5d9b687ef4b3d8c6edbecbedff5b8: Time spent bootstrapping tablet: real 0.035s	user 0.007s	sys 0.005s
I20260630 12:25:49.649780 13284 tablet_service.cc:1917] Received RequestConsensusVote() RPC: tablet_id: "c93b99f3409a45bb996b89d2adc6c820" candidate_uuid: "a535dabe913949038ce9af666f582153" candidate_term: 1 candidate_status { last_received { term: 0 index: 0 } } ignore_live_leader: false dest_uuid: "d845a5cde321445bb9d90c628db4a164"
I20260630 12:25:49.650357 13284 raft_consensus.cc:3060] T c93b99f3409a45bb996b89d2adc6c820 P d845a5cde321445bb9d90c628db4a164 [term 0 FOLLOWER]: Advancing to term 1
I20260630 12:25:49.652294 13478 raft_consensus.cc:359] T 7050465a2c6d4b18a1e3cea06fe5aead P 4ca5d9b687ef4b3d8c6edbecbedff5b8 [term 0 FOLLOWER]: Replica starting. Triggering 0 pending ops. Active config: opid_index: -1 OBSOLETE_local: false peers { permanent_uuid: "d845a5cde321445bb9d90c628db4a164" member_type: VOTER last_known_addr { host: "127.10.21.129" port: 35309 } } peers { permanent_uuid: "4ca5d9b687ef4b3d8c6edbecbedff5b8" member_type: VOTER last_known_addr { host: "127.10.21.130" port: 42561 } } peers { permanent_uuid: "a535dabe913949038ce9af666f582153" member_type: VOTER last_known_addr { host: "127.10.21.131" port: 37191 } }
I20260630 12:25:49.653206 13478 raft_consensus.cc:385] T 7050465a2c6d4b18a1e3cea06fe5aead P 4ca5d9b687ef4b3d8c6edbecbedff5b8 [term 0 FOLLOWER]: Consensus starting up: Expiring failure detector timer to make a prompt election more likely
I20260630 12:25:49.653316 13485 raft_consensus.cc:697] T c93b99f3409a45bb996b89d2adc6c820 P a535dabe913949038ce9af666f582153 [term 1 LEADER]: Becoming Leader. State: Replica: a535dabe913949038ce9af666f582153, State: Running, Role: LEADER
I20260630 12:25:49.653633 13478 raft_consensus.cc:740] T 7050465a2c6d4b18a1e3cea06fe5aead P 4ca5d9b687ef4b3d8c6edbecbedff5b8 [term 0 FOLLOWER]: Becoming Follower/Learner. State: Replica: 4ca5d9b687ef4b3d8c6edbecbedff5b8, State: Initialized, Role: FOLLOWER
I20260630 12:25:49.654212 13485 consensus_queue.cc:237] T c93b99f3409a45bb996b89d2adc6c820 P a535dabe913949038ce9af666f582153 [LEADER]: Queue going to LEADER mode. State: All replicated index: 0, Majority replicated index: 0, Committed index: 0, Last appended: 0.0, Last appended by leader: 0, Current term: 1, Majority size: 2, State: 0, Mode: LEADER, active raft config: opid_index: -1 OBSOLETE_local: false peers { permanent_uuid: "d845a5cde321445bb9d90c628db4a164" member_type: VOTER last_known_addr { host: "127.10.21.129" port: 35309 } } peers { permanent_uuid: "4ca5d9b687ef4b3d8c6edbecbedff5b8" member_type: VOTER last_known_addr { host: "127.10.21.130" port: 42561 } } peers { permanent_uuid: "a535dabe913949038ce9af666f582153" member_type: VOTER last_known_addr { host: "127.10.21.131" port: 37191 } }
I20260630 12:25:49.654770 13478 consensus_queue.cc:260] T 7050465a2c6d4b18a1e3cea06fe5aead P 4ca5d9b687ef4b3d8c6edbecbedff5b8 [NON_LEADER]: Queue going to NON_LEADER mode. State: All replicated index: 0, Majority replicated index: 0, Committed index: 0, Last appended: 0.0, Last appended by leader: 0, Current term: 0, Majority size: -1, State: 0, Mode: NON_LEADER, active raft config: opid_index: -1 OBSOLETE_local: false peers { permanent_uuid: "d845a5cde321445bb9d90c628db4a164" member_type: VOTER last_known_addr { host: "127.10.21.129" port: 35309 } } peers { permanent_uuid: "4ca5d9b687ef4b3d8c6edbecbedff5b8" member_type: VOTER last_known_addr { host: "127.10.21.130" port: 42561 } } peers { permanent_uuid: "a535dabe913949038ce9af666f582153" member_type: VOTER last_known_addr { host: "127.10.21.131" port: 37191 } }
I20260630 12:25:49.657935 13284 raft_consensus.cc:2468] T c93b99f3409a45bb996b89d2adc6c820 P d845a5cde321445bb9d90c628db4a164 [term 1 FOLLOWER]: Leader election vote request: Granting yes vote for candidate a535dabe913949038ce9af666f582153 in term 1.
I20260630 12:25:49.661891 13478 ts_tablet_manager.cc:1434] T 7050465a2c6d4b18a1e3cea06fe5aead P 4ca5d9b687ef4b3d8c6edbecbedff5b8: Time spent starting tablet: real 0.014s	user 0.007s	sys 0.000s
I20260630 12:25:49.663185 13478 tablet_bootstrap.cc:492] T 7d3d296e1e1a46748652f67989071238 P 4ca5d9b687ef4b3d8c6edbecbedff5b8: Bootstrap starting.
I20260630 12:25:49.666664 13181 catalog_manager.cc:5697] T c93b99f3409a45bb996b89d2adc6c820 P a535dabe913949038ce9af666f582153 reported cstate change: term changed from 0 to 1, leader changed from <none> to a535dabe913949038ce9af666f582153 (127.10.21.131). New cstate: current_term: 1 leader_uuid: "a535dabe913949038ce9af666f582153" committed_config { opid_index: -1 OBSOLETE_local: false peers { permanent_uuid: "d845a5cde321445bb9d90c628db4a164" member_type: VOTER last_known_addr { host: "127.10.21.129" port: 35309 } health_report { overall_health: UNKNOWN } } peers { permanent_uuid: "4ca5d9b687ef4b3d8c6edbecbedff5b8" member_type: VOTER last_known_addr { host: "127.10.21.130" port: 42561 } health_report { overall_health: UNKNOWN } } peers { permanent_uuid: "a535dabe913949038ce9af666f582153" member_type: VOTER last_known_addr { host: "127.10.21.131" port: 37191 } health_report { overall_health: HEALTHY } } }
I20260630 12:25:49.669345 13480 tablet_bootstrap.cc:492] T 57e3c5c03d5c4dc8a9bf8bd867edd0a1 P d845a5cde321445bb9d90c628db4a164: No bootstrap required, opened a new log
I20260630 12:25:49.669864 13480 ts_tablet_manager.cc:1403] T 57e3c5c03d5c4dc8a9bf8bd867edd0a1 P d845a5cde321445bb9d90c628db4a164: Time spent bootstrapping tablet: real 0.071s	user 0.018s	sys 0.000s
I20260630 12:25:49.672694 13480 raft_consensus.cc:359] T 57e3c5c03d5c4dc8a9bf8bd867edd0a1 P d845a5cde321445bb9d90c628db4a164 [term 0 FOLLOWER]: Replica starting. Triggering 0 pending ops. Active config: opid_index: -1 OBSOLETE_local: false peers { permanent_uuid: "d845a5cde321445bb9d90c628db4a164" member_type: VOTER last_known_addr { host: "127.10.21.129" port: 35309 } } peers { permanent_uuid: "4ca5d9b687ef4b3d8c6edbecbedff5b8" member_type: VOTER last_known_addr { host: "127.10.21.130" port: 42561 } } peers { permanent_uuid: "a535dabe913949038ce9af666f582153" member_type: VOTER last_known_addr { host: "127.10.21.131" port: 37191 } }
I20260630 12:25:49.673656 13480 raft_consensus.cc:385] T 57e3c5c03d5c4dc8a9bf8bd867edd0a1 P d845a5cde321445bb9d90c628db4a164 [term 0 FOLLOWER]: Consensus starting up: Expiring failure detector timer to make a prompt election more likely
I20260630 12:25:49.673993 13480 raft_consensus.cc:740] T 57e3c5c03d5c4dc8a9bf8bd867edd0a1 P d845a5cde321445bb9d90c628db4a164 [term 0 FOLLOWER]: Becoming Follower/Learner. State: Replica: d845a5cde321445bb9d90c628db4a164, State: Initialized, Role: FOLLOWER
I20260630 12:25:49.674822 13480 consensus_queue.cc:260] T 57e3c5c03d5c4dc8a9bf8bd867edd0a1 P d845a5cde321445bb9d90c628db4a164 [NON_LEADER]: Queue going to NON_LEADER mode. State: All replicated index: 0, Majority replicated index: 0, Committed index: 0, Last appended: 0.0, Last appended by leader: 0, Current term: 0, Majority size: -1, State: 0, Mode: NON_LEADER, active raft config: opid_index: -1 OBSOLETE_local: false peers { permanent_uuid: "d845a5cde321445bb9d90c628db4a164" member_type: VOTER last_known_addr { host: "127.10.21.129" port: 35309 } } peers { permanent_uuid: "4ca5d9b687ef4b3d8c6edbecbedff5b8" member_type: VOTER last_known_addr { host: "127.10.21.130" port: 42561 } } peers { permanent_uuid: "a535dabe913949038ce9af666f582153" member_type: VOTER last_known_addr { host: "127.10.21.131" port: 37191 } }
I20260630 12:25:49.676827 13478 tablet_bootstrap.cc:654] T 7d3d296e1e1a46748652f67989071238 P 4ca5d9b687ef4b3d8c6edbecbedff5b8: Neither blocks nor log segments found. Creating new log.
I20260630 12:25:49.678030 13479 tablet_bootstrap.cc:492] T 57e3c5c03d5c4dc8a9bf8bd867edd0a1 P a535dabe913949038ce9af666f582153: No bootstrap required, opened a new log
I20260630 12:25:49.678468 13479 ts_tablet_manager.cc:1403] T 57e3c5c03d5c4dc8a9bf8bd867edd0a1 P a535dabe913949038ce9af666f582153: Time spent bootstrapping tablet: real 0.042s	user 0.004s	sys 0.032s
I20260630 12:25:49.678576 13434 tablet_service.cc:1917] Received RequestConsensusVote() RPC: tablet_id: "5178f3e825ad4bb590c9fe7fe41d2acf" candidate_uuid: "d845a5cde321445bb9d90c628db4a164" candidate_term: 1 candidate_status { last_received { term: 0 index: 0 } } ignore_live_leader: false dest_uuid: "a535dabe913949038ce9af666f582153" is_pre_election: true
I20260630 12:25:49.679235 13434 raft_consensus.cc:2468] T 5178f3e825ad4bb590c9fe7fe41d2acf P a535dabe913949038ce9af666f582153 [term 0 FOLLOWER]: Leader pre-election vote request: Granting yes vote for candidate d845a5cde321445bb9d90c628db4a164 in term 0.
I20260630 12:25:49.679883 13480 ts_tablet_manager.cc:1434] T 57e3c5c03d5c4dc8a9bf8bd867edd0a1 P d845a5cde321445bb9d90c628db4a164: Time spent starting tablet: real 0.010s	user 0.006s	sys 0.000s
I20260630 12:25:49.680576 13249 leader_election.cc:304] T 5178f3e825ad4bb590c9fe7fe41d2acf P d845a5cde321445bb9d90c628db4a164 [CANDIDATE]: Term 1 pre-election: Election decided. Result: candidate won. Election summary: received 2 responses out of 3 voters: 2 yes votes; 0 no votes. yes voters: a535dabe913949038ce9af666f582153, d845a5cde321445bb9d90c628db4a164; no voters: 
I20260630 12:25:49.681067 13480 tablet_bootstrap.cc:492] T 726c8cb4058d48948d7164ba5dc8f700 P d845a5cde321445bb9d90c628db4a164: Bootstrap starting.
I20260630 12:25:49.681500 13487 raft_consensus.cc:2804] T 5178f3e825ad4bb590c9fe7fe41d2acf P d845a5cde321445bb9d90c628db4a164 [term 0 FOLLOWER]: Leader pre-election won for term 1
I20260630 12:25:49.681916 13487 raft_consensus.cc:493] T 5178f3e825ad4bb590c9fe7fe41d2acf P d845a5cde321445bb9d90c628db4a164 [term 0 FOLLOWER]: Starting leader election (no leader contacted us within the election timeout)
I20260630 12:25:49.681598 13479 raft_consensus.cc:359] T 57e3c5c03d5c4dc8a9bf8bd867edd0a1 P a535dabe913949038ce9af666f582153 [term 0 FOLLOWER]: Replica starting. Triggering 0 pending ops. Active config: opid_index: -1 OBSOLETE_local: false peers { permanent_uuid: "d845a5cde321445bb9d90c628db4a164" member_type: VOTER last_known_addr { host: "127.10.21.129" port: 35309 } } peers { permanent_uuid: "4ca5d9b687ef4b3d8c6edbecbedff5b8" member_type: VOTER last_known_addr { host: "127.10.21.130" port: 42561 } } peers { permanent_uuid: "a535dabe913949038ce9af666f582153" member_type: VOTER last_known_addr { host: "127.10.21.131" port: 37191 } }
I20260630 12:25:49.682325 13487 raft_consensus.cc:3060] T 5178f3e825ad4bb590c9fe7fe41d2acf P d845a5cde321445bb9d90c628db4a164 [term 0 FOLLOWER]: Advancing to term 1
I20260630 12:25:49.683609 13360 tablet_service.cc:1917] Received RequestConsensusVote() RPC: tablet_id: "5178f3e825ad4bb590c9fe7fe41d2acf" candidate_uuid: "d845a5cde321445bb9d90c628db4a164" candidate_term: 1 candidate_status { last_received { term: 0 index: 0 } } ignore_live_leader: false dest_uuid: "4ca5d9b687ef4b3d8c6edbecbedff5b8" is_pre_election: true
I20260630 12:25:49.684230 13360 raft_consensus.cc:2468] T 5178f3e825ad4bb590c9fe7fe41d2acf P 4ca5d9b687ef4b3d8c6edbecbedff5b8 [term 0 FOLLOWER]: Leader pre-election vote request: Granting yes vote for candidate d845a5cde321445bb9d90c628db4a164 in term 0.
I20260630 12:25:49.688071 13480 tablet_bootstrap.cc:654] T 726c8cb4058d48948d7164ba5dc8f700 P d845a5cde321445bb9d90c628db4a164: Neither blocks nor log segments found. Creating new log.
I20260630 12:25:49.694777 13478 tablet_bootstrap.cc:492] T 7d3d296e1e1a46748652f67989071238 P 4ca5d9b687ef4b3d8c6edbecbedff5b8: No bootstrap required, opened a new log
I20260630 12:25:49.695817 13478 ts_tablet_manager.cc:1403] T 7d3d296e1e1a46748652f67989071238 P 4ca5d9b687ef4b3d8c6edbecbedff5b8: Time spent bootstrapping tablet: real 0.033s	user 0.015s	sys 0.010s
I20260630 12:25:49.697798 13479 raft_consensus.cc:385] T 57e3c5c03d5c4dc8a9bf8bd867edd0a1 P a535dabe913949038ce9af666f582153 [term 0 FOLLOWER]: Consensus starting up: Expiring failure detector timer to make a prompt election more likely
I20260630 12:25:49.698122 13479 raft_consensus.cc:740] T 57e3c5c03d5c4dc8a9bf8bd867edd0a1 P a535dabe913949038ce9af666f582153 [term 0 FOLLOWER]: Becoming Follower/Learner. State: Replica: a535dabe913949038ce9af666f582153, State: Initialized, Role: FOLLOWER
I20260630 12:25:49.698184 13478 raft_consensus.cc:359] T 7d3d296e1e1a46748652f67989071238 P 4ca5d9b687ef4b3d8c6edbecbedff5b8 [term 0 FOLLOWER]: Replica starting. Triggering 0 pending ops. Active config: opid_index: -1 OBSOLETE_local: false peers { permanent_uuid: "d845a5cde321445bb9d90c628db4a164" member_type: VOTER last_known_addr { host: "127.10.21.129" port: 35309 } } peers { permanent_uuid: "4ca5d9b687ef4b3d8c6edbecbedff5b8" member_type: VOTER last_known_addr { host: "127.10.21.130" port: 42561 } } peers { permanent_uuid: "a535dabe913949038ce9af666f582153" member_type: VOTER last_known_addr { host: "127.10.21.131" port: 37191 } }
I20260630 12:25:49.698249 13487 raft_consensus.cc:515] T 5178f3e825ad4bb590c9fe7fe41d2acf P d845a5cde321445bb9d90c628db4a164 [term 1 FOLLOWER]: Starting leader election with config: opid_index: -1 OBSOLETE_local: false peers { permanent_uuid: "4ca5d9b687ef4b3d8c6edbecbedff5b8" member_type: VOTER last_known_addr { host: "127.10.21.130" port: 42561 } } peers { permanent_uuid: "d845a5cde321445bb9d90c628db4a164" member_type: VOTER last_known_addr { host: "127.10.21.129" port: 35309 } } peers { permanent_uuid: "a535dabe913949038ce9af666f582153" member_type: VOTER last_known_addr { host: "127.10.21.131" port: 37191 } }
I20260630 12:25:49.699041 13478 raft_consensus.cc:385] T 7d3d296e1e1a46748652f67989071238 P 4ca5d9b687ef4b3d8c6edbecbedff5b8 [term 0 FOLLOWER]: Consensus starting up: Expiring failure detector timer to make a prompt election more likely
I20260630 12:25:49.699395 13478 raft_consensus.cc:740] T 7d3d296e1e1a46748652f67989071238 P 4ca5d9b687ef4b3d8c6edbecbedff5b8 [term 0 FOLLOWER]: Becoming Follower/Learner. State: Replica: 4ca5d9b687ef4b3d8c6edbecbedff5b8, State: Initialized, Role: FOLLOWER
I20260630 12:25:49.700140 13236 auto_leader_rebalancer.cc:141] leader rebalance for table range_aware_rebalance_new_range
I20260630 12:25:49.700162 13478 consensus_queue.cc:260] T 7d3d296e1e1a46748652f67989071238 P 4ca5d9b687ef4b3d8c6edbecbedff5b8 [NON_LEADER]: Queue going to NON_LEADER mode. State: All replicated index: 0, Majority replicated index: 0, Committed index: 0, Last appended: 0.0, Last appended by leader: 0, Current term: 0, Majority size: -1, State: 0, Mode: NON_LEADER, active raft config: opid_index: -1 OBSOLETE_local: false peers { permanent_uuid: "d845a5cde321445bb9d90c628db4a164" member_type: VOTER last_known_addr { host: "127.10.21.129" port: 35309 } } peers { permanent_uuid: "4ca5d9b687ef4b3d8c6edbecbedff5b8" member_type: VOTER last_known_addr { host: "127.10.21.130" port: 42561 } } peers { permanent_uuid: "a535dabe913949038ce9af666f582153" member_type: VOTER last_known_addr { host: "127.10.21.131" port: 37191 } }
I20260630 12:25:49.701498 13360 tablet_service.cc:1917] Received RequestConsensusVote() RPC: tablet_id: "5178f3e825ad4bb590c9fe7fe41d2acf" candidate_uuid: "d845a5cde321445bb9d90c628db4a164" candidate_term: 1 candidate_status { last_received { term: 0 index: 0 } } ignore_live_leader: false dest_uuid: "4ca5d9b687ef4b3d8c6edbecbedff5b8"
I20260630 12:25:49.702034 13360 raft_consensus.cc:3060] T 5178f3e825ad4bb590c9fe7fe41d2acf P 4ca5d9b687ef4b3d8c6edbecbedff5b8 [term 0 FOLLOWER]: Advancing to term 1
I20260630 12:25:49.702345 13478 ts_tablet_manager.cc:1434] T 7d3d296e1e1a46748652f67989071238 P 4ca5d9b687ef4b3d8c6edbecbedff5b8: Time spent starting tablet: real 0.006s	user 0.004s	sys 0.000s
I20260630 12:25:49.699944 13479 consensus_queue.cc:260] T 57e3c5c03d5c4dc8a9bf8bd867edd0a1 P a535dabe913949038ce9af666f582153 [NON_LEADER]: Queue going to NON_LEADER mode. State: All replicated index: 0, Majority replicated index: 0, Committed index: 0, Last appended: 0.0, Last appended by leader: 0, Current term: 0, Majority size: -1, State: 0, Mode: NON_LEADER, active raft config: opid_index: -1 OBSOLETE_local: false peers { permanent_uuid: "d845a5cde321445bb9d90c628db4a164" member_type: VOTER last_known_addr { host: "127.10.21.129" port: 35309 } } peers { permanent_uuid: "4ca5d9b687ef4b3d8c6edbecbedff5b8" member_type: VOTER last_known_addr { host: "127.10.21.130" port: 42561 } } peers { permanent_uuid: "a535dabe913949038ce9af666f582153" member_type: VOTER last_known_addr { host: "127.10.21.131" port: 37191 } }
I20260630 12:25:49.704560 13479 ts_tablet_manager.cc:1434] T 57e3c5c03d5c4dc8a9bf8bd867edd0a1 P a535dabe913949038ce9af666f582153: Time spent starting tablet: real 0.026s	user 0.008s	sys 0.000s
I20260630 12:25:49.710106 13360 raft_consensus.cc:2468] T 5178f3e825ad4bb590c9fe7fe41d2acf P 4ca5d9b687ef4b3d8c6edbecbedff5b8 [term 1 FOLLOWER]: Leader election vote request: Granting yes vote for candidate d845a5cde321445bb9d90c628db4a164 in term 1.
I20260630 12:25:49.711745 13250 leader_election.cc:304] T 5178f3e825ad4bb590c9fe7fe41d2acf P d845a5cde321445bb9d90c628db4a164 [CANDIDATE]: Term 1 election: Election decided. Result: candidate won. Election summary: received 2 responses out of 3 voters: 2 yes votes; 0 no votes. yes voters: 4ca5d9b687ef4b3d8c6edbecbedff5b8, d845a5cde321445bb9d90c628db4a164; no voters: 
W20260630 12:25:49.712821 13236 auto_leader_rebalancer.cc:524] the master instance isn't leader: Service unavailable: Tablet not running
W20260630 12:25:49.713897 13231 auto_rebalancer.cc:298] Could not retrieve cluster info: Service unavailable: Tablet not running
I20260630 12:25:49.719921 13484 raft_consensus.cc:493] T 7050465a2c6d4b18a1e3cea06fe5aead P 4ca5d9b687ef4b3d8c6edbecbedff5b8 [term 0 FOLLOWER]: Starting pre-election (no leader contacted us within the election timeout)
I20260630 12:25:49.720248 13434 tablet_service.cc:1917] Received RequestConsensusVote() RPC: tablet_id: "5178f3e825ad4bb590c9fe7fe41d2acf" candidate_uuid: "d845a5cde321445bb9d90c628db4a164" candidate_term: 1 candidate_status { last_received { term: 0 index: 0 } } ignore_live_leader: false dest_uuid: "a535dabe913949038ce9af666f582153"
I20260630 12:25:49.720377 13484 raft_consensus.cc:515] T 7050465a2c6d4b18a1e3cea06fe5aead P 4ca5d9b687ef4b3d8c6edbecbedff5b8 [term 0 FOLLOWER]: Starting pre-election with config: opid_index: -1 OBSOLETE_local: false peers { permanent_uuid: "d845a5cde321445bb9d90c628db4a164" member_type: VOTER last_known_addr { host: "127.10.21.129" port: 35309 } } peers { permanent_uuid: "4ca5d9b687ef4b3d8c6edbecbedff5b8" member_type: VOTER last_known_addr { host: "127.10.21.130" port: 42561 } } peers { permanent_uuid: "a535dabe913949038ce9af666f582153" member_type: VOTER last_known_addr { host: "127.10.21.131" port: 37191 } }
I20260630 12:25:49.720835 13434 raft_consensus.cc:3060] T 5178f3e825ad4bb590c9fe7fe41d2acf P a535dabe913949038ce9af666f582153 [term 0 FOLLOWER]: Advancing to term 1
I20260630 12:25:49.722074 13517 raft_consensus.cc:493] T 7050465a2c6d4b18a1e3cea06fe5aead P d845a5cde321445bb9d90c628db4a164 [term 0 FOLLOWER]: Starting pre-election (no leader contacted us within the election timeout)
I20260630 12:25:49.722383 13484 leader_election.cc:290] T 7050465a2c6d4b18a1e3cea06fe5aead P 4ca5d9b687ef4b3d8c6edbecbedff5b8 [CANDIDATE]: Term 1 pre-election: Requested pre-vote from peers d845a5cde321445bb9d90c628db4a164 (127.10.21.129:35309), a535dabe913949038ce9af666f582153 (127.10.21.131:37191)
I20260630 12:25:49.723520 13284 tablet_service.cc:1917] Received RequestConsensusVote() RPC: tablet_id: "7050465a2c6d4b18a1e3cea06fe5aead" candidate_uuid: "4ca5d9b687ef4b3d8c6edbecbedff5b8" candidate_term: 1 candidate_status { last_received { term: 0 index: 0 } } ignore_live_leader: false dest_uuid: "d845a5cde321445bb9d90c628db4a164" is_pre_election: true
I20260630 12:25:49.723733 13433 tablet_service.cc:1917] Received RequestConsensusVote() RPC: tablet_id: "7050465a2c6d4b18a1e3cea06fe5aead" candidate_uuid: "4ca5d9b687ef4b3d8c6edbecbedff5b8" candidate_term: 1 candidate_status { last_received { term: 0 index: 0 } } ignore_live_leader: false dest_uuid: "a535dabe913949038ce9af666f582153" is_pre_election: true
I20260630 12:25:49.727142 13433 raft_consensus.cc:2468] T 7050465a2c6d4b18a1e3cea06fe5aead P a535dabe913949038ce9af666f582153 [term 0 FOLLOWER]: Leader pre-election vote request: Granting yes vote for candidate 4ca5d9b687ef4b3d8c6edbecbedff5b8 in term 0.
I20260630 12:25:49.728459 13324 leader_election.cc:304] T 7050465a2c6d4b18a1e3cea06fe5aead P 4ca5d9b687ef4b3d8c6edbecbedff5b8 [CANDIDATE]: Term 1 pre-election: Election decided. Result: candidate won. Election summary: received 2 responses out of 3 voters: 2 yes votes; 0 no votes. yes voters: 4ca5d9b687ef4b3d8c6edbecbedff5b8, a535dabe913949038ce9af666f582153; no voters: 
I20260630 12:25:49.728843 13434 raft_consensus.cc:2468] T 5178f3e825ad4bb590c9fe7fe41d2acf P a535dabe913949038ce9af666f582153 [term 1 FOLLOWER]: Leader election vote request: Granting yes vote for candidate d845a5cde321445bb9d90c628db4a164 in term 1.
I20260630 12:25:49.729374 13484 raft_consensus.cc:2804] T 7050465a2c6d4b18a1e3cea06fe5aead P 4ca5d9b687ef4b3d8c6edbecbedff5b8 [term 0 FOLLOWER]: Leader pre-election won for term 1
I20260630 12:25:49.729621 13519 raft_consensus.cc:493] T 57e3c5c03d5c4dc8a9bf8bd867edd0a1 P d845a5cde321445bb9d90c628db4a164 [term 0 FOLLOWER]: Starting pre-election (no leader contacted us within the election timeout)
I20260630 12:25:49.729753 13484 raft_consensus.cc:493] T 7050465a2c6d4b18a1e3cea06fe5aead P 4ca5d9b687ef4b3d8c6edbecbedff5b8 [term 0 FOLLOWER]: Starting leader election (no leader contacted us within the election timeout)
I20260630 12:25:49.730103 13484 raft_consensus.cc:3060] T 7050465a2c6d4b18a1e3cea06fe5aead P 4ca5d9b687ef4b3d8c6edbecbedff5b8 [term 0 FOLLOWER]: Advancing to term 1
I20260630 12:25:49.730096 13519 raft_consensus.cc:515] T 57e3c5c03d5c4dc8a9bf8bd867edd0a1 P d845a5cde321445bb9d90c628db4a164 [term 0 FOLLOWER]: Starting pre-election with config: opid_index: -1 OBSOLETE_local: false peers { permanent_uuid: "d845a5cde321445bb9d90c628db4a164" member_type: VOTER last_known_addr { host: "127.10.21.129" port: 35309 } } peers { permanent_uuid: "4ca5d9b687ef4b3d8c6edbecbedff5b8" member_type: VOTER last_known_addr { host: "127.10.21.130" port: 42561 } } peers { permanent_uuid: "a535dabe913949038ce9af666f582153" member_type: VOTER last_known_addr { host: "127.10.21.131" port: 37191 } }
I20260630 12:25:49.732360 13519 leader_election.cc:290] T 57e3c5c03d5c4dc8a9bf8bd867edd0a1 P d845a5cde321445bb9d90c628db4a164 [CANDIDATE]: Term 1 pre-election: Requested pre-vote from peers 4ca5d9b687ef4b3d8c6edbecbedff5b8 (127.10.21.130:42561), a535dabe913949038ce9af666f582153 (127.10.21.131:37191)
I20260630 12:25:49.732921 13518 raft_consensus.cc:2804] T 5178f3e825ad4bb590c9fe7fe41d2acf P d845a5cde321445bb9d90c628db4a164 [term 1 FOLLOWER]: Leader election won for term 1
I20260630 12:25:49.733043 13360 tablet_service.cc:1917] Received RequestConsensusVote() RPC: tablet_id: "57e3c5c03d5c4dc8a9bf8bd867edd0a1" candidate_uuid: "d845a5cde321445bb9d90c628db4a164" candidate_term: 1 candidate_status { last_received { term: 0 index: 0 } } ignore_live_leader: false dest_uuid: "4ca5d9b687ef4b3d8c6edbecbedff5b8" is_pre_election: true
I20260630 12:25:49.733433 13434 tablet_service.cc:1917] Received RequestConsensusVote() RPC: tablet_id: "57e3c5c03d5c4dc8a9bf8bd867edd0a1" candidate_uuid: "d845a5cde321445bb9d90c628db4a164" candidate_term: 1 candidate_status { last_received { term: 0 index: 0 } } ignore_live_leader: false dest_uuid: "a535dabe913949038ce9af666f582153" is_pre_election: true
I20260630 12:25:49.733795 13360 raft_consensus.cc:2468] T 57e3c5c03d5c4dc8a9bf8bd867edd0a1 P 4ca5d9b687ef4b3d8c6edbecbedff5b8 [term 0 FOLLOWER]: Leader pre-election vote request: Granting yes vote for candidate d845a5cde321445bb9d90c628db4a164 in term 0.
I20260630 12:25:49.734098 13434 raft_consensus.cc:2468] T 57e3c5c03d5c4dc8a9bf8bd867edd0a1 P a535dabe913949038ce9af666f582153 [term 0 FOLLOWER]: Leader pre-election vote request: Granting yes vote for candidate d845a5cde321445bb9d90c628db4a164 in term 0.
I20260630 12:25:49.733479 13518 raft_consensus.cc:697] T 5178f3e825ad4bb590c9fe7fe41d2acf P d845a5cde321445bb9d90c628db4a164 [term 1 LEADER]: Becoming Leader. State: Replica: d845a5cde321445bb9d90c628db4a164, State: Running, Role: LEADER
I20260630 12:25:49.735278 13250 leader_election.cc:304] T 57e3c5c03d5c4dc8a9bf8bd867edd0a1 P d845a5cde321445bb9d90c628db4a164 [CANDIDATE]: Term 1 pre-election: Election decided. Result: candidate won. Election summary: received 2 responses out of 3 voters: 2 yes votes; 0 no votes. yes voters: 4ca5d9b687ef4b3d8c6edbecbedff5b8, d845a5cde321445bb9d90c628db4a164; no voters: 
I20260630 12:25:49.735069 13518 consensus_queue.cc:237] T 5178f3e825ad4bb590c9fe7fe41d2acf P d845a5cde321445bb9d90c628db4a164 [LEADER]: Queue going to LEADER mode. State: All replicated index: 0, Majority replicated index: 0, Committed index: 0, Last appended: 0.0, Last appended by leader: 0, Current term: 1, Majority size: 2, State: 0, Mode: LEADER, active raft config: opid_index: -1 OBSOLETE_local: false peers { permanent_uuid: "4ca5d9b687ef4b3d8c6edbecbedff5b8" member_type: VOTER last_known_addr { host: "127.10.21.130" port: 42561 } } peers { permanent_uuid: "d845a5cde321445bb9d90c628db4a164" member_type: VOTER last_known_addr { host: "127.10.21.129" port: 35309 } } peers { permanent_uuid: "a535dabe913949038ce9af666f582153" member_type: VOTER last_known_addr { host: "127.10.21.131" port: 37191 } }
I20260630 12:25:49.737044 13484 raft_consensus.cc:515] T 7050465a2c6d4b18a1e3cea06fe5aead P 4ca5d9b687ef4b3d8c6edbecbedff5b8 [term 1 FOLLOWER]: Starting leader election with config: opid_index: -1 OBSOLETE_local: false peers { permanent_uuid: "d845a5cde321445bb9d90c628db4a164" member_type: VOTER last_known_addr { host: "127.10.21.129" port: 35309 } } peers { permanent_uuid: "4ca5d9b687ef4b3d8c6edbecbedff5b8" member_type: VOTER last_known_addr { host: "127.10.21.130" port: 42561 } } peers { permanent_uuid: "a535dabe913949038ce9af666f582153" member_type: VOTER last_known_addr { host: "127.10.21.131" port: 37191 } }
I20260630 12:25:49.738710 13484 leader_election.cc:290] T 7050465a2c6d4b18a1e3cea06fe5aead P 4ca5d9b687ef4b3d8c6edbecbedff5b8 [CANDIDATE]: Term 1 election: Requested vote from peers d845a5cde321445bb9d90c628db4a164 (127.10.21.129:35309), a535dabe913949038ce9af666f582153 (127.10.21.131:37191)
I20260630 12:25:49.724421 13487 leader_election.cc:290] T 5178f3e825ad4bb590c9fe7fe41d2acf P d845a5cde321445bb9d90c628db4a164 [CANDIDATE]: Term 1 election: Requested vote from peers 4ca5d9b687ef4b3d8c6edbecbedff5b8 (127.10.21.130:42561), a535dabe913949038ce9af666f582153 (127.10.21.131:37191)
I20260630 12:25:49.738917 13480 tablet_bootstrap.cc:492] T 726c8cb4058d48948d7164ba5dc8f700 P d845a5cde321445bb9d90c628db4a164: No bootstrap required, opened a new log
I20260630 12:25:49.738932 13519 raft_consensus.cc:2804] T 57e3c5c03d5c4dc8a9bf8bd867edd0a1 P d845a5cde321445bb9d90c628db4a164 [term 0 FOLLOWER]: Leader pre-election won for term 1
I20260630 12:25:49.739380 13285 tablet_service.cc:1917] Received RequestConsensusVote() RPC: tablet_id: "7050465a2c6d4b18a1e3cea06fe5aead" candidate_uuid: "4ca5d9b687ef4b3d8c6edbecbedff5b8" candidate_term: 1 candidate_status { last_received { term: 0 index: 0 } } ignore_live_leader: false dest_uuid: "d845a5cde321445bb9d90c628db4a164"
I20260630 12:25:49.746137 13519 raft_consensus.cc:493] T 57e3c5c03d5c4dc8a9bf8bd867edd0a1 P d845a5cde321445bb9d90c628db4a164 [term 0 FOLLOWER]: Starting leader election (no leader contacted us within the election timeout)
I20260630 12:25:49.745900 13517 raft_consensus.cc:515] T 7050465a2c6d4b18a1e3cea06fe5aead P d845a5cde321445bb9d90c628db4a164 [term 0 FOLLOWER]: Starting pre-election with config: opid_index: -1 OBSOLETE_local: false peers { permanent_uuid: "d845a5cde321445bb9d90c628db4a164" member_type: VOTER last_known_addr { host: "127.10.21.129" port: 35309 } } peers { permanent_uuid: "4ca5d9b687ef4b3d8c6edbecbedff5b8" member_type: VOTER last_known_addr { host: "127.10.21.130" port: 42561 } } peers { permanent_uuid: "a535dabe913949038ce9af666f582153" member_type: VOTER last_known_addr { host: "127.10.21.131" port: 37191 } }
I20260630 12:25:49.740394 13434 tablet_service.cc:1917] Received RequestConsensusVote() RPC: tablet_id: "7050465a2c6d4b18a1e3cea06fe5aead" candidate_uuid: "4ca5d9b687ef4b3d8c6edbecbedff5b8" candidate_term: 1 candidate_status { last_received { term: 0 index: 0 } } ignore_live_leader: false dest_uuid: "a535dabe913949038ce9af666f582153"
I20260630 12:25:49.746594 13519 raft_consensus.cc:3060] T 57e3c5c03d5c4dc8a9bf8bd867edd0a1 P d845a5cde321445bb9d90c628db4a164 [term 0 FOLLOWER]: Advancing to term 1
I20260630 12:25:49.746917 13434 raft_consensus.cc:3060] T 7050465a2c6d4b18a1e3cea06fe5aead P a535dabe913949038ce9af666f582153 [term 0 FOLLOWER]: Advancing to term 1
I20260630 12:25:49.747035 13284 raft_consensus.cc:2468] T 7050465a2c6d4b18a1e3cea06fe5aead P d845a5cde321445bb9d90c628db4a164 [term 0 FOLLOWER]: Leader pre-election vote request: Granting yes vote for candidate 4ca5d9b687ef4b3d8c6edbecbedff5b8 in term 0.
I20260630 12:25:49.749243 13360 tablet_service.cc:1917] Received RequestConsensusVote() RPC: tablet_id: "7050465a2c6d4b18a1e3cea06fe5aead" candidate_uuid: "d845a5cde321445bb9d90c628db4a164" candidate_term: 1 candidate_status { last_received { term: 0 index: 0 } } ignore_live_leader: false dest_uuid: "4ca5d9b687ef4b3d8c6edbecbedff5b8" is_pre_election: true
I20260630 12:25:49.749974 13360 raft_consensus.cc:2393] T 7050465a2c6d4b18a1e3cea06fe5aead P 4ca5d9b687ef4b3d8c6edbecbedff5b8 [term 1 FOLLOWER]: Leader pre-election vote request: Denying vote to candidate d845a5cde321445bb9d90c628db4a164 in current term 1: Already voted for candidate 4ca5d9b687ef4b3d8c6edbecbedff5b8 in this term.
I20260630 12:25:49.749917 13485 raft_consensus.cc:493] T 726c8cb4058d48948d7164ba5dc8f700 P a535dabe913949038ce9af666f582153 [term 0 FOLLOWER]: Starting pre-election (no leader contacted us within the election timeout)
I20260630 12:25:49.750445 13485 raft_consensus.cc:515] T 726c8cb4058d48948d7164ba5dc8f700 P a535dabe913949038ce9af666f582153 [term 0 FOLLOWER]: Starting pre-election with config: opid_index: -1 OBSOLETE_local: false peers { permanent_uuid: "4ca5d9b687ef4b3d8c6edbecbedff5b8" member_type: VOTER last_known_addr { host: "127.10.21.130" port: 42561 } } peers { permanent_uuid: "d845a5cde321445bb9d90c628db4a164" member_type: VOTER last_known_addr { host: "127.10.21.129" port: 35309 } } peers { permanent_uuid: "a535dabe913949038ce9af666f582153" member_type: VOTER last_known_addr { host: "127.10.21.131" port: 37191 } }
I20260630 12:25:49.751788 13517 leader_election.cc:290] T 7050465a2c6d4b18a1e3cea06fe5aead P d845a5cde321445bb9d90c628db4a164 [CANDIDATE]: Term 1 pre-election: Requested pre-vote from peers 4ca5d9b687ef4b3d8c6edbecbedff5b8 (127.10.21.130:42561), a535dabe913949038ce9af666f582153 (127.10.21.131:37191)
I20260630 12:25:49.752452 13485 leader_election.cc:290] T 726c8cb4058d48948d7164ba5dc8f700 P a535dabe913949038ce9af666f582153 [CANDIDATE]: Term 1 pre-election: Requested pre-vote from peers 4ca5d9b687ef4b3d8c6edbecbedff5b8 (127.10.21.130:42561), d845a5cde321445bb9d90c628db4a164 (127.10.21.129:35309)
I20260630 12:25:49.753270 13360 tablet_service.cc:1917] Received RequestConsensusVote() RPC: tablet_id: "726c8cb4058d48948d7164ba5dc8f700" candidate_uuid: "a535dabe913949038ce9af666f582153" candidate_term: 1 candidate_status { last_received { term: 0 index: 0 } } ignore_live_leader: false dest_uuid: "4ca5d9b687ef4b3d8c6edbecbedff5b8" is_pre_election: true
I20260630 12:25:49.753772 13283 tablet_service.cc:1917] Received RequestConsensusVote() RPC: tablet_id: "726c8cb4058d48948d7164ba5dc8f700" candidate_uuid: "a535dabe913949038ce9af666f582153" candidate_term: 1 candidate_status { last_received { term: 0 index: 0 } } ignore_live_leader: false dest_uuid: "d845a5cde321445bb9d90c628db4a164" is_pre_election: true
I20260630 12:25:49.754076 13360 raft_consensus.cc:2468] T 726c8cb4058d48948d7164ba5dc8f700 P 4ca5d9b687ef4b3d8c6edbecbedff5b8 [term 0 FOLLOWER]: Leader pre-election vote request: Granting yes vote for candidate a535dabe913949038ce9af666f582153 in term 0.
I20260630 12:25:49.746282 13480 ts_tablet_manager.cc:1403] T 726c8cb4058d48948d7164ba5dc8f700 P d845a5cde321445bb9d90c628db4a164: Time spent bootstrapping tablet: real 0.065s	user 0.015s	sys 0.000s
I20260630 12:25:49.753239 13433 tablet_service.cc:1917] Received RequestConsensusVote() RPC: tablet_id: "7050465a2c6d4b18a1e3cea06fe5aead" candidate_uuid: "d845a5cde321445bb9d90c628db4a164" candidate_term: 1 candidate_status { last_received { term: 0 index: 0 } } ignore_live_leader: false dest_uuid: "a535dabe913949038ce9af666f582153" is_pre_election: true
I20260630 12:25:49.755467 13399 leader_election.cc:304] T 726c8cb4058d48948d7164ba5dc8f700 P a535dabe913949038ce9af666f582153 [CANDIDATE]: Term 1 pre-election: Election decided. Result: candidate won. Election summary: received 2 responses out of 3 voters: 2 yes votes; 0 no votes. yes voters: 4ca5d9b687ef4b3d8c6edbecbedff5b8, a535dabe913949038ce9af666f582153; no voters: 
I20260630 12:25:49.756628 13485 raft_consensus.cc:2804] T 726c8cb4058d48948d7164ba5dc8f700 P a535dabe913949038ce9af666f582153 [term 0 FOLLOWER]: Leader pre-election won for term 1
I20260630 12:25:49.757401 13485 raft_consensus.cc:493] T 726c8cb4058d48948d7164ba5dc8f700 P a535dabe913949038ce9af666f582153 [term 0 FOLLOWER]: Starting leader election (no leader contacted us within the election timeout)
I20260630 12:25:49.757369 13519 raft_consensus.cc:515] T 57e3c5c03d5c4dc8a9bf8bd867edd0a1 P d845a5cde321445bb9d90c628db4a164 [term 1 FOLLOWER]: Starting leader election with config: opid_index: -1 OBSOLETE_local: false peers { permanent_uuid: "d845a5cde321445bb9d90c628db4a164" member_type: VOTER last_known_addr { host: "127.10.21.129" port: 35309 } } peers { permanent_uuid: "4ca5d9b687ef4b3d8c6edbecbedff5b8" member_type: VOTER last_known_addr { host: "127.10.21.130" port: 42561 } } peers { permanent_uuid: "a535dabe913949038ce9af666f582153" member_type: VOTER last_known_addr { host: "127.10.21.131" port: 37191 } }
