I20260630 12:24:39.555975  7813 consensus_queue.cc:1048] T f551e241cc6447d18d2a1c00c0040bb3 P 60bf1963163049fbb6d4e5b3ef56f3d3 [LEADER]: Connected to new peer: Peer: permanent_uuid: "1b87b1cbb1104f5180f4927377071998" member_type: VOTER last_known_addr { host: "127.6.163.130" port: 46733 }, Status: LMP_MISMATCH, Last received: 0.0, Next index: 2, Last known committed idx: 1, Time since last communication: 0.000s
I20260630 12:24:39.561947  7813 raft_consensus.cc:2955] T f551e241cc6447d18d2a1c00c0040bb3 P 60bf1963163049fbb6d4e5b3ef56f3d3 [term 1 LEADER]: Committing config change with OpId 1.2: config changed from index -1 to 2, NON_VOTER e7965d7b8bdc4410b40909f2bfc36665 (127.6.163.132) added. New config: { opid_index: 2 OBSOLETE_local: false peers { permanent_uuid: "60bf1963163049fbb6d4e5b3ef56f3d3" member_type: VOTER last_known_addr { host: "127.6.163.129" port: 46593 } } peers { permanent_uuid: "1b87b1cbb1104f5180f4927377071998" member_type: VOTER last_known_addr { host: "127.6.163.130" port: 46733 } } peers { permanent_uuid: "79bc7f6ab88a4254a302b3d4e237449f" member_type: VOTER last_known_addr { host: "127.6.163.131" port: 35615 } attrs { replace: true } } peers { permanent_uuid: "e7965d7b8bdc4410b40909f2bfc36665" member_type: NON_VOTER last_known_addr { host: "127.6.163.132" port: 42969 } attrs { promote: true } } }
W20260630 12:24:39.567107  7430 consensus_peers.cc:597] T f551e241cc6447d18d2a1c00c0040bb3 P 60bf1963163049fbb6d4e5b3ef56f3d3 -> Peer e7965d7b8bdc4410b40909f2bfc36665 (127.6.163.132:42969): Couldn't send request to peer e7965d7b8bdc4410b40909f2bfc36665. Error code: TABLET_NOT_FOUND (6). Status: Not found: Tablet not found: f551e241cc6447d18d2a1c00c0040bb3. This is attempt 1: this message will repeat every 5th retry.
I20260630 12:24:39.563120  7615 raft_consensus.cc:2955] T f551e241cc6447d18d2a1c00c0040bb3 P 79bc7f6ab88a4254a302b3d4e237449f [term 1 FOLLOWER]: Committing config change with OpId 1.2: config changed from index -1 to 2, NON_VOTER e7965d7b8bdc4410b40909f2bfc36665 (127.6.163.132) added. New config: { opid_index: 2 OBSOLETE_local: false peers { permanent_uuid: "60bf1963163049fbb6d4e5b3ef56f3d3" member_type: VOTER last_known_addr { host: "127.6.163.129" port: 46593 } } peers { permanent_uuid: "1b87b1cbb1104f5180f4927377071998" member_type: VOTER last_known_addr { host: "127.6.163.130" port: 46733 } } peers { permanent_uuid: "79bc7f6ab88a4254a302b3d4e237449f" member_type: VOTER last_known_addr { host: "127.6.163.131" port: 35615 } attrs { replace: true } } peers { permanent_uuid: "e7965d7b8bdc4410b40909f2bfc36665" member_type: NON_VOTER last_known_addr { host: "127.6.163.132" port: 42969 } attrs { promote: true } } }
I20260630 12:24:39.578018  7540 raft_consensus.cc:2955] T f551e241cc6447d18d2a1c00c0040bb3 P 1b87b1cbb1104f5180f4927377071998 [term 1 FOLLOWER]: Committing config change with OpId 1.2: config changed from index -1 to 2, NON_VOTER e7965d7b8bdc4410b40909f2bfc36665 (127.6.163.132) added. New config: { opid_index: 2 OBSOLETE_local: false peers { permanent_uuid: "60bf1963163049fbb6d4e5b3ef56f3d3" member_type: VOTER last_known_addr { host: "127.6.163.129" port: 46593 } } peers { permanent_uuid: "1b87b1cbb1104f5180f4927377071998" member_type: VOTER last_known_addr { host: "127.6.163.130" port: 46733 } } peers { permanent_uuid: "79bc7f6ab88a4254a302b3d4e237449f" member_type: VOTER last_known_addr { host: "127.6.163.131" port: 35615 } attrs { replace: true } } peers { permanent_uuid: "e7965d7b8bdc4410b40909f2bfc36665" member_type: NON_VOTER last_known_addr { host: "127.6.163.132" port: 42969 } attrs { promote: true } } }
I20260630 12:24:39.581113  7362 catalog_manager.cc:5697] T f551e241cc6447d18d2a1c00c0040bb3 P 60bf1963163049fbb6d4e5b3ef56f3d3 reported cstate change: config changed from index -1 to 2, NON_VOTER e7965d7b8bdc4410b40909f2bfc36665 (127.6.163.132) added. New cstate: current_term: 1 leader_uuid: "60bf1963163049fbb6d4e5b3ef56f3d3" committed_config { opid_index: 2 OBSOLETE_local: false peers { permanent_uuid: "60bf1963163049fbb6d4e5b3ef56f3d3" member_type: VOTER last_known_addr { host: "127.6.163.129" port: 46593 } health_report { overall_health: HEALTHY } } peers { permanent_uuid: "1b87b1cbb1104f5180f4927377071998" member_type: VOTER last_known_addr { host: "127.6.163.130" port: 46733 } health_report { overall_health: HEALTHY } } peers { permanent_uuid: "79bc7f6ab88a4254a302b3d4e237449f" member_type: VOTER last_known_addr { host: "127.6.163.131" port: 35615 } attrs { replace: true } health_report { overall_health: HEALTHY } } peers { permanent_uuid: "e7965d7b8bdc4410b40909f2bfc36665" member_type: NON_VOTER last_known_addr { host: "127.6.163.132" port: 42969 } attrs { promote: true } health_report { overall_health: UNKNOWN } } }
I20260630 12:24:39.592099  7615 consensus_queue.cc:237] T c1fbb4817d4347d0b3b6192485b65305 P 79bc7f6ab88a4254a302b3d4e237449f [LEADER]: Queue going to LEADER mode. State: All replicated index: 0, Majority replicated index: 1, Committed index: 1, Last appended: 1.1, Last appended by leader: 0, Current term: 1, Majority size: 2, State: 0, Mode: LEADER, active raft config: opid_index: 2 OBSOLETE_local: false peers { permanent_uuid: "60bf1963163049fbb6d4e5b3ef56f3d3" member_type: VOTER last_known_addr { host: "127.6.163.129" port: 46593 } attrs { replace: true } } peers { permanent_uuid: "1b87b1cbb1104f5180f4927377071998" member_type: VOTER last_known_addr { host: "127.6.163.130" port: 46733 } } peers { permanent_uuid: "79bc7f6ab88a4254a302b3d4e237449f" member_type: VOTER last_known_addr { host: "127.6.163.131" port: 35615 } } peers { permanent_uuid: "e7965d7b8bdc4410b40909f2bfc36665" member_type: NON_VOTER last_known_addr { host: "127.6.163.132" port: 42969 } attrs { promote: true } }
I20260630 12:24:39.601554  7540 raft_consensus.cc:1275] T c1fbb4817d4347d0b3b6192485b65305 P 1b87b1cbb1104f5180f4927377071998 [term 1 FOLLOWER]: Refusing update from remote peer 79bc7f6ab88a4254a302b3d4e237449f: Log matching property violated. Preceding OpId in replica: term: 1 index: 1. Preceding OpId from leader: term: 1 index: 2. (index mismatch)
I20260630 12:24:39.603638  7700 consensus_queue.cc:1048] T c1fbb4817d4347d0b3b6192485b65305 P 79bc7f6ab88a4254a302b3d4e237449f [LEADER]: Connected to new peer: Peer: permanent_uuid: "1b87b1cbb1104f5180f4927377071998" member_type: VOTER last_known_addr { host: "127.6.163.130" port: 46733 }, Status: LMP_MISMATCH, Last received: 0.0, Next index: 2, Last known committed idx: 1, Time since last communication: 0.000s
I20260630 12:24:39.608130  7464 raft_consensus.cc:1275] T c1fbb4817d4347d0b3b6192485b65305 P 60bf1963163049fbb6d4e5b3ef56f3d3 [term 1 FOLLOWER]: Refusing update from remote peer 79bc7f6ab88a4254a302b3d4e237449f: Log matching property violated. Preceding OpId in replica: term: 1 index: 1. Preceding OpId from leader: term: 1 index: 2. (index mismatch)
I20260630 12:24:39.609603  7822 consensus_queue.cc:1048] T c1fbb4817d4347d0b3b6192485b65305 P 79bc7f6ab88a4254a302b3d4e237449f [LEADER]: Connected to new peer: Peer: permanent_uuid: "60bf1963163049fbb6d4e5b3ef56f3d3" member_type: VOTER last_known_addr { host: "127.6.163.129" port: 46593 } attrs { replace: true }, Status: LMP_MISMATCH, Last received: 0.0, Next index: 2, Last known committed idx: 1, Time since last communication: 0.000s
I20260630 12:24:39.612972  7700 raft_consensus.cc:2955] T c1fbb4817d4347d0b3b6192485b65305 P 79bc7f6ab88a4254a302b3d4e237449f [term 1 LEADER]: Committing config change with OpId 1.2: config changed from index -1 to 2, NON_VOTER e7965d7b8bdc4410b40909f2bfc36665 (127.6.163.132) added. New config: { opid_index: 2 OBSOLETE_local: false peers { permanent_uuid: "60bf1963163049fbb6d4e5b3ef56f3d3" member_type: VOTER last_known_addr { host: "127.6.163.129" port: 46593 } attrs { replace: true } } peers { permanent_uuid: "1b87b1cbb1104f5180f4927377071998" member_type: VOTER last_known_addr { host: "127.6.163.130" port: 46733 } } peers { permanent_uuid: "79bc7f6ab88a4254a302b3d4e237449f" member_type: VOTER last_known_addr { host: "127.6.163.131" port: 35615 } } peers { permanent_uuid: "e7965d7b8bdc4410b40909f2bfc36665" member_type: NON_VOTER last_known_addr { host: "127.6.163.132" port: 42969 } attrs { promote: true } } }
I20260630 12:24:39.617962  7464 raft_consensus.cc:2955] T c1fbb4817d4347d0b3b6192485b65305 P 60bf1963163049fbb6d4e5b3ef56f3d3 [term 1 FOLLOWER]: Committing config change with OpId 1.2: config changed from index -1 to 2, NON_VOTER e7965d7b8bdc4410b40909f2bfc36665 (127.6.163.132) added. New config: { opid_index: 2 OBSOLETE_local: false peers { permanent_uuid: "60bf1963163049fbb6d4e5b3ef56f3d3" member_type: VOTER last_known_addr { host: "127.6.163.129" port: 46593 } attrs { replace: true } } peers { permanent_uuid: "1b87b1cbb1104f5180f4927377071998" member_type: VOTER last_known_addr { host: "127.6.163.130" port: 46733 } } peers { permanent_uuid: "79bc7f6ab88a4254a302b3d4e237449f" member_type: VOTER last_known_addr { host: "127.6.163.131" port: 35615 } } peers { permanent_uuid: "e7965d7b8bdc4410b40909f2bfc36665" member_type: NON_VOTER last_known_addr { host: "127.6.163.132" port: 42969 } attrs { promote: true } } }
W20260630 12:24:39.618898  7579 consensus_peers.cc:597] T c1fbb4817d4347d0b3b6192485b65305 P 79bc7f6ab88a4254a302b3d4e237449f -> Peer e7965d7b8bdc4410b40909f2bfc36665 (127.6.163.132:42969): Couldn't send request to peer e7965d7b8bdc4410b40909f2bfc36665. Error code: TABLET_NOT_FOUND (6). Status: Not found: Tablet not found: c1fbb4817d4347d0b3b6192485b65305. This is attempt 1: this message will repeat every 5th retry.
I20260630 12:24:39.620232  7540 raft_consensus.cc:2955] T c1fbb4817d4347d0b3b6192485b65305 P 1b87b1cbb1104f5180f4927377071998 [term 1 FOLLOWER]: Committing config change with OpId 1.2: config changed from index -1 to 2, NON_VOTER e7965d7b8bdc4410b40909f2bfc36665 (127.6.163.132) added. New config: { opid_index: 2 OBSOLETE_local: false peers { permanent_uuid: "60bf1963163049fbb6d4e5b3ef56f3d3" member_type: VOTER last_known_addr { host: "127.6.163.129" port: 46593 } attrs { replace: true } } peers { permanent_uuid: "1b87b1cbb1104f5180f4927377071998" member_type: VOTER last_known_addr { host: "127.6.163.130" port: 46733 } } peers { permanent_uuid: "79bc7f6ab88a4254a302b3d4e237449f" member_type: VOTER last_known_addr { host: "127.6.163.131" port: 35615 } } peers { permanent_uuid: "e7965d7b8bdc4410b40909f2bfc36665" member_type: NON_VOTER last_known_addr { host: "127.6.163.132" port: 42969 } attrs { promote: true } } }
I20260630 12:24:39.626995  7615 consensus_queue.cc:237] T d5958c0c074b42e38a68122f1bb62078 P 79bc7f6ab88a4254a302b3d4e237449f [LEADER]: Queue going to LEADER mode. State: All replicated index: 0, Majority replicated index: 1, Committed index: 1, Last appended: 1.1, Last appended by leader: 0, Current term: 1, Majority size: 2, State: 0, Mode: LEADER, active raft config: opid_index: 2 OBSOLETE_local: false peers { permanent_uuid: "60bf1963163049fbb6d4e5b3ef56f3d3" member_type: VOTER last_known_addr { host: "127.6.163.129" port: 46593 } } peers { permanent_uuid: "1b87b1cbb1104f5180f4927377071998" member_type: VOTER last_known_addr { host: "127.6.163.130" port: 46733 } attrs { replace: true } } peers { permanent_uuid: "79bc7f6ab88a4254a302b3d4e237449f" member_type: VOTER last_known_addr { host: "127.6.163.131" port: 35615 } } peers { permanent_uuid: "e7965d7b8bdc4410b40909f2bfc36665" member_type: NON_VOTER last_known_addr { host: "127.6.163.132" port: 42969 } attrs { promote: true } }
I20260630 12:24:39.627318  7363 catalog_manager.cc:5697] T c1fbb4817d4347d0b3b6192485b65305 P 79bc7f6ab88a4254a302b3d4e237449f reported cstate change: config changed from index -1 to 2, NON_VOTER e7965d7b8bdc4410b40909f2bfc36665 (127.6.163.132) added. New cstate: current_term: 1 leader_uuid: "79bc7f6ab88a4254a302b3d4e237449f" committed_config { opid_index: 2 OBSOLETE_local: false peers { permanent_uuid: "60bf1963163049fbb6d4e5b3ef56f3d3" member_type: VOTER last_known_addr { host: "127.6.163.129" port: 46593 } attrs { replace: true } health_report { overall_health: HEALTHY } } peers { permanent_uuid: "1b87b1cbb1104f5180f4927377071998" member_type: VOTER last_known_addr { host: "127.6.163.130" port: 46733 } health_report { overall_health: HEALTHY } } peers { permanent_uuid: "79bc7f6ab88a4254a302b3d4e237449f" member_type: VOTER last_known_addr { host: "127.6.163.131" port: 35615 } health_report { overall_health: HEALTHY } } peers { permanent_uuid: "e7965d7b8bdc4410b40909f2bfc36665" member_type: NON_VOTER last_known_addr { host: "127.6.163.132" port: 42969 } attrs { promote: true } health_report { overall_health: UNKNOWN } } }
I20260630 12:24:39.638456  7540 raft_consensus.cc:1275] T d5958c0c074b42e38a68122f1bb62078 P 1b87b1cbb1104f5180f4927377071998 [term 1 FOLLOWER]: Refusing update from remote peer 79bc7f6ab88a4254a302b3d4e237449f: Log matching property violated. Preceding OpId in replica: term: 1 index: 1. Preceding OpId from leader: term: 1 index: 2. (index mismatch)
W20260630 12:24:39.639400  7579 consensus_peers.cc:597] T d5958c0c074b42e38a68122f1bb62078 P 79bc7f6ab88a4254a302b3d4e237449f -> Peer e7965d7b8bdc4410b40909f2bfc36665 (127.6.163.132:42969): Couldn't send request to peer e7965d7b8bdc4410b40909f2bfc36665. Error code: TABLET_NOT_FOUND (6). Status: Not found: Tablet not found: d5958c0c074b42e38a68122f1bb62078. This is attempt 1: this message will repeat every 5th retry.
I20260630 12:24:39.640570  7700 consensus_queue.cc:1048] T d5958c0c074b42e38a68122f1bb62078 P 79bc7f6ab88a4254a302b3d4e237449f [LEADER]: Connected to new peer: Peer: permanent_uuid: "1b87b1cbb1104f5180f4927377071998" member_type: VOTER last_known_addr { host: "127.6.163.130" port: 46733 } attrs { replace: true }, Status: LMP_MISMATCH, Last received: 0.0, Next index: 2, Last known committed idx: 1, Time since last communication: 0.000s
I20260630 12:24:39.641662  7464 raft_consensus.cc:1275] T d5958c0c074b42e38a68122f1bb62078 P 60bf1963163049fbb6d4e5b3ef56f3d3 [term 1 FOLLOWER]: Refusing update from remote peer 79bc7f6ab88a4254a302b3d4e237449f: Log matching property violated. Preceding OpId in replica: term: 1 index: 1. Preceding OpId from leader: term: 1 index: 2. (index mismatch)
I20260630 12:24:39.643626  7827 consensus_queue.cc:1048] T d5958c0c074b42e38a68122f1bb62078 P 79bc7f6ab88a4254a302b3d4e237449f [LEADER]: Connected to new peer: Peer: permanent_uuid: "60bf1963163049fbb6d4e5b3ef56f3d3" member_type: VOTER last_known_addr { host: "127.6.163.129" port: 46593 }, Status: LMP_MISMATCH, Last received: 0.0, Next index: 2, Last known committed idx: 1, Time since last communication: 0.001s
I20260630 12:24:39.647854  7700 raft_consensus.cc:2955] T d5958c0c074b42e38a68122f1bb62078 P 79bc7f6ab88a4254a302b3d4e237449f [term 1 LEADER]: Committing config change with OpId 1.2: config changed from index -1 to 2, NON_VOTER e7965d7b8bdc4410b40909f2bfc36665 (127.6.163.132) added. New config: { opid_index: 2 OBSOLETE_local: false peers { permanent_uuid: "60bf1963163049fbb6d4e5b3ef56f3d3" member_type: VOTER last_known_addr { host: "127.6.163.129" port: 46593 } } peers { permanent_uuid: "1b87b1cbb1104f5180f4927377071998" member_type: VOTER last_known_addr { host: "127.6.163.130" port: 46733 } attrs { replace: true } } peers { permanent_uuid: "79bc7f6ab88a4254a302b3d4e237449f" member_type: VOTER last_known_addr { host: "127.6.163.131" port: 35615 } } peers { permanent_uuid: "e7965d7b8bdc4410b40909f2bfc36665" member_type: NON_VOTER last_known_addr { host: "127.6.163.132" port: 42969 } attrs { promote: true } } }
I20260630 12:24:39.649317  7540 raft_consensus.cc:2955] T d5958c0c074b42e38a68122f1bb62078 P 1b87b1cbb1104f5180f4927377071998 [term 1 FOLLOWER]: Committing config change with OpId 1.2: config changed from index -1 to 2, NON_VOTER e7965d7b8bdc4410b40909f2bfc36665 (127.6.163.132) added. New config: { opid_index: 2 OBSOLETE_local: false peers { permanent_uuid: "60bf1963163049fbb6d4e5b3ef56f3d3" member_type: VOTER last_known_addr { host: "127.6.163.129" port: 46593 } } peers { permanent_uuid: "1b87b1cbb1104f5180f4927377071998" member_type: VOTER last_known_addr { host: "127.6.163.130" port: 46733 } attrs { replace: true } } peers { permanent_uuid: "79bc7f6ab88a4254a302b3d4e237449f" member_type: VOTER last_known_addr { host: "127.6.163.131" port: 35615 } } peers { permanent_uuid: "e7965d7b8bdc4410b40909f2bfc36665" member_type: NON_VOTER last_known_addr { host: "127.6.163.132" port: 42969 } attrs { promote: true } } }
I20260630 12:24:39.653239  7464 raft_consensus.cc:2955] T d5958c0c074b42e38a68122f1bb62078 P 60bf1963163049fbb6d4e5b3ef56f3d3 [term 1 FOLLOWER]: Committing config change with OpId 1.2: config changed from index -1 to 2, NON_VOTER e7965d7b8bdc4410b40909f2bfc36665 (127.6.163.132) added. New config: { opid_index: 2 OBSOLETE_local: false peers { permanent_uuid: "60bf1963163049fbb6d4e5b3ef56f3d3" member_type: VOTER last_known_addr { host: "127.6.163.129" port: 46593 } } peers { permanent_uuid: "1b87b1cbb1104f5180f4927377071998" member_type: VOTER last_known_addr { host: "127.6.163.130" port: 46733 } attrs { replace: true } } peers { permanent_uuid: "79bc7f6ab88a4254a302b3d4e237449f" member_type: VOTER last_known_addr { host: "127.6.163.131" port: 35615 } } peers { permanent_uuid: "e7965d7b8bdc4410b40909f2bfc36665" member_type: NON_VOTER last_known_addr { host: "127.6.163.132" port: 42969 } attrs { promote: true } } }
I20260630 12:24:39.658833  7465 consensus_queue.cc:237] T 7bbee37930bd4795a583fb4c8cd52155 P 60bf1963163049fbb6d4e5b3ef56f3d3 [LEADER]: Queue going to LEADER mode. State: All replicated index: 0, Majority replicated index: 1, Committed index: 1, Last appended: 1.1, Last appended by leader: 0, Current term: 1, Majority size: 2, State: 0, Mode: LEADER, active raft config: opid_index: 2 OBSOLETE_local: false peers { permanent_uuid: "1b87b1cbb1104f5180f4927377071998" member_type: VOTER last_known_addr { host: "127.6.163.130" port: 46733 } attrs { replace: true } } peers { permanent_uuid: "60bf1963163049fbb6d4e5b3ef56f3d3" member_type: VOTER last_known_addr { host: "127.6.163.129" port: 46593 } } peers { permanent_uuid: "79bc7f6ab88a4254a302b3d4e237449f" member_type: VOTER last_known_addr { host: "127.6.163.131" port: 35615 } } peers { permanent_uuid: "e7965d7b8bdc4410b40909f2bfc36665" member_type: NON_VOTER last_known_addr { host: "127.6.163.132" port: 42969 } attrs { promote: true } }
I20260630 12:24:39.660463  7362 catalog_manager.cc:5697] T d5958c0c074b42e38a68122f1bb62078 P 79bc7f6ab88a4254a302b3d4e237449f reported cstate change: config changed from index -1 to 2, NON_VOTER e7965d7b8bdc4410b40909f2bfc36665 (127.6.163.132) added. New cstate: current_term: 1 leader_uuid: "79bc7f6ab88a4254a302b3d4e237449f" committed_config { opid_index: 2 OBSOLETE_local: false peers { permanent_uuid: "60bf1963163049fbb6d4e5b3ef56f3d3" member_type: VOTER last_known_addr { host: "127.6.163.129" port: 46593 } health_report { overall_health: HEALTHY } } peers { permanent_uuid: "1b87b1cbb1104f5180f4927377071998" member_type: VOTER last_known_addr { host: "127.6.163.130" port: 46733 } attrs { replace: true } health_report { overall_health: HEALTHY } } peers { permanent_uuid: "79bc7f6ab88a4254a302b3d4e237449f" member_type: VOTER last_known_addr { host: "127.6.163.131" port: 35615 } health_report { overall_health: HEALTHY } } peers { permanent_uuid: "e7965d7b8bdc4410b40909f2bfc36665" member_type: NON_VOTER last_known_addr { host: "127.6.163.132" port: 42969 } attrs { promote: true } health_report { overall_health: UNKNOWN } } }
W20260630 12:24:39.670399  7430 consensus_peers.cc:597] T 7bbee37930bd4795a583fb4c8cd52155 P 60bf1963163049fbb6d4e5b3ef56f3d3 -> Peer e7965d7b8bdc4410b40909f2bfc36665 (127.6.163.132:42969): Couldn't send request to peer e7965d7b8bdc4410b40909f2bfc36665. Error code: TABLET_NOT_FOUND (6). Status: Not found: Tablet not found: 7bbee37930bd4795a583fb4c8cd52155. This is attempt 1: this message will repeat every 5th retry.
I20260630 12:24:39.671528  7615 raft_consensus.cc:1275] T 7bbee37930bd4795a583fb4c8cd52155 P 79bc7f6ab88a4254a302b3d4e237449f [term 1 FOLLOWER]: Refusing update from remote peer 60bf1963163049fbb6d4e5b3ef56f3d3: Log matching property violated. Preceding OpId in replica: term: 1 index: 1. Preceding OpId from leader: term: 1 index: 2. (index mismatch)
I20260630 12:24:39.672848  7810 consensus_queue.cc:1048] T 7bbee37930bd4795a583fb4c8cd52155 P 60bf1963163049fbb6d4e5b3ef56f3d3 [LEADER]: Connected to new peer: Peer: permanent_uuid: "79bc7f6ab88a4254a302b3d4e237449f" member_type: VOTER last_known_addr { host: "127.6.163.131" port: 35615 }, Status: LMP_MISMATCH, Last received: 0.0, Next index: 2, Last known committed idx: 1, Time since last communication: 0.000s
I20260630 12:24:39.673632  7540 raft_consensus.cc:1275] T 7bbee37930bd4795a583fb4c8cd52155 P 1b87b1cbb1104f5180f4927377071998 [term 1 FOLLOWER]: Refusing update from remote peer 60bf1963163049fbb6d4e5b3ef56f3d3: Log matching property violated. Preceding OpId in replica: term: 1 index: 1. Preceding OpId from leader: term: 1 index: 2. (index mismatch)
I20260630 12:24:39.674665  7810 consensus_queue.cc:1048] T 7bbee37930bd4795a583fb4c8cd52155 P 60bf1963163049fbb6d4e5b3ef56f3d3 [LEADER]: Connected to new peer: Peer: permanent_uuid: "1b87b1cbb1104f5180f4927377071998" member_type: VOTER last_known_addr { host: "127.6.163.130" port: 46733 } attrs { replace: true }, Status: LMP_MISMATCH, Last received: 0.0, Next index: 2, Last known committed idx: 1, Time since last communication: 0.000s
I20260630 12:24:39.681768  7793 raft_consensus.cc:2955] T 7bbee37930bd4795a583fb4c8cd52155 P 60bf1963163049fbb6d4e5b3ef56f3d3 [term 1 LEADER]: Committing config change with OpId 1.2: config changed from index -1 to 2, NON_VOTER e7965d7b8bdc4410b40909f2bfc36665 (127.6.163.132) added. New config: { opid_index: 2 OBSOLETE_local: false peers { permanent_uuid: "1b87b1cbb1104f5180f4927377071998" member_type: VOTER last_known_addr { host: "127.6.163.130" port: 46733 } attrs { replace: true } } peers { permanent_uuid: "60bf1963163049fbb6d4e5b3ef56f3d3" member_type: VOTER last_known_addr { host: "127.6.163.129" port: 46593 } } peers { permanent_uuid: "79bc7f6ab88a4254a302b3d4e237449f" member_type: VOTER last_known_addr { host: "127.6.163.131" port: 35615 } } peers { permanent_uuid: "e7965d7b8bdc4410b40909f2bfc36665" member_type: NON_VOTER last_known_addr { host: "127.6.163.132" port: 42969 } attrs { promote: true } } }
I20260630 12:24:39.683101  7615 raft_consensus.cc:2955] T 7bbee37930bd4795a583fb4c8cd52155 P 79bc7f6ab88a4254a302b3d4e237449f [term 1 FOLLOWER]: Committing config change with OpId 1.2: config changed from index -1 to 2, NON_VOTER e7965d7b8bdc4410b40909f2bfc36665 (127.6.163.132) added. New config: { opid_index: 2 OBSOLETE_local: false peers { permanent_uuid: "1b87b1cbb1104f5180f4927377071998" member_type: VOTER last_known_addr { host: "127.6.163.130" port: 46733 } attrs { replace: true } } peers { permanent_uuid: "60bf1963163049fbb6d4e5b3ef56f3d3" member_type: VOTER last_known_addr { host: "127.6.163.129" port: 46593 } } peers { permanent_uuid: "79bc7f6ab88a4254a302b3d4e237449f" member_type: VOTER last_known_addr { host: "127.6.163.131" port: 35615 } } peers { permanent_uuid: "e7965d7b8bdc4410b40909f2bfc36665" member_type: NON_VOTER last_known_addr { host: "127.6.163.132" port: 42969 } attrs { promote: true } } }
I20260630 12:24:39.683518  7540 raft_consensus.cc:2955] T 7bbee37930bd4795a583fb4c8cd52155 P 1b87b1cbb1104f5180f4927377071998 [term 1 FOLLOWER]: Committing config change with OpId 1.2: config changed from index -1 to 2, NON_VOTER e7965d7b8bdc4410b40909f2bfc36665 (127.6.163.132) added. New config: { opid_index: 2 OBSOLETE_local: false peers { permanent_uuid: "1b87b1cbb1104f5180f4927377071998" member_type: VOTER last_known_addr { host: "127.6.163.130" port: 46733 } attrs { replace: true } } peers { permanent_uuid: "60bf1963163049fbb6d4e5b3ef56f3d3" member_type: VOTER last_known_addr { host: "127.6.163.129" port: 46593 } } peers { permanent_uuid: "79bc7f6ab88a4254a302b3d4e237449f" member_type: VOTER last_known_addr { host: "127.6.163.131" port: 35615 } } peers { permanent_uuid: "e7965d7b8bdc4410b40909f2bfc36665" member_type: NON_VOTER last_known_addr { host: "127.6.163.132" port: 42969 } attrs { promote: true } } }
I20260630 12:24:39.694499  7364 catalog_manager.cc:5697] T 7bbee37930bd4795a583fb4c8cd52155 P 1b87b1cbb1104f5180f4927377071998 reported cstate change: config changed from index -1 to 2, NON_VOTER e7965d7b8bdc4410b40909f2bfc36665 (127.6.163.132) added. New cstate: current_term: 1 leader_uuid: "60bf1963163049fbb6d4e5b3ef56f3d3" committed_config { opid_index: 2 OBSOLETE_local: false peers { permanent_uuid: "1b87b1cbb1104f5180f4927377071998" member_type: VOTER last_known_addr { host: "127.6.163.130" port: 46733 } attrs { replace: true } } peers { permanent_uuid: "60bf1963163049fbb6d4e5b3ef56f3d3" member_type: VOTER last_known_addr { host: "127.6.163.129" port: 46593 } } peers { permanent_uuid: "79bc7f6ab88a4254a302b3d4e237449f" member_type: VOTER last_known_addr { host: "127.6.163.131" port: 35615 } } peers { permanent_uuid: "e7965d7b8bdc4410b40909f2bfc36665" member_type: NON_VOTER last_known_addr { host: "127.6.163.132" port: 42969 } attrs { promote: true } } }
I20260630 12:24:39.800657  6798 tablet_server.cc:179] TabletServer@127.6.163.129:0 shutting down...
W20260630 12:24:39.828500  7506 proxy.cc:239] Call had error, refreshing address and retrying: Remote error: Service unavailable: service kudu.consensus.ConsensusService not registered on TabletServer
W20260630 12:24:39.834865  7506 consensus_peers.cc:597] T a7a3537ad2d84e548cfc7412d886392a P 1b87b1cbb1104f5180f4927377071998 -> Peer 60bf1963163049fbb6d4e5b3ef56f3d3 (127.6.163.129:46593): Couldn't send request to peer 60bf1963163049fbb6d4e5b3ef56f3d3. Status: Remote error: Service unavailable: service kudu.consensus.ConsensusService not registered on TabletServer. This is attempt 1: this message will repeat every 5th retry.
I20260630 12:24:39.837553  6798 ts_tablet_manager.cc:1507] Shutting down tablet manager...
I20260630 12:24:39.838419  6798 tablet_replica.cc:333] T f551e241cc6447d18d2a1c00c0040bb3 P 60bf1963163049fbb6d4e5b3ef56f3d3: stopping tablet replica
I20260630 12:24:39.839184  6798 raft_consensus.cc:2243] T f551e241cc6447d18d2a1c00c0040bb3 P 60bf1963163049fbb6d4e5b3ef56f3d3 [term 1 LEADER]: Raft consensus shutting down.
I20260630 12:24:39.840368  6798 raft_consensus.cc:2272] T f551e241cc6447d18d2a1c00c0040bb3 P 60bf1963163049fbb6d4e5b3ef56f3d3 [term 1 FOLLOWER]: Raft consensus is shut down!
I20260630 12:24:39.843146  6798 tablet_replica.cc:333] T a7a3537ad2d84e548cfc7412d886392a P 60bf1963163049fbb6d4e5b3ef56f3d3: stopping tablet replica
I20260630 12:24:39.843839  6798 raft_consensus.cc:2243] T a7a3537ad2d84e548cfc7412d886392a P 60bf1963163049fbb6d4e5b3ef56f3d3 [term 1 FOLLOWER]: Raft consensus shutting down.
I20260630 12:24:39.844276  6798 raft_consensus.cc:2272] T a7a3537ad2d84e548cfc7412d886392a P 60bf1963163049fbb6d4e5b3ef56f3d3 [term 1 FOLLOWER]: Raft consensus is shut down!
I20260630 12:24:39.846545  6798 tablet_replica.cc:333] T c1fbb4817d4347d0b3b6192485b65305 P 60bf1963163049fbb6d4e5b3ef56f3d3: stopping tablet replica
I20260630 12:24:39.847160  6798 raft_consensus.cc:2243] T c1fbb4817d4347d0b3b6192485b65305 P 60bf1963163049fbb6d4e5b3ef56f3d3 [term 1 FOLLOWER]: Raft consensus shutting down.
I20260630 12:24:39.847677  6798 raft_consensus.cc:2272] T c1fbb4817d4347d0b3b6192485b65305 P 60bf1963163049fbb6d4e5b3ef56f3d3 [term 1 FOLLOWER]: Raft consensus is shut down!
I20260630 12:24:39.850217  6798 tablet_replica.cc:333] T f0c53b4e394945e59419721b0e431fa0 P 60bf1963163049fbb6d4e5b3ef56f3d3: stopping tablet replica
I20260630 12:24:39.850874  6798 raft_consensus.cc:2243] T f0c53b4e394945e59419721b0e431fa0 P 60bf1963163049fbb6d4e5b3ef56f3d3 [term 1 FOLLOWER]: Raft consensus shutting down.
I20260630 12:24:39.851346  6798 raft_consensus.cc:2272] T f0c53b4e394945e59419721b0e431fa0 P 60bf1963163049fbb6d4e5b3ef56f3d3 [term 1 FOLLOWER]: Raft consensus is shut down!
I20260630 12:24:39.853585  6798 tablet_replica.cc:333] T 6758b9598023461995217f0c8be1ad8d P 60bf1963163049fbb6d4e5b3ef56f3d3: stopping tablet replica
I20260630 12:24:39.854228  6798 raft_consensus.cc:2243] T 6758b9598023461995217f0c8be1ad8d P 60bf1963163049fbb6d4e5b3ef56f3d3 [term 1 FOLLOWER]: Raft consensus shutting down.
I20260630 12:24:39.854755  6798 raft_consensus.cc:2272] T 6758b9598023461995217f0c8be1ad8d P 60bf1963163049fbb6d4e5b3ef56f3d3 [term 1 FOLLOWER]: Raft consensus is shut down!
I20260630 12:24:39.856997  6798 tablet_replica.cc:333] T 7bbee37930bd4795a583fb4c8cd52155 P 60bf1963163049fbb6d4e5b3ef56f3d3: stopping tablet replica
I20260630 12:24:39.857576  6798 raft_consensus.cc:2243] T 7bbee37930bd4795a583fb4c8cd52155 P 60bf1963163049fbb6d4e5b3ef56f3d3 [term 1 LEADER]: Raft consensus shutting down.
I20260630 12:24:39.858647  6798 raft_consensus.cc:2272] T 7bbee37930bd4795a583fb4c8cd52155 P 60bf1963163049fbb6d4e5b3ef56f3d3 [term 1 FOLLOWER]: Raft consensus is shut down!
I20260630 12:24:39.861104  6798 tablet_replica.cc:333] T d5958c0c074b42e38a68122f1bb62078 P 60bf1963163049fbb6d4e5b3ef56f3d3: stopping tablet replica
I20260630 12:24:39.861698  6798 raft_consensus.cc:2243] T d5958c0c074b42e38a68122f1bb62078 P 60bf1963163049fbb6d4e5b3ef56f3d3 [term 1 FOLLOWER]: Raft consensus shutting down.
I20260630 12:24:39.862295  6798 raft_consensus.cc:2272] T d5958c0c074b42e38a68122f1bb62078 P 60bf1963163049fbb6d4e5b3ef56f3d3 [term 1 FOLLOWER]: Raft consensus is shut down!
I20260630 12:24:39.864586  6798 tablet_replica.cc:333] T 2b55f7d5a03f4cc4a806e197d1726701 P 60bf1963163049fbb6d4e5b3ef56f3d3: stopping tablet replica
I20260630 12:24:39.865190  6798 raft_consensus.cc:2243] T 2b55f7d5a03f4cc4a806e197d1726701 P 60bf1963163049fbb6d4e5b3ef56f3d3 [term 1 FOLLOWER]: Raft consensus shutting down.
I20260630 12:24:39.865674  6798 raft_consensus.cc:2272] T 2b55f7d5a03f4cc4a806e197d1726701 P 60bf1963163049fbb6d4e5b3ef56f3d3 [term 1 FOLLOWER]: Raft consensus is shut down!
I20260630 12:24:39.890542  6798 tablet_server.cc:196] TabletServer@127.6.163.129:0 shutdown complete.
I20260630 12:24:39.908951  6798 tablet_server.cc:179] TabletServer@127.6.163.130:0 shutting down...
I20260630 12:24:39.943583  6798 ts_tablet_manager.cc:1507] Shutting down tablet manager...
I20260630 12:24:39.944299  6798 tablet_replica.cc:333] T c1fbb4817d4347d0b3b6192485b65305 P 1b87b1cbb1104f5180f4927377071998: stopping tablet replica
I20260630 12:24:39.944957  6798 raft_consensus.cc:2243] T c1fbb4817d4347d0b3b6192485b65305 P 1b87b1cbb1104f5180f4927377071998 [term 1 FOLLOWER]: Raft consensus shutting down.
I20260630 12:24:39.945412  6798 raft_consensus.cc:2272] T c1fbb4817d4347d0b3b6192485b65305 P 1b87b1cbb1104f5180f4927377071998 [term 1 FOLLOWER]: Raft consensus is shut down!
I20260630 12:24:39.947705  6798 tablet_replica.cc:333] T f551e241cc6447d18d2a1c00c0040bb3 P 1b87b1cbb1104f5180f4927377071998: stopping tablet replica
I20260630 12:24:39.948315  6798 raft_consensus.cc:2243] T f551e241cc6447d18d2a1c00c0040bb3 P 1b87b1cbb1104f5180f4927377071998 [term 1 FOLLOWER]: Raft consensus shutting down.
I20260630 12:24:39.948768  6798 raft_consensus.cc:2272] T f551e241cc6447d18d2a1c00c0040bb3 P 1b87b1cbb1104f5180f4927377071998 [term 1 FOLLOWER]: Raft consensus is shut down!
I20260630 12:24:39.951023  6798 tablet_replica.cc:333] T d5958c0c074b42e38a68122f1bb62078 P 1b87b1cbb1104f5180f4927377071998: stopping tablet replica
I20260630 12:24:39.951637  6798 raft_consensus.cc:2243] T d5958c0c074b42e38a68122f1bb62078 P 1b87b1cbb1104f5180f4927377071998 [term 1 FOLLOWER]: Raft consensus shutting down.
I20260630 12:24:39.952158  6798 raft_consensus.cc:2272] T d5958c0c074b42e38a68122f1bb62078 P 1b87b1cbb1104f5180f4927377071998 [term 1 FOLLOWER]: Raft consensus is shut down!
I20260630 12:24:39.954980  6798 tablet_replica.cc:333] T a7a3537ad2d84e548cfc7412d886392a P 1b87b1cbb1104f5180f4927377071998: stopping tablet replica
I20260630 12:24:39.955721  6798 raft_consensus.cc:2243] T a7a3537ad2d84e548cfc7412d886392a P 1b87b1cbb1104f5180f4927377071998 [term 1 LEADER]: Raft consensus shutting down.
I20260630 12:24:39.956538  6798 raft_consensus.cc:2272] T a7a3537ad2d84e548cfc7412d886392a P 1b87b1cbb1104f5180f4927377071998 [term 1 FOLLOWER]: Raft consensus is shut down!
W20260630 12:24:39.956480  7579 consensus_peers.cc:597] T 2b55f7d5a03f4cc4a806e197d1726701 P 79bc7f6ab88a4254a302b3d4e237449f -> Peer 1b87b1cbb1104f5180f4927377071998 (127.6.163.130:46733): Couldn't send request to peer 1b87b1cbb1104f5180f4927377071998. Status: Remote error: Service unavailable: service kudu.consensus.ConsensusService not registered on TabletServer. This is attempt 1: this message will repeat every 5th retry.
I20260630 12:24:39.958441  6798 tablet_replica.cc:333] T f0c53b4e394945e59419721b0e431fa0 P 1b87b1cbb1104f5180f4927377071998: stopping tablet replica
I20260630 12:24:39.958956  6798 raft_consensus.cc:2243] T f0c53b4e394945e59419721b0e431fa0 P 1b87b1cbb1104f5180f4927377071998 [term 1 LEADER]: Raft consensus shutting down.
I20260630 12:24:39.959601  6798 raft_consensus.cc:2272] T f0c53b4e394945e59419721b0e431fa0 P 1b87b1cbb1104f5180f4927377071998 [term 1 FOLLOWER]: Raft consensus is shut down!
I20260630 12:24:39.961313  6798 tablet_replica.cc:333] T 7bbee37930bd4795a583fb4c8cd52155 P 1b87b1cbb1104f5180f4927377071998: stopping tablet replica
I20260630 12:24:39.961859  6798 raft_consensus.cc:2243] T 7bbee37930bd4795a583fb4c8cd52155 P 1b87b1cbb1104f5180f4927377071998 [term 1 FOLLOWER]: Raft consensus shutting down.
I20260630 12:24:39.962266  6798 raft_consensus.cc:2272] T 7bbee37930bd4795a583fb4c8cd52155 P 1b87b1cbb1104f5180f4927377071998 [term 1 FOLLOWER]: Raft consensus is shut down!
I20260630 12:24:39.963986  6798 tablet_replica.cc:333] T 2b55f7d5a03f4cc4a806e197d1726701 P 1b87b1cbb1104f5180f4927377071998: stopping tablet replica
I20260630 12:24:39.964422  6798 raft_consensus.cc:2243] T 2b55f7d5a03f4cc4a806e197d1726701 P 1b87b1cbb1104f5180f4927377071998 [term 1 FOLLOWER]: Raft consensus shutting down.
I20260630 12:24:39.964797  6798 raft_consensus.cc:2272] T 2b55f7d5a03f4cc4a806e197d1726701 P 1b87b1cbb1104f5180f4927377071998 [term 1 FOLLOWER]: Raft consensus is shut down!
I20260630 12:24:39.966436  6798 tablet_replica.cc:333] T 6758b9598023461995217f0c8be1ad8d P 1b87b1cbb1104f5180f4927377071998: stopping tablet replica
I20260630 12:24:39.966845  6798 raft_consensus.cc:2243] T 6758b9598023461995217f0c8be1ad8d P 1b87b1cbb1104f5180f4927377071998 [term 1 LEADER]: Raft consensus shutting down.
I20260630 12:24:39.967635  6798 raft_consensus.cc:2272] T 6758b9598023461995217f0c8be1ad8d P 1b87b1cbb1104f5180f4927377071998 [term 1 FOLLOWER]: Raft consensus is shut down!
I20260630 12:24:39.982892  7835 ts_tablet_manager.cc:933] T c1fbb4817d4347d0b3b6192485b65305 P e7965d7b8bdc4410b40909f2bfc36665: Initiating tablet copy from peer 79bc7f6ab88a4254a302b3d4e237449f (127.6.163.131:35615)
I20260630 12:24:39.984423  7835 tablet_copy_client.cc:323] T c1fbb4817d4347d0b3b6192485b65305 P e7965d7b8bdc4410b40909f2bfc36665: tablet copy: Beginning tablet copy session from remote peer at address 127.6.163.131:35615
I20260630 12:24:39.995352  6798 tablet_server.cc:196] TabletServer@127.6.163.130:0 shutdown complete.
I20260630 12:24:39.996318  7625 tablet_copy_service.cc:140] P 79bc7f6ab88a4254a302b3d4e237449f: Received BeginTabletCopySession request for tablet c1fbb4817d4347d0b3b6192485b65305 from peer e7965d7b8bdc4410b40909f2bfc36665 ({username='slave'} at 127.0.0.1:54474)
I20260630 12:24:39.996994  7625 tablet_copy_service.cc:161] P 79bc7f6ab88a4254a302b3d4e237449f: Beginning new tablet copy session on tablet c1fbb4817d4347d0b3b6192485b65305 from peer e7965d7b8bdc4410b40909f2bfc36665 at {username='slave'} at 127.0.0.1:54474: session id = e7965d7b8bdc4410b40909f2bfc36665-c1fbb4817d4347d0b3b6192485b65305
I20260630 12:24:40.003072  7625 tablet_copy_source_session.cc:215] T c1fbb4817d4347d0b3b6192485b65305 P 79bc7f6ab88a4254a302b3d4e237449f: Tablet Copy: opened 0 blocks and 1 log segments
I20260630 12:24:40.007099  7835 data_dirs.cc:400] Could only allocate 1 dirs of requested 3 for tablet c1fbb4817d4347d0b3b6192485b65305. 1 dirs total, 0 dirs full, 0 dirs failed
I20260630 12:24:40.022454  6798 tablet_server.cc:179] TabletServer@127.6.163.131:0 shutting down...
I20260630 12:24:40.023566  7835 tablet_copy_client.cc:806] T c1fbb4817d4347d0b3b6192485b65305 P e7965d7b8bdc4410b40909f2bfc36665: tablet copy: Starting download of 0 data blocks...
I20260630 12:24:40.024241  7835 tablet_copy_client.cc:670] T c1fbb4817d4347d0b3b6192485b65305 P e7965d7b8bdc4410b40909f2bfc36665: tablet copy: Starting download of 1 WAL segments...
I20260630 12:24:40.037214  6798 tablet_copy_service.cc:362] P 79bc7f6ab88a4254a302b3d4e237449f: Destroying tablet copy session e7965d7b8bdc4410b40909f2bfc36665-c1fbb4817d4347d0b3b6192485b65305 due to service shutdown
I20260630 12:24:40.037551  6798 tablet_copy_service.cc:434] P 79bc7f6ab88a4254a302b3d4e237449f: ending tablet copy session e7965d7b8bdc4410b40909f2bfc36665-c1fbb4817d4347d0b3b6192485b65305 on tablet c1fbb4817d4347d0b3b6192485b65305 with peer e7965d7b8bdc4410b40909f2bfc36665
I20260630 12:24:40.057571  6798 ts_tablet_manager.cc:1507] Shutting down tablet manager...
I20260630 12:24:40.058391  6798 tablet_replica.cc:333] T c1fbb4817d4347d0b3b6192485b65305 P 79bc7f6ab88a4254a302b3d4e237449f: stopping tablet replica
I20260630 12:24:40.059039  6798 raft_consensus.cc:2243] T c1fbb4817d4347d0b3b6192485b65305 P 79bc7f6ab88a4254a302b3d4e237449f [term 1 LEADER]: Raft consensus shutting down.
I20260630 12:24:40.060317  6798 raft_consensus.cc:2272] T c1fbb4817d4347d0b3b6192485b65305 P 79bc7f6ab88a4254a302b3d4e237449f [term 1 FOLLOWER]: Raft consensus is shut down!
W20260630 12:24:40.063150  7580 consensus_peers.cc:597] T 2b55f7d5a03f4cc4a806e197d1726701 P 79bc7f6ab88a4254a302b3d4e237449f -> Peer 60bf1963163049fbb6d4e5b3ef56f3d3 (127.6.163.129:46593): Couldn't send request to peer 60bf1963163049fbb6d4e5b3ef56f3d3. Status: Network error: Client connection negotiation failed: client connection to 127.6.163.129:46593: connect: Connection refused (error 111). This is attempt 1: this message will repeat every 5th retry.
I20260630 12:24:40.063256  6798 tablet_replica.cc:333] T a7a3537ad2d84e548cfc7412d886392a P 79bc7f6ab88a4254a302b3d4e237449f: stopping tablet replica
I20260630 12:24:40.063954  6798 raft_consensus.cc:2243] T a7a3537ad2d84e548cfc7412d886392a P 79bc7f6ab88a4254a302b3d4e237449f [term 1 FOLLOWER]: Raft consensus shutting down.
I20260630 12:24:40.064369  6798 raft_consensus.cc:2272] T a7a3537ad2d84e548cfc7412d886392a P 79bc7f6ab88a4254a302b3d4e237449f [term 1 FOLLOWER]: Raft consensus is shut down!
I20260630 12:24:40.066226  6798 tablet_replica.cc:333] T d5958c0c074b42e38a68122f1bb62078 P 79bc7f6ab88a4254a302b3d4e237449f: stopping tablet replica
I20260630 12:24:40.066690  6798 raft_consensus.cc:2243] T d5958c0c074b42e38a68122f1bb62078 P 79bc7f6ab88a4254a302b3d4e237449f [term 1 LEADER]: Raft consensus shutting down.
I20260630 12:24:40.067579  6798 raft_consensus.cc:2272] T d5958c0c074b42e38a68122f1bb62078 P 79bc7f6ab88a4254a302b3d4e237449f [term 1 FOLLOWER]: Raft consensus is shut down!
I20260630 12:24:40.070196  6798 tablet_replica.cc:333] T f0c53b4e394945e59419721b0e431fa0 P 79bc7f6ab88a4254a302b3d4e237449f: stopping tablet replica
I20260630 12:24:40.070996  6798 raft_consensus.cc:2243] T f0c53b4e394945e59419721b0e431fa0 P 79bc7f6ab88a4254a302b3d4e237449f [term 1 FOLLOWER]: Raft consensus shutting down.
I20260630 12:24:40.071362  6798 raft_consensus.cc:2272] T f0c53b4e394945e59419721b0e431fa0 P 79bc7f6ab88a4254a302b3d4e237449f [term 1 FOLLOWER]: Raft consensus is shut down!
I20260630 12:24:40.072914  6798 tablet_replica.cc:333] T 7bbee37930bd4795a583fb4c8cd52155 P 79bc7f6ab88a4254a302b3d4e237449f: stopping tablet replica
I20260630 12:24:40.073343  6798 raft_consensus.cc:2243] T 7bbee37930bd4795a583fb4c8cd52155 P 79bc7f6ab88a4254a302b3d4e237449f [term 1 FOLLOWER]: Raft consensus shutting down.
I20260630 12:24:40.073714  6798 raft_consensus.cc:2272] T 7bbee37930bd4795a583fb4c8cd52155 P 79bc7f6ab88a4254a302b3d4e237449f [term 1 FOLLOWER]: Raft consensus is shut down!
I20260630 12:24:40.076102  6798 tablet_replica.cc:333] T f551e241cc6447d18d2a1c00c0040bb3 P 79bc7f6ab88a4254a302b3d4e237449f: stopping tablet replica
I20260630 12:24:40.076524  6798 raft_consensus.cc:2243] T f551e241cc6447d18d2a1c00c0040bb3 P 79bc7f6ab88a4254a302b3d4e237449f [term 1 FOLLOWER]: Raft consensus shutting down.
I20260630 12:24:40.076963  6798 raft_consensus.cc:2272] T f551e241cc6447d18d2a1c00c0040bb3 P 79bc7f6ab88a4254a302b3d4e237449f [term 1 FOLLOWER]: Raft consensus is shut down!
I20260630 12:24:40.078912  6798 tablet_replica.cc:333] T 2b55f7d5a03f4cc4a806e197d1726701 P 79bc7f6ab88a4254a302b3d4e237449f: stopping tablet replica
I20260630 12:24:40.079339  6798 raft_consensus.cc:2243] T 2b55f7d5a03f4cc4a806e197d1726701 P 79bc7f6ab88a4254a302b3d4e237449f [term 1 LEADER]: Raft consensus shutting down.
I20260630 12:24:40.079907  6798 raft_consensus.cc:2272] T 2b55f7d5a03f4cc4a806e197d1726701 P 79bc7f6ab88a4254a302b3d4e237449f [term 1 FOLLOWER]: Raft consensus is shut down!
I20260630 12:24:40.081485  6798 tablet_replica.cc:333] T 6758b9598023461995217f0c8be1ad8d P 79bc7f6ab88a4254a302b3d4e237449f: stopping tablet replica
I20260630 12:24:40.081887  6798 raft_consensus.cc:2243] T 6758b9598023461995217f0c8be1ad8d P 79bc7f6ab88a4254a302b3d4e237449f [term 1 FOLLOWER]: Raft consensus shutting down.
I20260630 12:24:40.082283  6798 raft_consensus.cc:2272] T 6758b9598023461995217f0c8be1ad8d P 79bc7f6ab88a4254a302b3d4e237449f [term 1 FOLLOWER]: Raft consensus is shut down!
I20260630 12:24:40.108095  6798 tablet_server.cc:196] TabletServer@127.6.163.131:0 shutdown complete.
I20260630 12:24:40.124985  6798 tablet_server.cc:179] TabletServer@127.6.163.132:0 shutting down...
W20260630 12:24:40.131583  7835 ts_tablet_manager.cc:1011] T c1fbb4817d4347d0b3b6192485b65305 P e7965d7b8bdc4410b40909f2bfc36665: Tablet Copy: Unable to fetch data from remote peer 79bc7f6ab88a4254a302b3d4e237449f (127.6.163.131:35615): Network error: Unable to download WAL segment with seq. number 1: unable to fetch data from remote: Client connection negotiation failed: client connection to 127.6.163.131:35615: connect: Connection refused (error 111)
I20260630 12:24:40.132141  7835 tablet_replica.cc:333] T c1fbb4817d4347d0b3b6192485b65305 P e7965d7b8bdc4410b40909f2bfc36665: stopping tablet replica
I20260630 12:24:40.132447  7835 raft_consensus.cc:2243] T c1fbb4817d4347d0b3b6192485b65305 P e7965d7b8bdc4410b40909f2bfc36665 [term 1 LEARNER]: Raft consensus shutting down.
I20260630 12:24:40.132827  7835 raft_consensus.cc:2272] T c1fbb4817d4347d0b3b6192485b65305 P e7965d7b8bdc4410b40909f2bfc36665 [term 1 LEARNER]: Raft consensus is shut down!
W20260630 12:24:40.135504  7835 tablet_copy_client.cc:1131] T c1fbb4817d4347d0b3b6192485b65305 P e7965d7b8bdc4410b40909f2bfc36665: tablet copy: Unable to close tablet copy session: Network error: failure ending tablet copy session: Client connection negotiation failed: client connection to 127.6.163.131:35615: connect: Connection refused (error 111)
W20260630 12:24:40.136749  7835 tablet_metadata.cc:476] failed to load DataDirGroup from superblock: Already present: tried to load directory group for tablet c1fbb4817d4347d0b3b6192485b65305 but one is already registered
I20260630 12:24:40.137133  7835 ts_tablet_manager.cc:1916] T c1fbb4817d4347d0b3b6192485b65305 P e7965d7b8bdc4410b40909f2bfc36665: Deleting tablet data with delete state TABLET_DATA_TOMBSTONED
I20260630 12:24:40.154608  7835 ts_tablet_manager.cc:1929] T c1fbb4817d4347d0b3b6192485b65305 P e7965d7b8bdc4410b40909f2bfc36665: tablet deleted with delete type TABLET_DATA_TOMBSTONED: last-logged OpId 1.0
I20260630 12:24:40.155104  7835 log.cc:1199] T c1fbb4817d4347d0b3b6192485b65305 P e7965d7b8bdc4410b40909f2bfc36665: Deleting WAL directory at /tmp/dist-test-taskZ68E2A/test-tmp/auto_rebalancer-test.0.AutoRebalancerTest.AutoRebalancingTurnOffAndOn.1782822264561571-6798-0/minicluster-data/ts-3-root/wals/c1fbb4817d4347d0b3b6192485b65305
I20260630 12:24:40.165623  6798 ts_tablet_manager.cc:1507] Shutting down tablet manager...
I20260630 12:24:40.182021  6798 tablet_server.cc:196] TabletServer@127.6.163.132:0 shutdown complete.
I20260630 12:24:40.190410  6798 master.cc:562] Master@127.6.163.190:40519 shutting down...
W20260630 12:24:40.218894  7412 auto_rebalancer.cc:340] scheduled replica move failed to complete: Service unavailable: Catalog manager is not initialized. State: Closing
I20260630 12:24:40.219914  6798 raft_consensus.cc:2243] T 00000000000000000000000000000000 P 80b1136993834d26b25d735a0efdc3b5 [term 1 LEADER]: Raft consensus shutting down.
I20260630 12:24:40.220418  6798 raft_consensus.cc:2272] T 00000000000000000000000000000000 P 80b1136993834d26b25d735a0efdc3b5 [term 1 FOLLOWER]: Raft consensus is shut down!
I20260630 12:24:40.220741  6798 tablet_replica.cc:333] T 00000000000000000000000000000000 P 80b1136993834d26b25d735a0efdc3b5: stopping tablet replica
I20260630 12:24:40.239938  6798 master.cc:584] Master@127.6.163.190:40519 shutdown complete.
[       OK ] AutoRebalancerTest.AutoRebalancingTurnOffAndOn (8883 ms)
[ RUN      ] AutoRebalancerTest.NextLeaderResumesAutoRebalancing
I20260630 12:24:40.274776  6798 internal_mini_cluster.cc:156] Creating distributed mini masters. Addrs: 127.6.163.190:33231,127.6.163.189:43669,127.6.163.188:43115
I20260630 12:24:40.276019  6798 file_cache.cc:492] Constructed file cache file cache with capacity 419430
W20260630 12:24:40.281152  7838 instance_detector.cc:116] could not retrieve AWS instance metadata: Network error: curl error: HTTP response code said error: The requested URL returned error: 404
W20260630 12:24:40.281322  7839 instance_detector.cc:116] could not retrieve Azure instance metadata: Network error: curl error: HTTP response code said error: The requested URL returned error: 404
W20260630 12:24:40.283593  7841 instance_detector.cc:116] could not retrieve OpenStack instance metadata: Network error: curl error: HTTP response code said error: The requested URL returned error: 404
I20260630 12:24:40.285488  6798 server_base.cc:1061] running on GCE node
I20260630 12:24:40.286353  6798 hybrid_clock.cc:584] initializing the hybrid clock with 'system_unsync' time source
W20260630 12:24:40.286541  6798 system_unsync_time.cc:38] NTP support is disabled. Clock error bounds will not be accurate. This configuration is not suitable for distributed clusters.
I20260630 12:24:40.286705  6798 hybrid_clock.cc:648] HybridClock initialized: now 1782822280286672 us; error 0 us; skew 500 ppm
I20260630 12:24:40.287170  6798 server_base.cc:861] Flag tcmalloc_max_total_thread_cache_bytes is not working since tcmalloc is not enabled.
I20260630 12:24:40.289829  6798 webserver.cc:533] Webserver started at http://127.6.163.190:43401/ using document root <none> and password file <none>
I20260630 12:24:40.290494  6798 fs_manager.cc:362] Metadata directory not provided
I20260630 12:24:40.290670  6798 fs_manager.cc:368] Using write-ahead log directory (fs_wal_dir) as metadata directory
I20260630 12:24:40.290972  6798 server_base.cc:909] This appears to be a new deployment of Kudu; creating new FS layout
I20260630 12:24:40.292011  6798 fs_manager.cc:1068] Generated new instance metadata in path /tmp/dist-test-taskZ68E2A/test-tmp/auto_rebalancer-test.0.AutoRebalancerTest.NextLeaderResumesAutoRebalancing.1782822264561571-6798-0/minicluster-data/master-0-root/instance:
uuid: "60036ab5fca2486293e1fd7a451cdc3e"
format_stamp: "Formatted at 2026-06-30 12:24:40 on dist-test-slave-vcrd"
I20260630 12:24:40.296191  6798 fs_manager.cc:696] Time spent creating directory manager: real 0.004s	user 0.005s	sys 0.000s
I20260630 12:24:40.299122  7846 log_block_manager.cc:4031] Time spent loading block containers with low live blocks: real 0.000s	user 0.000s	sys 0.000s
I20260630 12:24:40.299829  6798 fs_manager.cc:730] Time spent opening block manager: real 0.002s	user 0.002s	sys 0.001s
I20260630 12:24:40.300099  6798 fs_manager.cc:647] Opened local filesystem: /tmp/dist-test-taskZ68E2A/test-tmp/auto_rebalancer-test.0.AutoRebalancerTest.NextLeaderResumesAutoRebalancing.1782822264561571-6798-0/minicluster-data/master-0-root
uuid: "60036ab5fca2486293e1fd7a451cdc3e"
format_stamp: "Formatted at 2026-06-30 12:24:40 on dist-test-slave-vcrd"
I20260630 12:24:40.300367  6798 fs_report.cc:389] FS layout report
--------------------
wal directory: /tmp/dist-test-taskZ68E2A/test-tmp/auto_rebalancer-test.0.AutoRebalancerTest.NextLeaderResumesAutoRebalancing.1782822264561571-6798-0/minicluster-data/master-0-root
metadata directory: /tmp/dist-test-taskZ68E2A/test-tmp/auto_rebalancer-test.0.AutoRebalancerTest.NextLeaderResumesAutoRebalancing.1782822264561571-6798-0/minicluster-data/master-0-root
1 data directories: /tmp/dist-test-taskZ68E2A/test-tmp/auto_rebalancer-test.0.AutoRebalancerTest.NextLeaderResumesAutoRebalancing.1782822264561571-6798-0/minicluster-data/master-0-root/data
Total live blocks: 0
Total live bytes: 0
Total live bytes (after alignment): 0
Total number of LBM containers: 0 (0 full)
Did not check for missing blocks
Did not check for orphaned blocks
Total full LBM containers with extra space: 0 (0 repaired)
Total full LBM container extra space in bytes: 0 (0 repaired)
Total incomplete LBM containers: 0 (0 repaired)
Total LBM partial records: 0 (0 repaired)
Total corrupted LBM metadata records in RocksDB: 0 (0 repaired)
I20260630 12:24:40.312950  6798 rpc_server.cc:225] running with OpenSSL 1.1.1  11 Sep 2018
I20260630 12:24:40.314002  6798 kserver.cc:163] Server-wide thread pool size limit: 3276
I20260630 12:24:40.349424  6798 rpc_server.cc:307] RPC server started. Bound to: 127.6.163.190:33231
