[==========] Running 26 tests from 2 test suites.
[----------] Global test environment set-up.
[----------] 24 tests from AutoRebalancerTest
[ RUN      ] AutoRebalancerTest.OnlyLeaderDoesAutoRebalancing
WARNING: Logging before InitGoogleLogging() is written to STDERR
I20260630 12:24:23.724118  7011 internal_mini_cluster.cc:156] Creating distributed mini masters. Addrs: 127.6.216.254:36965,127.6.216.253:33711,127.6.216.252:34809
I20260630 12:24:23.725847  7011 env_posix.cc:2267] Not raising this process' open files per process limit of 1048576; it is already as high as it can go
I20260630 12:24:23.726850  7011 file_cache.cc:492] Constructed file cache file cache with capacity 419430
W20260630 12:24:23.743851  7018 instance_detector.cc:116] could not retrieve Azure instance metadata: Network error: curl error: HTTP response code said error: The requested URL returned error: 404
W20260630 12:24:23.743876  7020 instance_detector.cc:116] could not retrieve OpenStack instance metadata: Network error: curl error: HTTP response code said error: The requested URL returned error: 404
W20260630 12:24:23.743889  7017 instance_detector.cc:116] could not retrieve AWS instance metadata: Network error: curl error: HTTP response code said error: The requested URL returned error: 404
W20260630 12:24:24.959604  7019 instance_detector.cc:116] could not retrieve GCE instance metadata: Timed out: curl timeout: Timeout was reached: Connection time-out
I20260630 12:24:24.959822  7011 server_base.cc:1056] Not found: could not retrieve instance metadata: unable to detect cloud type of this node, probably running in non-cloud environment
I20260630 12:24:24.963388  7011 hybrid_clock.cc:584] initializing the hybrid clock with 'system_unsync' time source
W20260630 12:24:24.963600  7011 system_unsync_time.cc:38] NTP support is disabled. Clock error bounds will not be accurate. This configuration is not suitable for distributed clusters.
I20260630 12:24:24.963855  7011 hybrid_clock.cc:648] HybridClock initialized: now 1782822264963830 us; error 0 us; skew 500 ppm
I20260630 12:24:24.964687  7011 server_base.cc:861] Flag tcmalloc_max_total_thread_cache_bytes is not working since tcmalloc is not enabled.
I20260630 12:24:24.970896  7011 webserver.cc:533] Webserver started at http://127.6.216.254:42175/ using document root <none> and password file <none>
I20260630 12:24:24.971693  7011 fs_manager.cc:362] Metadata directory not provided
I20260630 12:24:24.971920  7011 fs_manager.cc:368] Using write-ahead log directory (fs_wal_dir) as metadata directory
I20260630 12:24:24.972385  7011 server_base.cc:909] This appears to be a new deployment of Kudu; creating new FS layout
I20260630 12:24:24.978055  7011 fs_manager.cc:1068] Generated new instance metadata in path /tmp/dist-test-taskrAayCY/test-tmp/auto_rebalancer-test.0.AutoRebalancerTest.OnlyLeaderDoesAutoRebalancing.1782822263559377-7011-0/minicluster-data/master-0-root/instance:
uuid: "64ae58a488e7453bae0ce3140501f2b3"
format_stamp: "Formatted at 2026-06-30 12:24:24 on dist-test-slave-zbh0"
I20260630 12:24:24.985531  7011 fs_manager.cc:696] Time spent creating directory manager: real 0.007s	user 0.005s	sys 0.000s
I20260630 12:24:24.990453  7026 log_block_manager.cc:4031] Time spent loading block containers with low live blocks: real 0.000s	user 0.000s	sys 0.000s
I20260630 12:24:24.991676  7011 fs_manager.cc:730] Time spent opening block manager: real 0.003s	user 0.001s	sys 0.002s
I20260630 12:24:24.992014  7011 fs_manager.cc:647] Opened local filesystem: /tmp/dist-test-taskrAayCY/test-tmp/auto_rebalancer-test.0.AutoRebalancerTest.OnlyLeaderDoesAutoRebalancing.1782822263559377-7011-0/minicluster-data/master-0-root
uuid: "64ae58a488e7453bae0ce3140501f2b3"
format_stamp: "Formatted at 2026-06-30 12:24:24 on dist-test-slave-zbh0"
I20260630 12:24:24.992369  7011 fs_report.cc:389] FS layout report
--------------------
wal directory: /tmp/dist-test-taskrAayCY/test-tmp/auto_rebalancer-test.0.AutoRebalancerTest.OnlyLeaderDoesAutoRebalancing.1782822263559377-7011-0/minicluster-data/master-0-root
metadata directory: /tmp/dist-test-taskrAayCY/test-tmp/auto_rebalancer-test.0.AutoRebalancerTest.OnlyLeaderDoesAutoRebalancing.1782822263559377-7011-0/minicluster-data/master-0-root
1 data directories: /tmp/dist-test-taskrAayCY/test-tmp/auto_rebalancer-test.0.AutoRebalancerTest.OnlyLeaderDoesAutoRebalancing.1782822263559377-7011-0/minicluster-data/master-0-root/data
Total live blocks: 0
Total live bytes: 0
Total live bytes (after alignment): 0
Total number of LBM containers: 0 (0 full)
Did not check for missing blocks
Did not check for orphaned blocks
Total full LBM containers with extra space: 0 (0 repaired)
Total full LBM container extra space in bytes: 0 (0 repaired)
Total incomplete LBM containers: 0 (0 repaired)
Total LBM partial records: 0 (0 repaired)
Total corrupted LBM metadata records in RocksDB: 0 (0 repaired)
I20260630 12:24:25.044555  7011 rpc_server.cc:225] running with OpenSSL 1.1.1  11 Sep 2018
I20260630 12:24:25.046010  7011 env_posix.cc:2267] Not raising this process' running threads per effective uid limit of 18446744073709551615; it is already as high as it can go
I20260630 12:24:25.046478  7011 kserver.cc:163] Server-wide thread pool size limit: 3276
I20260630 12:24:25.116192  7011 rpc_server.cc:307] RPC server started. Bound to: 127.6.216.254:36965
I20260630 12:24:25.116271  7077 acceptor_pool.cc:272] collecting diagnostics on the listening RPC socket 127.6.216.254:36965 every 8 connection(s)
I20260630 12:24:25.122247  7011 file_cache.cc:492] Constructed file cache file cache with capacity 419430
I20260630 12:24:25.123826  7078 data_dirs.cc:400] Could only allocate 1 dirs of requested 3 for tablet 00000000000000000000000000000000. 1 dirs total, 0 dirs full, 0 dirs failed
W20260630 12:24:25.134684  7080 instance_detector.cc:116] could not retrieve AWS instance metadata: Network error: curl error: HTTP response code said error: The requested URL returned error: 404
W20260630 12:24:25.137538  7081 instance_detector.cc:116] could not retrieve Azure instance metadata: Network error: curl error: HTTP response code said error: The requested URL returned error: 404
I20260630 12:24:25.140579  7011 server_base.cc:1061] running on GCE node
W20260630 12:24:25.140901  7083 instance_detector.cc:116] could not retrieve OpenStack instance metadata: Network error: curl error: HTTP response code said error: The requested URL returned error: 404
I20260630 12:24:25.141935  7011 hybrid_clock.cc:584] initializing the hybrid clock with 'system_unsync' time source
W20260630 12:24:25.142213  7011 system_unsync_time.cc:38] NTP support is disabled. Clock error bounds will not be accurate. This configuration is not suitable for distributed clusters.
I20260630 12:24:25.142424  7011 hybrid_clock.cc:648] HybridClock initialized: now 1782822265142405 us; error 0 us; skew 500 ppm
I20260630 12:24:25.143186  7011 server_base.cc:861] Flag tcmalloc_max_total_thread_cache_bytes is not working since tcmalloc is not enabled.
I20260630 12:24:25.147217  7011 webserver.cc:533] Webserver started at http://127.6.216.253:41893/ using document root <none> and password file <none>
I20260630 12:24:25.147905  7011 fs_manager.cc:362] Metadata directory not provided
I20260630 12:24:25.148161  7011 fs_manager.cc:368] Using write-ahead log directory (fs_wal_dir) as metadata directory
I20260630 12:24:25.148495  7011 server_base.cc:909] This appears to be a new deployment of Kudu; creating new FS layout
I20260630 12:24:25.149999  7011 fs_manager.cc:1068] Generated new instance metadata in path /tmp/dist-test-taskrAayCY/test-tmp/auto_rebalancer-test.0.AutoRebalancerTest.OnlyLeaderDoesAutoRebalancing.1782822263559377-7011-0/minicluster-data/master-1-root/instance:
uuid: "98d4913aa0d145c59e76d9173b6e1086"
format_stamp: "Formatted at 2026-06-30 12:24:25 on dist-test-slave-zbh0"
I20260630 12:24:25.156553  7011 fs_manager.cc:696] Time spent creating directory manager: real 0.006s	user 0.008s	sys 0.001s
I20260630 12:24:25.156445  7078 sys_catalog.cc:422] member_type: VOTER last_known_addr { host: "127.6.216.254" port: 36965 } has no permanent_uuid. Determining permanent_uuid...
I20260630 12:24:25.161594  7088 log_block_manager.cc:4031] Time spent loading block containers with low live blocks: real 0.000s	user 0.000s	sys 0.000s
I20260630 12:24:25.163516  7011 fs_manager.cc:730] Time spent opening block manager: real 0.004s	user 0.002s	sys 0.000s
I20260630 12:24:25.163923  7011 fs_manager.cc:647] Opened local filesystem: /tmp/dist-test-taskrAayCY/test-tmp/auto_rebalancer-test.0.AutoRebalancerTest.OnlyLeaderDoesAutoRebalancing.1782822263559377-7011-0/minicluster-data/master-1-root
uuid: "98d4913aa0d145c59e76d9173b6e1086"
format_stamp: "Formatted at 2026-06-30 12:24:25 on dist-test-slave-zbh0"
I20260630 12:24:25.164343  7011 fs_report.cc:389] FS layout report
--------------------
wal directory: /tmp/dist-test-taskrAayCY/test-tmp/auto_rebalancer-test.0.AutoRebalancerTest.OnlyLeaderDoesAutoRebalancing.1782822263559377-7011-0/minicluster-data/master-1-root
metadata directory: /tmp/dist-test-taskrAayCY/test-tmp/auto_rebalancer-test.0.AutoRebalancerTest.OnlyLeaderDoesAutoRebalancing.1782822263559377-7011-0/minicluster-data/master-1-root
1 data directories: /tmp/dist-test-taskrAayCY/test-tmp/auto_rebalancer-test.0.AutoRebalancerTest.OnlyLeaderDoesAutoRebalancing.1782822263559377-7011-0/minicluster-data/master-1-root/data
Total live blocks: 0
Total live bytes: 0
Total live bytes (after alignment): 0
Total number of LBM containers: 0 (0 full)
Did not check for missing blocks
Did not check for orphaned blocks
Total full LBM containers with extra space: 0 (0 repaired)
Total full LBM container extra space in bytes: 0 (0 repaired)
Total incomplete LBM containers: 0 (0 repaired)
Total LBM partial records: 0 (0 repaired)
Total corrupted LBM metadata records in RocksDB: 0 (0 repaired)
I20260630 12:24:25.185475  7078 sys_catalog.cc:422] member_type: VOTER last_known_addr { host: "127.6.216.253" port: 33711 } has no permanent_uuid. Determining permanent_uuid...
W20260630 12:24:25.188200  7030 proxy.cc:239] Call had error, refreshing address and retrying: Network error: Client connection negotiation failed: client connection to 127.6.216.253:33711: connect: Connection refused (error 111)
W20260630 12:24:25.192492  7078 consensus_peers.cc:760] Error getting permanent uuid from config peer 127.6.216.253:33711: Network error: Client connection negotiation failed: client connection to 127.6.216.253:33711: connect: Connection refused (error 111)
I20260630 12:24:25.196216  7011 rpc_server.cc:225] running with OpenSSL 1.1.1  11 Sep 2018
I20260630 12:24:25.197438  7011 kserver.cc:163] Server-wide thread pool size limit: 3276
I20260630 12:24:25.242142  7078 consensus_peers.cc:770] Retrying to get permanent uuid for remote peer: member_type: VOTER last_known_addr { host: "127.6.216.253" port: 33711 } attempt: 1
W20260630 12:24:25.247776  7078 consensus_peers.cc:760] Error getting permanent uuid from config peer 127.6.216.253:33711: Network error: Client connection negotiation failed: client connection to 127.6.216.253:33711: connect: Connection refused (error 111)
I20260630 12:24:25.265288  7011 rpc_server.cc:307] RPC server started. Bound to: 127.6.216.253:33711
I20260630 12:24:25.265473  7142 acceptor_pool.cc:272] collecting diagnostics on the listening RPC socket 127.6.216.253:33711 every 8 connection(s)
I20260630 12:24:25.270341  7011 file_cache.cc:492] Constructed file cache file cache with capacity 419430
I20260630 12:24:25.270447  7143 data_dirs.cc:400] Could only allocate 1 dirs of requested 3 for tablet 00000000000000000000000000000000. 1 dirs total, 0 dirs full, 0 dirs failed
I20260630 12:24:25.276747  7143 sys_catalog.cc:422] member_type: VOTER last_known_addr { host: "127.6.216.254" port: 36965 } has no permanent_uuid. Determining permanent_uuid...
W20260630 12:24:25.276851  7145 instance_detector.cc:116] could not retrieve AWS instance metadata: Network error: curl error: HTTP response code said error: The requested URL returned error: 404
W20260630 12:24:25.277905  7146 instance_detector.cc:116] could not retrieve Azure instance metadata: Network error: curl error: HTTP response code said error: The requested URL returned error: 404
I20260630 12:24:25.284660  7011 server_base.cc:1061] running on GCE node
W20260630 12:24:25.286062  7148 instance_detector.cc:116] could not retrieve OpenStack instance metadata: Network error: curl error: HTTP response code said error: The requested URL returned error: 404
I20260630 12:24:25.287204  7011 hybrid_clock.cc:584] initializing the hybrid clock with 'system_unsync' time source
W20260630 12:24:25.287561  7011 system_unsync_time.cc:38] NTP support is disabled. Clock error bounds will not be accurate. This configuration is not suitable for distributed clusters.
I20260630 12:24:25.287840  7011 hybrid_clock.cc:648] HybridClock initialized: now 1782822265287824 us; error 0 us; skew 500 ppm
I20260630 12:24:25.288458  7011 server_base.cc:861] Flag tcmalloc_max_total_thread_cache_bytes is not working since tcmalloc is not enabled.
I20260630 12:24:25.291678  7011 webserver.cc:533] Webserver started at http://127.6.216.252:35309/ using document root <none> and password file <none>
I20260630 12:24:25.292302  7011 fs_manager.cc:362] Metadata directory not provided
I20260630 12:24:25.292567  7011 fs_manager.cc:368] Using write-ahead log directory (fs_wal_dir) as metadata directory
I20260630 12:24:25.292804  7011 server_base.cc:909] This appears to be a new deployment of Kudu; creating new FS layout
I20260630 12:24:25.294050  7011 fs_manager.cc:1068] Generated new instance metadata in path /tmp/dist-test-taskrAayCY/test-tmp/auto_rebalancer-test.0.AutoRebalancerTest.OnlyLeaderDoesAutoRebalancing.1782822263559377-7011-0/minicluster-data/master-2-root/instance:
uuid: "c5ca8f1885db4b4b9e33920ffaa1d3a8"
format_stamp: "Formatted at 2026-06-30 12:24:25 on dist-test-slave-zbh0"
I20260630 12:24:25.297537  7143 sys_catalog.cc:422] member_type: VOTER last_known_addr { host: "127.6.216.253" port: 33711 } has no permanent_uuid. Determining permanent_uuid...
I20260630 12:24:25.300894  7011 fs_manager.cc:696] Time spent creating directory manager: real 0.006s	user 0.007s	sys 0.001s
I20260630 12:24:25.305737  7155 log_block_manager.cc:4031] Time spent loading block containers with low live blocks: real 0.000s	user 0.000s	sys 0.000s
I20260630 12:24:25.306684  7011 fs_manager.cc:730] Time spent opening block manager: real 0.003s	user 0.002s	sys 0.000s
I20260630 12:24:25.307024  7011 fs_manager.cc:647] Opened local filesystem: /tmp/dist-test-taskrAayCY/test-tmp/auto_rebalancer-test.0.AutoRebalancerTest.OnlyLeaderDoesAutoRebalancing.1782822263559377-7011-0/minicluster-data/master-2-root
uuid: "c5ca8f1885db4b4b9e33920ffaa1d3a8"
format_stamp: "Formatted at 2026-06-30 12:24:25 on dist-test-slave-zbh0"
I20260630 12:24:25.307387  7011 fs_report.cc:389] FS layout report
--------------------
wal directory: /tmp/dist-test-taskrAayCY/test-tmp/auto_rebalancer-test.0.AutoRebalancerTest.OnlyLeaderDoesAutoRebalancing.1782822263559377-7011-0/minicluster-data/master-2-root
metadata directory: /tmp/dist-test-taskrAayCY/test-tmp/auto_rebalancer-test.0.AutoRebalancerTest.OnlyLeaderDoesAutoRebalancing.1782822263559377-7011-0/minicluster-data/master-2-root
1 data directories: /tmp/dist-test-taskrAayCY/test-tmp/auto_rebalancer-test.0.AutoRebalancerTest.OnlyLeaderDoesAutoRebalancing.1782822263559377-7011-0/minicluster-data/master-2-root/data
Total live blocks: 0
Total live bytes: 0
Total live bytes (after alignment): 0
Total number of LBM containers: 0 (0 full)
Did not check for missing blocks
Did not check for orphaned blocks
Total full LBM containers with extra space: 0 (0 repaired)
Total full LBM container extra space in bytes: 0 (0 repaired)
Total incomplete LBM containers: 0 (0 repaired)
Total LBM partial records: 0 (0 repaired)
Total corrupted LBM metadata records in RocksDB: 0 (0 repaired)
I20260630 12:24:25.311825  7143 sys_catalog.cc:422] member_type: VOTER last_known_addr { host: "127.6.216.252" port: 34809 } has no permanent_uuid. Determining permanent_uuid...
I20260630 12:24:25.316761  7078 consensus_peers.cc:770] Retrying to get permanent uuid for remote peer: member_type: VOTER last_known_addr { host: "127.6.216.253" port: 33711 } attempt: 2
W20260630 12:24:25.319790  7143 consensus_peers.cc:760] Error getting permanent uuid from config peer 127.6.216.252:34809: Network error: Client connection negotiation failed: client connection to 127.6.216.252:34809: connect: Connection refused (error 111)
I20260630 12:24:25.326480  7011 rpc_server.cc:225] running with OpenSSL 1.1.1  11 Sep 2018
I20260630 12:24:25.327062  7078 sys_catalog.cc:422] member_type: VOTER last_known_addr { host: "127.6.216.252" port: 34809 } has no permanent_uuid. Determining permanent_uuid...
I20260630 12:24:25.327890  7011 kserver.cc:163] Server-wide thread pool size limit: 3276
W20260630 12:24:25.332170  7078 consensus_peers.cc:760] Error getting permanent uuid from config peer 127.6.216.252:34809: Network error: Client connection negotiation failed: client connection to 127.6.216.252:34809: connect: Connection refused (error 111)
I20260630 12:24:25.363229  7143 consensus_peers.cc:770] Retrying to get permanent uuid for remote peer: member_type: VOTER last_known_addr { host: "127.6.216.252" port: 34809 } attempt: 1
I20260630 12:24:25.364107  7078 consensus_peers.cc:770] Retrying to get permanent uuid for remote peer: member_type: VOTER last_known_addr { host: "127.6.216.252" port: 34809 } attempt: 1
W20260630 12:24:25.369237  7143 consensus_peers.cc:760] Error getting permanent uuid from config peer 127.6.216.252:34809: Network error: Client connection negotiation failed: client connection to 127.6.216.252:34809: connect: Connection refused (error 111)
W20260630 12:24:25.370553  7078 consensus_peers.cc:760] Error getting permanent uuid from config peer 127.6.216.252:34809: Network error: Client connection negotiation failed: client connection to 127.6.216.252:34809: connect: Connection refused (error 111)
I20260630 12:24:25.398780  7011 rpc_server.cc:307] RPC server started. Bound to: 127.6.216.252:34809
I20260630 12:24:25.398934  7207 acceptor_pool.cc:272] collecting diagnostics on the listening RPC socket 127.6.216.252:34809 every 8 connection(s)
I20260630 12:24:25.402695  7011 internal_mini_cluster.cc:184] Waiting to initialize catalog manager on master 0
I20260630 12:24:25.403674  7208 data_dirs.cc:400] Could only allocate 1 dirs of requested 3 for tablet 00000000000000000000000000000000. 1 dirs total, 0 dirs full, 0 dirs failed
I20260630 12:24:25.408793  7208 sys_catalog.cc:422] member_type: VOTER last_known_addr { host: "127.6.216.254" port: 36965 } has no permanent_uuid. Determining permanent_uuid...
I20260630 12:24:25.420250  7208 sys_catalog.cc:422] member_type: VOTER last_known_addr { host: "127.6.216.253" port: 33711 } has no permanent_uuid. Determining permanent_uuid...
I20260630 12:24:25.429685  7208 sys_catalog.cc:422] member_type: VOTER last_known_addr { host: "127.6.216.252" port: 34809 } has no permanent_uuid. Determining permanent_uuid...
I20260630 12:24:25.438006  7078 consensus_peers.cc:770] Retrying to get permanent uuid for remote peer: member_type: VOTER last_known_addr { host: "127.6.216.252" port: 34809 } attempt: 2
I20260630 12:24:25.444789  7143 consensus_peers.cc:770] Retrying to get permanent uuid for remote peer: member_type: VOTER last_known_addr { host: "127.6.216.252" port: 34809 } attempt: 2
I20260630 12:24:25.451314  7208 tablet_bootstrap.cc:492] T 00000000000000000000000000000000 P c5ca8f1885db4b4b9e33920ffaa1d3a8: Bootstrap starting.
I20260630 12:24:25.456058  7078 tablet_bootstrap.cc:492] T 00000000000000000000000000000000 P 64ae58a488e7453bae0ce3140501f2b3: Bootstrap starting.
I20260630 12:24:25.458326  7208 tablet_bootstrap.cc:654] T 00000000000000000000000000000000 P c5ca8f1885db4b4b9e33920ffaa1d3a8: Neither blocks nor log segments found. Creating new log.
I20260630 12:24:25.460546  7208 log.cc:826] T 00000000000000000000000000000000 P c5ca8f1885db4b4b9e33920ffaa1d3a8: Log is configured to *not* fsync() on all Append() calls
I20260630 12:24:25.462844  7078 tablet_bootstrap.cc:654] T 00000000000000000000000000000000 P 64ae58a488e7453bae0ce3140501f2b3: Neither blocks nor log segments found. Creating new log.
I20260630 12:24:25.463690  7143 tablet_bootstrap.cc:492] T 00000000000000000000000000000000 P 98d4913aa0d145c59e76d9173b6e1086: Bootstrap starting.
I20260630 12:24:25.466449  7208 tablet_bootstrap.cc:492] T 00000000000000000000000000000000 P c5ca8f1885db4b4b9e33920ffaa1d3a8: No bootstrap required, opened a new log
I20260630 12:24:25.469807  7143 tablet_bootstrap.cc:654] T 00000000000000000000000000000000 P 98d4913aa0d145c59e76d9173b6e1086: Neither blocks nor log segments found. Creating new log.
I20260630 12:24:25.470111  7078 tablet_bootstrap.cc:492] T 00000000000000000000000000000000 P 64ae58a488e7453bae0ce3140501f2b3: No bootstrap required, opened a new log
I20260630 12:24:25.476023  7143 tablet_bootstrap.cc:492] T 00000000000000000000000000000000 P 98d4913aa0d145c59e76d9173b6e1086: No bootstrap required, opened a new log
I20260630 12:24:25.485759  7208 raft_consensus.cc:359] T 00000000000000000000000000000000 P c5ca8f1885db4b4b9e33920ffaa1d3a8 [term 0 FOLLOWER]: Replica starting. Triggering 0 pending ops. Active config: opid_index: -1 OBSOLETE_local: false peers { permanent_uuid: "64ae58a488e7453bae0ce3140501f2b3" member_type: VOTER last_known_addr { host: "127.6.216.254" port: 36965 } } peers { permanent_uuid: "98d4913aa0d145c59e76d9173b6e1086" member_type: VOTER last_known_addr { host: "127.6.216.253" port: 33711 } } peers { permanent_uuid: "c5ca8f1885db4b4b9e33920ffaa1d3a8" member_type: VOTER last_known_addr { host: "127.6.216.252" port: 34809 } }
I20260630 12:24:25.485771  7078 raft_consensus.cc:359] T 00000000000000000000000000000000 P 64ae58a488e7453bae0ce3140501f2b3 [term 0 FOLLOWER]: Replica starting. Triggering 0 pending ops. Active config: opid_index: -1 OBSOLETE_local: false peers { permanent_uuid: "64ae58a488e7453bae0ce3140501f2b3" member_type: VOTER last_known_addr { host: "127.6.216.254" port: 36965 } } peers { permanent_uuid: "98d4913aa0d145c59e76d9173b6e1086" member_type: VOTER last_known_addr { host: "127.6.216.253" port: 33711 } } peers { permanent_uuid: "c5ca8f1885db4b4b9e33920ffaa1d3a8" member_type: VOTER last_known_addr { host: "127.6.216.252" port: 34809 } }
I20260630 12:24:25.486482  7208 raft_consensus.cc:385] T 00000000000000000000000000000000 P c5ca8f1885db4b4b9e33920ffaa1d3a8 [term 0 FOLLOWER]: Consensus starting up: Expiring failure detector timer to make a prompt election more likely
I20260630 12:24:25.485771  7143 raft_consensus.cc:359] T 00000000000000000000000000000000 P 98d4913aa0d145c59e76d9173b6e1086 [term 0 FOLLOWER]: Replica starting. Triggering 0 pending ops. Active config: opid_index: -1 OBSOLETE_local: false peers { permanent_uuid: "64ae58a488e7453bae0ce3140501f2b3" member_type: VOTER last_known_addr { host: "127.6.216.254" port: 36965 } } peers { permanent_uuid: "98d4913aa0d145c59e76d9173b6e1086" member_type: VOTER last_known_addr { host: "127.6.216.253" port: 33711 } } peers { permanent_uuid: "c5ca8f1885db4b4b9e33920ffaa1d3a8" member_type: VOTER last_known_addr { host: "127.6.216.252" port: 34809 } }
I20260630 12:24:25.486773  7078 raft_consensus.cc:385] T 00000000000000000000000000000000 P 64ae58a488e7453bae0ce3140501f2b3 [term 0 FOLLOWER]: Consensus starting up: Expiring failure detector timer to make a prompt election more likely
I20260630 12:24:25.486857  7143 raft_consensus.cc:385] T 00000000000000000000000000000000 P 98d4913aa0d145c59e76d9173b6e1086 [term 0 FOLLOWER]: Consensus starting up: Expiring failure detector timer to make a prompt election more likely
I20260630 12:24:25.486819  7208 raft_consensus.cc:740] T 00000000000000000000000000000000 P c5ca8f1885db4b4b9e33920ffaa1d3a8 [term 0 FOLLOWER]: Becoming Follower/Learner. State: Replica: c5ca8f1885db4b4b9e33920ffaa1d3a8, State: Initialized, Role: FOLLOWER
I20260630 12:24:25.487174  7078 raft_consensus.cc:740] T 00000000000000000000000000000000 P 64ae58a488e7453bae0ce3140501f2b3 [term 0 FOLLOWER]: Becoming Follower/Learner. State: Replica: 64ae58a488e7453bae0ce3140501f2b3, State: Initialized, Role: FOLLOWER
I20260630 12:24:25.487258  7143 raft_consensus.cc:740] T 00000000000000000000000000000000 P 98d4913aa0d145c59e76d9173b6e1086 [term 0 FOLLOWER]: Becoming Follower/Learner. State: Replica: 98d4913aa0d145c59e76d9173b6e1086, State: Initialized, Role: FOLLOWER
I20260630 12:24:25.488027  7208 consensus_queue.cc:260] T 00000000000000000000000000000000 P c5ca8f1885db4b4b9e33920ffaa1d3a8 [NON_LEADER]: Queue going to NON_LEADER mode. State: All replicated index: 0, Majority replicated index: 0, Committed index: 0, Last appended: 0.0, Last appended by leader: 0, Current term: 0, Majority size: -1, State: 0, Mode: NON_LEADER, active raft config: opid_index: -1 OBSOLETE_local: false peers { permanent_uuid: "64ae58a488e7453bae0ce3140501f2b3" member_type: VOTER last_known_addr { host: "127.6.216.254" port: 36965 } } peers { permanent_uuid: "98d4913aa0d145c59e76d9173b6e1086" member_type: VOTER last_known_addr { host: "127.6.216.253" port: 33711 } } peers { permanent_uuid: "c5ca8f1885db4b4b9e33920ffaa1d3a8" member_type: VOTER last_known_addr { host: "127.6.216.252" port: 34809 } }
I20260630 12:24:25.488032  7078 consensus_queue.cc:260] T 00000000000000000000000000000000 P 64ae58a488e7453bae0ce3140501f2b3 [NON_LEADER]: Queue going to NON_LEADER mode. State: All replicated index: 0, Majority replicated index: 0, Committed index: 0, Last appended: 0.0, Last appended by leader: 0, Current term: 0, Majority size: -1, State: 0, Mode: NON_LEADER, active raft config: opid_index: -1 OBSOLETE_local: false peers { permanent_uuid: "64ae58a488e7453bae0ce3140501f2b3" member_type: VOTER last_known_addr { host: "127.6.216.254" port: 36965 } } peers { permanent_uuid: "98d4913aa0d145c59e76d9173b6e1086" member_type: VOTER last_known_addr { host: "127.6.216.253" port: 33711 } } peers { permanent_uuid: "c5ca8f1885db4b4b9e33920ffaa1d3a8" member_type: VOTER last_known_addr { host: "127.6.216.252" port: 34809 } }
I20260630 12:24:25.488044  7143 consensus_queue.cc:260] T 00000000000000000000000000000000 P 98d4913aa0d145c59e76d9173b6e1086 [NON_LEADER]: Queue going to NON_LEADER mode. State: All replicated index: 0, Majority replicated index: 0, Committed index: 0, Last appended: 0.0, Last appended by leader: 0, Current term: 0, Majority size: -1, State: 0, Mode: NON_LEADER, active raft config: opid_index: -1 OBSOLETE_local: false peers { permanent_uuid: "64ae58a488e7453bae0ce3140501f2b3" member_type: VOTER last_known_addr { host: "127.6.216.254" port: 36965 } } peers { permanent_uuid: "98d4913aa0d145c59e76d9173b6e1086" member_type: VOTER last_known_addr { host: "127.6.216.253" port: 33711 } } peers { permanent_uuid: "c5ca8f1885db4b4b9e33920ffaa1d3a8" member_type: VOTER last_known_addr { host: "127.6.216.252" port: 34809 } }
I20260630 12:24:25.492630  7208 sys_catalog.cc:565] T 00000000000000000000000000000000 P c5ca8f1885db4b4b9e33920ffaa1d3a8 [sys.catalog]: configured and running, proceeding with master startup.
I20260630 12:24:25.492437  7217 sys_catalog.cc:455] T 00000000000000000000000000000000 P 64ae58a488e7453bae0ce3140501f2b3 [sys.catalog]: SysCatalogTable state changed. Reason: RaftConsensus started. Latest consensus state: current_term: 0 committed_config { opid_index: -1 OBSOLETE_local: false peers { permanent_uuid: "64ae58a488e7453bae0ce3140501f2b3" member_type: VOTER last_known_addr { host: "127.6.216.254" port: 36965 } } peers { permanent_uuid: "98d4913aa0d145c59e76d9173b6e1086" member_type: VOTER last_known_addr { host: "127.6.216.253" port: 33711 } } peers { permanent_uuid: "c5ca8f1885db4b4b9e33920ffaa1d3a8" member_type: VOTER last_known_addr { host: "127.6.216.252" port: 34809 } } }
I20260630 12:24:25.493464  7217 sys_catalog.cc:458] T 00000000000000000000000000000000 P 64ae58a488e7453bae0ce3140501f2b3 [sys.catalog]: This master's current role is: FOLLOWER
I20260630 12:24:25.494165  7078 sys_catalog.cc:565] T 00000000000000000000000000000000 P 64ae58a488e7453bae0ce3140501f2b3 [sys.catalog]: configured and running, proceeding with master startup.
I20260630 12:24:25.495509  7216 sys_catalog.cc:455] T 00000000000000000000000000000000 P c5ca8f1885db4b4b9e33920ffaa1d3a8 [sys.catalog]: SysCatalogTable state changed. Reason: RaftConsensus started. Latest consensus state: current_term: 0 committed_config { opid_index: -1 OBSOLETE_local: false peers { permanent_uuid: "64ae58a488e7453bae0ce3140501f2b3" member_type: VOTER last_known_addr { host: "127.6.216.254" port: 36965 } } peers { permanent_uuid: "98d4913aa0d145c59e76d9173b6e1086" member_type: VOTER last_known_addr { host: "127.6.216.253" port: 33711 } } peers { permanent_uuid: "c5ca8f1885db4b4b9e33920ffaa1d3a8" member_type: VOTER last_known_addr { host: "127.6.216.252" port: 34809 } } }
I20260630 12:24:25.497483  7218 sys_catalog.cc:455] T 00000000000000000000000000000000 P 98d4913aa0d145c59e76d9173b6e1086 [sys.catalog]: SysCatalogTable state changed. Reason: RaftConsensus started. Latest consensus state: current_term: 0 committed_config { opid_index: -1 OBSOLETE_local: false peers { permanent_uuid: "64ae58a488e7453bae0ce3140501f2b3" member_type: VOTER last_known_addr { host: "127.6.216.254" port: 36965 } } peers { permanent_uuid: "98d4913aa0d145c59e76d9173b6e1086" member_type: VOTER last_known_addr { host: "127.6.216.253" port: 33711 } } peers { permanent_uuid: "c5ca8f1885db4b4b9e33920ffaa1d3a8" member_type: VOTER last_known_addr { host: "127.6.216.252" port: 34809 } } }
I20260630 12:24:25.498311  7218 sys_catalog.cc:458] T 00000000000000000000000000000000 P 98d4913aa0d145c59e76d9173b6e1086 [sys.catalog]: This master's current role is: FOLLOWER
I20260630 12:24:25.496621  7216 sys_catalog.cc:458] T 00000000000000000000000000000000 P c5ca8f1885db4b4b9e33920ffaa1d3a8 [sys.catalog]: This master's current role is: FOLLOWER
I20260630 12:24:25.498955  7143 sys_catalog.cc:565] T 00000000000000000000000000000000 P 98d4913aa0d145c59e76d9173b6e1086 [sys.catalog]: configured and running, proceeding with master startup.
I20260630 12:24:25.545753  7011 internal_mini_cluster.cc:184] Waiting to initialize catalog manager on master 1
I20260630 12:24:25.546242  7011 internal_mini_cluster.cc:184] Waiting to initialize catalog manager on master 2
I20260630 12:24:25.548151  7011 file_cache.cc:492] Constructed file cache file cache with capacity 419430
W20260630 12:24:25.551919  7032 tablet.cc:2406] T 00000000000000000000000000000000 P 64ae58a488e7453bae0ce3140501f2b3: Can't schedule compaction. Clean time has not been advanced past its initial value.
W20260630 12:24:25.553035  7250 catalog_manager.cc:1594] T 00000000000000000000000000000000 P 64ae58a488e7453bae0ce3140501f2b3: loading cluster ID for follower catalog manager: Not found: cluster ID entry not found
W20260630 12:24:25.553362  7250 catalog_manager.cc:883] Not found: cluster ID entry not found: failed to prepare follower catalog manager, will retry
W20260630 12:24:25.554440  7251 catalog_manager.cc:1594] T 00000000000000000000000000000000 P 98d4913aa0d145c59e76d9173b6e1086: loading cluster ID for follower catalog manager: Not found: cluster ID entry not found
W20260630 12:24:25.554880  7251 catalog_manager.cc:883] Not found: cluster ID entry not found: failed to prepare follower catalog manager, will retry
W20260630 12:24:25.557140  7249 catalog_manager.cc:1594] T 00000000000000000000000000000000 P c5ca8f1885db4b4b9e33920ffaa1d3a8: loading cluster ID for follower catalog manager: Not found: cluster ID entry not found
W20260630 12:24:25.557540  7249 catalog_manager.cc:883] Not found: cluster ID entry not found: failed to prepare follower catalog manager, will retry
W20260630 12:24:25.559955  7253 instance_detector.cc:116] could not retrieve AWS instance metadata: Network error: curl error: HTTP response code said error: The requested URL returned error: 404
W20260630 12:24:25.561906  7254 instance_detector.cc:116] could not retrieve Azure instance metadata: Network error: curl error: HTTP response code said error: The requested URL returned error: 404
W20260630 12:24:25.567066  7256 instance_detector.cc:116] could not retrieve OpenStack instance metadata: Network error: curl error: HTTP response code said error: The requested URL returned error: 404
I20260630 12:24:25.567953  7011 server_base.cc:1061] running on GCE node
I20260630 12:24:25.568795  7011 hybrid_clock.cc:584] initializing the hybrid clock with 'system_unsync' time source
W20260630 12:24:25.569010  7011 system_unsync_time.cc:38] NTP support is disabled. Clock error bounds will not be accurate. This configuration is not suitable for distributed clusters.
I20260630 12:24:25.569191  7011 hybrid_clock.cc:648] HybridClock initialized: now 1782822265569175 us; error 0 us; skew 500 ppm
I20260630 12:24:25.569748  7011 server_base.cc:861] Flag tcmalloc_max_total_thread_cache_bytes is not working since tcmalloc is not enabled.
I20260630 12:24:25.572578  7011 webserver.cc:533] Webserver started at http://127.6.216.193:38281/ using document root <none> and password file <none>
I20260630 12:24:25.573052  7011 fs_manager.cc:362] Metadata directory not provided
I20260630 12:24:25.573272  7011 fs_manager.cc:368] Using write-ahead log directory (fs_wal_dir) as metadata directory
I20260630 12:24:25.573544  7011 server_base.cc:909] This appears to be a new deployment of Kudu; creating new FS layout
I20260630 12:24:25.574566  7011 fs_manager.cc:1068] Generated new instance metadata in path /tmp/dist-test-taskrAayCY/test-tmp/auto_rebalancer-test.0.AutoRebalancerTest.OnlyLeaderDoesAutoRebalancing.1782822263559377-7011-0/minicluster-data/ts-0-root/instance:
uuid: "7d0443bcbb1845c396e286cc87043fe5"
format_stamp: "Formatted at 2026-06-30 12:24:25 on dist-test-slave-zbh0"
I20260630 12:24:25.579342  7011 fs_manager.cc:696] Time spent creating directory manager: real 0.004s	user 0.002s	sys 0.001s
I20260630 12:24:25.582858  7261 log_block_manager.cc:4031] Time spent loading block containers with low live blocks: real 0.000s	user 0.000s	sys 0.000s
I20260630 12:24:25.583719  7011 fs_manager.cc:730] Time spent opening block manager: real 0.003s	user 0.002s	sys 0.001s
I20260630 12:24:25.583945  7011 fs_manager.cc:647] Opened local filesystem: /tmp/dist-test-taskrAayCY/test-tmp/auto_rebalancer-test.0.AutoRebalancerTest.OnlyLeaderDoesAutoRebalancing.1782822263559377-7011-0/minicluster-data/ts-0-root
uuid: "7d0443bcbb1845c396e286cc87043fe5"
format_stamp: "Formatted at 2026-06-30 12:24:25 on dist-test-slave-zbh0"
I20260630 12:24:25.584218  7011 fs_report.cc:389] FS layout report
--------------------
wal directory: /tmp/dist-test-taskrAayCY/test-tmp/auto_rebalancer-test.0.AutoRebalancerTest.OnlyLeaderDoesAutoRebalancing.1782822263559377-7011-0/minicluster-data/ts-0-root
metadata directory: /tmp/dist-test-taskrAayCY/test-tmp/auto_rebalancer-test.0.AutoRebalancerTest.OnlyLeaderDoesAutoRebalancing.1782822263559377-7011-0/minicluster-data/ts-0-root
1 data directories: /tmp/dist-test-taskrAayCY/test-tmp/auto_rebalancer-test.0.AutoRebalancerTest.OnlyLeaderDoesAutoRebalancing.1782822263559377-7011-0/minicluster-data/ts-0-root/data
Total live blocks: 0
Total live bytes: 0
Total live bytes (after alignment): 0
Total number of LBM containers: 0 (0 full)
Did not check for missing blocks
Did not check for orphaned blocks
Total full LBM containers with extra space: 0 (0 repaired)
Total full LBM container extra space in bytes: 0 (0 repaired)
Total incomplete LBM containers: 0 (0 repaired)
Total LBM partial records: 0 (0 repaired)
Total corrupted LBM metadata records in RocksDB: 0 (0 repaired)
I20260630 12:24:25.607159  7011 rpc_server.cc:225] running with OpenSSL 1.1.1  11 Sep 2018
I20260630 12:24:25.608465  7011 kserver.cc:163] Server-wide thread pool size limit: 3276
I20260630 12:24:25.610755  7011 txn_system_client.cc:432] TxnSystemClient initialization is disabled...
I20260630 12:24:25.615144  7011 ts_tablet_manager.cc:585] Loaded tablet metadata (0 total tablets, 0 live tablets)
I20260630 12:24:25.615381  7011 ts_tablet_manager.cc:531] Time spent load tablet metadata: real 0.000s	user 0.000s	sys 0.000s
I20260630 12:24:25.615643  7011 ts_tablet_manager.cc:616] Registered 0 tablets
I20260630 12:24:25.615794  7011 ts_tablet_manager.cc:595] Time spent register tablets: real 0.000s	user 0.000s	sys 0.000s
I20260630 12:24:25.622588  7217 raft_consensus.cc:493] T 00000000000000000000000000000000 P 64ae58a488e7453bae0ce3140501f2b3 [term 0 FOLLOWER]: Starting pre-election (no leader contacted us within the election timeout)
I20260630 12:24:25.623287  7217 raft_consensus.cc:515] T 00000000000000000000000000000000 P 64ae58a488e7453bae0ce3140501f2b3 [term 0 FOLLOWER]: Starting pre-election with config: opid_index: -1 OBSOLETE_local: false peers { permanent_uuid: "64ae58a488e7453bae0ce3140501f2b3" member_type: VOTER last_known_addr { host: "127.6.216.254" port: 36965 } } peers { permanent_uuid: "98d4913aa0d145c59e76d9173b6e1086" member_type: VOTER last_known_addr { host: "127.6.216.253" port: 33711 } } peers { permanent_uuid: "c5ca8f1885db4b4b9e33920ffaa1d3a8" member_type: VOTER last_known_addr { host: "127.6.216.252" port: 34809 } }
I20260630 12:24:25.627411  7217 leader_election.cc:290] T 00000000000000000000000000000000 P 64ae58a488e7453bae0ce3140501f2b3 [CANDIDATE]: Term 1 pre-election: Requested pre-vote from peers 98d4913aa0d145c59e76d9173b6e1086 (127.6.216.253:33711), c5ca8f1885db4b4b9e33920ffaa1d3a8 (127.6.216.252:34809)
I20260630 12:24:25.627812  7118 tablet_service.cc:1917] Received RequestConsensusVote() RPC: tablet_id: "00000000000000000000000000000000" candidate_uuid: "64ae58a488e7453bae0ce3140501f2b3" candidate_term: 1 candidate_status { last_received { term: 0 index: 0 } } ignore_live_leader: false dest_uuid: "98d4913aa0d145c59e76d9173b6e1086" is_pre_election: true
I20260630 12:24:25.628757  7118 raft_consensus.cc:2468] T 00000000000000000000000000000000 P 98d4913aa0d145c59e76d9173b6e1086 [term 0 FOLLOWER]: Leader pre-election vote request: Granting yes vote for candidate 64ae58a488e7453bae0ce3140501f2b3 in term 0.
I20260630 12:24:25.630225  7030 leader_election.cc:304] T 00000000000000000000000000000000 P 64ae58a488e7453bae0ce3140501f2b3 [CANDIDATE]: Term 1 pre-election: Election decided. Result: candidate won. Election summary: received 2 responses out of 3 voters: 2 yes votes; 0 no votes. yes voters: 64ae58a488e7453bae0ce3140501f2b3, 98d4913aa0d145c59e76d9173b6e1086; no voters: 
I20260630 12:24:25.630100  7183 tablet_service.cc:1917] Received RequestConsensusVote() RPC: tablet_id: "00000000000000000000000000000000" candidate_uuid: "64ae58a488e7453bae0ce3140501f2b3" candidate_term: 1 candidate_status { last_received { term: 0 index: 0 } } ignore_live_leader: false dest_uuid: "c5ca8f1885db4b4b9e33920ffaa1d3a8" is_pre_election: true
I20260630 12:24:25.631278  7217 raft_consensus.cc:2804] T 00000000000000000000000000000000 P 64ae58a488e7453bae0ce3140501f2b3 [term 0 FOLLOWER]: Leader pre-election won for term 1
I20260630 12:24:25.631103  7183 raft_consensus.cc:2468] T 00000000000000000000000000000000 P c5ca8f1885db4b4b9e33920ffaa1d3a8 [term 0 FOLLOWER]: Leader pre-election vote request: Granting yes vote for candidate 64ae58a488e7453bae0ce3140501f2b3 in term 0.
I20260630 12:24:25.631733  7217 raft_consensus.cc:493] T 00000000000000000000000000000000 P 64ae58a488e7453bae0ce3140501f2b3 [term 0 FOLLOWER]: Starting leader election (no leader contacted us within the election timeout)
I20260630 12:24:25.632143  7217 raft_consensus.cc:3060] T 00000000000000000000000000000000 P 64ae58a488e7453bae0ce3140501f2b3 [term 0 FOLLOWER]: Advancing to term 1
I20260630 12:24:25.639269  7217 raft_consensus.cc:515] T 00000000000000000000000000000000 P 64ae58a488e7453bae0ce3140501f2b3 [term 1 FOLLOWER]: Starting leader election with config: opid_index: -1 OBSOLETE_local: false peers { permanent_uuid: "64ae58a488e7453bae0ce3140501f2b3" member_type: VOTER last_known_addr { host: "127.6.216.254" port: 36965 } } peers { permanent_uuid: "98d4913aa0d145c59e76d9173b6e1086" member_type: VOTER last_known_addr { host: "127.6.216.253" port: 33711 } } peers { permanent_uuid: "c5ca8f1885db4b4b9e33920ffaa1d3a8" member_type: VOTER last_known_addr { host: "127.6.216.252" port: 34809 } }
I20260630 12:24:25.641999  7118 tablet_service.cc:1917] Received RequestConsensusVote() RPC: tablet_id: "00000000000000000000000000000000" candidate_uuid: "64ae58a488e7453bae0ce3140501f2b3" candidate_term: 1 candidate_status { last_received { term: 0 index: 0 } } ignore_live_leader: false dest_uuid: "98d4913aa0d145c59e76d9173b6e1086"
I20260630 12:24:25.642561  7118 raft_consensus.cc:3060] T 00000000000000000000000000000000 P 98d4913aa0d145c59e76d9173b6e1086 [term 0 FOLLOWER]: Advancing to term 1
I20260630 12:24:25.643561  7183 tablet_service.cc:1917] Received RequestConsensusVote() RPC: tablet_id: "00000000000000000000000000000000" candidate_uuid: "64ae58a488e7453bae0ce3140501f2b3" candidate_term: 1 candidate_status { last_received { term: 0 index: 0 } } ignore_live_leader: false dest_uuid: "c5ca8f1885db4b4b9e33920ffaa1d3a8"
I20260630 12:24:25.644254  7183 raft_consensus.cc:3060] T 00000000000000000000000000000000 P c5ca8f1885db4b4b9e33920ffaa1d3a8 [term 0 FOLLOWER]: Advancing to term 1
I20260630 12:24:25.649438  7118 raft_consensus.cc:2468] T 00000000000000000000000000000000 P 98d4913aa0d145c59e76d9173b6e1086 [term 1 FOLLOWER]: Leader election vote request: Granting yes vote for candidate 64ae58a488e7453bae0ce3140501f2b3 in term 1.
I20260630 12:24:25.650653  7030 leader_election.cc:304] T 00000000000000000000000000000000 P 64ae58a488e7453bae0ce3140501f2b3 [CANDIDATE]: Term 1 election: Election decided. Result: candidate won. Election summary: received 2 responses out of 3 voters: 2 yes votes; 0 no votes. yes voters: 64ae58a488e7453bae0ce3140501f2b3, 98d4913aa0d145c59e76d9173b6e1086; no voters: 
I20260630 12:24:25.652812  7183 raft_consensus.cc:2468] T 00000000000000000000000000000000 P c5ca8f1885db4b4b9e33920ffaa1d3a8 [term 1 FOLLOWER]: Leader election vote request: Granting yes vote for candidate 64ae58a488e7453bae0ce3140501f2b3 in term 1.
I20260630 12:24:25.654439  7217 leader_election.cc:290] T 00000000000000000000000000000000 P 64ae58a488e7453bae0ce3140501f2b3 [CANDIDATE]: Term 1 election: Requested vote from peers 98d4913aa0d145c59e76d9173b6e1086 (127.6.216.253:33711), c5ca8f1885db4b4b9e33920ffaa1d3a8 (127.6.216.252:34809)
I20260630 12:24:25.655182  7217 raft_consensus.cc:2804] T 00000000000000000000000000000000 P 64ae58a488e7453bae0ce3140501f2b3 [term 1 FOLLOWER]: Leader election won for term 1
I20260630 12:24:25.655754  7217 raft_consensus.cc:697] T 00000000000000000000000000000000 P 64ae58a488e7453bae0ce3140501f2b3 [term 1 LEADER]: Becoming Leader. State: Replica: 64ae58a488e7453bae0ce3140501f2b3, State: Running, Role: LEADER
I20260630 12:24:25.656975  7217 consensus_queue.cc:237] T 00000000000000000000000000000000 P 64ae58a488e7453bae0ce3140501f2b3 [LEADER]: Queue going to LEADER mode. State: All replicated index: 0, Majority replicated index: 0, Committed index: 0, Last appended: 0.0, Last appended by leader: 0, Current term: 1, Majority size: 2, State: 0, Mode: LEADER, active raft config: opid_index: -1 OBSOLETE_local: false peers { permanent_uuid: "64ae58a488e7453bae0ce3140501f2b3" member_type: VOTER last_known_addr { host: "127.6.216.254" port: 36965 } } peers { permanent_uuid: "98d4913aa0d145c59e76d9173b6e1086" member_type: VOTER last_known_addr { host: "127.6.216.253" port: 33711 } } peers { permanent_uuid: "c5ca8f1885db4b4b9e33920ffaa1d3a8" member_type: VOTER last_known_addr { host: "127.6.216.252" port: 34809 } }
I20260630 12:24:25.670960  7276 sys_catalog.cc:455] T 00000000000000000000000000000000 P 64ae58a488e7453bae0ce3140501f2b3 [sys.catalog]: SysCatalogTable state changed. Reason: New leader 64ae58a488e7453bae0ce3140501f2b3. Latest consensus state: current_term: 1 leader_uuid: "64ae58a488e7453bae0ce3140501f2b3" committed_config { opid_index: -1 OBSOLETE_local: false peers { permanent_uuid: "64ae58a488e7453bae0ce3140501f2b3" member_type: VOTER last_known_addr { host: "127.6.216.254" port: 36965 } } peers { permanent_uuid: "98d4913aa0d145c59e76d9173b6e1086" member_type: VOTER last_known_addr { host: "127.6.216.253" port: 33711 } } peers { permanent_uuid: "c5ca8f1885db4b4b9e33920ffaa1d3a8" member_type: VOTER last_known_addr { host: "127.6.216.252" port: 34809 } } }
I20260630 12:24:25.671936  7276 sys_catalog.cc:458] T 00000000000000000000000000000000 P 64ae58a488e7453bae0ce3140501f2b3 [sys.catalog]: This master's current role is: LEADER
I20260630 12:24:25.676025  7282 catalog_manager.cc:1511] Loading table and tablet metadata into memory...
I20260630 12:24:25.686307  7282 catalog_manager.cc:1520] Initializing Kudu cluster ID...
I20260630 12:24:25.709025  7183 raft_consensus.cc:1275] T 00000000000000000000000000000000 P c5ca8f1885db4b4b9e33920ffaa1d3a8 [term 1 FOLLOWER]: Refusing update from remote peer 64ae58a488e7453bae0ce3140501f2b3: Log matching property violated. Preceding OpId in replica: term: 0 index: 0. Preceding OpId from leader: term: 1 index: 2. (index mismatch)
I20260630 12:24:25.711050  7118 raft_consensus.cc:1275] T 00000000000000000000000000000000 P 98d4913aa0d145c59e76d9173b6e1086 [term 1 FOLLOWER]: Refusing update from remote peer 64ae58a488e7453bae0ce3140501f2b3: Log matching property violated. Preceding OpId in replica: term: 0 index: 0. Preceding OpId from leader: term: 1 index: 2. (index mismatch)
I20260630 12:24:25.711352  7276 consensus_queue.cc:1048] T 00000000000000000000000000000000 P 64ae58a488e7453bae0ce3140501f2b3 [LEADER]: Connected to new peer: Peer: permanent_uuid: "c5ca8f1885db4b4b9e33920ffaa1d3a8" member_type: VOTER last_known_addr { host: "127.6.216.252" port: 34809 }, Status: LMP_MISMATCH, Last received: 0.0, Next index: 1, Last known committed idx: 0, Time since last communication: 0.001s
I20260630 12:24:25.713431  7276 consensus_queue.cc:1048] T 00000000000000000000000000000000 P 64ae58a488e7453bae0ce3140501f2b3 [LEADER]: Connected to new peer: Peer: permanent_uuid: "98d4913aa0d145c59e76d9173b6e1086" member_type: VOTER last_known_addr { host: "127.6.216.253" port: 33711 }, Status: LMP_MISMATCH, Last received: 0.0, Next index: 1, Last known committed idx: 0, Time since last communication: 0.000s
I20260630 12:24:25.742661  7218 sys_catalog.cc:455] T 00000000000000000000000000000000 P 98d4913aa0d145c59e76d9173b6e1086 [sys.catalog]: SysCatalogTable state changed. Reason: New leader 64ae58a488e7453bae0ce3140501f2b3. Latest consensus state: current_term: 1 leader_uuid: "64ae58a488e7453bae0ce3140501f2b3" committed_config { opid_index: -1 OBSOLETE_local: false peers { permanent_uuid: "64ae58a488e7453bae0ce3140501f2b3" member_type: VOTER last_known_addr { host: "127.6.216.254" port: 36965 } } peers { permanent_uuid: "98d4913aa0d145c59e76d9173b6e1086" member_type: VOTER last_known_addr { host: "127.6.216.253" port: 33711 } } peers { permanent_uuid: "c5ca8f1885db4b4b9e33920ffaa1d3a8" member_type: VOTER last_known_addr { host: "127.6.216.252" port: 34809 } } }
I20260630 12:24:25.743671  7218 sys_catalog.cc:458] T 00000000000000000000000000000000 P 98d4913aa0d145c59e76d9173b6e1086 [sys.catalog]: This master's current role is: FOLLOWER
I20260630 12:24:25.750993  7217 sys_catalog.cc:455] T 00000000000000000000000000000000 P 64ae58a488e7453bae0ce3140501f2b3 [sys.catalog]: SysCatalogTable state changed. Reason: Peer health change. Latest consensus state: current_term: 1 leader_uuid: "64ae58a488e7453bae0ce3140501f2b3" committed_config { opid_index: -1 OBSOLETE_local: false peers { permanent_uuid: "64ae58a488e7453bae0ce3140501f2b3" member_type: VOTER last_known_addr { host: "127.6.216.254" port: 36965 } } peers { permanent_uuid: "98d4913aa0d145c59e76d9173b6e1086" member_type: VOTER last_known_addr { host: "127.6.216.253" port: 33711 } } peers { permanent_uuid: "c5ca8f1885db4b4b9e33920ffaa1d3a8" member_type: VOTER last_known_addr { host: "127.6.216.252" port: 34809 } } }
I20260630 12:24:25.751783  7217 sys_catalog.cc:458] T 00000000000000000000000000000000 P 64ae58a488e7453bae0ce3140501f2b3 [sys.catalog]: This master's current role is: LEADER
I20260630 12:24:25.755844  7218 sys_catalog.cc:455] T 00000000000000000000000000000000 P 98d4913aa0d145c59e76d9173b6e1086 [sys.catalog]: SysCatalogTable state changed. Reason: Replicated consensus-only round. Latest consensus state: current_term: 1 leader_uuid: "64ae58a488e7453bae0ce3140501f2b3" committed_config { opid_index: -1 OBSOLETE_local: false peers { permanent_uuid: "64ae58a488e7453bae0ce3140501f2b3" member_type: VOTER last_known_addr { host: "127.6.216.254" port: 36965 } } peers { permanent_uuid: "98d4913aa0d145c59e76d9173b6e1086" member_type: VOTER last_known_addr { host: "127.6.216.253" port: 33711 } } peers { permanent_uuid: "c5ca8f1885db4b4b9e33920ffaa1d3a8" member_type: VOTER last_known_addr { host: "127.6.216.252" port: 34809 } } }
I20260630 12:24:25.756599  7218 sys_catalog.cc:458] T 00000000000000000000000000000000 P 98d4913aa0d145c59e76d9173b6e1086 [sys.catalog]: This master's current role is: FOLLOWER
