I20260630 12:24:30.165690  7864 raft_consensus.cc:359] T ea94c1471f0b4c95902bf32cea0bdba6 P 9044a6efe31a4114a9e23800ef9b8e81 [term 0 FOLLOWER]: Replica starting. Triggering 0 pending ops. Active config: opid_index: -1 OBSOLETE_local: false peers { permanent_uuid: "3c32ba4f023c4eb391eaedfe2b23d00a" member_type: VOTER last_known_addr { host: "127.6.214.129" port: 36241 } } peers { permanent_uuid: "1ec636eac1b34defbb0220ba0e887569" member_type: VOTER last_known_addr { host: "127.6.214.130" port: 42673 } } peers { permanent_uuid: "9044a6efe31a4114a9e23800ef9b8e81" member_type: VOTER last_known_addr { host: "127.6.214.131" port: 43307 } }
I20260630 12:24:30.166374  7864 raft_consensus.cc:385] T ea94c1471f0b4c95902bf32cea0bdba6 P 9044a6efe31a4114a9e23800ef9b8e81 [term 0 FOLLOWER]: Consensus starting up: Expiring failure detector timer to make a prompt election more likely
I20260630 12:24:30.166657  7864 raft_consensus.cc:740] T ea94c1471f0b4c95902bf32cea0bdba6 P 9044a6efe31a4114a9e23800ef9b8e81 [term 0 FOLLOWER]: Becoming Follower/Learner. State: Replica: 9044a6efe31a4114a9e23800ef9b8e81, State: Initialized, Role: FOLLOWER
I20260630 12:24:30.167371  7864 consensus_queue.cc:260] T ea94c1471f0b4c95902bf32cea0bdba6 P 9044a6efe31a4114a9e23800ef9b8e81 [NON_LEADER]: Queue going to NON_LEADER mode. State: All replicated index: 0, Majority replicated index: 0, Committed index: 0, Last appended: 0.0, Last appended by leader: 0, Current term: 0, Majority size: -1, State: 0, Mode: NON_LEADER, active raft config: opid_index: -1 OBSOLETE_local: false peers { permanent_uuid: "3c32ba4f023c4eb391eaedfe2b23d00a" member_type: VOTER last_known_addr { host: "127.6.214.129" port: 36241 } } peers { permanent_uuid: "1ec636eac1b34defbb0220ba0e887569" member_type: VOTER last_known_addr { host: "127.6.214.130" port: 42673 } } peers { permanent_uuid: "9044a6efe31a4114a9e23800ef9b8e81" member_type: VOTER last_known_addr { host: "127.6.214.131" port: 43307 } }
I20260630 12:24:30.169278  7864 ts_tablet_manager.cc:1434] T ea94c1471f0b4c95902bf32cea0bdba6 P 9044a6efe31a4114a9e23800ef9b8e81: Time spent starting tablet: real 0.005s	user 0.003s	sys 0.000s
I20260630 12:24:30.157307  7865 raft_consensus.cc:359] T 167bf6c0a21e4eaf8d263c83784d85f5 P 3c32ba4f023c4eb391eaedfe2b23d00a [term 0 FOLLOWER]: Replica starting. Triggering 0 pending ops. Active config: opid_index: -1 OBSOLETE_local: false peers { permanent_uuid: "3c32ba4f023c4eb391eaedfe2b23d00a" member_type: VOTER last_known_addr { host: "127.6.214.129" port: 36241 } } peers { permanent_uuid: "1ec636eac1b34defbb0220ba0e887569" member_type: VOTER last_known_addr { host: "127.6.214.130" port: 42673 } } peers { permanent_uuid: "9044a6efe31a4114a9e23800ef9b8e81" member_type: VOTER last_known_addr { host: "127.6.214.131" port: 43307 } }
I20260630 12:24:30.170812  7865 raft_consensus.cc:385] T 167bf6c0a21e4eaf8d263c83784d85f5 P 3c32ba4f023c4eb391eaedfe2b23d00a [term 0 FOLLOWER]: Consensus starting up: Expiring failure detector timer to make a prompt election more likely
I20260630 12:24:30.171104  7865 raft_consensus.cc:740] T 167bf6c0a21e4eaf8d263c83784d85f5 P 3c32ba4f023c4eb391eaedfe2b23d00a [term 0 FOLLOWER]: Becoming Follower/Learner. State: Replica: 3c32ba4f023c4eb391eaedfe2b23d00a, State: Initialized, Role: FOLLOWER
I20260630 12:24:30.171888  7865 consensus_queue.cc:260] T 167bf6c0a21e4eaf8d263c83784d85f5 P 3c32ba4f023c4eb391eaedfe2b23d00a [NON_LEADER]: Queue going to NON_LEADER mode. State: All replicated index: 0, Majority replicated index: 0, Committed index: 0, Last appended: 0.0, Last appended by leader: 0, Current term: 0, Majority size: -1, State: 0, Mode: NON_LEADER, active raft config: opid_index: -1 OBSOLETE_local: false peers { permanent_uuid: "3c32ba4f023c4eb391eaedfe2b23d00a" member_type: VOTER last_known_addr { host: "127.6.214.129" port: 36241 } } peers { permanent_uuid: "1ec636eac1b34defbb0220ba0e887569" member_type: VOTER last_known_addr { host: "127.6.214.130" port: 42673 } } peers { permanent_uuid: "9044a6efe31a4114a9e23800ef9b8e81" member_type: VOTER last_known_addr { host: "127.6.214.131" port: 43307 } }
I20260630 12:24:30.173974  7865 ts_tablet_manager.cc:1434] T 167bf6c0a21e4eaf8d263c83784d85f5 P 3c32ba4f023c4eb391eaedfe2b23d00a: Time spent starting tablet: real 0.019s	user 0.002s	sys 0.002s
I20260630 12:24:30.174921  7865 tablet_bootstrap.cc:492] T 678831bf3fe64535a66fd6bfa59c4155 P 3c32ba4f023c4eb391eaedfe2b23d00a: Bootstrap starting.
I20260630 12:24:30.177734  7864 tablet_bootstrap.cc:492] T b59987b7961144a5bf7cc0397027be9f P 9044a6efe31a4114a9e23800ef9b8e81: Bootstrap starting.
I20260630 12:24:30.183588  7864 tablet_bootstrap.cc:654] T b59987b7961144a5bf7cc0397027be9f P 9044a6efe31a4114a9e23800ef9b8e81: Neither blocks nor log segments found. Creating new log.
I20260630 12:24:30.184546  7892 raft_consensus.cc:493] T c4c6d9d8223d481f8eeaca833b62cb6e P 9044a6efe31a4114a9e23800ef9b8e81 [term 0 FOLLOWER]: Starting pre-election (no leader contacted us within the election timeout)
I20260630 12:24:30.184928  7892 raft_consensus.cc:515] T c4c6d9d8223d481f8eeaca833b62cb6e P 9044a6efe31a4114a9e23800ef9b8e81 [term 0 FOLLOWER]: Starting pre-election with config: opid_index: -1 OBSOLETE_local: false peers { permanent_uuid: "3c32ba4f023c4eb391eaedfe2b23d00a" member_type: VOTER last_known_addr { host: "127.6.214.129" port: 36241 } } peers { permanent_uuid: "1ec636eac1b34defbb0220ba0e887569" member_type: VOTER last_known_addr { host: "127.6.214.130" port: 42673 } } peers { permanent_uuid: "9044a6efe31a4114a9e23800ef9b8e81" member_type: VOTER last_known_addr { host: "127.6.214.131" port: 43307 } }
I20260630 12:24:30.185459  7865 tablet_bootstrap.cc:654] T 678831bf3fe64535a66fd6bfa59c4155 P 3c32ba4f023c4eb391eaedfe2b23d00a: Neither blocks nor log segments found. Creating new log.
I20260630 12:24:30.186651  7892 leader_election.cc:290] T c4c6d9d8223d481f8eeaca833b62cb6e P 9044a6efe31a4114a9e23800ef9b8e81 [CANDIDATE]: Term 1 pre-election: Requested pre-vote from peers 3c32ba4f023c4eb391eaedfe2b23d00a (127.6.214.129:36241), 1ec636eac1b34defbb0220ba0e887569 (127.6.214.130:42673)
I20260630 12:24:30.187384  7669 tablet_service.cc:1917] Received RequestConsensusVote() RPC: tablet_id: "c4c6d9d8223d481f8eeaca833b62cb6e" candidate_uuid: "9044a6efe31a4114a9e23800ef9b8e81" candidate_term: 1 candidate_status { last_received { term: 0 index: 0 } } ignore_live_leader: false dest_uuid: "3c32ba4f023c4eb391eaedfe2b23d00a" is_pre_election: true
I20260630 12:24:30.188238  7745 tablet_service.cc:1917] Received RequestConsensusVote() RPC: tablet_id: "c4c6d9d8223d481f8eeaca833b62cb6e" candidate_uuid: "9044a6efe31a4114a9e23800ef9b8e81" candidate_term: 1 candidate_status { last_received { term: 0 index: 0 } } ignore_live_leader: false dest_uuid: "1ec636eac1b34defbb0220ba0e887569" is_pre_election: true
I20260630 12:24:30.188925  7745 raft_consensus.cc:2393] T c4c6d9d8223d481f8eeaca833b62cb6e P 1ec636eac1b34defbb0220ba0e887569 [term 1 FOLLOWER]: Leader pre-election vote request: Denying vote to candidate 9044a6efe31a4114a9e23800ef9b8e81 in current term 1: Already voted for candidate 3c32ba4f023c4eb391eaedfe2b23d00a in this term.
I20260630 12:24:30.190014  7785 leader_election.cc:304] T c4c6d9d8223d481f8eeaca833b62cb6e P 9044a6efe31a4114a9e23800ef9b8e81 [CANDIDATE]: Term 1 pre-election: Election decided. Result: candidate lost. Election summary: received 3 responses out of 3 voters: 1 yes votes; 2 no votes. yes voters: 9044a6efe31a4114a9e23800ef9b8e81; no voters: 1ec636eac1b34defbb0220ba0e887569, 3c32ba4f023c4eb391eaedfe2b23d00a
I20260630 12:24:30.191023  7892 raft_consensus.cc:3060] T c4c6d9d8223d481f8eeaca833b62cb6e P 9044a6efe31a4114a9e23800ef9b8e81 [term 0 FOLLOWER]: Advancing to term 1
I20260630 12:24:30.192870  7864 tablet_bootstrap.cc:492] T b59987b7961144a5bf7cc0397027be9f P 9044a6efe31a4114a9e23800ef9b8e81: No bootstrap required, opened a new log
I20260630 12:24:30.193312  7864 ts_tablet_manager.cc:1403] T b59987b7961144a5bf7cc0397027be9f P 9044a6efe31a4114a9e23800ef9b8e81: Time spent bootstrapping tablet: real 0.016s	user 0.007s	sys 0.007s
I20260630 12:24:30.193552  7865 tablet_bootstrap.cc:492] T 678831bf3fe64535a66fd6bfa59c4155 P 3c32ba4f023c4eb391eaedfe2b23d00a: No bootstrap required, opened a new log
I20260630 12:24:30.193951  7865 ts_tablet_manager.cc:1403] T 678831bf3fe64535a66fd6bfa59c4155 P 3c32ba4f023c4eb391eaedfe2b23d00a: Time spent bootstrapping tablet: real 0.019s	user 0.007s	sys 0.006s
I20260630 12:24:30.195676  7892 raft_consensus.cc:2749] T c4c6d9d8223d481f8eeaca833b62cb6e P 9044a6efe31a4114a9e23800ef9b8e81 [term 1 FOLLOWER]: Leader pre-election lost for term 1. Reason: could not achieve majority
I20260630 12:24:30.195930  7864 raft_consensus.cc:359] T b59987b7961144a5bf7cc0397027be9f P 9044a6efe31a4114a9e23800ef9b8e81 [term 0 FOLLOWER]: Replica starting. Triggering 0 pending ops. Active config: opid_index: -1 OBSOLETE_local: false peers { permanent_uuid: "3c32ba4f023c4eb391eaedfe2b23d00a" member_type: VOTER last_known_addr { host: "127.6.214.129" port: 36241 } } peers { permanent_uuid: "1ec636eac1b34defbb0220ba0e887569" member_type: VOTER last_known_addr { host: "127.6.214.130" port: 42673 } } peers { permanent_uuid: "9044a6efe31a4114a9e23800ef9b8e81" member_type: VOTER last_known_addr { host: "127.6.214.131" port: 43307 } }
I20260630 12:24:30.196203  7865 raft_consensus.cc:359] T 678831bf3fe64535a66fd6bfa59c4155 P 3c32ba4f023c4eb391eaedfe2b23d00a [term 0 FOLLOWER]: Replica starting. Triggering 0 pending ops. Active config: opid_index: -1 OBSOLETE_local: false peers { permanent_uuid: "3c32ba4f023c4eb391eaedfe2b23d00a" member_type: VOTER last_known_addr { host: "127.6.214.129" port: 36241 } } peers { permanent_uuid: "1ec636eac1b34defbb0220ba0e887569" member_type: VOTER last_known_addr { host: "127.6.214.130" port: 42673 } } peers { permanent_uuid: "9044a6efe31a4114a9e23800ef9b8e81" member_type: VOTER last_known_addr { host: "127.6.214.131" port: 43307 } }
I20260630 12:24:30.196700  7864 raft_consensus.cc:385] T b59987b7961144a5bf7cc0397027be9f P 9044a6efe31a4114a9e23800ef9b8e81 [term 0 FOLLOWER]: Consensus starting up: Expiring failure detector timer to make a prompt election more likely
I20260630 12:24:30.196823  7865 raft_consensus.cc:385] T 678831bf3fe64535a66fd6bfa59c4155 P 3c32ba4f023c4eb391eaedfe2b23d00a [term 0 FOLLOWER]: Consensus starting up: Expiring failure detector timer to make a prompt election more likely
I20260630 12:24:30.197034  7864 raft_consensus.cc:740] T b59987b7961144a5bf7cc0397027be9f P 9044a6efe31a4114a9e23800ef9b8e81 [term 0 FOLLOWER]: Becoming Follower/Learner. State: Replica: 9044a6efe31a4114a9e23800ef9b8e81, State: Initialized, Role: FOLLOWER
I20260630 12:24:30.197113  7865 raft_consensus.cc:740] T 678831bf3fe64535a66fd6bfa59c4155 P 3c32ba4f023c4eb391eaedfe2b23d00a [term 0 FOLLOWER]: Becoming Follower/Learner. State: Replica: 3c32ba4f023c4eb391eaedfe2b23d00a, State: Initialized, Role: FOLLOWER
I20260630 12:24:30.198215  7904 raft_consensus.cc:493] T 167bf6c0a21e4eaf8d263c83784d85f5 P 1ec636eac1b34defbb0220ba0e887569 [term 0 FOLLOWER]: Starting pre-election (no leader contacted us within the election timeout)
I20260630 12:24:30.197819  7865 consensus_queue.cc:260] T 678831bf3fe64535a66fd6bfa59c4155 P 3c32ba4f023c4eb391eaedfe2b23d00a [NON_LEADER]: Queue going to NON_LEADER mode. State: All replicated index: 0, Majority replicated index: 0, Committed index: 0, Last appended: 0.0, Last appended by leader: 0, Current term: 0, Majority size: -1, State: 0, Mode: NON_LEADER, active raft config: opid_index: -1 OBSOLETE_local: false peers { permanent_uuid: "3c32ba4f023c4eb391eaedfe2b23d00a" member_type: VOTER last_known_addr { host: "127.6.214.129" port: 36241 } } peers { permanent_uuid: "1ec636eac1b34defbb0220ba0e887569" member_type: VOTER last_known_addr { host: "127.6.214.130" port: 42673 } } peers { permanent_uuid: "9044a6efe31a4114a9e23800ef9b8e81" member_type: VOTER last_known_addr { host: "127.6.214.131" port: 43307 } }
I20260630 12:24:30.197819  7864 consensus_queue.cc:260] T b59987b7961144a5bf7cc0397027be9f P 9044a6efe31a4114a9e23800ef9b8e81 [NON_LEADER]: Queue going to NON_LEADER mode. State: All replicated index: 0, Majority replicated index: 0, Committed index: 0, Last appended: 0.0, Last appended by leader: 0, Current term: 0, Majority size: -1, State: 0, Mode: NON_LEADER, active raft config: opid_index: -1 OBSOLETE_local: false peers { permanent_uuid: "3c32ba4f023c4eb391eaedfe2b23d00a" member_type: VOTER last_known_addr { host: "127.6.214.129" port: 36241 } } peers { permanent_uuid: "1ec636eac1b34defbb0220ba0e887569" member_type: VOTER last_known_addr { host: "127.6.214.130" port: 42673 } } peers { permanent_uuid: "9044a6efe31a4114a9e23800ef9b8e81" member_type: VOTER last_known_addr { host: "127.6.214.131" port: 43307 } }
I20260630 12:24:30.198577  7904 raft_consensus.cc:515] T 167bf6c0a21e4eaf8d263c83784d85f5 P 1ec636eac1b34defbb0220ba0e887569 [term 0 FOLLOWER]: Starting pre-election with config: opid_index: -1 OBSOLETE_local: false peers { permanent_uuid: "3c32ba4f023c4eb391eaedfe2b23d00a" member_type: VOTER last_known_addr { host: "127.6.214.129" port: 36241 } } peers { permanent_uuid: "1ec636eac1b34defbb0220ba0e887569" member_type: VOTER last_known_addr { host: "127.6.214.130" port: 42673 } } peers { permanent_uuid: "9044a6efe31a4114a9e23800ef9b8e81" member_type: VOTER last_known_addr { host: "127.6.214.131" port: 43307 } }
I20260630 12:24:30.199923  7865 ts_tablet_manager.cc:1434] T 678831bf3fe64535a66fd6bfa59c4155 P 3c32ba4f023c4eb391eaedfe2b23d00a: Time spent starting tablet: real 0.006s	user 0.005s	sys 0.000s
I20260630 12:24:30.200095  7864 ts_tablet_manager.cc:1434] T b59987b7961144a5bf7cc0397027be9f P 9044a6efe31a4114a9e23800ef9b8e81: Time spent starting tablet: real 0.007s	user 0.003s	sys 0.004s
I20260630 12:24:30.200649  7904 leader_election.cc:290] T 167bf6c0a21e4eaf8d263c83784d85f5 P 1ec636eac1b34defbb0220ba0e887569 [CANDIDATE]: Term 1 pre-election: Requested pre-vote from peers 3c32ba4f023c4eb391eaedfe2b23d00a (127.6.214.129:36241), 9044a6efe31a4114a9e23800ef9b8e81 (127.6.214.131:43307)
I20260630 12:24:30.200891  7864 tablet_bootstrap.cc:492] T 167bf6c0a21e4eaf8d263c83784d85f5 P 9044a6efe31a4114a9e23800ef9b8e81: Bootstrap starting.
I20260630 12:24:30.201660  7819 tablet_service.cc:1917] Received RequestConsensusVote() RPC: tablet_id: "167bf6c0a21e4eaf8d263c83784d85f5" candidate_uuid: "1ec636eac1b34defbb0220ba0e887569" candidate_term: 1 candidate_status { last_received { term: 0 index: 0 } } ignore_live_leader: false dest_uuid: "9044a6efe31a4114a9e23800ef9b8e81" is_pre_election: true
I20260630 12:24:30.201941  7669 tablet_service.cc:1917] Received RequestConsensusVote() RPC: tablet_id: "167bf6c0a21e4eaf8d263c83784d85f5" candidate_uuid: "1ec636eac1b34defbb0220ba0e887569" candidate_term: 1 candidate_status { last_received { term: 0 index: 0 } } ignore_live_leader: false dest_uuid: "3c32ba4f023c4eb391eaedfe2b23d00a" is_pre_election: true
I20260630 12:24:30.202561  7669 raft_consensus.cc:2468] T 167bf6c0a21e4eaf8d263c83784d85f5 P 3c32ba4f023c4eb391eaedfe2b23d00a [term 0 FOLLOWER]: Leader pre-election vote request: Granting yes vote for candidate 1ec636eac1b34defbb0220ba0e887569 in term 0.
W20260630 12:24:30.202747  7709 leader_election.cc:343] T 167bf6c0a21e4eaf8d263c83784d85f5 P 1ec636eac1b34defbb0220ba0e887569 [CANDIDATE]: Term 1 pre-election: Tablet error from VoteRequest() call to peer 9044a6efe31a4114a9e23800ef9b8e81 (127.6.214.131:43307): Illegal state: must be running to vote when last-logged opid is not known
I20260630 12:24:30.204428  7710 leader_election.cc:304] T 167bf6c0a21e4eaf8d263c83784d85f5 P 1ec636eac1b34defbb0220ba0e887569 [CANDIDATE]: Term 1 pre-election: Election decided. Result: candidate won. Election summary: received 3 responses out of 3 voters: 2 yes votes; 1 no votes. yes voters: 1ec636eac1b34defbb0220ba0e887569, 3c32ba4f023c4eb391eaedfe2b23d00a; no voters: 9044a6efe31a4114a9e23800ef9b8e81
I20260630 12:24:30.205425  7904 raft_consensus.cc:2804] T 167bf6c0a21e4eaf8d263c83784d85f5 P 1ec636eac1b34defbb0220ba0e887569 [term 0 FOLLOWER]: Leader pre-election won for term 1
I20260630 12:24:30.205772  7904 raft_consensus.cc:493] T 167bf6c0a21e4eaf8d263c83784d85f5 P 1ec636eac1b34defbb0220ba0e887569 [term 0 FOLLOWER]: Starting leader election (no leader contacted us within the election timeout)
I20260630 12:24:30.206090  7904 raft_consensus.cc:3060] T 167bf6c0a21e4eaf8d263c83784d85f5 P 1ec636eac1b34defbb0220ba0e887569 [term 0 FOLLOWER]: Advancing to term 1
I20260630 12:24:30.207455  7864 tablet_bootstrap.cc:654] T 167bf6c0a21e4eaf8d263c83784d85f5 P 9044a6efe31a4114a9e23800ef9b8e81: Neither blocks nor log segments found. Creating new log.
I20260630 12:24:30.213157  7904 raft_consensus.cc:515] T 167bf6c0a21e4eaf8d263c83784d85f5 P 1ec636eac1b34defbb0220ba0e887569 [term 1 FOLLOWER]: Starting leader election with config: opid_index: -1 OBSOLETE_local: false peers { permanent_uuid: "3c32ba4f023c4eb391eaedfe2b23d00a" member_type: VOTER last_known_addr { host: "127.6.214.129" port: 36241 } } peers { permanent_uuid: "1ec636eac1b34defbb0220ba0e887569" member_type: VOTER last_known_addr { host: "127.6.214.130" port: 42673 } } peers { permanent_uuid: "9044a6efe31a4114a9e23800ef9b8e81" member_type: VOTER last_known_addr { host: "127.6.214.131" port: 43307 } }
I20260630 12:24:30.216053  7669 tablet_service.cc:1917] Received RequestConsensusVote() RPC: tablet_id: "167bf6c0a21e4eaf8d263c83784d85f5" candidate_uuid: "1ec636eac1b34defbb0220ba0e887569" candidate_term: 1 candidate_status { last_received { term: 0 index: 0 } } ignore_live_leader: false dest_uuid: "3c32ba4f023c4eb391eaedfe2b23d00a"
I20260630 12:24:30.216629  7904 leader_election.cc:290] T 167bf6c0a21e4eaf8d263c83784d85f5 P 1ec636eac1b34defbb0220ba0e887569 [CANDIDATE]: Term 1 election: Requested vote from peers 3c32ba4f023c4eb391eaedfe2b23d00a (127.6.214.129:36241), 9044a6efe31a4114a9e23800ef9b8e81 (127.6.214.131:43307)
I20260630 12:24:30.216588  7669 raft_consensus.cc:3060] T 167bf6c0a21e4eaf8d263c83784d85f5 P 3c32ba4f023c4eb391eaedfe2b23d00a [term 0 FOLLOWER]: Advancing to term 1
I20260630 12:24:30.216818  7819 tablet_service.cc:1917] Received RequestConsensusVote() RPC: tablet_id: "167bf6c0a21e4eaf8d263c83784d85f5" candidate_uuid: "1ec636eac1b34defbb0220ba0e887569" candidate_term: 1 candidate_status { last_received { term: 0 index: 0 } } ignore_live_leader: false dest_uuid: "9044a6efe31a4114a9e23800ef9b8e81"
I20260630 12:24:30.216507  7864 tablet_bootstrap.cc:492] T 167bf6c0a21e4eaf8d263c83784d85f5 P 9044a6efe31a4114a9e23800ef9b8e81: No bootstrap required, opened a new log
I20260630 12:24:30.218109  7864 ts_tablet_manager.cc:1403] T 167bf6c0a21e4eaf8d263c83784d85f5 P 9044a6efe31a4114a9e23800ef9b8e81: Time spent bootstrapping tablet: real 0.017s	user 0.009s	sys 0.005s
W20260630 12:24:30.217988  7709 leader_election.cc:343] T 167bf6c0a21e4eaf8d263c83784d85f5 P 1ec636eac1b34defbb0220ba0e887569 [CANDIDATE]: Term 1 election: Tablet error from VoteRequest() call to peer 9044a6efe31a4114a9e23800ef9b8e81 (127.6.214.131:43307): Illegal state: must be running to vote when last-logged opid is not known
I20260630 12:24:30.220155  7864 raft_consensus.cc:359] T 167bf6c0a21e4eaf8d263c83784d85f5 P 9044a6efe31a4114a9e23800ef9b8e81 [term 0 FOLLOWER]: Replica starting. Triggering 0 pending ops. Active config: opid_index: -1 OBSOLETE_local: false peers { permanent_uuid: "3c32ba4f023c4eb391eaedfe2b23d00a" member_type: VOTER last_known_addr { host: "127.6.214.129" port: 36241 } } peers { permanent_uuid: "1ec636eac1b34defbb0220ba0e887569" member_type: VOTER last_known_addr { host: "127.6.214.130" port: 42673 } } peers { permanent_uuid: "9044a6efe31a4114a9e23800ef9b8e81" member_type: VOTER last_known_addr { host: "127.6.214.131" port: 43307 } }
I20260630 12:24:30.220583  7864 raft_consensus.cc:385] T 167bf6c0a21e4eaf8d263c83784d85f5 P 9044a6efe31a4114a9e23800ef9b8e81 [term 0 FOLLOWER]: Consensus starting up: Expiring failure detector timer to make a prompt election more likely
I20260630 12:24:30.220767  7864 raft_consensus.cc:740] T 167bf6c0a21e4eaf8d263c83784d85f5 P 9044a6efe31a4114a9e23800ef9b8e81 [term 0 FOLLOWER]: Becoming Follower/Learner. State: Replica: 9044a6efe31a4114a9e23800ef9b8e81, State: Initialized, Role: FOLLOWER
I20260630 12:24:30.221308  7864 consensus_queue.cc:260] T 167bf6c0a21e4eaf8d263c83784d85f5 P 9044a6efe31a4114a9e23800ef9b8e81 [NON_LEADER]: Queue going to NON_LEADER mode. State: All replicated index: 0, Majority replicated index: 0, Committed index: 0, Last appended: 0.0, Last appended by leader: 0, Current term: 0, Majority size: -1, State: 0, Mode: NON_LEADER, active raft config: opid_index: -1 OBSOLETE_local: false peers { permanent_uuid: "3c32ba4f023c4eb391eaedfe2b23d00a" member_type: VOTER last_known_addr { host: "127.6.214.129" port: 36241 } } peers { permanent_uuid: "1ec636eac1b34defbb0220ba0e887569" member_type: VOTER last_known_addr { host: "127.6.214.130" port: 42673 } } peers { permanent_uuid: "9044a6efe31a4114a9e23800ef9b8e81" member_type: VOTER last_known_addr { host: "127.6.214.131" port: 43307 } }
I20260630 12:24:30.221781  7669 raft_consensus.cc:2468] T 167bf6c0a21e4eaf8d263c83784d85f5 P 3c32ba4f023c4eb391eaedfe2b23d00a [term 1 FOLLOWER]: Leader election vote request: Granting yes vote for candidate 1ec636eac1b34defbb0220ba0e887569 in term 1.
I20260630 12:24:30.222911  7864 ts_tablet_manager.cc:1434] T 167bf6c0a21e4eaf8d263c83784d85f5 P 9044a6efe31a4114a9e23800ef9b8e81: Time spent starting tablet: real 0.004s	user 0.004s	sys 0.000s
I20260630 12:24:30.222872  7710 leader_election.cc:304] T 167bf6c0a21e4eaf8d263c83784d85f5 P 1ec636eac1b34defbb0220ba0e887569 [CANDIDATE]: Term 1 election: Election decided. Result: candidate won. Election summary: received 3 responses out of 3 voters: 2 yes votes; 1 no votes. yes voters: 1ec636eac1b34defbb0220ba0e887569, 3c32ba4f023c4eb391eaedfe2b23d00a; no voters: 9044a6efe31a4114a9e23800ef9b8e81
I20260630 12:24:30.223536  7904 raft_consensus.cc:2804] T 167bf6c0a21e4eaf8d263c83784d85f5 P 1ec636eac1b34defbb0220ba0e887569 [term 1 FOLLOWER]: Leader election won for term 1
I20260630 12:24:30.223969  7904 raft_consensus.cc:697] T 167bf6c0a21e4eaf8d263c83784d85f5 P 1ec636eac1b34defbb0220ba0e887569 [term 1 LEADER]: Becoming Leader. State: Replica: 1ec636eac1b34defbb0220ba0e887569, State: Running, Role: LEADER
I20260630 12:24:30.224599  7904 consensus_queue.cc:237] T 167bf6c0a21e4eaf8d263c83784d85f5 P 1ec636eac1b34defbb0220ba0e887569 [LEADER]: Queue going to LEADER mode. State: All replicated index: 0, Majority replicated index: 0, Committed index: 0, Last appended: 0.0, Last appended by leader: 0, Current term: 1, Majority size: 2, State: 0, Mode: LEADER, active raft config: opid_index: -1 OBSOLETE_local: false peers { permanent_uuid: "3c32ba4f023c4eb391eaedfe2b23d00a" member_type: VOTER last_known_addr { host: "127.6.214.129" port: 36241 } } peers { permanent_uuid: "1ec636eac1b34defbb0220ba0e887569" member_type: VOTER last_known_addr { host: "127.6.214.130" port: 42673 } } peers { permanent_uuid: "9044a6efe31a4114a9e23800ef9b8e81" member_type: VOTER last_known_addr { host: "127.6.214.131" port: 43307 } }
I20260630 12:24:30.224967  7891 raft_consensus.cc:493] T 678831bf3fe64535a66fd6bfa59c4155 P 3c32ba4f023c4eb391eaedfe2b23d00a [term 0 FOLLOWER]: Starting pre-election (no leader contacted us within the election timeout)
I20260630 12:24:30.225713  7891 raft_consensus.cc:515] T 678831bf3fe64535a66fd6bfa59c4155 P 3c32ba4f023c4eb391eaedfe2b23d00a [term 0 FOLLOWER]: Starting pre-election with config: opid_index: -1 OBSOLETE_local: false peers { permanent_uuid: "3c32ba4f023c4eb391eaedfe2b23d00a" member_type: VOTER last_known_addr { host: "127.6.214.129" port: 36241 } } peers { permanent_uuid: "1ec636eac1b34defbb0220ba0e887569" member_type: VOTER last_known_addr { host: "127.6.214.130" port: 42673 } } peers { permanent_uuid: "9044a6efe31a4114a9e23800ef9b8e81" member_type: VOTER last_known_addr { host: "127.6.214.131" port: 43307 } }
I20260630 12:24:30.231961  7890 raft_consensus.cc:493] T b59987b7961144a5bf7cc0397027be9f P 3c32ba4f023c4eb391eaedfe2b23d00a [term 0 FOLLOWER]: Starting pre-election (no leader contacted us within the election timeout)
I20260630 12:24:30.232399  7890 raft_consensus.cc:515] T b59987b7961144a5bf7cc0397027be9f P 3c32ba4f023c4eb391eaedfe2b23d00a [term 0 FOLLOWER]: Starting pre-election with config: opid_index: -1 OBSOLETE_local: false peers { permanent_uuid: "3c32ba4f023c4eb391eaedfe2b23d00a" member_type: VOTER last_known_addr { host: "127.6.214.129" port: 36241 } } peers { permanent_uuid: "1ec636eac1b34defbb0220ba0e887569" member_type: VOTER last_known_addr { host: "127.6.214.130" port: 42673 } } peers { permanent_uuid: "9044a6efe31a4114a9e23800ef9b8e81" member_type: VOTER last_known_addr { host: "127.6.214.131" port: 43307 } }
I20260630 12:24:30.234663  7745 tablet_service.cc:1917] Received RequestConsensusVote() RPC: tablet_id: "678831bf3fe64535a66fd6bfa59c4155" candidate_uuid: "3c32ba4f023c4eb391eaedfe2b23d00a" candidate_term: 1 candidate_status { last_received { term: 0 index: 0 } } ignore_live_leader: false dest_uuid: "1ec636eac1b34defbb0220ba0e887569" is_pre_election: true
I20260630 12:24:30.235008  7743 tablet_service.cc:1917] Received RequestConsensusVote() RPC: tablet_id: "b59987b7961144a5bf7cc0397027be9f" candidate_uuid: "3c32ba4f023c4eb391eaedfe2b23d00a" candidate_term: 1 candidate_status { last_received { term: 0 index: 0 } } ignore_live_leader: false dest_uuid: "1ec636eac1b34defbb0220ba0e887569" is_pre_election: true
I20260630 12:24:30.235953  7743 raft_consensus.cc:2468] T b59987b7961144a5bf7cc0397027be9f P 1ec636eac1b34defbb0220ba0e887569 [term 0 FOLLOWER]: Leader pre-election vote request: Granting yes vote for candidate 3c32ba4f023c4eb391eaedfe2b23d00a in term 0.
I20260630 12:24:30.235294  7745 raft_consensus.cc:2468] T 678831bf3fe64535a66fd6bfa59c4155 P 1ec636eac1b34defbb0220ba0e887569 [term 0 FOLLOWER]: Leader pre-election vote request: Granting yes vote for candidate 3c32ba4f023c4eb391eaedfe2b23d00a in term 0.
I20260630 12:24:30.237396  7818 tablet_service.cc:1917] Received RequestConsensusVote() RPC: tablet_id: "b59987b7961144a5bf7cc0397027be9f" candidate_uuid: "3c32ba4f023c4eb391eaedfe2b23d00a" candidate_term: 1 candidate_status { last_received { term: 0 index: 0 } } ignore_live_leader: false dest_uuid: "9044a6efe31a4114a9e23800ef9b8e81" is_pre_election: true
I20260630 12:24:30.237655  7890 leader_election.cc:290] T b59987b7961144a5bf7cc0397027be9f P 3c32ba4f023c4eb391eaedfe2b23d00a [CANDIDATE]: Term 1 pre-election: Requested pre-vote from peers 1ec636eac1b34defbb0220ba0e887569 (127.6.214.130:42673), 9044a6efe31a4114a9e23800ef9b8e81 (127.6.214.131:43307)
I20260630 12:24:30.235337  7891 leader_election.cc:290] T 678831bf3fe64535a66fd6bfa59c4155 P 3c32ba4f023c4eb391eaedfe2b23d00a [CANDIDATE]: Term 1 pre-election: Requested pre-vote from peers 1ec636eac1b34defbb0220ba0e887569 (127.6.214.130:42673), 9044a6efe31a4114a9e23800ef9b8e81 (127.6.214.131:43307)
I20260630 12:24:30.237481  7819 tablet_service.cc:1917] Received RequestConsensusVote() RPC: tablet_id: "678831bf3fe64535a66fd6bfa59c4155" candidate_uuid: "3c32ba4f023c4eb391eaedfe2b23d00a" candidate_term: 1 candidate_status { last_received { term: 0 index: 0 } } ignore_live_leader: false dest_uuid: "9044a6efe31a4114a9e23800ef9b8e81" is_pre_election: true
I20260630 12:24:30.238631  7819 raft_consensus.cc:2468] T 678831bf3fe64535a66fd6bfa59c4155 P 9044a6efe31a4114a9e23800ef9b8e81 [term 0 FOLLOWER]: Leader pre-election vote request: Granting yes vote for candidate 3c32ba4f023c4eb391eaedfe2b23d00a in term 0.
I20260630 12:24:30.238021  7818 raft_consensus.cc:2468] T b59987b7961144a5bf7cc0397027be9f P 9044a6efe31a4114a9e23800ef9b8e81 [term 0 FOLLOWER]: Leader pre-election vote request: Granting yes vote for candidate 3c32ba4f023c4eb391eaedfe2b23d00a in term 0.
I20260630 12:24:30.239702  7634 leader_election.cc:304] T 678831bf3fe64535a66fd6bfa59c4155 P 3c32ba4f023c4eb391eaedfe2b23d00a [CANDIDATE]: Term 1 pre-election: Election decided. Result: candidate won. Election summary: received 2 responses out of 3 voters: 2 yes votes; 0 no votes. yes voters: 3c32ba4f023c4eb391eaedfe2b23d00a, 9044a6efe31a4114a9e23800ef9b8e81; no voters: 
I20260630 12:24:30.238394  7636 leader_election.cc:304] T b59987b7961144a5bf7cc0397027be9f P 3c32ba4f023c4eb391eaedfe2b23d00a [CANDIDATE]: Term 1 pre-election: Election decided. Result: candidate won. Election summary: received 2 responses out of 3 voters: 2 yes votes; 0 no votes. yes voters: 1ec636eac1b34defbb0220ba0e887569, 3c32ba4f023c4eb391eaedfe2b23d00a; no voters: 
I20260630 12:24:30.240460  7891 raft_consensus.cc:2804] T 678831bf3fe64535a66fd6bfa59c4155 P 3c32ba4f023c4eb391eaedfe2b23d00a [term 0 FOLLOWER]: Leader pre-election won for term 1
I20260630 12:24:30.240801  7891 raft_consensus.cc:493] T 678831bf3fe64535a66fd6bfa59c4155 P 3c32ba4f023c4eb391eaedfe2b23d00a [term 0 FOLLOWER]: Starting leader election (no leader contacted us within the election timeout)
I20260630 12:24:30.241129  7891 raft_consensus.cc:3060] T 678831bf3fe64535a66fd6bfa59c4155 P 3c32ba4f023c4eb391eaedfe2b23d00a [term 0 FOLLOWER]: Advancing to term 1
I20260630 12:24:30.241196  7890 raft_consensus.cc:2804] T b59987b7961144a5bf7cc0397027be9f P 3c32ba4f023c4eb391eaedfe2b23d00a [term 0 FOLLOWER]: Leader pre-election won for term 1
I20260630 12:24:30.241773  7890 raft_consensus.cc:493] T b59987b7961144a5bf7cc0397027be9f P 3c32ba4f023c4eb391eaedfe2b23d00a [term 0 FOLLOWER]: Starting leader election (no leader contacted us within the election timeout)
I20260630 12:24:30.242165  7890 raft_consensus.cc:3060] T b59987b7961144a5bf7cc0397027be9f P 3c32ba4f023c4eb391eaedfe2b23d00a [term 0 FOLLOWER]: Advancing to term 1
I20260630 12:24:30.243636  7565 catalog_manager.cc:5697] T 167bf6c0a21e4eaf8d263c83784d85f5 P 1ec636eac1b34defbb0220ba0e887569 reported cstate change: term changed from 0 to 1, leader changed from <none> to 1ec636eac1b34defbb0220ba0e887569 (127.6.214.130). New cstate: current_term: 1 leader_uuid: "1ec636eac1b34defbb0220ba0e887569" committed_config { opid_index: -1 OBSOLETE_local: false peers { permanent_uuid: "3c32ba4f023c4eb391eaedfe2b23d00a" member_type: VOTER last_known_addr { host: "127.6.214.129" port: 36241 } health_report { overall_health: UNKNOWN } } peers { permanent_uuid: "1ec636eac1b34defbb0220ba0e887569" member_type: VOTER last_known_addr { host: "127.6.214.130" port: 42673 } health_report { overall_health: HEALTHY } } peers { permanent_uuid: "9044a6efe31a4114a9e23800ef9b8e81" member_type: VOTER last_known_addr { host: "127.6.214.131" port: 43307 } health_report { overall_health: UNKNOWN } } }
I20260630 12:24:30.247570  7891 raft_consensus.cc:515] T 678831bf3fe64535a66fd6bfa59c4155 P 3c32ba4f023c4eb391eaedfe2b23d00a [term 1 FOLLOWER]: Starting leader election with config: opid_index: -1 OBSOLETE_local: false peers { permanent_uuid: "3c32ba4f023c4eb391eaedfe2b23d00a" member_type: VOTER last_known_addr { host: "127.6.214.129" port: 36241 } } peers { permanent_uuid: "1ec636eac1b34defbb0220ba0e887569" member_type: VOTER last_known_addr { host: "127.6.214.130" port: 42673 } } peers { permanent_uuid: "9044a6efe31a4114a9e23800ef9b8e81" member_type: VOTER last_known_addr { host: "127.6.214.131" port: 43307 } }
I20260630 12:24:30.248335  7892 raft_consensus.cc:493] T ea94c1471f0b4c95902bf32cea0bdba6 P 9044a6efe31a4114a9e23800ef9b8e81 [term 0 FOLLOWER]: Starting pre-election (no leader contacted us within the election timeout)
I20260630 12:24:30.248150  7890 raft_consensus.cc:515] T b59987b7961144a5bf7cc0397027be9f P 3c32ba4f023c4eb391eaedfe2b23d00a [term 1 FOLLOWER]: Starting leader election with config: opid_index: -1 OBSOLETE_local: false peers { permanent_uuid: "3c32ba4f023c4eb391eaedfe2b23d00a" member_type: VOTER last_known_addr { host: "127.6.214.129" port: 36241 } } peers { permanent_uuid: "1ec636eac1b34defbb0220ba0e887569" member_type: VOTER last_known_addr { host: "127.6.214.130" port: 42673 } } peers { permanent_uuid: "9044a6efe31a4114a9e23800ef9b8e81" member_type: VOTER last_known_addr { host: "127.6.214.131" port: 43307 } }
I20260630 12:24:30.248793  7892 raft_consensus.cc:515] T ea94c1471f0b4c95902bf32cea0bdba6 P 9044a6efe31a4114a9e23800ef9b8e81 [term 0 FOLLOWER]: Starting pre-election with config: opid_index: -1 OBSOLETE_local: false peers { permanent_uuid: "3c32ba4f023c4eb391eaedfe2b23d00a" member_type: VOTER last_known_addr { host: "127.6.214.129" port: 36241 } } peers { permanent_uuid: "1ec636eac1b34defbb0220ba0e887569" member_type: VOTER last_known_addr { host: "127.6.214.130" port: 42673 } } peers { permanent_uuid: "9044a6efe31a4114a9e23800ef9b8e81" member_type: VOTER last_known_addr { host: "127.6.214.131" port: 43307 } }
I20260630 12:24:30.249486  7891 leader_election.cc:290] T 678831bf3fe64535a66fd6bfa59c4155 P 3c32ba4f023c4eb391eaedfe2b23d00a [CANDIDATE]: Term 1 election: Requested vote from peers 1ec636eac1b34defbb0220ba0e887569 (127.6.214.130:42673), 9044a6efe31a4114a9e23800ef9b8e81 (127.6.214.131:43307)
I20260630 12:24:30.250168  7745 tablet_service.cc:1917] Received RequestConsensusVote() RPC: tablet_id: "678831bf3fe64535a66fd6bfa59c4155" candidate_uuid: "3c32ba4f023c4eb391eaedfe2b23d00a" candidate_term: 1 candidate_status { last_received { term: 0 index: 0 } } ignore_live_leader: false dest_uuid: "1ec636eac1b34defbb0220ba0e887569"
I20260630 12:24:30.250697  7745 raft_consensus.cc:3060] T 678831bf3fe64535a66fd6bfa59c4155 P 1ec636eac1b34defbb0220ba0e887569 [term 0 FOLLOWER]: Advancing to term 1
I20260630 12:24:30.250735  7892 leader_election.cc:290] T ea94c1471f0b4c95902bf32cea0bdba6 P 9044a6efe31a4114a9e23800ef9b8e81 [CANDIDATE]: Term 1 pre-election: Requested pre-vote from peers 3c32ba4f023c4eb391eaedfe2b23d00a (127.6.214.129:36241), 1ec636eac1b34defbb0220ba0e887569 (127.6.214.130:42673)
I20260630 12:24:30.251369  7890 leader_election.cc:290] T b59987b7961144a5bf7cc0397027be9f P 3c32ba4f023c4eb391eaedfe2b23d00a [CANDIDATE]: Term 1 election: Requested vote from peers 1ec636eac1b34defbb0220ba0e887569 (127.6.214.130:42673), 9044a6efe31a4114a9e23800ef9b8e81 (127.6.214.131:43307)
I20260630 12:24:30.252091  7669 tablet_service.cc:1917] Received RequestConsensusVote() RPC: tablet_id: "ea94c1471f0b4c95902bf32cea0bdba6" candidate_uuid: "9044a6efe31a4114a9e23800ef9b8e81" candidate_term: 1 candidate_status { last_received { term: 0 index: 0 } } ignore_live_leader: false dest_uuid: "3c32ba4f023c4eb391eaedfe2b23d00a" is_pre_election: true
I20260630 12:24:30.252717  7818 tablet_service.cc:1917] Received RequestConsensusVote() RPC: tablet_id: "678831bf3fe64535a66fd6bfa59c4155" candidate_uuid: "3c32ba4f023c4eb391eaedfe2b23d00a" candidate_term: 1 candidate_status { last_received { term: 0 index: 0 } } ignore_live_leader: false dest_uuid: "9044a6efe31a4114a9e23800ef9b8e81"
I20260630 12:24:30.253022  7819 tablet_service.cc:1917] Received RequestConsensusVote() RPC: tablet_id: "b59987b7961144a5bf7cc0397027be9f" candidate_uuid: "3c32ba4f023c4eb391eaedfe2b23d00a" candidate_term: 1 candidate_status { last_received { term: 0 index: 0 } } ignore_live_leader: false dest_uuid: "9044a6efe31a4114a9e23800ef9b8e81"
I20260630 12:24:30.253258  7818 raft_consensus.cc:3060] T 678831bf3fe64535a66fd6bfa59c4155 P 9044a6efe31a4114a9e23800ef9b8e81 [term 0 FOLLOWER]: Advancing to term 1
I20260630 12:24:30.253571  7819 raft_consensus.cc:3060] T b59987b7961144a5bf7cc0397027be9f P 9044a6efe31a4114a9e23800ef9b8e81 [term 0 FOLLOWER]: Advancing to term 1
I20260630 12:24:30.255576  7743 tablet_service.cc:1917] Received RequestConsensusVote() RPC: tablet_id: "b59987b7961144a5bf7cc0397027be9f" candidate_uuid: "3c32ba4f023c4eb391eaedfe2b23d00a" candidate_term: 1 candidate_status { last_received { term: 0 index: 0 } } ignore_live_leader: false dest_uuid: "1ec636eac1b34defbb0220ba0e887569"
I20260630 12:24:30.256080  7743 raft_consensus.cc:3060] T b59987b7961144a5bf7cc0397027be9f P 1ec636eac1b34defbb0220ba0e887569 [term 0 FOLLOWER]: Advancing to term 1
I20260630 12:24:30.258528  7742 tablet_service.cc:1917] Received RequestConsensusVote() RPC: tablet_id: "ea94c1471f0b4c95902bf32cea0bdba6" candidate_uuid: "9044a6efe31a4114a9e23800ef9b8e81" candidate_term: 1 candidate_status { last_received { term: 0 index: 0 } } ignore_live_leader: false dest_uuid: "1ec636eac1b34defbb0220ba0e887569" is_pre_election: true
I20260630 12:24:30.258565  7819 raft_consensus.cc:2468] T b59987b7961144a5bf7cc0397027be9f P 9044a6efe31a4114a9e23800ef9b8e81 [term 1 FOLLOWER]: Leader election vote request: Granting yes vote for candidate 3c32ba4f023c4eb391eaedfe2b23d00a in term 1.
I20260630 12:24:30.259305  7742 raft_consensus.cc:2393] T ea94c1471f0b4c95902bf32cea0bdba6 P 1ec636eac1b34defbb0220ba0e887569 [term 1 FOLLOWER]: Leader pre-election vote request: Denying vote to candidate 9044a6efe31a4114a9e23800ef9b8e81 in current term 1: Already voted for candidate 3c32ba4f023c4eb391eaedfe2b23d00a in this term.
I20260630 12:24:30.259876  7634 leader_election.cc:304] T b59987b7961144a5bf7cc0397027be9f P 3c32ba4f023c4eb391eaedfe2b23d00a [CANDIDATE]: Term 1 election: Election decided. Result: candidate won. Election summary: received 2 responses out of 3 voters: 2 yes votes; 0 no votes. yes voters: 3c32ba4f023c4eb391eaedfe2b23d00a, 9044a6efe31a4114a9e23800ef9b8e81; no voters: 
I20260630 12:24:30.259254  7818 raft_consensus.cc:2468] T 678831bf3fe64535a66fd6bfa59c4155 P 9044a6efe31a4114a9e23800ef9b8e81 [term 1 FOLLOWER]: Leader election vote request: Granting yes vote for candidate 3c32ba4f023c4eb391eaedfe2b23d00a in term 1.
I20260630 12:24:30.260636  7785 leader_election.cc:304] T ea94c1471f0b4c95902bf32cea0bdba6 P 9044a6efe31a4114a9e23800ef9b8e81 [CANDIDATE]: Term 1 pre-election: Election decided. Result: candidate lost. Election summary: received 3 responses out of 3 voters: 1 yes votes; 2 no votes. yes voters: 9044a6efe31a4114a9e23800ef9b8e81; no voters: 1ec636eac1b34defbb0220ba0e887569, 3c32ba4f023c4eb391eaedfe2b23d00a
I20260630 12:24:30.261173  7890 raft_consensus.cc:2804] T b59987b7961144a5bf7cc0397027be9f P 3c32ba4f023c4eb391eaedfe2b23d00a [term 1 FOLLOWER]: Leader election won for term 1
I20260630 12:24:30.261638  7890 raft_consensus.cc:697] T b59987b7961144a5bf7cc0397027be9f P 3c32ba4f023c4eb391eaedfe2b23d00a [term 1 LEADER]: Becoming Leader. State: Replica: 3c32ba4f023c4eb391eaedfe2b23d00a, State: Running, Role: LEADER
I20260630 12:24:30.262087  7634 leader_election.cc:304] T 678831bf3fe64535a66fd6bfa59c4155 P 3c32ba4f023c4eb391eaedfe2b23d00a [CANDIDATE]: Term 1 election: Election decided. Result: candidate won. Election summary: received 2 responses out of 3 voters: 2 yes votes; 0 no votes. yes voters: 3c32ba4f023c4eb391eaedfe2b23d00a, 9044a6efe31a4114a9e23800ef9b8e81; no voters: 
I20260630 12:24:30.262192  7743 raft_consensus.cc:2468] T b59987b7961144a5bf7cc0397027be9f P 1ec636eac1b34defbb0220ba0e887569 [term 1 FOLLOWER]: Leader election vote request: Granting yes vote for candidate 3c32ba4f023c4eb391eaedfe2b23d00a in term 1.
I20260630 12:24:30.262444  7890 consensus_queue.cc:237] T b59987b7961144a5bf7cc0397027be9f P 3c32ba4f023c4eb391eaedfe2b23d00a [LEADER]: Queue going to LEADER mode. State: All replicated index: 0, Majority replicated index: 0, Committed index: 0, Last appended: 0.0, Last appended by leader: 0, Current term: 1, Majority size: 2, State: 0, Mode: LEADER, active raft config: opid_index: -1 OBSOLETE_local: false peers { permanent_uuid: "3c32ba4f023c4eb391eaedfe2b23d00a" member_type: VOTER last_known_addr { host: "127.6.214.129" port: 36241 } } peers { permanent_uuid: "1ec636eac1b34defbb0220ba0e887569" member_type: VOTER last_known_addr { host: "127.6.214.130" port: 42673 } } peers { permanent_uuid: "9044a6efe31a4114a9e23800ef9b8e81" member_type: VOTER last_known_addr { host: "127.6.214.131" port: 43307 } }
I20260630 12:24:30.263134  7871 raft_consensus.cc:2804] T 678831bf3fe64535a66fd6bfa59c4155 P 3c32ba4f023c4eb391eaedfe2b23d00a [term 1 FOLLOWER]: Leader election won for term 1
I20260630 12:24:30.263191  7745 raft_consensus.cc:2468] T 678831bf3fe64535a66fd6bfa59c4155 P 1ec636eac1b34defbb0220ba0e887569 [term 1 FOLLOWER]: Leader election vote request: Granting yes vote for candidate 3c32ba4f023c4eb391eaedfe2b23d00a in term 1.
I20260630 12:24:30.264187  7892 raft_consensus.cc:3060] T ea94c1471f0b4c95902bf32cea0bdba6 P 9044a6efe31a4114a9e23800ef9b8e81 [term 0 FOLLOWER]: Advancing to term 1
I20260630 12:24:30.264377  7871 raft_consensus.cc:697] T 678831bf3fe64535a66fd6bfa59c4155 P 3c32ba4f023c4eb391eaedfe2b23d00a [term 1 LEADER]: Becoming Leader. State: Replica: 3c32ba4f023c4eb391eaedfe2b23d00a, State: Running, Role: LEADER
I20260630 12:24:30.265182  7871 consensus_queue.cc:237] T 678831bf3fe64535a66fd6bfa59c4155 P 3c32ba4f023c4eb391eaedfe2b23d00a [LEADER]: Queue going to LEADER mode. State: All replicated index: 0, Majority replicated index: 0, Committed index: 0, Last appended: 0.0, Last appended by leader: 0, Current term: 1, Majority size: 2, State: 0, Mode: LEADER, active raft config: opid_index: -1 OBSOLETE_local: false peers { permanent_uuid: "3c32ba4f023c4eb391eaedfe2b23d00a" member_type: VOTER last_known_addr { host: "127.6.214.129" port: 36241 } } peers { permanent_uuid: "1ec636eac1b34defbb0220ba0e887569" member_type: VOTER last_known_addr { host: "127.6.214.130" port: 42673 } } peers { permanent_uuid: "9044a6efe31a4114a9e23800ef9b8e81" member_type: VOTER last_known_addr { host: "127.6.214.131" port: 43307 } }
I20260630 12:24:30.270978  7565 catalog_manager.cc:5697] T b59987b7961144a5bf7cc0397027be9f P 3c32ba4f023c4eb391eaedfe2b23d00a reported cstate change: term changed from 0 to 1, leader changed from <none> to 3c32ba4f023c4eb391eaedfe2b23d00a (127.6.214.129). New cstate: current_term: 1 leader_uuid: "3c32ba4f023c4eb391eaedfe2b23d00a" committed_config { opid_index: -1 OBSOLETE_local: false peers { permanent_uuid: "3c32ba4f023c4eb391eaedfe2b23d00a" member_type: VOTER last_known_addr { host: "127.6.214.129" port: 36241 } health_report { overall_health: HEALTHY } } peers { permanent_uuid: "1ec636eac1b34defbb0220ba0e887569" member_type: VOTER last_known_addr { host: "127.6.214.130" port: 42673 } health_report { overall_health: UNKNOWN } } peers { permanent_uuid: "9044a6efe31a4114a9e23800ef9b8e81" member_type: VOTER last_known_addr { host: "127.6.214.131" port: 43307 } health_report { overall_health: UNKNOWN } } }
I20260630 12:24:30.272145  7892 raft_consensus.cc:2749] T ea94c1471f0b4c95902bf32cea0bdba6 P 9044a6efe31a4114a9e23800ef9b8e81 [term 1 FOLLOWER]: Leader pre-election lost for term 1. Reason: could not achieve majority
I20260630 12:24:30.281625  7565 catalog_manager.cc:5697] T 678831bf3fe64535a66fd6bfa59c4155 P 3c32ba4f023c4eb391eaedfe2b23d00a reported cstate change: term changed from 0 to 1, leader changed from <none> to 3c32ba4f023c4eb391eaedfe2b23d00a (127.6.214.129). New cstate: current_term: 1 leader_uuid: "3c32ba4f023c4eb391eaedfe2b23d00a" committed_config { opid_index: -1 OBSOLETE_local: false peers { permanent_uuid: "3c32ba4f023c4eb391eaedfe2b23d00a" member_type: VOTER last_known_addr { host: "127.6.214.129" port: 36241 } health_report { overall_health: HEALTHY } } peers { permanent_uuid: "1ec636eac1b34defbb0220ba0e887569" member_type: VOTER last_known_addr { host: "127.6.214.130" port: 42673 } health_report { overall_health: UNKNOWN } } peers { permanent_uuid: "9044a6efe31a4114a9e23800ef9b8e81" member_type: VOTER last_known_addr { host: "127.6.214.131" port: 43307 } health_report { overall_health: UNKNOWN } } }
I20260630 12:24:30.374873  7002 file_cache.cc:492] Constructed file cache file cache with capacity 419430
W20260630 12:24:30.380743  7916 instance_detector.cc:116] could not retrieve AWS instance metadata: Network error: curl error: HTTP response code said error: The requested URL returned error: 404
I20260630 12:24:30.380812  7892 consensus_queue.cc:1048] T 471e0f24d0ba42729fec9c83da475967 P 9044a6efe31a4114a9e23800ef9b8e81 [LEADER]: Connected to new peer: Peer: permanent_uuid: "3c32ba4f023c4eb391eaedfe2b23d00a" member_type: VOTER last_known_addr { host: "127.6.214.129" port: 36241 }, Status: LMP_MISMATCH, Last received: 0.0, Next index: 1, Last known committed idx: 0, Time since last communication: 0.001s
W20260630 12:24:30.382316  7917 instance_detector.cc:116] could not retrieve Azure instance metadata: Network error: curl error: HTTP response code said error: The requested URL returned error: 404
I20260630 12:24:30.383071  7892 raft_consensus.cc:493] T 167bf6c0a21e4eaf8d263c83784d85f5 P 9044a6efe31a4114a9e23800ef9b8e81 [term 0 FOLLOWER]: Starting pre-election (no leader contacted us within the election timeout)
W20260630 12:24:30.383404  7919 instance_detector.cc:116] could not retrieve OpenStack instance metadata: Network error: curl error: HTTP response code said error: The requested URL returned error: 404
I20260630 12:24:30.383513  7892 raft_consensus.cc:515] T 167bf6c0a21e4eaf8d263c83784d85f5 P 9044a6efe31a4114a9e23800ef9b8e81 [term 0 FOLLOWER]: Starting pre-election with config: opid_index: -1 OBSOLETE_local: false peers { permanent_uuid: "3c32ba4f023c4eb391eaedfe2b23d00a" member_type: VOTER last_known_addr { host: "127.6.214.129" port: 36241 } } peers { permanent_uuid: "1ec636eac1b34defbb0220ba0e887569" member_type: VOTER last_known_addr { host: "127.6.214.130" port: 42673 } } peers { permanent_uuid: "9044a6efe31a4114a9e23800ef9b8e81" member_type: VOTER last_known_addr { host: "127.6.214.131" port: 43307 } }
I20260630 12:24:30.385705  7002 server_base.cc:1061] running on GCE node
I20260630 12:24:30.386804  7892 leader_election.cc:290] T 167bf6c0a21e4eaf8d263c83784d85f5 P 9044a6efe31a4114a9e23800ef9b8e81 [CANDIDATE]: Term 1 pre-election: Requested pre-vote from peers 3c32ba4f023c4eb391eaedfe2b23d00a (127.6.214.129:36241), 1ec636eac1b34defbb0220ba0e887569 (127.6.214.130:42673)
I20260630 12:24:30.386984  7002 hybrid_clock.cc:584] initializing the hybrid clock with 'system_unsync' time source
W20260630 12:24:30.387300  7002 system_unsync_time.cc:38] NTP support is disabled. Clock error bounds will not be accurate. This configuration is not suitable for distributed clusters.
I20260630 12:24:30.387513  7002 hybrid_clock.cc:648] HybridClock initialized: now 1782822270387495 us; error 0 us; skew 500 ppm
I20260630 12:24:30.387753  7670 tablet_service.cc:1917] Received RequestConsensusVote() RPC: tablet_id: "167bf6c0a21e4eaf8d263c83784d85f5" candidate_uuid: "9044a6efe31a4114a9e23800ef9b8e81" candidate_term: 1 candidate_status { last_received { term: 0 index: 0 } } ignore_live_leader: false dest_uuid: "3c32ba4f023c4eb391eaedfe2b23d00a" is_pre_election: true
I20260630 12:24:30.388281  7002 server_base.cc:861] Flag tcmalloc_max_total_thread_cache_bytes is not working since tcmalloc is not enabled.
I20260630 12:24:30.388517  7743 tablet_service.cc:1917] Received RequestConsensusVote() RPC: tablet_id: "167bf6c0a21e4eaf8d263c83784d85f5" candidate_uuid: "9044a6efe31a4114a9e23800ef9b8e81" candidate_term: 1 candidate_status { last_received { term: 0 index: 0 } } ignore_live_leader: false dest_uuid: "1ec636eac1b34defbb0220ba0e887569" is_pre_election: true
I20260630 12:24:30.388549  7670 raft_consensus.cc:2393] T 167bf6c0a21e4eaf8d263c83784d85f5 P 3c32ba4f023c4eb391eaedfe2b23d00a [term 1 FOLLOWER]: Leader pre-election vote request: Denying vote to candidate 9044a6efe31a4114a9e23800ef9b8e81 in current term 1: Already voted for candidate 1ec636eac1b34defbb0220ba0e887569 in this term.
I20260630 12:24:30.390400  7784 leader_election.cc:304] T 167bf6c0a21e4eaf8d263c83784d85f5 P 9044a6efe31a4114a9e23800ef9b8e81 [CANDIDATE]: Term 1 pre-election: Election decided. Result: candidate lost. Election summary: received 3 responses out of 3 voters: 1 yes votes; 2 no votes. yes voters: 9044a6efe31a4114a9e23800ef9b8e81; no voters: 1ec636eac1b34defbb0220ba0e887569, 3c32ba4f023c4eb391eaedfe2b23d00a
I20260630 12:24:30.391451  7869 raft_consensus.cc:3060] T 167bf6c0a21e4eaf8d263c83784d85f5 P 9044a6efe31a4114a9e23800ef9b8e81 [term 0 FOLLOWER]: Advancing to term 1
I20260630 12:24:30.397207  7893 consensus_queue.cc:1048] T 471e0f24d0ba42729fec9c83da475967 P 9044a6efe31a4114a9e23800ef9b8e81 [LEADER]: Connected to new peer: Peer: permanent_uuid: "1ec636eac1b34defbb0220ba0e887569" member_type: VOTER last_known_addr { host: "127.6.214.130" port: 42673 }, Status: LMP_MISMATCH, Last received: 0.0, Next index: 1, Last known committed idx: 0, Time since last communication: 0.000s
I20260630 12:24:30.399793  7869 raft_consensus.cc:2749] T 167bf6c0a21e4eaf8d263c83784d85f5 P 9044a6efe31a4114a9e23800ef9b8e81 [term 1 FOLLOWER]: Leader pre-election lost for term 1. Reason: could not achieve majority
I20260630 12:24:30.405663  7745 raft_consensus.cc:1240] T 564d02d44cdc4edda3a4a7796b894d25 P 1ec636eac1b34defbb0220ba0e887569 [term 2 LEADER]: Rejecting Update request from peer 3c32ba4f023c4eb391eaedfe2b23d00a for earlier term 1. Current term is 2. Ops: []
I20260630 12:24:30.407141  7871 consensus_queue.cc:1059] T 564d02d44cdc4edda3a4a7796b894d25 P 3c32ba4f023c4eb391eaedfe2b23d00a [LEADER]: Peer responded invalid term: Peer: permanent_uuid: "1ec636eac1b34defbb0220ba0e887569" member_type: VOTER last_known_addr { host: "127.6.214.130" port: 42673 }, Status: INVALID_TERM, Last received: 0.0, Next index: 1, Last known committed idx: 0, Time since last communication: 0.001s
I20260630 12:24:30.408016  7871 consensus_queue.cc:1243] T 564d02d44cdc4edda3a4a7796b894d25 P 3c32ba4f023c4eb391eaedfe2b23d00a [LEADER]: Peer 1ec636eac1b34defbb0220ba0e887569 log is divergent from this leader: its last log entry 2.1 is not in this leader's log and it has not received anything from this leader yet. Falling back to committed index 0
I20260630 12:24:30.408468  7891 raft_consensus.cc:3055] T 564d02d44cdc4edda3a4a7796b894d25 P 3c32ba4f023c4eb391eaedfe2b23d00a [term 1 LEADER]: Stepping down as leader of term 1
