I20260630 12:26:22.433794 21673 consensus_queue.cc:260] T a92813cfe2e14879ab6482ba0ee5bb0d P 6883d8247fb04b78b31777a287ae5d92 [NON_LEADER]: Queue going to NON_LEADER mode. State: All replicated index: 0, Majority replicated index: 0, Committed index: 0, Last appended: 0.0, Last appended by leader: 0, Current term: 0, Majority size: -1, State: 0, Mode: NON_LEADER, active raft config: opid_index: -1 OBSOLETE_local: false peers { permanent_uuid: "9c7761efc12a46f48b759f4e2857a931" member_type: VOTER last_known_addr { host: "127.16.137.193" port: 39767 } } peers { permanent_uuid: "0184c448527a45c494dacc1de32c3d03" member_type: VOTER last_known_addr { host: "127.16.137.194" port: 36995 } } peers { permanent_uuid: "6883d8247fb04b78b31777a287ae5d92" member_type: VOTER last_known_addr { host: "127.16.137.195" port: 38399 } }
I20260630 12:26:22.434298 21675 consensus_queue.cc:260] T a92813cfe2e14879ab6482ba0ee5bb0d P 0184c448527a45c494dacc1de32c3d03 [NON_LEADER]: Queue going to NON_LEADER mode. State: All replicated index: 0, Majority replicated index: 0, Committed index: 0, Last appended: 0.0, Last appended by leader: 0, Current term: 0, Majority size: -1, State: 0, Mode: NON_LEADER, active raft config: opid_index: -1 OBSOLETE_local: false peers { permanent_uuid: "9c7761efc12a46f48b759f4e2857a931" member_type: VOTER last_known_addr { host: "127.16.137.193" port: 39767 } } peers { permanent_uuid: "0184c448527a45c494dacc1de32c3d03" member_type: VOTER last_known_addr { host: "127.16.137.194" port: 36995 } } peers { permanent_uuid: "6883d8247fb04b78b31777a287ae5d92" member_type: VOTER last_known_addr { host: "127.16.137.195" port: 38399 } }
I20260630 12:26:22.436580 21673 ts_tablet_manager.cc:1434] T a92813cfe2e14879ab6482ba0ee5bb0d P 6883d8247fb04b78b31777a287ae5d92: Time spent starting tablet: real 0.007s	user 0.005s	sys 0.001s
I20260630 12:26:22.437461 21673 tablet_bootstrap.cc:492] T 813b9ef32d0b4549af9539e657883e88 P 6883d8247fb04b78b31777a287ae5d92: Bootstrap starting.
I20260630 12:26:22.443421 21673 tablet_bootstrap.cc:654] T 813b9ef32d0b4549af9539e657883e88 P 6883d8247fb04b78b31777a287ae5d92: Neither blocks nor log segments found. Creating new log.
I20260630 12:26:22.444893 21675 ts_tablet_manager.cc:1434] T a92813cfe2e14879ab6482ba0ee5bb0d P 0184c448527a45c494dacc1de32c3d03: Time spent starting tablet: real 0.015s	user 0.009s	sys 0.004s
I20260630 12:26:22.449728 21676 tablet_bootstrap.cc:654] T eeb658bbbee14dedadc2b1486dc7eb90 P 9c7761efc12a46f48b759f4e2857a931: Neither blocks nor log segments found. Creating new log.
I20260630 12:26:22.450379 21675 tablet_bootstrap.cc:492] T a422accc1c374f14800c63c9e4f558d4 P 0184c448527a45c494dacc1de32c3d03: Bootstrap starting.
I20260630 12:26:22.456195 21675 tablet_bootstrap.cc:654] T a422accc1c374f14800c63c9e4f558d4 P 0184c448527a45c494dacc1de32c3d03: Neither blocks nor log segments found. Creating new log.
I20260630 12:26:22.457100 21676 tablet_bootstrap.cc:492] T eeb658bbbee14dedadc2b1486dc7eb90 P 9c7761efc12a46f48b759f4e2857a931: No bootstrap required, opened a new log
I20260630 12:26:22.457581 21676 ts_tablet_manager.cc:1403] T eeb658bbbee14dedadc2b1486dc7eb90 P 9c7761efc12a46f48b759f4e2857a931: Time spent bootstrapping tablet: real 0.034s	user 0.012s	sys 0.000s
I20260630 12:26:22.460505 21673 tablet_bootstrap.cc:492] T 813b9ef32d0b4549af9539e657883e88 P 6883d8247fb04b78b31777a287ae5d92: No bootstrap required, opened a new log
I20260630 12:26:22.460547 21675 tablet_bootstrap.cc:492] T a422accc1c374f14800c63c9e4f558d4 P 0184c448527a45c494dacc1de32c3d03: No bootstrap required, opened a new log
I20260630 12:26:22.460260 21676 raft_consensus.cc:359] T eeb658bbbee14dedadc2b1486dc7eb90 P 9c7761efc12a46f48b759f4e2857a931 [term 0 FOLLOWER]: Replica starting. Triggering 0 pending ops. Active config: opid_index: -1 OBSOLETE_local: false peers { permanent_uuid: "9c7761efc12a46f48b759f4e2857a931" member_type: VOTER last_known_addr { host: "127.16.137.193" port: 39767 } } peers { permanent_uuid: "0184c448527a45c494dacc1de32c3d03" member_type: VOTER last_known_addr { host: "127.16.137.194" port: 36995 } } peers { permanent_uuid: "6883d8247fb04b78b31777a287ae5d92" member_type: VOTER last_known_addr { host: "127.16.137.195" port: 38399 } }
I20260630 12:26:22.461066 21676 raft_consensus.cc:385] T eeb658bbbee14dedadc2b1486dc7eb90 P 9c7761efc12a46f48b759f4e2857a931 [term 0 FOLLOWER]: Consensus starting up: Expiring failure detector timer to make a prompt election more likely
I20260630 12:26:22.461088 21673 ts_tablet_manager.cc:1403] T 813b9ef32d0b4549af9539e657883e88 P 6883d8247fb04b78b31777a287ae5d92: Time spent bootstrapping tablet: real 0.024s	user 0.008s	sys 0.013s
I20260630 12:26:22.461127 21675 ts_tablet_manager.cc:1403] T a422accc1c374f14800c63c9e4f558d4 P 0184c448527a45c494dacc1de32c3d03: Time spent bootstrapping tablet: real 0.011s	user 0.002s	sys 0.007s
I20260630 12:26:22.461529 21676 raft_consensus.cc:740] T eeb658bbbee14dedadc2b1486dc7eb90 P 9c7761efc12a46f48b759f4e2857a931 [term 0 FOLLOWER]: Becoming Follower/Learner. State: Replica: 9c7761efc12a46f48b759f4e2857a931, State: Initialized, Role: FOLLOWER
I20260630 12:26:22.462291 21676 consensus_queue.cc:260] T eeb658bbbee14dedadc2b1486dc7eb90 P 9c7761efc12a46f48b759f4e2857a931 [NON_LEADER]: Queue going to NON_LEADER mode. State: All replicated index: 0, Majority replicated index: 0, Committed index: 0, Last appended: 0.0, Last appended by leader: 0, Current term: 0, Majority size: -1, State: 0, Mode: NON_LEADER, active raft config: opid_index: -1 OBSOLETE_local: false peers { permanent_uuid: "9c7761efc12a46f48b759f4e2857a931" member_type: VOTER last_known_addr { host: "127.16.137.193" port: 39767 } } peers { permanent_uuid: "0184c448527a45c494dacc1de32c3d03" member_type: VOTER last_known_addr { host: "127.16.137.194" port: 36995 } } peers { permanent_uuid: "6883d8247fb04b78b31777a287ae5d92" member_type: VOTER last_known_addr { host: "127.16.137.195" port: 38399 } }
I20260630 12:26:22.463542 21675 raft_consensus.cc:359] T a422accc1c374f14800c63c9e4f558d4 P 0184c448527a45c494dacc1de32c3d03 [term 0 FOLLOWER]: Replica starting. Triggering 0 pending ops. Active config: opid_index: -1 OBSOLETE_local: false peers { permanent_uuid: "9c7761efc12a46f48b759f4e2857a931" member_type: VOTER last_known_addr { host: "127.16.137.193" port: 39767 } } peers { permanent_uuid: "0184c448527a45c494dacc1de32c3d03" member_type: VOTER last_known_addr { host: "127.16.137.194" port: 36995 } } peers { permanent_uuid: "6883d8247fb04b78b31777a287ae5d92" member_type: VOTER last_known_addr { host: "127.16.137.195" port: 38399 } }
I20260630 12:26:22.464239 21675 raft_consensus.cc:385] T a422accc1c374f14800c63c9e4f558d4 P 0184c448527a45c494dacc1de32c3d03 [term 0 FOLLOWER]: Consensus starting up: Expiring failure detector timer to make a prompt election more likely
I20260630 12:26:22.464140 21673 raft_consensus.cc:359] T 813b9ef32d0b4549af9539e657883e88 P 6883d8247fb04b78b31777a287ae5d92 [term 0 FOLLOWER]: Replica starting. Triggering 0 pending ops. Active config: opid_index: -1 OBSOLETE_local: false peers { permanent_uuid: "9c7761efc12a46f48b759f4e2857a931" member_type: VOTER last_known_addr { host: "127.16.137.193" port: 39767 } } peers { permanent_uuid: "0184c448527a45c494dacc1de32c3d03" member_type: VOTER last_known_addr { host: "127.16.137.194" port: 36995 } } peers { permanent_uuid: "6883d8247fb04b78b31777a287ae5d92" member_type: VOTER last_known_addr { host: "127.16.137.195" port: 38399 } }
I20260630 12:26:22.464609 21675 raft_consensus.cc:740] T a422accc1c374f14800c63c9e4f558d4 P 0184c448527a45c494dacc1de32c3d03 [term 0 FOLLOWER]: Becoming Follower/Learner. State: Replica: 0184c448527a45c494dacc1de32c3d03, State: Initialized, Role: FOLLOWER
I20260630 12:26:22.464874 21673 raft_consensus.cc:385] T 813b9ef32d0b4549af9539e657883e88 P 6883d8247fb04b78b31777a287ae5d92 [term 0 FOLLOWER]: Consensus starting up: Expiring failure detector timer to make a prompt election more likely
I20260630 12:26:22.464954 21676 ts_tablet_manager.cc:1434] T eeb658bbbee14dedadc2b1486dc7eb90 P 9c7761efc12a46f48b759f4e2857a931: Time spent starting tablet: real 0.007s	user 0.007s	sys 0.000s
I20260630 12:26:22.465257 21673 raft_consensus.cc:740] T 813b9ef32d0b4549af9539e657883e88 P 6883d8247fb04b78b31777a287ae5d92 [term 0 FOLLOWER]: Becoming Follower/Learner. State: Replica: 6883d8247fb04b78b31777a287ae5d92, State: Initialized, Role: FOLLOWER
I20260630 12:26:22.465312 21675 consensus_queue.cc:260] T a422accc1c374f14800c63c9e4f558d4 P 0184c448527a45c494dacc1de32c3d03 [NON_LEADER]: Queue going to NON_LEADER mode. State: All replicated index: 0, Majority replicated index: 0, Committed index: 0, Last appended: 0.0, Last appended by leader: 0, Current term: 0, Majority size: -1, State: 0, Mode: NON_LEADER, active raft config: opid_index: -1 OBSOLETE_local: false peers { permanent_uuid: "9c7761efc12a46f48b759f4e2857a931" member_type: VOTER last_known_addr { host: "127.16.137.193" port: 39767 } } peers { permanent_uuid: "0184c448527a45c494dacc1de32c3d03" member_type: VOTER last_known_addr { host: "127.16.137.194" port: 36995 } } peers { permanent_uuid: "6883d8247fb04b78b31777a287ae5d92" member_type: VOTER last_known_addr { host: "127.16.137.195" port: 38399 } }
I20260630 12:26:22.465905 21676 tablet_bootstrap.cc:492] T 9b01e5a83b9a47d89c74bee114a7cf3d P 9c7761efc12a46f48b759f4e2857a931: Bootstrap starting.
I20260630 12:26:22.466136 21673 consensus_queue.cc:260] T 813b9ef32d0b4549af9539e657883e88 P 6883d8247fb04b78b31777a287ae5d92 [NON_LEADER]: Queue going to NON_LEADER mode. State: All replicated index: 0, Majority replicated index: 0, Committed index: 0, Last appended: 0.0, Last appended by leader: 0, Current term: 0, Majority size: -1, State: 0, Mode: NON_LEADER, active raft config: opid_index: -1 OBSOLETE_local: false peers { permanent_uuid: "9c7761efc12a46f48b759f4e2857a931" member_type: VOTER last_known_addr { host: "127.16.137.193" port: 39767 } } peers { permanent_uuid: "0184c448527a45c494dacc1de32c3d03" member_type: VOTER last_known_addr { host: "127.16.137.194" port: 36995 } } peers { permanent_uuid: "6883d8247fb04b78b31777a287ae5d92" member_type: VOTER last_known_addr { host: "127.16.137.195" port: 38399 } }
I20260630 12:26:22.467392 21675 ts_tablet_manager.cc:1434] T a422accc1c374f14800c63c9e4f558d4 P 0184c448527a45c494dacc1de32c3d03: Time spent starting tablet: real 0.006s	user 0.005s	sys 0.000s
I20260630 12:26:22.468252 21675 tablet_bootstrap.cc:492] T 092dbfa0740c4e1490aec76e3c9ec2fa P 0184c448527a45c494dacc1de32c3d03: Bootstrap starting.
I20260630 12:26:22.473157 21676 tablet_bootstrap.cc:654] T 9b01e5a83b9a47d89c74bee114a7cf3d P 9c7761efc12a46f48b759f4e2857a931: Neither blocks nor log segments found. Creating new log.
I20260630 12:26:22.473908 21675 tablet_bootstrap.cc:654] T 092dbfa0740c4e1490aec76e3c9ec2fa P 0184c448527a45c494dacc1de32c3d03: Neither blocks nor log segments found. Creating new log.
I20260630 12:26:22.474509 21673 ts_tablet_manager.cc:1434] T 813b9ef32d0b4549af9539e657883e88 P 6883d8247fb04b78b31777a287ae5d92: Time spent starting tablet: real 0.013s	user 0.000s	sys 0.005s
I20260630 12:26:22.477792 21673 tablet_bootstrap.cc:492] T a422accc1c374f14800c63c9e4f558d4 P 6883d8247fb04b78b31777a287ae5d92: Bootstrap starting.
I20260630 12:26:22.484198 21673 tablet_bootstrap.cc:654] T a422accc1c374f14800c63c9e4f558d4 P 6883d8247fb04b78b31777a287ae5d92: Neither blocks nor log segments found. Creating new log.
I20260630 12:26:22.489367 21676 tablet_bootstrap.cc:492] T 9b01e5a83b9a47d89c74bee114a7cf3d P 9c7761efc12a46f48b759f4e2857a931: No bootstrap required, opened a new log
I20260630 12:26:22.489843 21676 ts_tablet_manager.cc:1403] T 9b01e5a83b9a47d89c74bee114a7cf3d P 9c7761efc12a46f48b759f4e2857a931: Time spent bootstrapping tablet: real 0.024s	user 0.011s	sys 0.010s
I20260630 12:26:22.473222 21680 raft_consensus.cc:493] T a92813cfe2e14879ab6482ba0ee5bb0d P 0184c448527a45c494dacc1de32c3d03 [term 0 FOLLOWER]: Starting pre-election (no leader contacted us within the election timeout)
I20260630 12:26:22.490674 21680 raft_consensus.cc:515] T a92813cfe2e14879ab6482ba0ee5bb0d P 0184c448527a45c494dacc1de32c3d03 [term 0 FOLLOWER]: Starting pre-election with config: opid_index: -1 OBSOLETE_local: false peers { permanent_uuid: "9c7761efc12a46f48b759f4e2857a931" member_type: VOTER last_known_addr { host: "127.16.137.193" port: 39767 } } peers { permanent_uuid: "0184c448527a45c494dacc1de32c3d03" member_type: VOTER last_known_addr { host: "127.16.137.194" port: 36995 } } peers { permanent_uuid: "6883d8247fb04b78b31777a287ae5d92" member_type: VOTER last_known_addr { host: "127.16.137.195" port: 38399 } }
I20260630 12:26:22.492511 21676 raft_consensus.cc:359] T 9b01e5a83b9a47d89c74bee114a7cf3d P 9c7761efc12a46f48b759f4e2857a931 [term 0 FOLLOWER]: Replica starting. Triggering 0 pending ops. Active config: opid_index: -1 OBSOLETE_local: false peers { permanent_uuid: "9c7761efc12a46f48b759f4e2857a931" member_type: VOTER last_known_addr { host: "127.16.137.193" port: 39767 } } peers { permanent_uuid: "0184c448527a45c494dacc1de32c3d03" member_type: VOTER last_known_addr { host: "127.16.137.194" port: 36995 } } peers { permanent_uuid: "6883d8247fb04b78b31777a287ae5d92" member_type: VOTER last_known_addr { host: "127.16.137.195" port: 38399 } }
I20260630 12:26:22.493196 21676 raft_consensus.cc:385] T 9b01e5a83b9a47d89c74bee114a7cf3d P 9c7761efc12a46f48b759f4e2857a931 [term 0 FOLLOWER]: Consensus starting up: Expiring failure detector timer to make a prompt election more likely
I20260630 12:26:22.493481 21676 raft_consensus.cc:740] T 9b01e5a83b9a47d89c74bee114a7cf3d P 9c7761efc12a46f48b759f4e2857a931 [term 0 FOLLOWER]: Becoming Follower/Learner. State: Replica: 9c7761efc12a46f48b759f4e2857a931, State: Initialized, Role: FOLLOWER
I20260630 12:26:22.494318 21676 consensus_queue.cc:260] T 9b01e5a83b9a47d89c74bee114a7cf3d P 9c7761efc12a46f48b759f4e2857a931 [NON_LEADER]: Queue going to NON_LEADER mode. State: All replicated index: 0, Majority replicated index: 0, Committed index: 0, Last appended: 0.0, Last appended by leader: 0, Current term: 0, Majority size: -1, State: 0, Mode: NON_LEADER, active raft config: opid_index: -1 OBSOLETE_local: false peers { permanent_uuid: "9c7761efc12a46f48b759f4e2857a931" member_type: VOTER last_known_addr { host: "127.16.137.193" port: 39767 } } peers { permanent_uuid: "0184c448527a45c494dacc1de32c3d03" member_type: VOTER last_known_addr { host: "127.16.137.194" port: 36995 } } peers { permanent_uuid: "6883d8247fb04b78b31777a287ae5d92" member_type: VOTER last_known_addr { host: "127.16.137.195" port: 38399 } }
I20260630 12:26:22.495995 21680 leader_election.cc:290] T a92813cfe2e14879ab6482ba0ee5bb0d P 0184c448527a45c494dacc1de32c3d03 [CANDIDATE]: Term 1 pre-election: Requested pre-vote from peers 9c7761efc12a46f48b759f4e2857a931 (127.16.137.193:39767), 6883d8247fb04b78b31777a287ae5d92 (127.16.137.195:38399)
I20260630 12:26:22.492827 21673 tablet_bootstrap.cc:492] T a422accc1c374f14800c63c9e4f558d4 P 6883d8247fb04b78b31777a287ae5d92: No bootstrap required, opened a new log
I20260630 12:26:22.498240 21673 ts_tablet_manager.cc:1403] T a422accc1c374f14800c63c9e4f558d4 P 6883d8247fb04b78b31777a287ae5d92: Time spent bootstrapping tablet: real 0.021s	user 0.012s	sys 0.002s
I20260630 12:26:22.501153 21673 raft_consensus.cc:359] T a422accc1c374f14800c63c9e4f558d4 P 6883d8247fb04b78b31777a287ae5d92 [term 0 FOLLOWER]: Replica starting. Triggering 0 pending ops. Active config: opid_index: -1 OBSOLETE_local: false peers { permanent_uuid: "9c7761efc12a46f48b759f4e2857a931" member_type: VOTER last_known_addr { host: "127.16.137.193" port: 39767 } } peers { permanent_uuid: "0184c448527a45c494dacc1de32c3d03" member_type: VOTER last_known_addr { host: "127.16.137.194" port: 36995 } } peers { permanent_uuid: "6883d8247fb04b78b31777a287ae5d92" member_type: VOTER last_known_addr { host: "127.16.137.195" port: 38399 } }
I20260630 12:26:22.501850 21673 raft_consensus.cc:385] T a422accc1c374f14800c63c9e4f558d4 P 6883d8247fb04b78b31777a287ae5d92 [term 0 FOLLOWER]: Consensus starting up: Expiring failure detector timer to make a prompt election more likely
I20260630 12:26:22.502149 21673 raft_consensus.cc:740] T a422accc1c374f14800c63c9e4f558d4 P 6883d8247fb04b78b31777a287ae5d92 [term 0 FOLLOWER]: Becoming Follower/Learner. State: Replica: 6883d8247fb04b78b31777a287ae5d92, State: Initialized, Role: FOLLOWER
I20260630 12:26:22.507799 21673 consensus_queue.cc:260] T a422accc1c374f14800c63c9e4f558d4 P 6883d8247fb04b78b31777a287ae5d92 [NON_LEADER]: Queue going to NON_LEADER mode. State: All replicated index: 0, Majority replicated index: 0, Committed index: 0, Last appended: 0.0, Last appended by leader: 0, Current term: 0, Majority size: -1, State: 0, Mode: NON_LEADER, active raft config: opid_index: -1 OBSOLETE_local: false peers { permanent_uuid: "9c7761efc12a46f48b759f4e2857a931" member_type: VOTER last_known_addr { host: "127.16.137.193" port: 39767 } } peers { permanent_uuid: "0184c448527a45c494dacc1de32c3d03" member_type: VOTER last_known_addr { host: "127.16.137.194" port: 36995 } } peers { permanent_uuid: "6883d8247fb04b78b31777a287ae5d92" member_type: VOTER last_known_addr { host: "127.16.137.195" port: 38399 } }
I20260630 12:26:22.517850 21673 ts_tablet_manager.cc:1434] T a422accc1c374f14800c63c9e4f558d4 P 6883d8247fb04b78b31777a287ae5d92: Time spent starting tablet: real 0.019s	user 0.006s	sys 0.000s
I20260630 12:26:22.523401 21480 tablet_service.cc:1917] Received RequestConsensusVote() RPC: tablet_id: "a92813cfe2e14879ab6482ba0ee5bb0d" candidate_uuid: "0184c448527a45c494dacc1de32c3d03" candidate_term: 1 candidate_status { last_received { term: 0 index: 0 } } ignore_live_leader: false dest_uuid: "9c7761efc12a46f48b759f4e2857a931" is_pre_election: true
W20260630 12:26:22.525106 21520 leader_election.cc:343] T a92813cfe2e14879ab6482ba0ee5bb0d P 0184c448527a45c494dacc1de32c3d03 [CANDIDATE]: Term 1 pre-election: Tablet error from VoteRequest() call to peer 9c7761efc12a46f48b759f4e2857a931 (127.16.137.193:39767): Illegal state: must be running to vote when last-logged opid is not known
I20260630 12:26:22.527362 21673 tablet_bootstrap.cc:492] T e4b82c60d1f24d0dba3c0a100882798b P 6883d8247fb04b78b31777a287ae5d92: Bootstrap starting.
I20260630 12:26:22.527902 21675 tablet_bootstrap.cc:492] T 092dbfa0740c4e1490aec76e3c9ec2fa P 0184c448527a45c494dacc1de32c3d03: No bootstrap required, opened a new log
I20260630 12:26:22.528323 21675 ts_tablet_manager.cc:1403] T 092dbfa0740c4e1490aec76e3c9ec2fa P 0184c448527a45c494dacc1de32c3d03: Time spent bootstrapping tablet: real 0.060s	user 0.027s	sys 0.032s
I20260630 12:26:22.530349 21675 raft_consensus.cc:359] T 092dbfa0740c4e1490aec76e3c9ec2fa P 0184c448527a45c494dacc1de32c3d03 [term 0 FOLLOWER]: Replica starting. Triggering 0 pending ops. Active config: opid_index: -1 OBSOLETE_local: false peers { permanent_uuid: "9c7761efc12a46f48b759f4e2857a931" member_type: VOTER last_known_addr { host: "127.16.137.193" port: 39767 } } peers { permanent_uuid: "0184c448527a45c494dacc1de32c3d03" member_type: VOTER last_known_addr { host: "127.16.137.194" port: 36995 } } peers { permanent_uuid: "6883d8247fb04b78b31777a287ae5d92" member_type: VOTER last_known_addr { host: "127.16.137.195" port: 38399 } }
I20260630 12:26:22.530990 21675 raft_consensus.cc:385] T 092dbfa0740c4e1490aec76e3c9ec2fa P 0184c448527a45c494dacc1de32c3d03 [term 0 FOLLOWER]: Consensus starting up: Expiring failure detector timer to make a prompt election more likely
I20260630 12:26:22.531266 21675 raft_consensus.cc:740] T 092dbfa0740c4e1490aec76e3c9ec2fa P 0184c448527a45c494dacc1de32c3d03 [term 0 FOLLOWER]: Becoming Follower/Learner. State: Replica: 0184c448527a45c494dacc1de32c3d03, State: Initialized, Role: FOLLOWER
I20260630 12:26:22.531904 21675 consensus_queue.cc:260] T 092dbfa0740c4e1490aec76e3c9ec2fa P 0184c448527a45c494dacc1de32c3d03 [NON_LEADER]: Queue going to NON_LEADER mode. State: All replicated index: 0, Majority replicated index: 0, Committed index: 0, Last appended: 0.0, Last appended by leader: 0, Current term: 0, Majority size: -1, State: 0, Mode: NON_LEADER, active raft config: opid_index: -1 OBSOLETE_local: false peers { permanent_uuid: "9c7761efc12a46f48b759f4e2857a931" member_type: VOTER last_known_addr { host: "127.16.137.193" port: 39767 } } peers { permanent_uuid: "0184c448527a45c494dacc1de32c3d03" member_type: VOTER last_known_addr { host: "127.16.137.194" port: 36995 } } peers { permanent_uuid: "6883d8247fb04b78b31777a287ae5d92" member_type: VOTER last_known_addr { host: "127.16.137.195" port: 38399 } }
I20260630 12:26:22.533954 21675 ts_tablet_manager.cc:1434] T 092dbfa0740c4e1490aec76e3c9ec2fa P 0184c448527a45c494dacc1de32c3d03: Time spent starting tablet: real 0.005s	user 0.004s	sys 0.000s
I20260630 12:26:22.534816 21675 tablet_bootstrap.cc:492] T f73dc360d13f4581838cbe6d8bfcd940 P 0184c448527a45c494dacc1de32c3d03: Bootstrap starting.
I20260630 12:26:22.536046 21673 tablet_bootstrap.cc:654] T e4b82c60d1f24d0dba3c0a100882798b P 6883d8247fb04b78b31777a287ae5d92: Neither blocks nor log segments found. Creating new log.
I20260630 12:26:22.540369 21676 ts_tablet_manager.cc:1434] T 9b01e5a83b9a47d89c74bee114a7cf3d P 9c7761efc12a46f48b759f4e2857a931: Time spent starting tablet: real 0.050s	user 0.021s	sys 0.028s
I20260630 12:26:22.540678 21675 tablet_bootstrap.cc:654] T f73dc360d13f4581838cbe6d8bfcd940 P 0184c448527a45c494dacc1de32c3d03: Neither blocks nor log segments found. Creating new log.
I20260630 12:26:22.541739 21673 tablet_bootstrap.cc:492] T e4b82c60d1f24d0dba3c0a100882798b P 6883d8247fb04b78b31777a287ae5d92: No bootstrap required, opened a new log
I20260630 12:26:22.542181 21673 ts_tablet_manager.cc:1403] T e4b82c60d1f24d0dba3c0a100882798b P 6883d8247fb04b78b31777a287ae5d92: Time spent bootstrapping tablet: real 0.015s	user 0.010s	sys 0.000s
I20260630 12:26:22.544828 21673 raft_consensus.cc:359] T e4b82c60d1f24d0dba3c0a100882798b P 6883d8247fb04b78b31777a287ae5d92 [term 0 FOLLOWER]: Replica starting. Triggering 0 pending ops. Active config: opid_index: -1 OBSOLETE_local: false peers { permanent_uuid: "9c7761efc12a46f48b759f4e2857a931" member_type: VOTER last_known_addr { host: "127.16.137.193" port: 39767 } } peers { permanent_uuid: "0184c448527a45c494dacc1de32c3d03" member_type: VOTER last_known_addr { host: "127.16.137.194" port: 36995 } } peers { permanent_uuid: "6883d8247fb04b78b31777a287ae5d92" member_type: VOTER last_known_addr { host: "127.16.137.195" port: 38399 } }
I20260630 12:26:22.545487 21673 raft_consensus.cc:385] T e4b82c60d1f24d0dba3c0a100882798b P 6883d8247fb04b78b31777a287ae5d92 [term 0 FOLLOWER]: Consensus starting up: Expiring failure detector timer to make a prompt election more likely
I20260630 12:26:22.545760 21673 raft_consensus.cc:740] T e4b82c60d1f24d0dba3c0a100882798b P 6883d8247fb04b78b31777a287ae5d92 [term 0 FOLLOWER]: Becoming Follower/Learner. State: Replica: 6883d8247fb04b78b31777a287ae5d92, State: Initialized, Role: FOLLOWER
I20260630 12:26:22.546532 21673 consensus_queue.cc:260] T e4b82c60d1f24d0dba3c0a100882798b P 6883d8247fb04b78b31777a287ae5d92 [NON_LEADER]: Queue going to NON_LEADER mode. State: All replicated index: 0, Majority replicated index: 0, Committed index: 0, Last appended: 0.0, Last appended by leader: 0, Current term: 0, Majority size: -1, State: 0, Mode: NON_LEADER, active raft config: opid_index: -1 OBSOLETE_local: false peers { permanent_uuid: "9c7761efc12a46f48b759f4e2857a931" member_type: VOTER last_known_addr { host: "127.16.137.193" port: 39767 } } peers { permanent_uuid: "0184c448527a45c494dacc1de32c3d03" member_type: VOTER last_known_addr { host: "127.16.137.194" port: 36995 } } peers { permanent_uuid: "6883d8247fb04b78b31777a287ae5d92" member_type: VOTER last_known_addr { host: "127.16.137.195" port: 38399 } }
I20260630 12:26:22.547103 21676 tablet_bootstrap.cc:492] T a422accc1c374f14800c63c9e4f558d4 P 9c7761efc12a46f48b759f4e2857a931: Bootstrap starting.
I20260630 12:26:22.551493 21675 tablet_bootstrap.cc:492] T f73dc360d13f4581838cbe6d8bfcd940 P 0184c448527a45c494dacc1de32c3d03: No bootstrap required, opened a new log
I20260630 12:26:22.551908 21675 ts_tablet_manager.cc:1403] T f73dc360d13f4581838cbe6d8bfcd940 P 0184c448527a45c494dacc1de32c3d03: Time spent bootstrapping tablet: real 0.017s	user 0.015s	sys 0.001s
I20260630 12:26:22.553364 21676 tablet_bootstrap.cc:654] T a422accc1c374f14800c63c9e4f558d4 P 9c7761efc12a46f48b759f4e2857a931: Neither blocks nor log segments found. Creating new log.
I20260630 12:26:22.553748 21675 raft_consensus.cc:359] T f73dc360d13f4581838cbe6d8bfcd940 P 0184c448527a45c494dacc1de32c3d03 [term 0 FOLLOWER]: Replica starting. Triggering 0 pending ops. Active config: opid_index: -1 OBSOLETE_local: false peers { permanent_uuid: "9c7761efc12a46f48b759f4e2857a931" member_type: VOTER last_known_addr { host: "127.16.137.193" port: 39767 } } peers { permanent_uuid: "0184c448527a45c494dacc1de32c3d03" member_type: VOTER last_known_addr { host: "127.16.137.194" port: 36995 } } peers { permanent_uuid: "6883d8247fb04b78b31777a287ae5d92" member_type: VOTER last_known_addr { host: "127.16.137.195" port: 38399 } }
I20260630 12:26:22.554251 21675 raft_consensus.cc:385] T f73dc360d13f4581838cbe6d8bfcd940 P 0184c448527a45c494dacc1de32c3d03 [term 0 FOLLOWER]: Consensus starting up: Expiring failure detector timer to make a prompt election more likely
I20260630 12:26:22.554456 21675 raft_consensus.cc:740] T f73dc360d13f4581838cbe6d8bfcd940 P 0184c448527a45c494dacc1de32c3d03 [term 0 FOLLOWER]: Becoming Follower/Learner. State: Replica: 0184c448527a45c494dacc1de32c3d03, State: Initialized, Role: FOLLOWER
I20260630 12:26:22.555516 21629 tablet_service.cc:1917] Received RequestConsensusVote() RPC: tablet_id: "a92813cfe2e14879ab6482ba0ee5bb0d" candidate_uuid: "0184c448527a45c494dacc1de32c3d03" candidate_term: 1 candidate_status { last_received { term: 0 index: 0 } } ignore_live_leader: false dest_uuid: "6883d8247fb04b78b31777a287ae5d92" is_pre_election: true
I20260630 12:26:22.556000 21629 raft_consensus.cc:2468] T a92813cfe2e14879ab6482ba0ee5bb0d P 6883d8247fb04b78b31777a287ae5d92 [term 0 FOLLOWER]: Leader pre-election vote request: Granting yes vote for candidate 0184c448527a45c494dacc1de32c3d03 in term 0.
I20260630 12:26:22.556638 21673 ts_tablet_manager.cc:1434] T e4b82c60d1f24d0dba3c0a100882798b P 6883d8247fb04b78b31777a287ae5d92: Time spent starting tablet: real 0.014s	user 0.005s	sys 0.002s
I20260630 12:26:22.555022 21675 consensus_queue.cc:260] T f73dc360d13f4581838cbe6d8bfcd940 P 0184c448527a45c494dacc1de32c3d03 [NON_LEADER]: Queue going to NON_LEADER mode. State: All replicated index: 0, Majority replicated index: 0, Committed index: 0, Last appended: 0.0, Last appended by leader: 0, Current term: 0, Majority size: -1, State: 0, Mode: NON_LEADER, active raft config: opid_index: -1 OBSOLETE_local: false peers { permanent_uuid: "9c7761efc12a46f48b759f4e2857a931" member_type: VOTER last_known_addr { host: "127.16.137.193" port: 39767 } } peers { permanent_uuid: "0184c448527a45c494dacc1de32c3d03" member_type: VOTER last_known_addr { host: "127.16.137.194" port: 36995 } } peers { permanent_uuid: "6883d8247fb04b78b31777a287ae5d92" member_type: VOTER last_known_addr { host: "127.16.137.195" port: 38399 } }
I20260630 12:26:22.557318 21519 leader_election.cc:304] T a92813cfe2e14879ab6482ba0ee5bb0d P 0184c448527a45c494dacc1de32c3d03 [CANDIDATE]: Term 1 pre-election: Election decided. Result: candidate won. Election summary: received 3 responses out of 3 voters: 2 yes votes; 1 no votes. yes voters: 0184c448527a45c494dacc1de32c3d03, 6883d8247fb04b78b31777a287ae5d92; no voters: 9c7761efc12a46f48b759f4e2857a931
I20260630 12:26:22.558462 21680 raft_consensus.cc:2804] T a92813cfe2e14879ab6482ba0ee5bb0d P 0184c448527a45c494dacc1de32c3d03 [term 0 FOLLOWER]: Leader pre-election won for term 1
I20260630 12:26:22.558734 21675 ts_tablet_manager.cc:1434] T f73dc360d13f4581838cbe6d8bfcd940 P 0184c448527a45c494dacc1de32c3d03: Time spent starting tablet: real 0.007s	user 0.002s	sys 0.002s
I20260630 12:26:22.558787 21680 raft_consensus.cc:493] T a92813cfe2e14879ab6482ba0ee5bb0d P 0184c448527a45c494dacc1de32c3d03 [term 0 FOLLOWER]: Starting leader election (no leader contacted us within the election timeout)
I20260630 12:26:22.559335 21680 raft_consensus.cc:3060] T a92813cfe2e14879ab6482ba0ee5bb0d P 0184c448527a45c494dacc1de32c3d03 [term 0 FOLLOWER]: Advancing to term 1
I20260630 12:26:22.559809 21675 tablet_bootstrap.cc:492] T 27ea0e3ceb7542d1b3e199d2af36f12e P 0184c448527a45c494dacc1de32c3d03: Bootstrap starting.
I20260630 12:26:22.564749 21675 tablet_bootstrap.cc:654] T 27ea0e3ceb7542d1b3e199d2af36f12e P 0184c448527a45c494dacc1de32c3d03: Neither blocks nor log segments found. Creating new log.
I20260630 12:26:22.565101 21673 tablet_bootstrap.cc:492] T eeb658bbbee14dedadc2b1486dc7eb90 P 6883d8247fb04b78b31777a287ae5d92: Bootstrap starting.
I20260630 12:26:22.566025 21680 raft_consensus.cc:515] T a92813cfe2e14879ab6482ba0ee5bb0d P 0184c448527a45c494dacc1de32c3d03 [term 1 FOLLOWER]: Starting leader election with config: opid_index: -1 OBSOLETE_local: false peers { permanent_uuid: "9c7761efc12a46f48b759f4e2857a931" member_type: VOTER last_known_addr { host: "127.16.137.193" port: 39767 } } peers { permanent_uuid: "0184c448527a45c494dacc1de32c3d03" member_type: VOTER last_known_addr { host: "127.16.137.194" port: 36995 } } peers { permanent_uuid: "6883d8247fb04b78b31777a287ae5d92" member_type: VOTER last_known_addr { host: "127.16.137.195" port: 38399 } }
I20260630 12:26:22.568744 21480 tablet_service.cc:1917] Received RequestConsensusVote() RPC: tablet_id: "a92813cfe2e14879ab6482ba0ee5bb0d" candidate_uuid: "0184c448527a45c494dacc1de32c3d03" candidate_term: 1 candidate_status { last_received { term: 0 index: 0 } } ignore_live_leader: false dest_uuid: "9c7761efc12a46f48b759f4e2857a931"
I20260630 12:26:22.568986 21629 tablet_service.cc:1917] Received RequestConsensusVote() RPC: tablet_id: "a92813cfe2e14879ab6482ba0ee5bb0d" candidate_uuid: "0184c448527a45c494dacc1de32c3d03" candidate_term: 1 candidate_status { last_received { term: 0 index: 0 } } ignore_live_leader: false dest_uuid: "6883d8247fb04b78b31777a287ae5d92"
I20260630 12:26:22.569465 21629 raft_consensus.cc:3060] T a92813cfe2e14879ab6482ba0ee5bb0d P 6883d8247fb04b78b31777a287ae5d92 [term 0 FOLLOWER]: Advancing to term 1
W20260630 12:26:22.570111 21520 leader_election.cc:343] T a92813cfe2e14879ab6482ba0ee5bb0d P 0184c448527a45c494dacc1de32c3d03 [CANDIDATE]: Term 1 election: Tablet error from VoteRequest() call to peer 9c7761efc12a46f48b759f4e2857a931 (127.16.137.193:39767): Illegal state: must be running to vote when last-logged opid is not known
I20260630 12:26:22.570207 21680 leader_election.cc:290] T a92813cfe2e14879ab6482ba0ee5bb0d P 0184c448527a45c494dacc1de32c3d03 [CANDIDATE]: Term 1 election: Requested vote from peers 9c7761efc12a46f48b759f4e2857a931 (127.16.137.193:39767), 6883d8247fb04b78b31777a287ae5d92 (127.16.137.195:38399)
I20260630 12:26:22.570135 21676 tablet_bootstrap.cc:492] T a422accc1c374f14800c63c9e4f558d4 P 9c7761efc12a46f48b759f4e2857a931: No bootstrap required, opened a new log
I20260630 12:26:22.571159 21676 ts_tablet_manager.cc:1403] T a422accc1c374f14800c63c9e4f558d4 P 9c7761efc12a46f48b759f4e2857a931: Time spent bootstrapping tablet: real 0.024s	user 0.007s	sys 0.005s
I20260630 12:26:22.571159 21673 tablet_bootstrap.cc:654] T eeb658bbbee14dedadc2b1486dc7eb90 P 6883d8247fb04b78b31777a287ae5d92: Neither blocks nor log segments found. Creating new log.
I20260630 12:26:22.574047 21676 raft_consensus.cc:359] T a422accc1c374f14800c63c9e4f558d4 P 9c7761efc12a46f48b759f4e2857a931 [term 0 FOLLOWER]: Replica starting. Triggering 0 pending ops. Active config: opid_index: -1 OBSOLETE_local: false peers { permanent_uuid: "9c7761efc12a46f48b759f4e2857a931" member_type: VOTER last_known_addr { host: "127.16.137.193" port: 39767 } } peers { permanent_uuid: "0184c448527a45c494dacc1de32c3d03" member_type: VOTER last_known_addr { host: "127.16.137.194" port: 36995 } } peers { permanent_uuid: "6883d8247fb04b78b31777a287ae5d92" member_type: VOTER last_known_addr { host: "127.16.137.195" port: 38399 } }
I20260630 12:26:22.574719 21676 raft_consensus.cc:385] T a422accc1c374f14800c63c9e4f558d4 P 9c7761efc12a46f48b759f4e2857a931 [term 0 FOLLOWER]: Consensus starting up: Expiring failure detector timer to make a prompt election more likely
I20260630 12:26:22.574993 21676 raft_consensus.cc:740] T a422accc1c374f14800c63c9e4f558d4 P 9c7761efc12a46f48b759f4e2857a931 [term 0 FOLLOWER]: Becoming Follower/Learner. State: Replica: 9c7761efc12a46f48b759f4e2857a931, State: Initialized, Role: FOLLOWER
I20260630 12:26:22.575947 21629 raft_consensus.cc:2468] T a92813cfe2e14879ab6482ba0ee5bb0d P 6883d8247fb04b78b31777a287ae5d92 [term 1 FOLLOWER]: Leader election vote request: Granting yes vote for candidate 0184c448527a45c494dacc1de32c3d03 in term 1.
I20260630 12:26:22.575898 21676 consensus_queue.cc:260] T a422accc1c374f14800c63c9e4f558d4 P 9c7761efc12a46f48b759f4e2857a931 [NON_LEADER]: Queue going to NON_LEADER mode. State: All replicated index: 0, Majority replicated index: 0, Committed index: 0, Last appended: 0.0, Last appended by leader: 0, Current term: 0, Majority size: -1, State: 0, Mode: NON_LEADER, active raft config: opid_index: -1 OBSOLETE_local: false peers { permanent_uuid: "9c7761efc12a46f48b759f4e2857a931" member_type: VOTER last_known_addr { host: "127.16.137.193" port: 39767 } } peers { permanent_uuid: "0184c448527a45c494dacc1de32c3d03" member_type: VOTER last_known_addr { host: "127.16.137.194" port: 36995 } } peers { permanent_uuid: "6883d8247fb04b78b31777a287ae5d92" member_type: VOTER last_known_addr { host: "127.16.137.195" port: 38399 } }
I20260630 12:26:22.577126 21519 leader_election.cc:304] T a92813cfe2e14879ab6482ba0ee5bb0d P 0184c448527a45c494dacc1de32c3d03 [CANDIDATE]: Term 1 election: Election decided. Result: candidate won. Election summary: received 3 responses out of 3 voters: 2 yes votes; 1 no votes. yes voters: 0184c448527a45c494dacc1de32c3d03, 6883d8247fb04b78b31777a287ae5d92; no voters: 9c7761efc12a46f48b759f4e2857a931
I20260630 12:26:22.578186 21676 ts_tablet_manager.cc:1434] T a422accc1c374f14800c63c9e4f558d4 P 9c7761efc12a46f48b759f4e2857a931: Time spent starting tablet: real 0.007s	user 0.003s	sys 0.002s
I20260630 12:26:22.578163 21680 raft_consensus.cc:2804] T a92813cfe2e14879ab6482ba0ee5bb0d P 0184c448527a45c494dacc1de32c3d03 [term 1 FOLLOWER]: Leader election won for term 1
I20260630 12:26:22.578919 21675 tablet_bootstrap.cc:492] T 27ea0e3ceb7542d1b3e199d2af36f12e P 0184c448527a45c494dacc1de32c3d03: No bootstrap required, opened a new log
I20260630 12:26:22.579310 21676 tablet_bootstrap.cc:492] T f73dc360d13f4581838cbe6d8bfcd940 P 9c7761efc12a46f48b759f4e2857a931: Bootstrap starting.
I20260630 12:26:22.579396 21675 ts_tablet_manager.cc:1403] T 27ea0e3ceb7542d1b3e199d2af36f12e P 0184c448527a45c494dacc1de32c3d03: Time spent bootstrapping tablet: real 0.020s	user 0.010s	sys 0.001s
I20260630 12:26:22.582378 21675 raft_consensus.cc:359] T 27ea0e3ceb7542d1b3e199d2af36f12e P 0184c448527a45c494dacc1de32c3d03 [term 0 FOLLOWER]: Replica starting. Triggering 0 pending ops. Active config: opid_index: -1 OBSOLETE_local: false peers { permanent_uuid: "6883d8247fb04b78b31777a287ae5d92" member_type: VOTER last_known_addr { host: "127.16.137.195" port: 38399 } } peers { permanent_uuid: "9c7761efc12a46f48b759f4e2857a931" member_type: VOTER last_known_addr { host: "127.16.137.193" port: 39767 } } peers { permanent_uuid: "0184c448527a45c494dacc1de32c3d03" member_type: VOTER last_known_addr { host: "127.16.137.194" port: 36995 } }
I20260630 12:26:22.583134 21675 raft_consensus.cc:385] T 27ea0e3ceb7542d1b3e199d2af36f12e P 0184c448527a45c494dacc1de32c3d03 [term 0 FOLLOWER]: Consensus starting up: Expiring failure detector timer to make a prompt election more likely
I20260630 12:26:22.583425 21675 raft_consensus.cc:740] T 27ea0e3ceb7542d1b3e199d2af36f12e P 0184c448527a45c494dacc1de32c3d03 [term 0 FOLLOWER]: Becoming Follower/Learner. State: Replica: 0184c448527a45c494dacc1de32c3d03, State: Initialized, Role: FOLLOWER
I20260630 12:26:22.584087 21675 consensus_queue.cc:260] T 27ea0e3ceb7542d1b3e199d2af36f12e P 0184c448527a45c494dacc1de32c3d03 [NON_LEADER]: Queue going to NON_LEADER mode. State: All replicated index: 0, Majority replicated index: 0, Committed index: 0, Last appended: 0.0, Last appended by leader: 0, Current term: 0, Majority size: -1, State: 0, Mode: NON_LEADER, active raft config: opid_index: -1 OBSOLETE_local: false peers { permanent_uuid: "6883d8247fb04b78b31777a287ae5d92" member_type: VOTER last_known_addr { host: "127.16.137.195" port: 38399 } } peers { permanent_uuid: "9c7761efc12a46f48b759f4e2857a931" member_type: VOTER last_known_addr { host: "127.16.137.193" port: 39767 } } peers { permanent_uuid: "0184c448527a45c494dacc1de32c3d03" member_type: VOTER last_known_addr { host: "127.16.137.194" port: 36995 } }
I20260630 12:26:22.586501 21676 tablet_bootstrap.cc:654] T f73dc360d13f4581838cbe6d8bfcd940 P 9c7761efc12a46f48b759f4e2857a931: Neither blocks nor log segments found. Creating new log.
I20260630 12:26:22.590173 21680 raft_consensus.cc:697] T a92813cfe2e14879ab6482ba0ee5bb0d P 0184c448527a45c494dacc1de32c3d03 [term 1 LEADER]: Becoming Leader. State: Replica: 0184c448527a45c494dacc1de32c3d03, State: Running, Role: LEADER
I20260630 12:26:22.591065 21680 consensus_queue.cc:237] T a92813cfe2e14879ab6482ba0ee5bb0d P 0184c448527a45c494dacc1de32c3d03 [LEADER]: Queue going to LEADER mode. State: All replicated index: 0, Majority replicated index: 0, Committed index: 0, Last appended: 0.0, Last appended by leader: 0, Current term: 1, Majority size: 2, State: 0, Mode: LEADER, active raft config: opid_index: -1 OBSOLETE_local: false peers { permanent_uuid: "9c7761efc12a46f48b759f4e2857a931" member_type: VOTER last_known_addr { host: "127.16.137.193" port: 39767 } } peers { permanent_uuid: "0184c448527a45c494dacc1de32c3d03" member_type: VOTER last_known_addr { host: "127.16.137.194" port: 36995 } } peers { permanent_uuid: "6883d8247fb04b78b31777a287ae5d92" member_type: VOTER last_known_addr { host: "127.16.137.195" port: 38399 } }
I20260630 12:26:22.597517 21676 tablet_bootstrap.cc:492] T f73dc360d13f4581838cbe6d8bfcd940 P 9c7761efc12a46f48b759f4e2857a931: No bootstrap required, opened a new log
I20260630 12:26:22.597944 21676 ts_tablet_manager.cc:1403] T f73dc360d13f4581838cbe6d8bfcd940 P 9c7761efc12a46f48b759f4e2857a931: Time spent bootstrapping tablet: real 0.019s	user 0.004s	sys 0.011s
I20260630 12:26:22.599176 21673 tablet_bootstrap.cc:492] T eeb658bbbee14dedadc2b1486dc7eb90 P 6883d8247fb04b78b31777a287ae5d92: No bootstrap required, opened a new log
I20260630 12:26:22.599656 21673 ts_tablet_manager.cc:1403] T eeb658bbbee14dedadc2b1486dc7eb90 P 6883d8247fb04b78b31777a287ae5d92: Time spent bootstrapping tablet: real 0.035s	user 0.011s	sys 0.006s
I20260630 12:26:22.600653 21676 raft_consensus.cc:359] T f73dc360d13f4581838cbe6d8bfcd940 P 9c7761efc12a46f48b759f4e2857a931 [term 0 FOLLOWER]: Replica starting. Triggering 0 pending ops. Active config: opid_index: -1 OBSOLETE_local: false peers { permanent_uuid: "9c7761efc12a46f48b759f4e2857a931" member_type: VOTER last_known_addr { host: "127.16.137.193" port: 39767 } } peers { permanent_uuid: "0184c448527a45c494dacc1de32c3d03" member_type: VOTER last_known_addr { host: "127.16.137.194" port: 36995 } } peers { permanent_uuid: "6883d8247fb04b78b31777a287ae5d92" member_type: VOTER last_known_addr { host: "127.16.137.195" port: 38399 } }
I20260630 12:26:22.601372 21676 raft_consensus.cc:385] T f73dc360d13f4581838cbe6d8bfcd940 P 9c7761efc12a46f48b759f4e2857a931 [term 0 FOLLOWER]: Consensus starting up: Expiring failure detector timer to make a prompt election more likely
I20260630 12:26:22.601650 21676 raft_consensus.cc:740] T f73dc360d13f4581838cbe6d8bfcd940 P 9c7761efc12a46f48b759f4e2857a931 [term 0 FOLLOWER]: Becoming Follower/Learner. State: Replica: 9c7761efc12a46f48b759f4e2857a931, State: Initialized, Role: FOLLOWER
I20260630 12:26:22.602385 21676 consensus_queue.cc:260] T f73dc360d13f4581838cbe6d8bfcd940 P 9c7761efc12a46f48b759f4e2857a931 [NON_LEADER]: Queue going to NON_LEADER mode. State: All replicated index: 0, Majority replicated index: 0, Committed index: 0, Last appended: 0.0, Last appended by leader: 0, Current term: 0, Majority size: -1, State: 0, Mode: NON_LEADER, active raft config: opid_index: -1 OBSOLETE_local: false peers { permanent_uuid: "9c7761efc12a46f48b759f4e2857a931" member_type: VOTER last_known_addr { host: "127.16.137.193" port: 39767 } } peers { permanent_uuid: "0184c448527a45c494dacc1de32c3d03" member_type: VOTER last_known_addr { host: "127.16.137.194" port: 36995 } } peers { permanent_uuid: "6883d8247fb04b78b31777a287ae5d92" member_type: VOTER last_known_addr { host: "127.16.137.195" port: 38399 } }
I20260630 12:26:22.602684 21673 raft_consensus.cc:359] T eeb658bbbee14dedadc2b1486dc7eb90 P 6883d8247fb04b78b31777a287ae5d92 [term 0 FOLLOWER]: Replica starting. Triggering 0 pending ops. Active config: opid_index: -1 OBSOLETE_local: false peers { permanent_uuid: "9c7761efc12a46f48b759f4e2857a931" member_type: VOTER last_known_addr { host: "127.16.137.193" port: 39767 } } peers { permanent_uuid: "0184c448527a45c494dacc1de32c3d03" member_type: VOTER last_known_addr { host: "127.16.137.194" port: 36995 } } peers { permanent_uuid: "6883d8247fb04b78b31777a287ae5d92" member_type: VOTER last_known_addr { host: "127.16.137.195" port: 38399 } }
I20260630 12:26:22.604157 21673 raft_consensus.cc:385] T eeb658bbbee14dedadc2b1486dc7eb90 P 6883d8247fb04b78b31777a287ae5d92 [term 0 FOLLOWER]: Consensus starting up: Expiring failure detector timer to make a prompt election more likely
I20260630 12:26:22.604490 21673 raft_consensus.cc:740] T eeb658bbbee14dedadc2b1486dc7eb90 P 6883d8247fb04b78b31777a287ae5d92 [term 0 FOLLOWER]: Becoming Follower/Learner. State: Replica: 6883d8247fb04b78b31777a287ae5d92, State: Initialized, Role: FOLLOWER
I20260630 12:26:22.604791 21675 ts_tablet_manager.cc:1434] T 27ea0e3ceb7542d1b3e199d2af36f12e P 0184c448527a45c494dacc1de32c3d03: Time spent starting tablet: real 0.025s	user 0.017s	sys 0.007s
I20260630 12:26:22.605715 21675 tablet_bootstrap.cc:492] T 813b9ef32d0b4549af9539e657883e88 P 0184c448527a45c494dacc1de32c3d03: Bootstrap starting.
I20260630 12:26:22.605379 21673 consensus_queue.cc:260] T eeb658bbbee14dedadc2b1486dc7eb90 P 6883d8247fb04b78b31777a287ae5d92 [NON_LEADER]: Queue going to NON_LEADER mode. State: All replicated index: 0, Majority replicated index: 0, Committed index: 0, Last appended: 0.0, Last appended by leader: 0, Current term: 0, Majority size: -1, State: 0, Mode: NON_LEADER, active raft config: opid_index: -1 OBSOLETE_local: false peers { permanent_uuid: "9c7761efc12a46f48b759f4e2857a931" member_type: VOTER last_known_addr { host: "127.16.137.193" port: 39767 } } peers { permanent_uuid: "0184c448527a45c494dacc1de32c3d03" member_type: VOTER last_known_addr { host: "127.16.137.194" port: 36995 } } peers { permanent_uuid: "6883d8247fb04b78b31777a287ae5d92" member_type: VOTER last_known_addr { host: "127.16.137.195" port: 38399 } }
I20260630 12:26:22.607991 21676 ts_tablet_manager.cc:1434] T f73dc360d13f4581838cbe6d8bfcd940 P 9c7761efc12a46f48b759f4e2857a931: Time spent starting tablet: real 0.010s	user 0.004s	sys 0.004s
I20260630 12:26:22.607587 21375 catalog_manager.cc:5697] T a92813cfe2e14879ab6482ba0ee5bb0d P 0184c448527a45c494dacc1de32c3d03 reported cstate change: term changed from 0 to 1, leader changed from <none> to 0184c448527a45c494dacc1de32c3d03 (127.16.137.194). New cstate: current_term: 1 leader_uuid: "0184c448527a45c494dacc1de32c3d03" committed_config { opid_index: -1 OBSOLETE_local: false peers { permanent_uuid: "9c7761efc12a46f48b759f4e2857a931" member_type: VOTER last_known_addr { host: "127.16.137.193" port: 39767 } health_report { overall_health: UNKNOWN } } peers { permanent_uuid: "0184c448527a45c494dacc1de32c3d03" member_type: VOTER last_known_addr { host: "127.16.137.194" port: 36995 } health_report { overall_health: HEALTHY } } peers { permanent_uuid: "6883d8247fb04b78b31777a287ae5d92" member_type: VOTER last_known_addr { host: "127.16.137.195" port: 38399 } health_report { overall_health: UNKNOWN } } }
I20260630 12:26:22.608903 21676 tablet_bootstrap.cc:492] T 813b9ef32d0b4549af9539e657883e88 P 9c7761efc12a46f48b759f4e2857a931: Bootstrap starting.
I20260630 12:26:22.609717 21673 ts_tablet_manager.cc:1434] T eeb658bbbee14dedadc2b1486dc7eb90 P 6883d8247fb04b78b31777a287ae5d92: Time spent starting tablet: real 0.010s	user 0.002s	sys 0.004s
I20260630 12:26:22.610690 21673 tablet_bootstrap.cc:492] T 6669804c278e4a01aa558572217fdf8c P 6883d8247fb04b78b31777a287ae5d92: Bootstrap starting.
I20260630 12:26:22.611965 21675 tablet_bootstrap.cc:654] T 813b9ef32d0b4549af9539e657883e88 P 0184c448527a45c494dacc1de32c3d03: Neither blocks nor log segments found. Creating new log.
I20260630 12:26:22.615125 21676 tablet_bootstrap.cc:654] T 813b9ef32d0b4549af9539e657883e88 P 9c7761efc12a46f48b759f4e2857a931: Neither blocks nor log segments found. Creating new log.
I20260630 12:26:22.616709 21673 tablet_bootstrap.cc:654] T 6669804c278e4a01aa558572217fdf8c P 6883d8247fb04b78b31777a287ae5d92: Neither blocks nor log segments found. Creating new log.
I20260630 12:26:22.618965 21677 raft_consensus.cc:493] T 9486d53cf0814f36bcb4be83cbf0910f P 6883d8247fb04b78b31777a287ae5d92 [term 0 FOLLOWER]: Starting pre-election (no leader contacted us within the election timeout)
I20260630 12:26:22.619423 21677 raft_consensus.cc:515] T 9486d53cf0814f36bcb4be83cbf0910f P 6883d8247fb04b78b31777a287ae5d92 [term 0 FOLLOWER]: Starting pre-election with config: opid_index: -1 OBSOLETE_local: false peers { permanent_uuid: "9c7761efc12a46f48b759f4e2857a931" member_type: VOTER last_known_addr { host: "127.16.137.193" port: 39767 } } peers { permanent_uuid: "0184c448527a45c494dacc1de32c3d03" member_type: VOTER last_known_addr { host: "127.16.137.194" port: 36995 } } peers { permanent_uuid: "6883d8247fb04b78b31777a287ae5d92" member_type: VOTER last_known_addr { host: "127.16.137.195" port: 38399 } }
I20260630 12:26:22.621763 21677 leader_election.cc:290] T 9486d53cf0814f36bcb4be83cbf0910f P 6883d8247fb04b78b31777a287ae5d92 [CANDIDATE]: Term 1 pre-election: Requested pre-vote from peers 9c7761efc12a46f48b759f4e2857a931 (127.16.137.193:39767), 0184c448527a45c494dacc1de32c3d03 (127.16.137.194:36995)
I20260630 12:26:22.632289 21675 tablet_bootstrap.cc:492] T 813b9ef32d0b4549af9539e657883e88 P 0184c448527a45c494dacc1de32c3d03: No bootstrap required, opened a new log
I20260630 12:26:22.632740 21675 ts_tablet_manager.cc:1403] T 813b9ef32d0b4549af9539e657883e88 P 0184c448527a45c494dacc1de32c3d03: Time spent bootstrapping tablet: real 0.027s	user 0.016s	sys 0.008s
I20260630 12:26:22.636267 21676 tablet_bootstrap.cc:492] T 813b9ef32d0b4549af9539e657883e88 P 9c7761efc12a46f48b759f4e2857a931: No bootstrap required, opened a new log
I20260630 12:26:22.636761 21676 ts_tablet_manager.cc:1403] T 813b9ef32d0b4549af9539e657883e88 P 9c7761efc12a46f48b759f4e2857a931: Time spent bootstrapping tablet: real 0.028s	user 0.009s	sys 0.004s
I20260630 12:26:22.637423 21675 raft_consensus.cc:359] T 813b9ef32d0b4549af9539e657883e88 P 0184c448527a45c494dacc1de32c3d03 [term 0 FOLLOWER]: Replica starting. Triggering 0 pending ops. Active config: opid_index: -1 OBSOLETE_local: false peers { permanent_uuid: "9c7761efc12a46f48b759f4e2857a931" member_type: VOTER last_known_addr { host: "127.16.137.193" port: 39767 } } peers { permanent_uuid: "0184c448527a45c494dacc1de32c3d03" member_type: VOTER last_known_addr { host: "127.16.137.194" port: 36995 } } peers { permanent_uuid: "6883d8247fb04b78b31777a287ae5d92" member_type: VOTER last_known_addr { host: "127.16.137.195" port: 38399 } }
I20260630 12:26:22.639977 21676 raft_consensus.cc:359] T 813b9ef32d0b4549af9539e657883e88 P 9c7761efc12a46f48b759f4e2857a931 [term 0 FOLLOWER]: Replica starting. Triggering 0 pending ops. Active config: opid_index: -1 OBSOLETE_local: false peers { permanent_uuid: "9c7761efc12a46f48b759f4e2857a931" member_type: VOTER last_known_addr { host: "127.16.137.193" port: 39767 } } peers { permanent_uuid: "0184c448527a45c494dacc1de32c3d03" member_type: VOTER last_known_addr { host: "127.16.137.194" port: 36995 } } peers { permanent_uuid: "6883d8247fb04b78b31777a287ae5d92" member_type: VOTER last_known_addr { host: "127.16.137.195" port: 38399 } }
I20260630 12:26:22.640749 21676 raft_consensus.cc:385] T 813b9ef32d0b4549af9539e657883e88 P 9c7761efc12a46f48b759f4e2857a931 [term 0 FOLLOWER]: Consensus starting up: Expiring failure detector timer to make a prompt election more likely
I20260630 12:26:22.641031 21676 raft_consensus.cc:740] T 813b9ef32d0b4549af9539e657883e88 P 9c7761efc12a46f48b759f4e2857a931 [term 0 FOLLOWER]: Becoming Follower/Learner. State: Replica: 9c7761efc12a46f48b759f4e2857a931, State: Initialized, Role: FOLLOWER
I20260630 12:26:22.641711 21676 consensus_queue.cc:260] T 813b9ef32d0b4549af9539e657883e88 P 9c7761efc12a46f48b759f4e2857a931 [NON_LEADER]: Queue going to NON_LEADER mode. State: All replicated index: 0, Majority replicated index: 0, Committed index: 0, Last appended: 0.0, Last appended by leader: 0, Current term: 0, Majority size: -1, State: 0, Mode: NON_LEADER, active raft config: opid_index: -1 OBSOLETE_local: false peers { permanent_uuid: "9c7761efc12a46f48b759f4e2857a931" member_type: VOTER last_known_addr { host: "127.16.137.193" port: 39767 } } peers { permanent_uuid: "0184c448527a45c494dacc1de32c3d03" member_type: VOTER last_known_addr { host: "127.16.137.194" port: 36995 } } peers { permanent_uuid: "6883d8247fb04b78b31777a287ae5d92" member_type: VOTER last_known_addr { host: "127.16.137.195" port: 38399 } }
