I20260630 12:24:25.327379 17497 catalog_manager.cc:5697] T 3271851d639a44ada3e5307451362bef P 5a51550fb33d49ec937a76e386817192 reported cstate change: term changed from 0 to 1, leader changed from <none> to 5a51550fb33d49ec937a76e386817192 (127.16.137.193). New cstate: current_term: 1 leader_uuid: "5a51550fb33d49ec937a76e386817192" committed_config { opid_index: -1 OBSOLETE_local: false peers { permanent_uuid: "5a51550fb33d49ec937a76e386817192" member_type: VOTER last_known_addr { host: "127.16.137.193" port: 43659 } health_report { overall_health: HEALTHY } } peers { permanent_uuid: "5e55bbc4b06648c5a49bb85b77249d0f" member_type: VOTER last_known_addr { host: "127.16.137.194" port: 38605 } health_report { overall_health: UNKNOWN } } peers { permanent_uuid: "683fb8a779d8474b9d95902ad0d3f7e1" member_type: VOTER last_known_addr { host: "127.16.137.195" port: 37673 } health_report { overall_health: UNKNOWN } } }
I20260630 12:24:25.329034 17809 raft_consensus.cc:515] T 3020eb7a3cda4a589ba4b6bd39833d59 P 5e55bbc4b06648c5a49bb85b77249d0f [term 1 FOLLOWER]: Starting leader election with config: opid_index: -1 OBSOLETE_local: false peers { permanent_uuid: "5a51550fb33d49ec937a76e386817192" member_type: VOTER last_known_addr { host: "127.16.137.193" port: 43659 } } peers { permanent_uuid: "5e55bbc4b06648c5a49bb85b77249d0f" member_type: VOTER last_known_addr { host: "127.16.137.194" port: 38605 } } peers { permanent_uuid: "683fb8a779d8474b9d95902ad0d3f7e1" member_type: VOTER last_known_addr { host: "127.16.137.195" port: 37673 } }
I20260630 12:24:25.330000 17796 tablet_bootstrap.cc:654] T 3271851d639a44ada3e5307451362bef P 683fb8a779d8474b9d95902ad0d3f7e1: Neither blocks nor log segments found. Creating new log.
I20260630 12:24:25.331338 17809 leader_election.cc:290] T 3020eb7a3cda4a589ba4b6bd39833d59 P 5e55bbc4b06648c5a49bb85b77249d0f [CANDIDATE]: Term 1 election: Requested vote from peers 5a51550fb33d49ec937a76e386817192 (127.16.137.193:43659), 683fb8a779d8474b9d95902ad0d3f7e1 (127.16.137.195:37673)
I20260630 12:24:25.332917 17748 tablet_service.cc:1917] Received RequestConsensusVote() RPC: tablet_id: "3020eb7a3cda4a589ba4b6bd39833d59" candidate_uuid: "5e55bbc4b06648c5a49bb85b77249d0f" candidate_term: 1 candidate_status { last_received { term: 0 index: 0 } } ignore_live_leader: false dest_uuid: "683fb8a779d8474b9d95902ad0d3f7e1"
I20260630 12:24:25.333452 17748 raft_consensus.cc:3060] T 3020eb7a3cda4a589ba4b6bd39833d59 P 683fb8a779d8474b9d95902ad0d3f7e1 [term 0 FOLLOWER]: Advancing to term 1
I20260630 12:24:25.334882 17798 tablet_bootstrap.cc:492] T d256b37427db48cfb62862e217b9137f P 5e55bbc4b06648c5a49bb85b77249d0f: No bootstrap required, opened a new log
I20260630 12:24:25.335376 17798 ts_tablet_manager.cc:1403] T d256b37427db48cfb62862e217b9137f P 5e55bbc4b06648c5a49bb85b77249d0f: Time spent bootstrapping tablet: real 0.025s	user 0.007s	sys 0.004s
I20260630 12:24:25.337387 17748 raft_consensus.cc:2468] T 3020eb7a3cda4a589ba4b6bd39833d59 P 683fb8a779d8474b9d95902ad0d3f7e1 [term 1 FOLLOWER]: Leader election vote request: Granting yes vote for candidate 5e55bbc4b06648c5a49bb85b77249d0f in term 1.
I20260630 12:24:25.338137 17600 tablet_service.cc:1917] Received RequestConsensusVote() RPC: tablet_id: "3020eb7a3cda4a589ba4b6bd39833d59" candidate_uuid: "5e55bbc4b06648c5a49bb85b77249d0f" candidate_term: 1 candidate_status { last_received { term: 0 index: 0 } } ignore_live_leader: false dest_uuid: "5a51550fb33d49ec937a76e386817192"
I20260630 12:24:25.338550 17600 raft_consensus.cc:3060] T 3020eb7a3cda4a589ba4b6bd39833d59 P 5a51550fb33d49ec937a76e386817192 [term 0 FOLLOWER]: Advancing to term 1
I20260630 12:24:25.338668 17798 raft_consensus.cc:359] T d256b37427db48cfb62862e217b9137f P 5e55bbc4b06648c5a49bb85b77249d0f [term 0 FOLLOWER]: Replica starting. Triggering 0 pending ops. Active config: opid_index: -1 OBSOLETE_local: false peers { permanent_uuid: "5a51550fb33d49ec937a76e386817192" member_type: VOTER last_known_addr { host: "127.16.137.193" port: 43659 } } peers { permanent_uuid: "5e55bbc4b06648c5a49bb85b77249d0f" member_type: VOTER last_known_addr { host: "127.16.137.194" port: 38605 } } peers { permanent_uuid: "683fb8a779d8474b9d95902ad0d3f7e1" member_type: VOTER last_known_addr { host: "127.16.137.195" port: 37673 } }
I20260630 12:24:25.339468 17798 raft_consensus.cc:385] T d256b37427db48cfb62862e217b9137f P 5e55bbc4b06648c5a49bb85b77249d0f [term 0 FOLLOWER]: Consensus starting up: Expiring failure detector timer to make a prompt election more likely
I20260630 12:24:25.339767 17798 raft_consensus.cc:740] T d256b37427db48cfb62862e217b9137f P 5e55bbc4b06648c5a49bb85b77249d0f [term 0 FOLLOWER]: Becoming Follower/Learner. State: Replica: 5e55bbc4b06648c5a49bb85b77249d0f, State: Initialized, Role: FOLLOWER
I20260630 12:24:25.340622 17798 consensus_queue.cc:260] T d256b37427db48cfb62862e217b9137f P 5e55bbc4b06648c5a49bb85b77249d0f [NON_LEADER]: Queue going to NON_LEADER mode. State: All replicated index: 0, Majority replicated index: 0, Committed index: 0, Last appended: 0.0, Last appended by leader: 0, Current term: 0, Majority size: -1, State: 0, Mode: NON_LEADER, active raft config: opid_index: -1 OBSOLETE_local: false peers { permanent_uuid: "5a51550fb33d49ec937a76e386817192" member_type: VOTER last_known_addr { host: "127.16.137.193" port: 43659 } } peers { permanent_uuid: "5e55bbc4b06648c5a49bb85b77249d0f" member_type: VOTER last_known_addr { host: "127.16.137.194" port: 38605 } } peers { permanent_uuid: "683fb8a779d8474b9d95902ad0d3f7e1" member_type: VOTER last_known_addr { host: "127.16.137.195" port: 37673 } }
I20260630 12:24:25.341005 17641 leader_election.cc:304] T 3020eb7a3cda4a589ba4b6bd39833d59 P 5e55bbc4b06648c5a49bb85b77249d0f [CANDIDATE]: Term 1 election: Election decided. Result: candidate won. Election summary: received 2 responses out of 3 voters: 2 yes votes; 0 no votes. yes voters: 5e55bbc4b06648c5a49bb85b77249d0f, 683fb8a779d8474b9d95902ad0d3f7e1; no voters: 
I20260630 12:24:25.341832 17809 raft_consensus.cc:2804] T 3020eb7a3cda4a589ba4b6bd39833d59 P 5e55bbc4b06648c5a49bb85b77249d0f [term 1 FOLLOWER]: Leader election won for term 1
I20260630 12:24:25.342242 17809 raft_consensus.cc:697] T 3020eb7a3cda4a589ba4b6bd39833d59 P 5e55bbc4b06648c5a49bb85b77249d0f [term 1 LEADER]: Becoming Leader. State: Replica: 5e55bbc4b06648c5a49bb85b77249d0f, State: Running, Role: LEADER
I20260630 12:24:25.342940 17809 consensus_queue.cc:237] T 3020eb7a3cda4a589ba4b6bd39833d59 P 5e55bbc4b06648c5a49bb85b77249d0f [LEADER]: Queue going to LEADER mode. State: All replicated index: 0, Majority replicated index: 0, Committed index: 0, Last appended: 0.0, Last appended by leader: 0, Current term: 1, Majority size: 2, State: 0, Mode: LEADER, active raft config: opid_index: -1 OBSOLETE_local: false peers { permanent_uuid: "5a51550fb33d49ec937a76e386817192" member_type: VOTER last_known_addr { host: "127.16.137.193" port: 43659 } } peers { permanent_uuid: "5e55bbc4b06648c5a49bb85b77249d0f" member_type: VOTER last_known_addr { host: "127.16.137.194" port: 38605 } } peers { permanent_uuid: "683fb8a779d8474b9d95902ad0d3f7e1" member_type: VOTER last_known_addr { host: "127.16.137.195" port: 37673 } }
I20260630 12:24:25.347415 17798 ts_tablet_manager.cc:1434] T d256b37427db48cfb62862e217b9137f P 5e55bbc4b06648c5a49bb85b77249d0f: Time spent starting tablet: real 0.012s	user 0.007s	sys 0.000s
I20260630 12:24:25.347870 17800 raft_consensus.cc:493] T d256b37427db48cfb62862e217b9137f P 683fb8a779d8474b9d95902ad0d3f7e1 [term 0 FOLLOWER]: Starting pre-election (no leader contacted us within the election timeout)
I20260630 12:24:25.348362 17798 tablet_bootstrap.cc:492] T c1aa85ef06df46eea1843731e267f5ba P 5e55bbc4b06648c5a49bb85b77249d0f: Bootstrap starting.
I20260630 12:24:25.348212 17800 raft_consensus.cc:515] T d256b37427db48cfb62862e217b9137f P 683fb8a779d8474b9d95902ad0d3f7e1 [term 0 FOLLOWER]: Starting pre-election with config: opid_index: -1 OBSOLETE_local: false peers { permanent_uuid: "5a51550fb33d49ec937a76e386817192" member_type: VOTER last_known_addr { host: "127.16.137.193" port: 43659 } } peers { permanent_uuid: "5e55bbc4b06648c5a49bb85b77249d0f" member_type: VOTER last_known_addr { host: "127.16.137.194" port: 38605 } } peers { permanent_uuid: "683fb8a779d8474b9d95902ad0d3f7e1" member_type: VOTER last_known_addr { host: "127.16.137.195" port: 37673 } }
I20260630 12:24:25.350055 17800 leader_election.cc:290] T d256b37427db48cfb62862e217b9137f P 683fb8a779d8474b9d95902ad0d3f7e1 [CANDIDATE]: Term 1 pre-election: Requested pre-vote from peers 5a51550fb33d49ec937a76e386817192 (127.16.137.193:43659), 5e55bbc4b06648c5a49bb85b77249d0f (127.16.137.194:38605)
I20260630 12:24:25.352788 17599 tablet_service.cc:1917] Received RequestConsensusVote() RPC: tablet_id: "d256b37427db48cfb62862e217b9137f" candidate_uuid: "683fb8a779d8474b9d95902ad0d3f7e1" candidate_term: 1 candidate_status { last_received { term: 0 index: 0 } } ignore_live_leader: false dest_uuid: "5a51550fb33d49ec937a76e386817192" is_pre_election: true
I20260630 12:24:25.353708 17674 tablet_service.cc:1917] Received RequestConsensusVote() RPC: tablet_id: "d256b37427db48cfb62862e217b9137f" candidate_uuid: "683fb8a779d8474b9d95902ad0d3f7e1" candidate_term: 1 candidate_status { last_received { term: 0 index: 0 } } ignore_live_leader: false dest_uuid: "5e55bbc4b06648c5a49bb85b77249d0f" is_pre_election: true
I20260630 12:24:25.354141 17674 raft_consensus.cc:2468] T d256b37427db48cfb62862e217b9137f P 5e55bbc4b06648c5a49bb85b77249d0f [term 0 FOLLOWER]: Leader pre-election vote request: Granting yes vote for candidate 683fb8a779d8474b9d95902ad0d3f7e1 in term 0.
I20260630 12:24:25.353354 17498 catalog_manager.cc:5697] T 3020eb7a3cda4a589ba4b6bd39833d59 P 5e55bbc4b06648c5a49bb85b77249d0f reported cstate change: term changed from 0 to 1, leader changed from <none> to 5e55bbc4b06648c5a49bb85b77249d0f (127.16.137.194). New cstate: current_term: 1 leader_uuid: "5e55bbc4b06648c5a49bb85b77249d0f" committed_config { opid_index: -1 OBSOLETE_local: false peers { permanent_uuid: "5a51550fb33d49ec937a76e386817192" member_type: VOTER last_known_addr { host: "127.16.137.193" port: 43659 } health_report { overall_health: UNKNOWN } } peers { permanent_uuid: "5e55bbc4b06648c5a49bb85b77249d0f" member_type: VOTER last_known_addr { host: "127.16.137.194" port: 38605 } health_report { overall_health: HEALTHY } } peers { permanent_uuid: "683fb8a779d8474b9d95902ad0d3f7e1" member_type: VOTER last_known_addr { host: "127.16.137.195" port: 37673 } health_report { overall_health: UNKNOWN } } }
I20260630 12:24:25.354837 17798 tablet_bootstrap.cc:654] T c1aa85ef06df46eea1843731e267f5ba P 5e55bbc4b06648c5a49bb85b77249d0f: Neither blocks nor log segments found. Creating new log.
I20260630 12:24:25.355149 17715 leader_election.cc:304] T d256b37427db48cfb62862e217b9137f P 683fb8a779d8474b9d95902ad0d3f7e1 [CANDIDATE]: Term 1 pre-election: Election decided. Result: candidate won. Election summary: received 2 responses out of 3 voters: 2 yes votes; 0 no votes. yes voters: 5e55bbc4b06648c5a49bb85b77249d0f, 683fb8a779d8474b9d95902ad0d3f7e1; no voters: 
I20260630 12:24:25.355954 17800 raft_consensus.cc:2804] T d256b37427db48cfb62862e217b9137f P 683fb8a779d8474b9d95902ad0d3f7e1 [term 0 FOLLOWER]: Leader pre-election won for term 1
I20260630 12:24:25.356303 17800 raft_consensus.cc:493] T d256b37427db48cfb62862e217b9137f P 683fb8a779d8474b9d95902ad0d3f7e1 [term 0 FOLLOWER]: Starting leader election (no leader contacted us within the election timeout)
I20260630 12:24:25.356595 17800 raft_consensus.cc:3060] T d256b37427db48cfb62862e217b9137f P 683fb8a779d8474b9d95902ad0d3f7e1 [term 0 FOLLOWER]: Advancing to term 1
I20260630 12:24:25.357518 17600 raft_consensus.cc:2468] T 3020eb7a3cda4a589ba4b6bd39833d59 P 5a51550fb33d49ec937a76e386817192 [term 1 FOLLOWER]: Leader election vote request: Granting yes vote for candidate 5e55bbc4b06648c5a49bb85b77249d0f in term 1.
I20260630 12:24:25.353358 17599 raft_consensus.cc:2468] T d256b37427db48cfb62862e217b9137f P 5a51550fb33d49ec937a76e386817192 [term 0 FOLLOWER]: Leader pre-election vote request: Granting yes vote for candidate 683fb8a779d8474b9d95902ad0d3f7e1 in term 0.
I20260630 12:24:25.361250 17798 tablet_bootstrap.cc:492] T c1aa85ef06df46eea1843731e267f5ba P 5e55bbc4b06648c5a49bb85b77249d0f: No bootstrap required, opened a new log
I20260630 12:24:25.361302 17796 tablet_bootstrap.cc:492] T 3271851d639a44ada3e5307451362bef P 683fb8a779d8474b9d95902ad0d3f7e1: No bootstrap required, opened a new log
I20260630 12:24:25.361826 17798 ts_tablet_manager.cc:1403] T c1aa85ef06df46eea1843731e267f5ba P 5e55bbc4b06648c5a49bb85b77249d0f: Time spent bootstrapping tablet: real 0.014s	user 0.009s	sys 0.003s
I20260630 12:24:25.361860 17796 ts_tablet_manager.cc:1403] T 3271851d639a44ada3e5307451362bef P 683fb8a779d8474b9d95902ad0d3f7e1: Time spent bootstrapping tablet: real 0.039s	user 0.016s	sys 0.003s
I20260630 12:24:25.364336 17798 raft_consensus.cc:359] T c1aa85ef06df46eea1843731e267f5ba P 5e55bbc4b06648c5a49bb85b77249d0f [term 0 FOLLOWER]: Replica starting. Triggering 0 pending ops. Active config: opid_index: -1 OBSOLETE_local: false peers { permanent_uuid: "5a51550fb33d49ec937a76e386817192" member_type: VOTER last_known_addr { host: "127.16.137.193" port: 43659 } } peers { permanent_uuid: "5e55bbc4b06648c5a49bb85b77249d0f" member_type: VOTER last_known_addr { host: "127.16.137.194" port: 38605 } } peers { permanent_uuid: "683fb8a779d8474b9d95902ad0d3f7e1" member_type: VOTER last_known_addr { host: "127.16.137.195" port: 37673 } }
I20260630 12:24:25.364997 17798 raft_consensus.cc:385] T c1aa85ef06df46eea1843731e267f5ba P 5e55bbc4b06648c5a49bb85b77249d0f [term 0 FOLLOWER]: Consensus starting up: Expiring failure detector timer to make a prompt election more likely
I20260630 12:24:25.365285 17798 raft_consensus.cc:740] T c1aa85ef06df46eea1843731e267f5ba P 5e55bbc4b06648c5a49bb85b77249d0f [term 0 FOLLOWER]: Becoming Follower/Learner. State: Replica: 5e55bbc4b06648c5a49bb85b77249d0f, State: Initialized, Role: FOLLOWER
I20260630 12:24:25.365437 17796 raft_consensus.cc:359] T 3271851d639a44ada3e5307451362bef P 683fb8a779d8474b9d95902ad0d3f7e1 [term 0 FOLLOWER]: Replica starting. Triggering 0 pending ops. Active config: opid_index: -1 OBSOLETE_local: false peers { permanent_uuid: "5a51550fb33d49ec937a76e386817192" member_type: VOTER last_known_addr { host: "127.16.137.193" port: 43659 } } peers { permanent_uuid: "5e55bbc4b06648c5a49bb85b77249d0f" member_type: VOTER last_known_addr { host: "127.16.137.194" port: 38605 } } peers { permanent_uuid: "683fb8a779d8474b9d95902ad0d3f7e1" member_type: VOTER last_known_addr { host: "127.16.137.195" port: 37673 } }
I20260630 12:24:25.366058 17796 raft_consensus.cc:385] T 3271851d639a44ada3e5307451362bef P 683fb8a779d8474b9d95902ad0d3f7e1 [term 0 FOLLOWER]: Consensus starting up: Expiring failure detector timer to make a prompt election more likely
I20260630 12:24:25.365906 17798 consensus_queue.cc:260] T c1aa85ef06df46eea1843731e267f5ba P 5e55bbc4b06648c5a49bb85b77249d0f [NON_LEADER]: Queue going to NON_LEADER mode. State: All replicated index: 0, Majority replicated index: 0, Committed index: 0, Last appended: 0.0, Last appended by leader: 0, Current term: 0, Majority size: -1, State: 0, Mode: NON_LEADER, active raft config: opid_index: -1 OBSOLETE_local: false peers { permanent_uuid: "5a51550fb33d49ec937a76e386817192" member_type: VOTER last_known_addr { host: "127.16.137.193" port: 43659 } } peers { permanent_uuid: "5e55bbc4b06648c5a49bb85b77249d0f" member_type: VOTER last_known_addr { host: "127.16.137.194" port: 38605 } } peers { permanent_uuid: "683fb8a779d8474b9d95902ad0d3f7e1" member_type: VOTER last_known_addr { host: "127.16.137.195" port: 37673 } }
I20260630 12:24:25.366333 17796 raft_consensus.cc:740] T 3271851d639a44ada3e5307451362bef P 683fb8a779d8474b9d95902ad0d3f7e1 [term 0 FOLLOWER]: Becoming Follower/Learner. State: Replica: 683fb8a779d8474b9d95902ad0d3f7e1, State: Initialized, Role: FOLLOWER
I20260630 12:24:25.366536 17800 raft_consensus.cc:515] T d256b37427db48cfb62862e217b9137f P 683fb8a779d8474b9d95902ad0d3f7e1 [term 1 FOLLOWER]: Starting leader election with config: opid_index: -1 OBSOLETE_local: false peers { permanent_uuid: "5a51550fb33d49ec937a76e386817192" member_type: VOTER last_known_addr { host: "127.16.137.193" port: 43659 } } peers { permanent_uuid: "5e55bbc4b06648c5a49bb85b77249d0f" member_type: VOTER last_known_addr { host: "127.16.137.194" port: 38605 } } peers { permanent_uuid: "683fb8a779d8474b9d95902ad0d3f7e1" member_type: VOTER last_known_addr { host: "127.16.137.195" port: 37673 } }
I20260630 12:24:25.367805 17798 ts_tablet_manager.cc:1434] T c1aa85ef06df46eea1843731e267f5ba P 5e55bbc4b06648c5a49bb85b77249d0f: Time spent starting tablet: real 0.006s	user 0.005s	sys 0.000s
I20260630 12:24:25.369078 17796 consensus_queue.cc:260] T 3271851d639a44ada3e5307451362bef P 683fb8a779d8474b9d95902ad0d3f7e1 [NON_LEADER]: Queue going to NON_LEADER mode. State: All replicated index: 0, Majority replicated index: 0, Committed index: 0, Last appended: 0.0, Last appended by leader: 0, Current term: 0, Majority size: -1, State: 0, Mode: NON_LEADER, active raft config: opid_index: -1 OBSOLETE_local: false peers { permanent_uuid: "5a51550fb33d49ec937a76e386817192" member_type: VOTER last_known_addr { host: "127.16.137.193" port: 43659 } } peers { permanent_uuid: "5e55bbc4b06648c5a49bb85b77249d0f" member_type: VOTER last_known_addr { host: "127.16.137.194" port: 38605 } } peers { permanent_uuid: "683fb8a779d8474b9d95902ad0d3f7e1" member_type: VOTER last_known_addr { host: "127.16.137.195" port: 37673 } }
I20260630 12:24:25.369254 17674 tablet_service.cc:1917] Received RequestConsensusVote() RPC: tablet_id: "d256b37427db48cfb62862e217b9137f" candidate_uuid: "683fb8a779d8474b9d95902ad0d3f7e1" candidate_term: 1 candidate_status { last_received { term: 0 index: 0 } } ignore_live_leader: false dest_uuid: "5e55bbc4b06648c5a49bb85b77249d0f"
I20260630 12:24:25.369274 17600 tablet_service.cc:1917] Received RequestConsensusVote() RPC: tablet_id: "d256b37427db48cfb62862e217b9137f" candidate_uuid: "683fb8a779d8474b9d95902ad0d3f7e1" candidate_term: 1 candidate_status { last_received { term: 0 index: 0 } } ignore_live_leader: false dest_uuid: "5a51550fb33d49ec937a76e386817192"
I20260630 12:24:25.369994 17600 raft_consensus.cc:3060] T d256b37427db48cfb62862e217b9137f P 5a51550fb33d49ec937a76e386817192 [term 0 FOLLOWER]: Advancing to term 1
I20260630 12:24:25.369926 17674 raft_consensus.cc:3060] T d256b37427db48cfb62862e217b9137f P 5e55bbc4b06648c5a49bb85b77249d0f [term 0 FOLLOWER]: Advancing to term 1
I20260630 12:24:25.376294 17796 ts_tablet_manager.cc:1434] T 3271851d639a44ada3e5307451362bef P 683fb8a779d8474b9d95902ad0d3f7e1: Time spent starting tablet: real 0.014s	user 0.001s	sys 0.004s
I20260630 12:24:25.376202 17674 raft_consensus.cc:2468] T d256b37427db48cfb62862e217b9137f P 5e55bbc4b06648c5a49bb85b77249d0f [term 1 FOLLOWER]: Leader election vote request: Granting yes vote for candidate 683fb8a779d8474b9d95902ad0d3f7e1 in term 1.
I20260630 12:24:25.377252 17715 leader_election.cc:304] T d256b37427db48cfb62862e217b9137f P 683fb8a779d8474b9d95902ad0d3f7e1 [CANDIDATE]: Term 1 election: Election decided. Result: candidate won. Election summary: received 2 responses out of 3 voters: 2 yes votes; 0 no votes. yes voters: 5e55bbc4b06648c5a49bb85b77249d0f, 683fb8a779d8474b9d95902ad0d3f7e1; no voters: 
I20260630 12:24:25.377663 17800 leader_election.cc:290] T d256b37427db48cfb62862e217b9137f P 683fb8a779d8474b9d95902ad0d3f7e1 [CANDIDATE]: Term 1 election: Requested vote from peers 5a51550fb33d49ec937a76e386817192 (127.16.137.193:43659), 5e55bbc4b06648c5a49bb85b77249d0f (127.16.137.194:38605)
I20260630 12:24:25.377915 17822 raft_consensus.cc:2804] T d256b37427db48cfb62862e217b9137f P 683fb8a779d8474b9d95902ad0d3f7e1 [term 1 FOLLOWER]: Leader election won for term 1
I20260630 12:24:25.378414 17822 raft_consensus.cc:697] T d256b37427db48cfb62862e217b9137f P 683fb8a779d8474b9d95902ad0d3f7e1 [term 1 LEADER]: Becoming Leader. State: Replica: 683fb8a779d8474b9d95902ad0d3f7e1, State: Running, Role: LEADER
I20260630 12:24:25.379148 17822 consensus_queue.cc:237] T d256b37427db48cfb62862e217b9137f P 683fb8a779d8474b9d95902ad0d3f7e1 [LEADER]: Queue going to LEADER mode. State: All replicated index: 0, Majority replicated index: 0, Committed index: 0, Last appended: 0.0, Last appended by leader: 0, Current term: 1, Majority size: 2, State: 0, Mode: LEADER, active raft config: opid_index: -1 OBSOLETE_local: false peers { permanent_uuid: "5a51550fb33d49ec937a76e386817192" member_type: VOTER last_known_addr { host: "127.16.137.193" port: 43659 } } peers { permanent_uuid: "5e55bbc4b06648c5a49bb85b77249d0f" member_type: VOTER last_known_addr { host: "127.16.137.194" port: 38605 } } peers { permanent_uuid: "683fb8a779d8474b9d95902ad0d3f7e1" member_type: VOTER last_known_addr { host: "127.16.137.195" port: 37673 } }
I20260630 12:24:25.379714 17600 raft_consensus.cc:2468] T d256b37427db48cfb62862e217b9137f P 5a51550fb33d49ec937a76e386817192 [term 1 FOLLOWER]: Leader election vote request: Granting yes vote for candidate 683fb8a779d8474b9d95902ad0d3f7e1 in term 1.
I20260630 12:24:25.385743 17495 catalog_manager.cc:5697] T d256b37427db48cfb62862e217b9137f P 683fb8a779d8474b9d95902ad0d3f7e1 reported cstate change: term changed from 0 to 1, leader changed from <none> to 683fb8a779d8474b9d95902ad0d3f7e1 (127.16.137.195). New cstate: current_term: 1 leader_uuid: "683fb8a779d8474b9d95902ad0d3f7e1" committed_config { opid_index: -1 OBSOLETE_local: false peers { permanent_uuid: "5a51550fb33d49ec937a76e386817192" member_type: VOTER last_known_addr { host: "127.16.137.193" port: 43659 } health_report { overall_health: UNKNOWN } } peers { permanent_uuid: "5e55bbc4b06648c5a49bb85b77249d0f" member_type: VOTER last_known_addr { host: "127.16.137.194" port: 38605 } health_report { overall_health: UNKNOWN } } peers { permanent_uuid: "683fb8a779d8474b9d95902ad0d3f7e1" member_type: VOTER last_known_addr { host: "127.16.137.195" port: 37673 } health_report { overall_health: HEALTHY } } }
I20260630 12:24:25.415287 17809 raft_consensus.cc:493] T ce2017a3bd1e4e2ab7dee0111a330ade P 5e55bbc4b06648c5a49bb85b77249d0f [term 0 FOLLOWER]: Starting pre-election (no leader contacted us within the election timeout)
I20260630 12:24:25.415721 17809 raft_consensus.cc:515] T ce2017a3bd1e4e2ab7dee0111a330ade P 5e55bbc4b06648c5a49bb85b77249d0f [term 0 FOLLOWER]: Starting pre-election with config: opid_index: -1 OBSOLETE_local: false peers { permanent_uuid: "5a51550fb33d49ec937a76e386817192" member_type: VOTER last_known_addr { host: "127.16.137.193" port: 43659 } } peers { permanent_uuid: "5e55bbc4b06648c5a49bb85b77249d0f" member_type: VOTER last_known_addr { host: "127.16.137.194" port: 38605 } } peers { permanent_uuid: "683fb8a779d8474b9d95902ad0d3f7e1" member_type: VOTER last_known_addr { host: "127.16.137.195" port: 37673 } }
I20260630 12:24:25.417356 17809 leader_election.cc:290] T ce2017a3bd1e4e2ab7dee0111a330ade P 5e55bbc4b06648c5a49bb85b77249d0f [CANDIDATE]: Term 1 pre-election: Requested pre-vote from peers 5a51550fb33d49ec937a76e386817192 (127.16.137.193:43659), 683fb8a779d8474b9d95902ad0d3f7e1 (127.16.137.195:37673)
I20260630 12:24:25.417973 17600 tablet_service.cc:1917] Received RequestConsensusVote() RPC: tablet_id: "ce2017a3bd1e4e2ab7dee0111a330ade" candidate_uuid: "5e55bbc4b06648c5a49bb85b77249d0f" candidate_term: 1 candidate_status { last_received { term: 0 index: 0 } } ignore_live_leader: false dest_uuid: "5a51550fb33d49ec937a76e386817192" is_pre_election: true
I20260630 12:24:25.418241 17748 tablet_service.cc:1917] Received RequestConsensusVote() RPC: tablet_id: "ce2017a3bd1e4e2ab7dee0111a330ade" candidate_uuid: "5e55bbc4b06648c5a49bb85b77249d0f" candidate_term: 1 candidate_status { last_received { term: 0 index: 0 } } ignore_live_leader: false dest_uuid: "683fb8a779d8474b9d95902ad0d3f7e1" is_pre_election: true
I20260630 12:24:25.418466 17600 raft_consensus.cc:2468] T ce2017a3bd1e4e2ab7dee0111a330ade P 5a51550fb33d49ec937a76e386817192 [term 0 FOLLOWER]: Leader pre-election vote request: Granting yes vote for candidate 5e55bbc4b06648c5a49bb85b77249d0f in term 0.
I20260630 12:24:25.418730 17748 raft_consensus.cc:2468] T ce2017a3bd1e4e2ab7dee0111a330ade P 683fb8a779d8474b9d95902ad0d3f7e1 [term 0 FOLLOWER]: Leader pre-election vote request: Granting yes vote for candidate 5e55bbc4b06648c5a49bb85b77249d0f in term 0.
I20260630 12:24:25.419332 17639 leader_election.cc:304] T ce2017a3bd1e4e2ab7dee0111a330ade P 5e55bbc4b06648c5a49bb85b77249d0f [CANDIDATE]: Term 1 pre-election: Election decided. Result: candidate won. Election summary: received 2 responses out of 3 voters: 2 yes votes; 0 no votes. yes voters: 5a51550fb33d49ec937a76e386817192, 5e55bbc4b06648c5a49bb85b77249d0f; no voters: 
I20260630 12:24:25.419953 17809 raft_consensus.cc:2804] T ce2017a3bd1e4e2ab7dee0111a330ade P 5e55bbc4b06648c5a49bb85b77249d0f [term 0 FOLLOWER]: Leader pre-election won for term 1
I20260630 12:24:25.420288 17809 raft_consensus.cc:493] T ce2017a3bd1e4e2ab7dee0111a330ade P 5e55bbc4b06648c5a49bb85b77249d0f [term 0 FOLLOWER]: Starting leader election (no leader contacted us within the election timeout)
I20260630 12:24:25.420540 17809 raft_consensus.cc:3060] T ce2017a3bd1e4e2ab7dee0111a330ade P 5e55bbc4b06648c5a49bb85b77249d0f [term 0 FOLLOWER]: Advancing to term 1
I20260630 12:24:25.424582 17809 raft_consensus.cc:515] T ce2017a3bd1e4e2ab7dee0111a330ade P 5e55bbc4b06648c5a49bb85b77249d0f [term 1 FOLLOWER]: Starting leader election with config: opid_index: -1 OBSOLETE_local: false peers { permanent_uuid: "5a51550fb33d49ec937a76e386817192" member_type: VOTER last_known_addr { host: "127.16.137.193" port: 43659 } } peers { permanent_uuid: "5e55bbc4b06648c5a49bb85b77249d0f" member_type: VOTER last_known_addr { host: "127.16.137.194" port: 38605 } } peers { permanent_uuid: "683fb8a779d8474b9d95902ad0d3f7e1" member_type: VOTER last_known_addr { host: "127.16.137.195" port: 37673 } }
I20260630 12:24:25.426046 17809 leader_election.cc:290] T ce2017a3bd1e4e2ab7dee0111a330ade P 5e55bbc4b06648c5a49bb85b77249d0f [CANDIDATE]: Term 1 election: Requested vote from peers 5a51550fb33d49ec937a76e386817192 (127.16.137.193:43659), 683fb8a779d8474b9d95902ad0d3f7e1 (127.16.137.195:37673)
I20260630 12:24:25.426645 17600 tablet_service.cc:1917] Received RequestConsensusVote() RPC: tablet_id: "ce2017a3bd1e4e2ab7dee0111a330ade" candidate_uuid: "5e55bbc4b06648c5a49bb85b77249d0f" candidate_term: 1 candidate_status { last_received { term: 0 index: 0 } } ignore_live_leader: false dest_uuid: "5a51550fb33d49ec937a76e386817192"
I20260630 12:24:25.427083 17748 tablet_service.cc:1917] Received RequestConsensusVote() RPC: tablet_id: "ce2017a3bd1e4e2ab7dee0111a330ade" candidate_uuid: "5e55bbc4b06648c5a49bb85b77249d0f" candidate_term: 1 candidate_status { last_received { term: 0 index: 0 } } ignore_live_leader: false dest_uuid: "683fb8a779d8474b9d95902ad0d3f7e1"
I20260630 12:24:25.427178 17600 raft_consensus.cc:3060] T ce2017a3bd1e4e2ab7dee0111a330ade P 5a51550fb33d49ec937a76e386817192 [term 0 FOLLOWER]: Advancing to term 1
I20260630 12:24:25.427639 17748 raft_consensus.cc:3060] T ce2017a3bd1e4e2ab7dee0111a330ade P 683fb8a779d8474b9d95902ad0d3f7e1 [term 0 FOLLOWER]: Advancing to term 1
I20260630 12:24:25.431352 17600 raft_consensus.cc:2468] T ce2017a3bd1e4e2ab7dee0111a330ade P 5a51550fb33d49ec937a76e386817192 [term 1 FOLLOWER]: Leader election vote request: Granting yes vote for candidate 5e55bbc4b06648c5a49bb85b77249d0f in term 1.
I20260630 12:24:25.431542 17748 raft_consensus.cc:2468] T ce2017a3bd1e4e2ab7dee0111a330ade P 683fb8a779d8474b9d95902ad0d3f7e1 [term 1 FOLLOWER]: Leader election vote request: Granting yes vote for candidate 5e55bbc4b06648c5a49bb85b77249d0f in term 1.
I20260630 12:24:25.432204 17639 leader_election.cc:304] T ce2017a3bd1e4e2ab7dee0111a330ade P 5e55bbc4b06648c5a49bb85b77249d0f [CANDIDATE]: Term 1 election: Election decided. Result: candidate won. Election summary: received 2 responses out of 3 voters: 2 yes votes; 0 no votes. yes voters: 5a51550fb33d49ec937a76e386817192, 5e55bbc4b06648c5a49bb85b77249d0f; no voters: 
I20260630 12:24:25.432835 17809 raft_consensus.cc:2804] T ce2017a3bd1e4e2ab7dee0111a330ade P 5e55bbc4b06648c5a49bb85b77249d0f [term 1 FOLLOWER]: Leader election won for term 1
I20260630 12:24:25.433215 17809 raft_consensus.cc:697] T ce2017a3bd1e4e2ab7dee0111a330ade P 5e55bbc4b06648c5a49bb85b77249d0f [term 1 LEADER]: Becoming Leader. State: Replica: 5e55bbc4b06648c5a49bb85b77249d0f, State: Running, Role: LEADER
I20260630 12:24:25.433815 17809 consensus_queue.cc:237] T ce2017a3bd1e4e2ab7dee0111a330ade P 5e55bbc4b06648c5a49bb85b77249d0f [LEADER]: Queue going to LEADER mode. State: All replicated index: 0, Majority replicated index: 0, Committed index: 0, Last appended: 0.0, Last appended by leader: 0, Current term: 1, Majority size: 2, State: 0, Mode: LEADER, active raft config: opid_index: -1 OBSOLETE_local: false peers { permanent_uuid: "5a51550fb33d49ec937a76e386817192" member_type: VOTER last_known_addr { host: "127.16.137.193" port: 43659 } } peers { permanent_uuid: "5e55bbc4b06648c5a49bb85b77249d0f" member_type: VOTER last_known_addr { host: "127.16.137.194" port: 38605 } } peers { permanent_uuid: "683fb8a779d8474b9d95902ad0d3f7e1" member_type: VOTER last_known_addr { host: "127.16.137.195" port: 37673 } }
I20260630 12:24:25.440431 17495 catalog_manager.cc:5697] T ce2017a3bd1e4e2ab7dee0111a330ade P 5e55bbc4b06648c5a49bb85b77249d0f reported cstate change: term changed from 0 to 1, leader changed from <none> to 5e55bbc4b06648c5a49bb85b77249d0f (127.16.137.194). New cstate: current_term: 1 leader_uuid: "5e55bbc4b06648c5a49bb85b77249d0f" committed_config { opid_index: -1 OBSOLETE_local: false peers { permanent_uuid: "5a51550fb33d49ec937a76e386817192" member_type: VOTER last_known_addr { host: "127.16.137.193" port: 43659 } health_report { overall_health: UNKNOWN } } peers { permanent_uuid: "5e55bbc4b06648c5a49bb85b77249d0f" member_type: VOTER last_known_addr { host: "127.16.137.194" port: 38605 } health_report { overall_health: HEALTHY } } peers { permanent_uuid: "683fb8a779d8474b9d95902ad0d3f7e1" member_type: VOTER last_known_addr { host: "127.16.137.195" port: 37673 } health_report { overall_health: UNKNOWN } } }
W20260630 12:24:25.475392 17529 debug-util.cc:398] Leaking SignalData structure 0x7b08000ddd00 after lost signal to thread 16938
I20260630 12:24:25.482982 17827 raft_consensus.cc:493] T 6e6455ee17c742ec95460f1a17983c00 P 5a51550fb33d49ec937a76e386817192 [term 0 FOLLOWER]: Starting pre-election (no leader contacted us within the election timeout)
I20260630 12:24:25.483548 17827 raft_consensus.cc:515] T 6e6455ee17c742ec95460f1a17983c00 P 5a51550fb33d49ec937a76e386817192 [term 0 FOLLOWER]: Starting pre-election with config: opid_index: -1 OBSOLETE_local: false peers { permanent_uuid: "5a51550fb33d49ec937a76e386817192" member_type: VOTER last_known_addr { host: "127.16.137.193" port: 43659 } } peers { permanent_uuid: "5e55bbc4b06648c5a49bb85b77249d0f" member_type: VOTER last_known_addr { host: "127.16.137.194" port: 38605 } } peers { permanent_uuid: "683fb8a779d8474b9d95902ad0d3f7e1" member_type: VOTER last_known_addr { host: "127.16.137.195" port: 37673 } }
I20260630 12:24:25.485582 17827 leader_election.cc:290] T 6e6455ee17c742ec95460f1a17983c00 P 5a51550fb33d49ec937a76e386817192 [CANDIDATE]: Term 1 pre-election: Requested pre-vote from peers 5e55bbc4b06648c5a49bb85b77249d0f (127.16.137.194:38605), 683fb8a779d8474b9d95902ad0d3f7e1 (127.16.137.195:37673)
I20260630 12:24:25.486284 17674 tablet_service.cc:1917] Received RequestConsensusVote() RPC: tablet_id: "6e6455ee17c742ec95460f1a17983c00" candidate_uuid: "5a51550fb33d49ec937a76e386817192" candidate_term: 1 candidate_status { last_received { term: 0 index: 0 } } ignore_live_leader: false dest_uuid: "5e55bbc4b06648c5a49bb85b77249d0f" is_pre_election: true
I20260630 12:24:25.486658 17748 tablet_service.cc:1917] Received RequestConsensusVote() RPC: tablet_id: "6e6455ee17c742ec95460f1a17983c00" candidate_uuid: "5a51550fb33d49ec937a76e386817192" candidate_term: 1 candidate_status { last_received { term: 0 index: 0 } } ignore_live_leader: false dest_uuid: "683fb8a779d8474b9d95902ad0d3f7e1" is_pre_election: true
I20260630 12:24:25.486807 17674 raft_consensus.cc:2468] T 6e6455ee17c742ec95460f1a17983c00 P 5e55bbc4b06648c5a49bb85b77249d0f [term 0 FOLLOWER]: Leader pre-election vote request: Granting yes vote for candidate 5a51550fb33d49ec937a76e386817192 in term 0.
I20260630 12:24:25.487345 17748 raft_consensus.cc:2468] T 6e6455ee17c742ec95460f1a17983c00 P 683fb8a779d8474b9d95902ad0d3f7e1 [term 0 FOLLOWER]: Leader pre-election vote request: Granting yes vote for candidate 5a51550fb33d49ec937a76e386817192 in term 0.
I20260630 12:24:25.487838 17566 leader_election.cc:304] T 6e6455ee17c742ec95460f1a17983c00 P 5a51550fb33d49ec937a76e386817192 [CANDIDATE]: Term 1 pre-election: Election decided. Result: candidate won. Election summary: received 2 responses out of 3 voters: 2 yes votes; 0 no votes. yes voters: 5a51550fb33d49ec937a76e386817192, 5e55bbc4b06648c5a49bb85b77249d0f; no voters: 
I20260630 12:24:25.488502 17827 raft_consensus.cc:2804] T 6e6455ee17c742ec95460f1a17983c00 P 5a51550fb33d49ec937a76e386817192 [term 0 FOLLOWER]: Leader pre-election won for term 1
I20260630 12:24:25.488842 17827 raft_consensus.cc:493] T 6e6455ee17c742ec95460f1a17983c00 P 5a51550fb33d49ec937a76e386817192 [term 0 FOLLOWER]: Starting leader election (no leader contacted us within the election timeout)
I20260630 12:24:25.489162 17827 raft_consensus.cc:3060] T 6e6455ee17c742ec95460f1a17983c00 P 5a51550fb33d49ec937a76e386817192 [term 0 FOLLOWER]: Advancing to term 1
I20260630 12:24:25.495365 17827 raft_consensus.cc:515] T 6e6455ee17c742ec95460f1a17983c00 P 5a51550fb33d49ec937a76e386817192 [term 1 FOLLOWER]: Starting leader election with config: opid_index: -1 OBSOLETE_local: false peers { permanent_uuid: "5a51550fb33d49ec937a76e386817192" member_type: VOTER last_known_addr { host: "127.16.137.193" port: 43659 } } peers { permanent_uuid: "5e55bbc4b06648c5a49bb85b77249d0f" member_type: VOTER last_known_addr { host: "127.16.137.194" port: 38605 } } peers { permanent_uuid: "683fb8a779d8474b9d95902ad0d3f7e1" member_type: VOTER last_known_addr { host: "127.16.137.195" port: 37673 } }
I20260630 12:24:25.497234 17827 leader_election.cc:290] T 6e6455ee17c742ec95460f1a17983c00 P 5a51550fb33d49ec937a76e386817192 [CANDIDATE]: Term 1 election: Requested vote from peers 5e55bbc4b06648c5a49bb85b77249d0f (127.16.137.194:38605), 683fb8a779d8474b9d95902ad0d3f7e1 (127.16.137.195:37673)
I20260630 12:24:25.497783 17674 tablet_service.cc:1917] Received RequestConsensusVote() RPC: tablet_id: "6e6455ee17c742ec95460f1a17983c00" candidate_uuid: "5a51550fb33d49ec937a76e386817192" candidate_term: 1 candidate_status { last_received { term: 0 index: 0 } } ignore_live_leader: false dest_uuid: "5e55bbc4b06648c5a49bb85b77249d0f"
I20260630 12:24:25.498258 17674 raft_consensus.cc:3060] T 6e6455ee17c742ec95460f1a17983c00 P 5e55bbc4b06648c5a49bb85b77249d0f [term 0 FOLLOWER]: Advancing to term 1
I20260630 12:24:25.498194 17748 tablet_service.cc:1917] Received RequestConsensusVote() RPC: tablet_id: "6e6455ee17c742ec95460f1a17983c00" candidate_uuid: "5a51550fb33d49ec937a76e386817192" candidate_term: 1 candidate_status { last_received { term: 0 index: 0 } } ignore_live_leader: false dest_uuid: "683fb8a779d8474b9d95902ad0d3f7e1"
I20260630 12:24:25.498811 17748 raft_consensus.cc:3060] T 6e6455ee17c742ec95460f1a17983c00 P 683fb8a779d8474b9d95902ad0d3f7e1 [term 0 FOLLOWER]: Advancing to term 1
I20260630 12:24:25.502303 17674 raft_consensus.cc:2468] T 6e6455ee17c742ec95460f1a17983c00 P 5e55bbc4b06648c5a49bb85b77249d0f [term 1 FOLLOWER]: Leader election vote request: Granting yes vote for candidate 5a51550fb33d49ec937a76e386817192 in term 1.
I20260630 12:24:25.503141 17566 leader_election.cc:304] T 6e6455ee17c742ec95460f1a17983c00 P 5a51550fb33d49ec937a76e386817192 [CANDIDATE]: Term 1 election: Election decided. Result: candidate won. Election summary: received 2 responses out of 3 voters: 2 yes votes; 0 no votes. yes voters: 5a51550fb33d49ec937a76e386817192, 5e55bbc4b06648c5a49bb85b77249d0f; no voters: 
I20260630 12:24:25.503731 17827 raft_consensus.cc:2804] T 6e6455ee17c742ec95460f1a17983c00 P 5a51550fb33d49ec937a76e386817192 [term 1 FOLLOWER]: Leader election won for term 1
I20260630 12:24:25.504093 17827 raft_consensus.cc:697] T 6e6455ee17c742ec95460f1a17983c00 P 5a51550fb33d49ec937a76e386817192 [term 1 LEADER]: Becoming Leader. State: Replica: 5a51550fb33d49ec937a76e386817192, State: Running, Role: LEADER
I20260630 12:24:25.504877 17827 consensus_queue.cc:237] T 6e6455ee17c742ec95460f1a17983c00 P 5a51550fb33d49ec937a76e386817192 [LEADER]: Queue going to LEADER mode. State: All replicated index: 0, Majority replicated index: 0, Committed index: 0, Last appended: 0.0, Last appended by leader: 0, Current term: 1, Majority size: 2, State: 0, Mode: LEADER, active raft config: opid_index: -1 OBSOLETE_local: false peers { permanent_uuid: "5a51550fb33d49ec937a76e386817192" member_type: VOTER last_known_addr { host: "127.16.137.193" port: 43659 } } peers { permanent_uuid: "5e55bbc4b06648c5a49bb85b77249d0f" member_type: VOTER last_known_addr { host: "127.16.137.194" port: 38605 } } peers { permanent_uuid: "683fb8a779d8474b9d95902ad0d3f7e1" member_type: VOTER last_known_addr { host: "127.16.137.195" port: 37673 } }
I20260630 12:24:25.505039 17748 raft_consensus.cc:2468] T 6e6455ee17c742ec95460f1a17983c00 P 683fb8a779d8474b9d95902ad0d3f7e1 [term 1 FOLLOWER]: Leader election vote request: Granting yes vote for candidate 5a51550fb33d49ec937a76e386817192 in term 1.
I20260630 12:24:25.509559 17809 raft_consensus.cc:493] T c1aa85ef06df46eea1843731e267f5ba P 5e55bbc4b06648c5a49bb85b77249d0f [term 0 FOLLOWER]: Starting pre-election (no leader contacted us within the election timeout)
I20260630 12:24:25.509900 17809 raft_consensus.cc:515] T c1aa85ef06df46eea1843731e267f5ba P 5e55bbc4b06648c5a49bb85b77249d0f [term 0 FOLLOWER]: Starting pre-election with config: opid_index: -1 OBSOLETE_local: false peers { permanent_uuid: "5a51550fb33d49ec937a76e386817192" member_type: VOTER last_known_addr { host: "127.16.137.193" port: 43659 } } peers { permanent_uuid: "5e55bbc4b06648c5a49bb85b77249d0f" member_type: VOTER last_known_addr { host: "127.16.137.194" port: 38605 } } peers { permanent_uuid: "683fb8a779d8474b9d95902ad0d3f7e1" member_type: VOTER last_known_addr { host: "127.16.137.195" port: 37673 } }
I20260630 12:24:25.512197 17600 tablet_service.cc:1917] Received RequestConsensusVote() RPC: tablet_id: "c1aa85ef06df46eea1843731e267f5ba" candidate_uuid: "5e55bbc4b06648c5a49bb85b77249d0f" candidate_term: 1 candidate_status { last_received { term: 0 index: 0 } } ignore_live_leader: false dest_uuid: "5a51550fb33d49ec937a76e386817192" is_pre_election: true
I20260630 12:24:25.512391 17809 leader_election.cc:290] T c1aa85ef06df46eea1843731e267f5ba P 5e55bbc4b06648c5a49bb85b77249d0f [CANDIDATE]: Term 1 pre-election: Requested pre-vote from peers 5a51550fb33d49ec937a76e386817192 (127.16.137.193:43659), 683fb8a779d8474b9d95902ad0d3f7e1 (127.16.137.195:37673)
I20260630 12:24:25.513597 17748 tablet_service.cc:1917] Received RequestConsensusVote() RPC: tablet_id: "c1aa85ef06df46eea1843731e267f5ba" candidate_uuid: "5e55bbc4b06648c5a49bb85b77249d0f" candidate_term: 1 candidate_status { last_received { term: 0 index: 0 } } ignore_live_leader: false dest_uuid: "683fb8a779d8474b9d95902ad0d3f7e1" is_pre_election: true
I20260630 12:24:25.514111 17748 raft_consensus.cc:2393] T c1aa85ef06df46eea1843731e267f5ba P 683fb8a779d8474b9d95902ad0d3f7e1 [term 1 FOLLOWER]: Leader pre-election vote request: Denying vote to candidate 5e55bbc4b06648c5a49bb85b77249d0f in current term 1: Already voted for candidate 5a51550fb33d49ec937a76e386817192 in this term.
I20260630 12:24:25.513453 17495 catalog_manager.cc:5697] T 6e6455ee17c742ec95460f1a17983c00 P 5a51550fb33d49ec937a76e386817192 reported cstate change: term changed from 0 to 1, leader changed from <none> to 5a51550fb33d49ec937a76e386817192 (127.16.137.193). New cstate: current_term: 1 leader_uuid: "5a51550fb33d49ec937a76e386817192" committed_config { opid_index: -1 OBSOLETE_local: false peers { permanent_uuid: "5a51550fb33d49ec937a76e386817192" member_type: VOTER last_known_addr { host: "127.16.137.193" port: 43659 } health_report { overall_health: HEALTHY } } peers { permanent_uuid: "5e55bbc4b06648c5a49bb85b77249d0f" member_type: VOTER last_known_addr { host: "127.16.137.194" port: 38605 } health_report { overall_health: UNKNOWN } } peers { permanent_uuid: "683fb8a779d8474b9d95902ad0d3f7e1" member_type: VOTER last_known_addr { host: "127.16.137.195" port: 37673 } health_report { overall_health: UNKNOWN } } }
I20260630 12:24:25.514832 17641 leader_election.cc:304] T c1aa85ef06df46eea1843731e267f5ba P 5e55bbc4b06648c5a49bb85b77249d0f [CANDIDATE]: Term 1 pre-election: Election decided. Result: candidate lost. Election summary: received 3 responses out of 3 voters: 1 yes votes; 2 no votes. yes voters: 5e55bbc4b06648c5a49bb85b77249d0f; no voters: 5a51550fb33d49ec937a76e386817192, 683fb8a779d8474b9d95902ad0d3f7e1
I20260630 12:24:25.515465 17809 raft_consensus.cc:3060] T c1aa85ef06df46eea1843731e267f5ba P 5e55bbc4b06648c5a49bb85b77249d0f [term 0 FOLLOWER]: Advancing to term 1
I20260630 12:24:25.520468 17809 raft_consensus.cc:2749] T c1aa85ef06df46eea1843731e267f5ba P 5e55bbc4b06648c5a49bb85b77249d0f [term 1 FOLLOWER]: Leader pre-election lost for term 1. Reason: could not achieve majority
I20260630 12:24:25.533154 16935 file_cache.cc:492] Constructed file cache file cache with capacity 419430
W20260630 12:24:25.539825 17846 instance_detector.cc:116] could not retrieve AWS instance metadata: Network error: curl error: HTTP response code said error: The requested URL returned error: 404
W20260630 12:24:25.542971 17847 instance_detector.cc:116] could not retrieve Azure instance metadata: Network error: curl error: HTTP response code said error: The requested URL returned error: 404
W20260630 12:24:25.545594 17849 instance_detector.cc:116] could not retrieve OpenStack instance metadata: Network error: curl error: HTTP response code said error: The requested URL returned error: 404
I20260630 12:24:25.545667 16935 server_base.cc:1061] running on GCE node
I20260630 12:24:25.546939 16935 hybrid_clock.cc:584] initializing the hybrid clock with 'system_unsync' time source
W20260630 12:24:25.547237 16935 system_unsync_time.cc:38] NTP support is disabled. Clock error bounds will not be accurate. This configuration is not suitable for distributed clusters.
I20260630 12:24:25.547436 16935 hybrid_clock.cc:648] HybridClock initialized: now 1782822265547418 us; error 0 us; skew 500 ppm
I20260630 12:24:25.548089 16935 server_base.cc:861] Flag tcmalloc_max_total_thread_cache_bytes is not working since tcmalloc is not enabled.
I20260630 12:24:25.551762 16935 webserver.cc:533] Webserver started at http://127.16.137.196:33311/ using document root <none> and password file <none>
I20260630 12:24:25.552327 16935 fs_manager.cc:362] Metadata directory not provided
I20260630 12:24:25.552559 16935 fs_manager.cc:368] Using write-ahead log directory (fs_wal_dir) as metadata directory
I20260630 12:24:25.552891 16935 server_base.cc:909] This appears to be a new deployment of Kudu; creating new FS layout
I20260630 12:24:25.554282 16935 fs_manager.cc:1068] Generated new instance metadata in path /tmp/dist-test-taskyRPuMa/test-tmp/auto_rebalancer-test.0.AutoRebalancerTest.AutoRebalancingTurnOffAndOn.1782822256217588-16935-0/minicluster-data/ts-3-root/instance:
uuid: "4d5bf13cb5fa461d94fd981dcc4104fd"
format_stamp: "Formatted at 2026-06-30 12:24:25 on dist-test-slave-1x9w"
I20260630 12:24:25.559720 16935 fs_manager.cc:696] Time spent creating directory manager: real 0.005s	user 0.006s	sys 0.001s
I20260630 12:24:25.563668 17854 log_block_manager.cc:4031] Time spent loading block containers with low live blocks: real 0.000s	user 0.000s	sys 0.000s
I20260630 12:24:25.564432 16935 fs_manager.cc:730] Time spent opening block manager: real 0.002s	user 0.003s	sys 0.001s
I20260630 12:24:25.564759 16935 fs_manager.cc:647] Opened local filesystem: /tmp/dist-test-taskyRPuMa/test-tmp/auto_rebalancer-test.0.AutoRebalancerTest.AutoRebalancingTurnOffAndOn.1782822256217588-16935-0/minicluster-data/ts-3-root
uuid: "4d5bf13cb5fa461d94fd981dcc4104fd"
format_stamp: "Formatted at 2026-06-30 12:24:25 on dist-test-slave-1x9w"
I20260630 12:24:25.565099 16935 fs_report.cc:389] FS layout report
--------------------
wal directory: /tmp/dist-test-taskyRPuMa/test-tmp/auto_rebalancer-test.0.AutoRebalancerTest.AutoRebalancingTurnOffAndOn.1782822256217588-16935-0/minicluster-data/ts-3-root
metadata directory: /tmp/dist-test-taskyRPuMa/test-tmp/auto_rebalancer-test.0.AutoRebalancerTest.AutoRebalancingTurnOffAndOn.1782822256217588-16935-0/minicluster-data/ts-3-root
1 data directories: /tmp/dist-test-taskyRPuMa/test-tmp/auto_rebalancer-test.0.AutoRebalancerTest.AutoRebalancingTurnOffAndOn.1782822256217588-16935-0/minicluster-data/ts-3-root/data
Total live blocks: 0
Total live bytes: 0
Total live bytes (after alignment): 0
Total number of LBM containers: 0 (0 full)
Did not check for missing blocks
Did not check for orphaned blocks
Total full LBM containers with extra space: 0 (0 repaired)
Total full LBM container extra space in bytes: 0 (0 repaired)
Total incomplete LBM containers: 0 (0 repaired)
Total LBM partial records: 0 (0 repaired)
Total corrupted LBM metadata records in RocksDB: 0 (0 repaired)
I20260630 12:24:25.587486 16935 rpc_server.cc:225] running with OpenSSL 1.1.1  11 Sep 2018
I20260630 12:24:25.589088 16935 kserver.cc:163] Server-wide thread pool size limit: 3276
I20260630 12:24:25.590641 16935 txn_system_client.cc:432] TxnSystemClient initialization is disabled...
I20260630 12:24:25.593779 16935 ts_tablet_manager.cc:585] Loaded tablet metadata (0 total tablets, 0 live tablets)
I20260630 12:24:25.594045 16935 ts_tablet_manager.cc:531] Time spent load tablet metadata: real 0.000s	user 0.000s	sys 0.000s
I20260630 12:24:25.594291 16935 ts_tablet_manager.cc:616] Registered 0 tablets
I20260630 12:24:25.594484 16935 ts_tablet_manager.cc:595] Time spent register tablets: real 0.000s	user 0.000s	sys 0.000s
I20260630 12:24:25.625043 17827 consensus_queue.cc:1048] T 3af864291fdf4daca30028ac389ca8bb P 5a51550fb33d49ec937a76e386817192 [LEADER]: Connected to new peer: Peer: permanent_uuid: "5e55bbc4b06648c5a49bb85b77249d0f" member_type: VOTER last_known_addr { host: "127.16.137.194" port: 38605 }, Status: LMP_MISMATCH, Last received: 0.0, Next index: 1, Last known committed idx: 0, Time since last communication: 0.000s
I20260630 12:24:25.641445 17822 raft_consensus.cc:493] T 3271851d639a44ada3e5307451362bef P 683fb8a779d8474b9d95902ad0d3f7e1 [term 0 FOLLOWER]: Starting pre-election (no leader contacted us within the election timeout)
I20260630 12:24:25.641945 17822 raft_consensus.cc:515] T 3271851d639a44ada3e5307451362bef P 683fb8a779d8474b9d95902ad0d3f7e1 [term 0 FOLLOWER]: Starting pre-election with config: opid_index: -1 OBSOLETE_local: false peers { permanent_uuid: "5a51550fb33d49ec937a76e386817192" member_type: VOTER last_known_addr { host: "127.16.137.193" port: 43659 } } peers { permanent_uuid: "5e55bbc4b06648c5a49bb85b77249d0f" member_type: VOTER last_known_addr { host: "127.16.137.194" port: 38605 } } peers { permanent_uuid: "683fb8a779d8474b9d95902ad0d3f7e1" member_type: VOTER last_known_addr { host: "127.16.137.195" port: 37673 } }
I20260630 12:24:25.644876 17822 leader_election.cc:290] T 3271851d639a44ada3e5307451362bef P 683fb8a779d8474b9d95902ad0d3f7e1 [CANDIDATE]: Term 1 pre-election: Requested pre-vote from peers 5a51550fb33d49ec937a76e386817192 (127.16.137.193:43659), 5e55bbc4b06648c5a49bb85b77249d0f (127.16.137.194:38605)
I20260630 12:24:25.646962 17600 tablet_service.cc:1917] Received RequestConsensusVote() RPC: tablet_id: "3271851d639a44ada3e5307451362bef" candidate_uuid: "683fb8a779d8474b9d95902ad0d3f7e1" candidate_term: 1 candidate_status { last_received { term: 0 index: 0 } } ignore_live_leader: false dest_uuid: "5a51550fb33d49ec937a76e386817192" is_pre_election: true
I20260630 12:24:25.647773 17826 consensus_queue.cc:1048] T 3af864291fdf4daca30028ac389ca8bb P 5a51550fb33d49ec937a76e386817192 [LEADER]: Connected to new peer: Peer: permanent_uuid: "683fb8a779d8474b9d95902ad0d3f7e1" member_type: VOTER last_known_addr { host: "127.16.137.195" port: 37673 }, Status: LMP_MISMATCH, Last received: 0.0, Next index: 1, Last known committed idx: 0, Time since last communication: 0.001s
I20260630 12:24:25.651465 17674 tablet_service.cc:1917] Received RequestConsensusVote() RPC: tablet_id: "3271851d639a44ada3e5307451362bef" candidate_uuid: "683fb8a779d8474b9d95902ad0d3f7e1" candidate_term: 1 candidate_status { last_received { term: 0 index: 0 } } ignore_live_leader: false dest_uuid: "5e55bbc4b06648c5a49bb85b77249d0f" is_pre_election: true
I20260630 12:24:25.653731 17674 raft_consensus.cc:2393] T 3271851d639a44ada3e5307451362bef P 5e55bbc4b06648c5a49bb85b77249d0f [term 1 FOLLOWER]: Leader pre-election vote request: Denying vote to candidate 683fb8a779d8474b9d95902ad0d3f7e1 in current term 1: Already voted for candidate 5a51550fb33d49ec937a76e386817192 in this term.
