I20260630 12:25:29.904726 11649 tablet_service.cc:1917] Received RequestConsensusVote() RPC: tablet_id: "7720127656d4424f99b4a235e8b0c362" candidate_uuid: "6f45eb476b204826a86a7fa0e3667a38" candidate_term: 1 candidate_status { last_received { term: 0 index: 0 } } ignore_live_leader: false dest_uuid: "154f752e2f424cb1a723ed9f7dbfb3c3"
I20260630 12:25:29.905342 11649 raft_consensus.cc:3060] T 7720127656d4424f99b4a235e8b0c362 P 154f752e2f424cb1a723ed9f7dbfb3c3 [term 0 FOLLOWER]: Advancing to term 1
I20260630 12:25:29.906086 11725 raft_consensus.cc:2468] T def02bddc01c41dba3a4f89b7bcb731d P a4b2272b759b453eb93f044839eca15d [term 1 FOLLOWER]: Leader election vote request: Granting yes vote for candidate 154f752e2f424cb1a723ed9f7dbfb3c3 in term 1.
I20260630 12:25:29.907447 11614 leader_election.cc:304] T def02bddc01c41dba3a4f89b7bcb731d P 154f752e2f424cb1a723ed9f7dbfb3c3 [CANDIDATE]: Term 1 election: Election decided. Result: candidate won. Election summary: received 2 responses out of 3 voters: 2 yes votes; 0 no votes. yes voters: 154f752e2f424cb1a723ed9f7dbfb3c3, a4b2272b759b453eb93f044839eca15d; no voters: 
I20260630 12:25:29.908408 11854 raft_consensus.cc:2804] T def02bddc01c41dba3a4f89b7bcb731d P 154f752e2f424cb1a723ed9f7dbfb3c3 [term 1 FOLLOWER]: Leader election won for term 1
I20260630 12:25:29.910353 11799 raft_consensus.cc:2468] T def02bddc01c41dba3a4f89b7bcb731d P 6f45eb476b204826a86a7fa0e3667a38 [term 1 FOLLOWER]: Leader election vote request: Granting yes vote for candidate 154f752e2f424cb1a723ed9f7dbfb3c3 in term 1.
I20260630 12:25:29.915688 11850 leader_election.cc:290] T 7720127656d4424f99b4a235e8b0c362 P 6f45eb476b204826a86a7fa0e3667a38 [CANDIDATE]: Term 1 election: Requested vote from peers 154f752e2f424cb1a723ed9f7dbfb3c3 (127.8.208.193:46443), a4b2272b759b453eb93f044839eca15d (127.8.208.194:37225)
I20260630 12:25:29.916523 11850 raft_consensus.cc:2804] T 4e6d4839525f469897cfe24c04a12ac5 P 6f45eb476b204826a86a7fa0e3667a38 [term 0 FOLLOWER]: Leader pre-election won for term 1
I20260630 12:25:29.916990 11850 raft_consensus.cc:493] T 4e6d4839525f469897cfe24c04a12ac5 P 6f45eb476b204826a86a7fa0e3667a38 [term 0 FOLLOWER]: Starting leader election (no leader contacted us within the election timeout)
I20260630 12:25:29.917399 11850 raft_consensus.cc:3060] T 4e6d4839525f469897cfe24c04a12ac5 P 6f45eb476b204826a86a7fa0e3667a38 [term 0 FOLLOWER]: Advancing to term 1
I20260630 12:25:29.918246 11854 raft_consensus.cc:697] T def02bddc01c41dba3a4f89b7bcb731d P 154f752e2f424cb1a723ed9f7dbfb3c3 [term 1 LEADER]: Becoming Leader. State: Replica: 154f752e2f424cb1a723ed9f7dbfb3c3, State: Running, Role: LEADER
I20260630 12:25:29.918995 11649 raft_consensus.cc:2468] T 7720127656d4424f99b4a235e8b0c362 P 154f752e2f424cb1a723ed9f7dbfb3c3 [term 1 FOLLOWER]: Leader election vote request: Granting yes vote for candidate 6f45eb476b204826a86a7fa0e3667a38 in term 1.
I20260630 12:25:29.919407 11854 consensus_queue.cc:237] T def02bddc01c41dba3a4f89b7bcb731d P 154f752e2f424cb1a723ed9f7dbfb3c3 [LEADER]: Queue going to LEADER mode. State: All replicated index: 0, Majority replicated index: 0, Committed index: 0, Last appended: 0.0, Last appended by leader: 0, Current term: 1, Majority size: 2, State: 0, Mode: LEADER, active raft config: opid_index: -1 OBSOLETE_local: false peers { permanent_uuid: "154f752e2f424cb1a723ed9f7dbfb3c3" member_type: VOTER last_known_addr { host: "127.8.208.193" port: 46443 } } peers { permanent_uuid: "a4b2272b759b453eb93f044839eca15d" member_type: VOTER last_known_addr { host: "127.8.208.194" port: 37225 } } peers { permanent_uuid: "6f45eb476b204826a86a7fa0e3667a38" member_type: VOTER last_known_addr { host: "127.8.208.195" port: 37123 } }
I20260630 12:25:29.920763 11764 leader_election.cc:304] T 7720127656d4424f99b4a235e8b0c362 P 6f45eb476b204826a86a7fa0e3667a38 [CANDIDATE]: Term 1 election: Election decided. Result: candidate won. Election summary: received 2 responses out of 3 voters: 2 yes votes; 0 no votes. yes voters: 154f752e2f424cb1a723ed9f7dbfb3c3, 6f45eb476b204826a86a7fa0e3667a38; no voters: 
I20260630 12:25:29.921801 11872 raft_consensus.cc:2804] T 7720127656d4424f99b4a235e8b0c362 P 6f45eb476b204826a86a7fa0e3667a38 [term 1 FOLLOWER]: Leader election won for term 1
W20260630 12:25:29.921820 11763 outbound_call.cc:321] RPC callback for RPC call kudu.consensus.ConsensusService.RequestConsensusVote -> {remote=127.8.208.194:37225, user_credentials={real_user=slave}} blocked reactor thread for 68495.3us
I20260630 12:25:29.923483 11763 leader_election.cc:304] T def02bddc01c41dba3a4f89b7bcb731d P 6f45eb476b204826a86a7fa0e3667a38 [CANDIDATE]: Term 1 pre-election: Election decided. Result: candidate won. Election summary: received 3 responses out of 3 voters: 2 yes votes; 1 no votes. yes voters: 6f45eb476b204826a86a7fa0e3667a38, a4b2272b759b453eb93f044839eca15d; no voters: 154f752e2f424cb1a723ed9f7dbfb3c3
I20260630 12:25:29.926426 11846 tablet_bootstrap.cc:492] T 03bf436cd5dd46ebaba4e85954420b48 P a4b2272b759b453eb93f044839eca15d: No bootstrap required, opened a new log
I20260630 12:25:29.928104 11846 ts_tablet_manager.cc:1403] T 03bf436cd5dd46ebaba4e85954420b48 P a4b2272b759b453eb93f044839eca15d: Time spent bootstrapping tablet: real 0.045s	user 0.015s	sys 0.026s
I20260630 12:25:29.930933 11872 raft_consensus.cc:697] T 7720127656d4424f99b4a235e8b0c362 P 6f45eb476b204826a86a7fa0e3667a38 [term 1 LEADER]: Becoming Leader. State: Replica: 6f45eb476b204826a86a7fa0e3667a38, State: Running, Role: LEADER
I20260630 12:25:29.931059 11874 raft_consensus.cc:493] T 03bf436cd5dd46ebaba4e85954420b48 P 154f752e2f424cb1a723ed9f7dbfb3c3 [term 0 FOLLOWER]: Starting pre-election (no leader contacted us within the election timeout)
I20260630 12:25:29.931748 11874 raft_consensus.cc:515] T 03bf436cd5dd46ebaba4e85954420b48 P 154f752e2f424cb1a723ed9f7dbfb3c3 [term 0 FOLLOWER]: Starting pre-election with config: opid_index: -1 OBSOLETE_local: false peers { permanent_uuid: "154f752e2f424cb1a723ed9f7dbfb3c3" member_type: VOTER last_known_addr { host: "127.8.208.193" port: 46443 } } peers { permanent_uuid: "a4b2272b759b453eb93f044839eca15d" member_type: VOTER last_known_addr { host: "127.8.208.194" port: 37225 } } peers { permanent_uuid: "6f45eb476b204826a86a7fa0e3667a38" member_type: VOTER last_known_addr { host: "127.8.208.195" port: 37123 } }
I20260630 12:25:29.932080 11872 consensus_queue.cc:237] T 7720127656d4424f99b4a235e8b0c362 P 6f45eb476b204826a86a7fa0e3667a38 [LEADER]: Queue going to LEADER mode. State: All replicated index: 0, Majority replicated index: 0, Committed index: 0, Last appended: 0.0, Last appended by leader: 0, Current term: 1, Majority size: 2, State: 0, Mode: LEADER, active raft config: opid_index: -1 OBSOLETE_local: false peers { permanent_uuid: "154f752e2f424cb1a723ed9f7dbfb3c3" member_type: VOTER last_known_addr { host: "127.8.208.193" port: 46443 } } peers { permanent_uuid: "a4b2272b759b453eb93f044839eca15d" member_type: VOTER last_known_addr { host: "127.8.208.194" port: 37225 } } peers { permanent_uuid: "6f45eb476b204826a86a7fa0e3667a38" member_type: VOTER last_known_addr { host: "127.8.208.195" port: 37123 } }
I20260630 12:25:29.930970 11876 raft_consensus.cc:2764] T def02bddc01c41dba3a4f89b7bcb731d P 6f45eb476b204826a86a7fa0e3667a38 [term 1 FOLLOWER]: Leader pre-election decision vote started in defunct term 0: won
I20260630 12:25:29.933610 11846 raft_consensus.cc:359] T 03bf436cd5dd46ebaba4e85954420b48 P a4b2272b759b453eb93f044839eca15d [term 0 FOLLOWER]: Replica starting. Triggering 0 pending ops. Active config: opid_index: -1 OBSOLETE_local: false peers { permanent_uuid: "154f752e2f424cb1a723ed9f7dbfb3c3" member_type: VOTER last_known_addr { host: "127.8.208.193" port: 46443 } } peers { permanent_uuid: "a4b2272b759b453eb93f044839eca15d" member_type: VOTER last_known_addr { host: "127.8.208.194" port: 37225 } } peers { permanent_uuid: "6f45eb476b204826a86a7fa0e3667a38" member_type: VOTER last_known_addr { host: "127.8.208.195" port: 37123 } }
I20260630 12:25:29.935256 11846 raft_consensus.cc:385] T 03bf436cd5dd46ebaba4e85954420b48 P a4b2272b759b453eb93f044839eca15d [term 0 FOLLOWER]: Consensus starting up: Expiring failure detector timer to make a prompt election more likely
I20260630 12:25:29.935534 11874 leader_election.cc:290] T 03bf436cd5dd46ebaba4e85954420b48 P 154f752e2f424cb1a723ed9f7dbfb3c3 [CANDIDATE]: Term 1 pre-election: Requested pre-vote from peers a4b2272b759b453eb93f044839eca15d (127.8.208.194:37225), 6f45eb476b204826a86a7fa0e3667a38 (127.8.208.195:37123)
I20260630 12:25:29.935617 11846 raft_consensus.cc:740] T 03bf436cd5dd46ebaba4e85954420b48 P a4b2272b759b453eb93f044839eca15d [term 0 FOLLOWER]: Becoming Follower/Learner. State: Replica: a4b2272b759b453eb93f044839eca15d, State: Initialized, Role: FOLLOWER
I20260630 12:25:29.936468 11725 tablet_service.cc:1917] Received RequestConsensusVote() RPC: tablet_id: "03bf436cd5dd46ebaba4e85954420b48" candidate_uuid: "154f752e2f424cb1a723ed9f7dbfb3c3" candidate_term: 1 candidate_status { last_received { term: 0 index: 0 } } ignore_live_leader: false dest_uuid: "a4b2272b759b453eb93f044839eca15d" is_pre_election: true
I20260630 12:25:29.936658 11846 consensus_queue.cc:260] T 03bf436cd5dd46ebaba4e85954420b48 P a4b2272b759b453eb93f044839eca15d [NON_LEADER]: Queue going to NON_LEADER mode. State: All replicated index: 0, Majority replicated index: 0, Committed index: 0, Last appended: 0.0, Last appended by leader: 0, Current term: 0, Majority size: -1, State: 0, Mode: NON_LEADER, active raft config: opid_index: -1 OBSOLETE_local: false peers { permanent_uuid: "154f752e2f424cb1a723ed9f7dbfb3c3" member_type: VOTER last_known_addr { host: "127.8.208.193" port: 46443 } } peers { permanent_uuid: "a4b2272b759b453eb93f044839eca15d" member_type: VOTER last_known_addr { host: "127.8.208.194" port: 37225 } } peers { permanent_uuid: "6f45eb476b204826a86a7fa0e3667a38" member_type: VOTER last_known_addr { host: "127.8.208.195" port: 37123 } }
I20260630 12:25:29.937611 11725 raft_consensus.cc:2468] T 03bf436cd5dd46ebaba4e85954420b48 P a4b2272b759b453eb93f044839eca15d [term 0 FOLLOWER]: Leader pre-election vote request: Granting yes vote for candidate 154f752e2f424cb1a723ed9f7dbfb3c3 in term 0.
I20260630 12:25:29.939013 11846 ts_tablet_manager.cc:1434] T 03bf436cd5dd46ebaba4e85954420b48 P a4b2272b759b453eb93f044839eca15d: Time spent starting tablet: real 0.010s	user 0.004s	sys 0.003s
I20260630 12:25:29.939000 11614 leader_election.cc:304] T 03bf436cd5dd46ebaba4e85954420b48 P 154f752e2f424cb1a723ed9f7dbfb3c3 [CANDIDATE]: Term 1 pre-election: Election decided. Result: candidate won. Election summary: received 2 responses out of 3 voters: 2 yes votes; 0 no votes. yes voters: 154f752e2f424cb1a723ed9f7dbfb3c3, a4b2272b759b453eb93f044839eca15d; no voters: 
I20260630 12:25:29.940610 11874 raft_consensus.cc:2804] T 03bf436cd5dd46ebaba4e85954420b48 P 154f752e2f424cb1a723ed9f7dbfb3c3 [term 0 FOLLOWER]: Leader pre-election won for term 1
I20260630 12:25:29.940954 11874 raft_consensus.cc:493] T 03bf436cd5dd46ebaba4e85954420b48 P 154f752e2f424cb1a723ed9f7dbfb3c3 [term 0 FOLLOWER]: Starting leader election (no leader contacted us within the election timeout)
I20260630 12:25:29.941597 11874 raft_consensus.cc:3060] T 03bf436cd5dd46ebaba4e85954420b48 P 154f752e2f424cb1a723ed9f7dbfb3c3 [term 0 FOLLOWER]: Advancing to term 1
I20260630 12:25:29.943989 11799 tablet_service.cc:1917] Received RequestConsensusVote() RPC: tablet_id: "03bf436cd5dd46ebaba4e85954420b48" candidate_uuid: "154f752e2f424cb1a723ed9f7dbfb3c3" candidate_term: 1 candidate_status { last_received { term: 0 index: 0 } } ignore_live_leader: false dest_uuid: "6f45eb476b204826a86a7fa0e3667a38" is_pre_election: true
I20260630 12:25:29.944777 11800 tablet_service.cc:1917] Received RequestConsensusVote() RPC: tablet_id: "def02bddc01c41dba3a4f89b7bcb731d" candidate_uuid: "a4b2272b759b453eb93f044839eca15d" candidate_term: 1 candidate_status { last_received { term: 0 index: 0 } } ignore_live_leader: false dest_uuid: "6f45eb476b204826a86a7fa0e3667a38" is_pre_election: true
I20260630 12:25:29.944947 11799 raft_consensus.cc:2468] T 03bf436cd5dd46ebaba4e85954420b48 P 6f45eb476b204826a86a7fa0e3667a38 [term 0 FOLLOWER]: Leader pre-election vote request: Granting yes vote for candidate 154f752e2f424cb1a723ed9f7dbfb3c3 in term 0.
I20260630 12:25:29.945600 11800 raft_consensus.cc:2393] T def02bddc01c41dba3a4f89b7bcb731d P 6f45eb476b204826a86a7fa0e3667a38 [term 1 FOLLOWER]: Leader pre-election vote request: Denying vote to candidate a4b2272b759b453eb93f044839eca15d in current term 1: Already voted for candidate 154f752e2f424cb1a723ed9f7dbfb3c3 in this term.
I20260630 12:25:29.946298 11544 catalog_manager.cc:5697] T def02bddc01c41dba3a4f89b7bcb731d P 154f752e2f424cb1a723ed9f7dbfb3c3 reported cstate change: term changed from 0 to 1, leader changed from <none> to 154f752e2f424cb1a723ed9f7dbfb3c3 (127.8.208.193). New cstate: current_term: 1 leader_uuid: "154f752e2f424cb1a723ed9f7dbfb3c3" committed_config { opid_index: -1 OBSOLETE_local: false peers { permanent_uuid: "154f752e2f424cb1a723ed9f7dbfb3c3" member_type: VOTER last_known_addr { host: "127.8.208.193" port: 46443 } health_report { overall_health: HEALTHY } } peers { permanent_uuid: "a4b2272b759b453eb93f044839eca15d" member_type: VOTER last_known_addr { host: "127.8.208.194" port: 37225 } health_report { overall_health: UNKNOWN } } peers { permanent_uuid: "6f45eb476b204826a86a7fa0e3667a38" member_type: VOTER last_known_addr { host: "127.8.208.195" port: 37123 } health_report { overall_health: UNKNOWN } } }
I20260630 12:25:29.947233 11691 leader_election.cc:304] T def02bddc01c41dba3a4f89b7bcb731d P a4b2272b759b453eb93f044839eca15d [CANDIDATE]: Term 1 pre-election: Election decided. Result: candidate lost. Election summary: received 3 responses out of 3 voters: 1 yes votes; 2 no votes. yes voters: a4b2272b759b453eb93f044839eca15d; no voters: 154f752e2f424cb1a723ed9f7dbfb3c3, 6f45eb476b204826a86a7fa0e3667a38
I20260630 12:25:29.948323 11869 raft_consensus.cc:2749] T def02bddc01c41dba3a4f89b7bcb731d P a4b2272b759b453eb93f044839eca15d [term 1 FOLLOWER]: Leader pre-election lost for term 1. Reason: could not achieve majority
I20260630 12:25:29.947381 11850 raft_consensus.cc:515] T 4e6d4839525f469897cfe24c04a12ac5 P 6f45eb476b204826a86a7fa0e3667a38 [term 1 FOLLOWER]: Starting leader election with config: opid_index: -1 OBSOLETE_local: false peers { permanent_uuid: "6f45eb476b204826a86a7fa0e3667a38" member_type: VOTER last_known_addr { host: "127.8.208.195" port: 37123 } } peers { permanent_uuid: "a4b2272b759b453eb93f044839eca15d" member_type: VOTER last_known_addr { host: "127.8.208.194" port: 37225 } } peers { permanent_uuid: "154f752e2f424cb1a723ed9f7dbfb3c3" member_type: VOTER last_known_addr { host: "127.8.208.193" port: 46443 } }
I20260630 12:25:29.947335 11725 tablet_service.cc:1917] Received RequestConsensusVote() RPC: tablet_id: "7720127656d4424f99b4a235e8b0c362" candidate_uuid: "6f45eb476b204826a86a7fa0e3667a38" candidate_term: 1 candidate_status { last_received { term: 0 index: 0 } } ignore_live_leader: false dest_uuid: "a4b2272b759b453eb93f044839eca15d"
I20260630 12:25:29.950793 11725 raft_consensus.cc:3060] T 7720127656d4424f99b4a235e8b0c362 P a4b2272b759b453eb93f044839eca15d [term 0 FOLLOWER]: Advancing to term 1
I20260630 12:25:29.952704 11850 leader_election.cc:290] T 4e6d4839525f469897cfe24c04a12ac5 P 6f45eb476b204826a86a7fa0e3667a38 [CANDIDATE]: Term 1 election: Requested vote from peers a4b2272b759b453eb93f044839eca15d (127.8.208.194:37225), 154f752e2f424cb1a723ed9f7dbfb3c3 (127.8.208.193:46443)
I20260630 12:25:29.952971 11649 tablet_service.cc:1917] Received RequestConsensusVote() RPC: tablet_id: "4e6d4839525f469897cfe24c04a12ac5" candidate_uuid: "6f45eb476b204826a86a7fa0e3667a38" candidate_term: 1 candidate_status { last_received { term: 0 index: 0 } } ignore_live_leader: false dest_uuid: "154f752e2f424cb1a723ed9f7dbfb3c3"
I20260630 12:25:29.953528 11649 raft_consensus.cc:3060] T 4e6d4839525f469897cfe24c04a12ac5 P 154f752e2f424cb1a723ed9f7dbfb3c3 [term 0 FOLLOWER]: Advancing to term 1
I20260630 12:25:29.954566 11874 raft_consensus.cc:515] T 03bf436cd5dd46ebaba4e85954420b48 P 154f752e2f424cb1a723ed9f7dbfb3c3 [term 1 FOLLOWER]: Starting leader election with config: opid_index: -1 OBSOLETE_local: false peers { permanent_uuid: "154f752e2f424cb1a723ed9f7dbfb3c3" member_type: VOTER last_known_addr { host: "127.8.208.193" port: 46443 } } peers { permanent_uuid: "a4b2272b759b453eb93f044839eca15d" member_type: VOTER last_known_addr { host: "127.8.208.194" port: 37225 } } peers { permanent_uuid: "6f45eb476b204826a86a7fa0e3667a38" member_type: VOTER last_known_addr { host: "127.8.208.195" port: 37123 } }
I20260630 12:25:29.956892 11874 leader_election.cc:290] T 03bf436cd5dd46ebaba4e85954420b48 P 154f752e2f424cb1a723ed9f7dbfb3c3 [CANDIDATE]: Term 1 election: Requested vote from peers a4b2272b759b453eb93f044839eca15d (127.8.208.194:37225), 6f45eb476b204826a86a7fa0e3667a38 (127.8.208.195:37123)
I20260630 12:25:29.957597 11726 tablet_service.cc:1917] Received RequestConsensusVote() RPC: tablet_id: "03bf436cd5dd46ebaba4e85954420b48" candidate_uuid: "154f752e2f424cb1a723ed9f7dbfb3c3" candidate_term: 1 candidate_status { last_received { term: 0 index: 0 } } ignore_live_leader: false dest_uuid: "a4b2272b759b453eb93f044839eca15d"
I20260630 12:25:29.957989 11726 raft_consensus.cc:3060] T 03bf436cd5dd46ebaba4e85954420b48 P a4b2272b759b453eb93f044839eca15d [term 0 FOLLOWER]: Advancing to term 1
I20260630 12:25:29.959393 11800 tablet_service.cc:1917] Received RequestConsensusVote() RPC: tablet_id: "03bf436cd5dd46ebaba4e85954420b48" candidate_uuid: "154f752e2f424cb1a723ed9f7dbfb3c3" candidate_term: 1 candidate_status { last_received { term: 0 index: 0 } } ignore_live_leader: false dest_uuid: "6f45eb476b204826a86a7fa0e3667a38"
I20260630 12:25:29.959967 11800 raft_consensus.cc:3060] T 03bf436cd5dd46ebaba4e85954420b48 P 6f45eb476b204826a86a7fa0e3667a38 [term 0 FOLLOWER]: Advancing to term 1
I20260630 12:25:29.963054 11724 tablet_service.cc:1917] Received RequestConsensusVote() RPC: tablet_id: "4e6d4839525f469897cfe24c04a12ac5" candidate_uuid: "6f45eb476b204826a86a7fa0e3667a38" candidate_term: 1 candidate_status { last_received { term: 0 index: 0 } } ignore_live_leader: false dest_uuid: "a4b2272b759b453eb93f044839eca15d"
I20260630 12:25:29.963658 11724 raft_consensus.cc:3060] T 4e6d4839525f469897cfe24c04a12ac5 P a4b2272b759b453eb93f044839eca15d [term 0 FOLLOWER]: Advancing to term 1
I20260630 12:25:29.966876 11800 raft_consensus.cc:2468] T 03bf436cd5dd46ebaba4e85954420b48 P 6f45eb476b204826a86a7fa0e3667a38 [term 1 FOLLOWER]: Leader election vote request: Granting yes vote for candidate 154f752e2f424cb1a723ed9f7dbfb3c3 in term 1.
I20260630 12:25:29.968175 11616 leader_election.cc:304] T 03bf436cd5dd46ebaba4e85954420b48 P 154f752e2f424cb1a723ed9f7dbfb3c3 [CANDIDATE]: Term 1 election: Election decided. Result: candidate won. Election summary: received 2 responses out of 3 voters: 2 yes votes; 0 no votes. yes voters: 154f752e2f424cb1a723ed9f7dbfb3c3, 6f45eb476b204826a86a7fa0e3667a38; no voters: 
I20260630 12:25:29.968979 11874 raft_consensus.cc:2804] T 03bf436cd5dd46ebaba4e85954420b48 P 154f752e2f424cb1a723ed9f7dbfb3c3 [term 1 FOLLOWER]: Leader election won for term 1
I20260630 12:25:29.969449 11874 raft_consensus.cc:697] T 03bf436cd5dd46ebaba4e85954420b48 P 154f752e2f424cb1a723ed9f7dbfb3c3 [term 1 LEADER]: Becoming Leader. State: Replica: 154f752e2f424cb1a723ed9f7dbfb3c3, State: Running, Role: LEADER
I20260630 12:25:29.970284 11874 consensus_queue.cc:237] T 03bf436cd5dd46ebaba4e85954420b48 P 154f752e2f424cb1a723ed9f7dbfb3c3 [LEADER]: Queue going to LEADER mode. State: All replicated index: 0, Majority replicated index: 0, Committed index: 0, Last appended: 0.0, Last appended by leader: 0, Current term: 1, Majority size: 2, State: 0, Mode: LEADER, active raft config: opid_index: -1 OBSOLETE_local: false peers { permanent_uuid: "154f752e2f424cb1a723ed9f7dbfb3c3" member_type: VOTER last_known_addr { host: "127.8.208.193" port: 46443 } } peers { permanent_uuid: "a4b2272b759b453eb93f044839eca15d" member_type: VOTER last_known_addr { host: "127.8.208.194" port: 37225 } } peers { permanent_uuid: "6f45eb476b204826a86a7fa0e3667a38" member_type: VOTER last_known_addr { host: "127.8.208.195" port: 37123 } }
I20260630 12:25:29.971194 11725 raft_consensus.cc:2468] T 7720127656d4424f99b4a235e8b0c362 P a4b2272b759b453eb93f044839eca15d [term 1 FOLLOWER]: Leader election vote request: Granting yes vote for candidate 6f45eb476b204826a86a7fa0e3667a38 in term 1.
I20260630 12:25:29.971618 11726 raft_consensus.cc:2468] T 03bf436cd5dd46ebaba4e85954420b48 P a4b2272b759b453eb93f044839eca15d [term 1 FOLLOWER]: Leader election vote request: Granting yes vote for candidate 154f752e2f424cb1a723ed9f7dbfb3c3 in term 1.
I20260630 12:25:29.972105 11544 catalog_manager.cc:5697] T 7720127656d4424f99b4a235e8b0c362 P 6f45eb476b204826a86a7fa0e3667a38 reported cstate change: term changed from 0 to 1, leader changed from <none> to 6f45eb476b204826a86a7fa0e3667a38 (127.8.208.195). New cstate: current_term: 1 leader_uuid: "6f45eb476b204826a86a7fa0e3667a38" committed_config { opid_index: -1 OBSOLETE_local: false peers { permanent_uuid: "154f752e2f424cb1a723ed9f7dbfb3c3" member_type: VOTER last_known_addr { host: "127.8.208.193" port: 46443 } health_report { overall_health: UNKNOWN } } peers { permanent_uuid: "a4b2272b759b453eb93f044839eca15d" member_type: VOTER last_known_addr { host: "127.8.208.194" port: 37225 } health_report { overall_health: UNKNOWN } } peers { permanent_uuid: "6f45eb476b204826a86a7fa0e3667a38" member_type: VOTER last_known_addr { host: "127.8.208.195" port: 37123 } health_report { overall_health: HEALTHY } } }
I20260630 12:25:29.969892 11724 raft_consensus.cc:2468] T 4e6d4839525f469897cfe24c04a12ac5 P a4b2272b759b453eb93f044839eca15d [term 1 FOLLOWER]: Leader election vote request: Granting yes vote for candidate 6f45eb476b204826a86a7fa0e3667a38 in term 1.
I20260630 12:25:29.974694 11649 raft_consensus.cc:2468] T 4e6d4839525f469897cfe24c04a12ac5 P 154f752e2f424cb1a723ed9f7dbfb3c3 [term 1 FOLLOWER]: Leader election vote request: Granting yes vote for candidate 6f45eb476b204826a86a7fa0e3667a38 in term 1.
I20260630 12:25:29.975780 11763 leader_election.cc:304] T 4e6d4839525f469897cfe24c04a12ac5 P 6f45eb476b204826a86a7fa0e3667a38 [CANDIDATE]: Term 1 election: Election decided. Result: candidate won. Election summary: received 2 responses out of 3 voters: 2 yes votes; 0 no votes. yes voters: 6f45eb476b204826a86a7fa0e3667a38, a4b2272b759b453eb93f044839eca15d; no voters: 
I20260630 12:25:29.978338 11872 raft_consensus.cc:2804] T 4e6d4839525f469897cfe24c04a12ac5 P 6f45eb476b204826a86a7fa0e3667a38 [term 1 FOLLOWER]: Leader election won for term 1
I20260630 12:25:29.978997 11872 raft_consensus.cc:697] T 4e6d4839525f469897cfe24c04a12ac5 P 6f45eb476b204826a86a7fa0e3667a38 [term 1 LEADER]: Becoming Leader. State: Replica: 6f45eb476b204826a86a7fa0e3667a38, State: Running, Role: LEADER
I20260630 12:25:29.979779 11872 consensus_queue.cc:237] T 4e6d4839525f469897cfe24c04a12ac5 P 6f45eb476b204826a86a7fa0e3667a38 [LEADER]: Queue going to LEADER mode. State: All replicated index: 0, Majority replicated index: 0, Committed index: 0, Last appended: 0.0, Last appended by leader: 0, Current term: 1, Majority size: 2, State: 0, Mode: LEADER, active raft config: opid_index: -1 OBSOLETE_local: false peers { permanent_uuid: "6f45eb476b204826a86a7fa0e3667a38" member_type: VOTER last_known_addr { host: "127.8.208.195" port: 37123 } } peers { permanent_uuid: "a4b2272b759b453eb93f044839eca15d" member_type: VOTER last_known_addr { host: "127.8.208.194" port: 37225 } } peers { permanent_uuid: "154f752e2f424cb1a723ed9f7dbfb3c3" member_type: VOTER last_known_addr { host: "127.8.208.193" port: 46443 } }
I20260630 12:25:29.982235 11548 catalog_manager.cc:5697] T 03bf436cd5dd46ebaba4e85954420b48 P 154f752e2f424cb1a723ed9f7dbfb3c3 reported cstate change: term changed from 0 to 1, leader changed from <none> to 154f752e2f424cb1a723ed9f7dbfb3c3 (127.8.208.193). New cstate: current_term: 1 leader_uuid: "154f752e2f424cb1a723ed9f7dbfb3c3" committed_config { opid_index: -1 OBSOLETE_local: false peers { permanent_uuid: "154f752e2f424cb1a723ed9f7dbfb3c3" member_type: VOTER last_known_addr { host: "127.8.208.193" port: 46443 } health_report { overall_health: HEALTHY } } peers { permanent_uuid: "a4b2272b759b453eb93f044839eca15d" member_type: VOTER last_known_addr { host: "127.8.208.194" port: 37225 } health_report { overall_health: UNKNOWN } } peers { permanent_uuid: "6f45eb476b204826a86a7fa0e3667a38" member_type: VOTER last_known_addr { host: "127.8.208.195" port: 37123 } health_report { overall_health: UNKNOWN } } }
I20260630 12:25:29.987737 11544 catalog_manager.cc:5697] T 4e6d4839525f469897cfe24c04a12ac5 P 6f45eb476b204826a86a7fa0e3667a38 reported cstate change: term changed from 0 to 1, leader changed from <none> to 6f45eb476b204826a86a7fa0e3667a38 (127.8.208.195). New cstate: current_term: 1 leader_uuid: "6f45eb476b204826a86a7fa0e3667a38" committed_config { opid_index: -1 OBSOLETE_local: false peers { permanent_uuid: "6f45eb476b204826a86a7fa0e3667a38" member_type: VOTER last_known_addr { host: "127.8.208.195" port: 37123 } health_report { overall_health: HEALTHY } } peers { permanent_uuid: "a4b2272b759b453eb93f044839eca15d" member_type: VOTER last_known_addr { host: "127.8.208.194" port: 37225 } health_report { overall_health: UNKNOWN } } peers { permanent_uuid: "154f752e2f424cb1a723ed9f7dbfb3c3" member_type: VOTER last_known_addr { host: "127.8.208.193" port: 46443 } health_report { overall_health: UNKNOWN } } }
I20260630 12:25:30.055821 11602 auto_leader_rebalancer.cc:141] leader rebalance for table range_aware_auto_rebalancer_test
I20260630 12:25:30.071616 11649 tablet_service.cc:2072] Received LeaderStepDown RPC: tablet_id: "03bf436cd5dd46ebaba4e85954420b48"
dest_uuid: "154f752e2f424cb1a723ed9f7dbfb3c3"
mode: GRACEFUL
new_leader_uuid: "a4b2272b759b453eb93f044839eca15d"
 from {username='slave'} at 127.0.0.1:37192
I20260630 12:25:30.072220 11649 raft_consensus.cc:606] T 03bf436cd5dd46ebaba4e85954420b48 P 154f752e2f424cb1a723ed9f7dbfb3c3 [term 1 LEADER]: Received request to transfer leadership to TS a4b2272b759b453eb93f044839eca15d
I20260630 12:25:30.073405 11602 auto_leader_rebalancer.cc:440] table: range_aware_auto_rebalancer_test, leader rebalance finish, leader transfer count: 1
I20260630 12:25:30.073819 11602 auto_leader_rebalancer.cc:515] All tables' leader rebalancing finished this round
I20260630 12:25:30.078068  9027 tablet_server.cc:179] TabletServer@127.8.208.193:0 shutting down...
I20260630 12:25:30.096078  9027 ts_tablet_manager.cc:1507] Shutting down tablet manager...
I20260630 12:25:30.096920  9027 tablet_replica.cc:333] T 7720127656d4424f99b4a235e8b0c362 P 154f752e2f424cb1a723ed9f7dbfb3c3: stopping tablet replica
I20260630 12:25:30.097570  9027 raft_consensus.cc:2243] T 7720127656d4424f99b4a235e8b0c362 P 154f752e2f424cb1a723ed9f7dbfb3c3 [term 1 FOLLOWER]: Raft consensus shutting down.
I20260630 12:25:30.097966  9027 raft_consensus.cc:2272] T 7720127656d4424f99b4a235e8b0c362 P 154f752e2f424cb1a723ed9f7dbfb3c3 [term 1 FOLLOWER]: Raft consensus is shut down!
I20260630 12:25:30.099836  9027 tablet_replica.cc:333] T def02bddc01c41dba3a4f89b7bcb731d P 154f752e2f424cb1a723ed9f7dbfb3c3: stopping tablet replica
I20260630 12:25:30.100334  9027 raft_consensus.cc:2243] T def02bddc01c41dba3a4f89b7bcb731d P 154f752e2f424cb1a723ed9f7dbfb3c3 [term 1 LEADER]: Raft consensus shutting down.
I20260630 12:25:30.100878  9027 pending_rounds.cc:70] T def02bddc01c41dba3a4f89b7bcb731d P 154f752e2f424cb1a723ed9f7dbfb3c3: Trying to abort 1 pending ops.
I20260630 12:25:30.101063  9027 pending_rounds.cc:77] T def02bddc01c41dba3a4f89b7bcb731d P 154f752e2f424cb1a723ed9f7dbfb3c3: Aborting op as it isn't in flight: id { term: 1 index: 1 } timestamp: 7302440263360663552 op_type: NO_OP noop_request { }
I20260630 12:25:30.101364  9027 raft_consensus.cc:2889] T def02bddc01c41dba3a4f89b7bcb731d P 154f752e2f424cb1a723ed9f7dbfb3c3 [term 1 LEADER]: NO_OP replication failed: Aborted: Op aborted
I20260630 12:25:30.101629  9027 raft_consensus.cc:2272] T def02bddc01c41dba3a4f89b7bcb731d P 154f752e2f424cb1a723ed9f7dbfb3c3 [term 1 FOLLOWER]: Raft consensus is shut down!
I20260630 12:25:30.103689  9027 tablet_replica.cc:333] T 4e6d4839525f469897cfe24c04a12ac5 P 154f752e2f424cb1a723ed9f7dbfb3c3: stopping tablet replica
I20260630 12:25:30.104167  9027 raft_consensus.cc:2243] T 4e6d4839525f469897cfe24c04a12ac5 P 154f752e2f424cb1a723ed9f7dbfb3c3 [term 1 FOLLOWER]: Raft consensus shutting down.
I20260630 12:25:30.104521  9027 raft_consensus.cc:2272] T 4e6d4839525f469897cfe24c04a12ac5 P 154f752e2f424cb1a723ed9f7dbfb3c3 [term 1 FOLLOWER]: Raft consensus is shut down!
I20260630 12:25:30.106206  9027 tablet_replica.cc:333] T 03bf436cd5dd46ebaba4e85954420b48 P 154f752e2f424cb1a723ed9f7dbfb3c3: stopping tablet replica
I20260630 12:25:30.106654  9027 raft_consensus.cc:2243] T 03bf436cd5dd46ebaba4e85954420b48 P 154f752e2f424cb1a723ed9f7dbfb3c3 [term 1 LEADER]: Raft consensus shutting down.
I20260630 12:25:30.107196  9027 pending_rounds.cc:70] T 03bf436cd5dd46ebaba4e85954420b48 P 154f752e2f424cb1a723ed9f7dbfb3c3: Trying to abort 1 pending ops.
I20260630 12:25:30.107398  9027 pending_rounds.cc:77] T 03bf436cd5dd46ebaba4e85954420b48 P 154f752e2f424cb1a723ed9f7dbfb3c3: Aborting op as it isn't in flight: id { term: 1 index: 1 } timestamp: 7302440263568138240 op_type: NO_OP noop_request { }
I20260630 12:25:30.107659  9027 raft_consensus.cc:2889] T 03bf436cd5dd46ebaba4e85954420b48 P 154f752e2f424cb1a723ed9f7dbfb3c3 [term 1 LEADER]: NO_OP replication failed: Aborted: Op aborted
I20260630 12:25:30.107926  9027 raft_consensus.cc:2272] T 03bf436cd5dd46ebaba4e85954420b48 P 154f752e2f424cb1a723ed9f7dbfb3c3 [term 1 FOLLOWER]: Raft consensus is shut down!
I20260630 12:25:30.131227  9027 tablet_server.cc:196] TabletServer@127.8.208.193:0 shutdown complete.
I20260630 12:25:30.142288  9027 tablet_server.cc:179] TabletServer@127.8.208.194:0 shutting down...
I20260630 12:25:30.159494  9027 ts_tablet_manager.cc:1507] Shutting down tablet manager...
I20260630 12:25:30.160212  9027 tablet_replica.cc:333] T 03bf436cd5dd46ebaba4e85954420b48 P a4b2272b759b453eb93f044839eca15d: stopping tablet replica
I20260630 12:25:30.160779  9027 raft_consensus.cc:2243] T 03bf436cd5dd46ebaba4e85954420b48 P a4b2272b759b453eb93f044839eca15d [term 1 FOLLOWER]: Raft consensus shutting down.
I20260630 12:25:30.161170  9027 raft_consensus.cc:2272] T 03bf436cd5dd46ebaba4e85954420b48 P a4b2272b759b453eb93f044839eca15d [term 1 FOLLOWER]: Raft consensus is shut down!
I20260630 12:25:30.163043  9027 tablet_replica.cc:333] T 4e6d4839525f469897cfe24c04a12ac5 P a4b2272b759b453eb93f044839eca15d: stopping tablet replica
I20260630 12:25:30.163533  9027 raft_consensus.cc:2243] T 4e6d4839525f469897cfe24c04a12ac5 P a4b2272b759b453eb93f044839eca15d [term 1 FOLLOWER]: Raft consensus shutting down.
I20260630 12:25:30.163895  9027 raft_consensus.cc:2272] T 4e6d4839525f469897cfe24c04a12ac5 P a4b2272b759b453eb93f044839eca15d [term 1 FOLLOWER]: Raft consensus is shut down!
I20260630 12:25:30.165593  9027 tablet_replica.cc:333] T 7720127656d4424f99b4a235e8b0c362 P a4b2272b759b453eb93f044839eca15d: stopping tablet replica
I20260630 12:25:30.166110  9027 raft_consensus.cc:2243] T 7720127656d4424f99b4a235e8b0c362 P a4b2272b759b453eb93f044839eca15d [term 1 FOLLOWER]: Raft consensus shutting down.
I20260630 12:25:30.166455  9027 raft_consensus.cc:2272] T 7720127656d4424f99b4a235e8b0c362 P a4b2272b759b453eb93f044839eca15d [term 1 FOLLOWER]: Raft consensus is shut down!
I20260630 12:25:30.168228  9027 tablet_replica.cc:333] T def02bddc01c41dba3a4f89b7bcb731d P a4b2272b759b453eb93f044839eca15d: stopping tablet replica
I20260630 12:25:30.168676  9027 raft_consensus.cc:2243] T def02bddc01c41dba3a4f89b7bcb731d P a4b2272b759b453eb93f044839eca15d [term 1 FOLLOWER]: Raft consensus shutting down.
I20260630 12:25:30.169020  9027 raft_consensus.cc:2272] T def02bddc01c41dba3a4f89b7bcb731d P a4b2272b759b453eb93f044839eca15d [term 1 FOLLOWER]: Raft consensus is shut down!
I20260630 12:25:30.189700  9027 tablet_server.cc:196] TabletServer@127.8.208.194:0 shutdown complete.
I20260630 12:25:30.199765  9027 tablet_server.cc:179] TabletServer@127.8.208.195:0 shutting down...
I20260630 12:25:30.215952  9027 ts_tablet_manager.cc:1507] Shutting down tablet manager...
I20260630 12:25:30.216854  9027 tablet_replica.cc:333] T 03bf436cd5dd46ebaba4e85954420b48 P 6f45eb476b204826a86a7fa0e3667a38: stopping tablet replica
I20260630 12:25:30.217495  9027 raft_consensus.cc:2243] T 03bf436cd5dd46ebaba4e85954420b48 P 6f45eb476b204826a86a7fa0e3667a38 [term 1 FOLLOWER]: Raft consensus shutting down.
I20260630 12:25:30.217900  9027 raft_consensus.cc:2272] T 03bf436cd5dd46ebaba4e85954420b48 P 6f45eb476b204826a86a7fa0e3667a38 [term 1 FOLLOWER]: Raft consensus is shut down!
I20260630 12:25:30.219707  9027 tablet_replica.cc:333] T 4e6d4839525f469897cfe24c04a12ac5 P 6f45eb476b204826a86a7fa0e3667a38: stopping tablet replica
I20260630 12:25:30.220171  9027 raft_consensus.cc:2243] T 4e6d4839525f469897cfe24c04a12ac5 P 6f45eb476b204826a86a7fa0e3667a38 [term 1 LEADER]: Raft consensus shutting down.
I20260630 12:25:30.220656  9027 pending_rounds.cc:70] T 4e6d4839525f469897cfe24c04a12ac5 P 6f45eb476b204826a86a7fa0e3667a38: Trying to abort 1 pending ops.
I20260630 12:25:30.220798  9027 pending_rounds.cc:77] T 4e6d4839525f469897cfe24c04a12ac5 P 6f45eb476b204826a86a7fa0e3667a38: Aborting op as it isn't in flight: id { term: 1 index: 1 } timestamp: 7302440263605600256 op_type: NO_OP noop_request { }
I20260630 12:25:30.221009  9027 raft_consensus.cc:2889] T 4e6d4839525f469897cfe24c04a12ac5 P 6f45eb476b204826a86a7fa0e3667a38 [term 1 LEADER]: NO_OP replication failed: Aborted: Op aborted
I20260630 12:25:30.221215  9027 raft_consensus.cc:2272] T 4e6d4839525f469897cfe24c04a12ac5 P 6f45eb476b204826a86a7fa0e3667a38 [term 1 FOLLOWER]: Raft consensus is shut down!
I20260630 12:25:30.223174  9027 tablet_replica.cc:333] T def02bddc01c41dba3a4f89b7bcb731d P 6f45eb476b204826a86a7fa0e3667a38: stopping tablet replica
I20260630 12:25:30.223632  9027 raft_consensus.cc:2243] T def02bddc01c41dba3a4f89b7bcb731d P 6f45eb476b204826a86a7fa0e3667a38 [term 1 FOLLOWER]: Raft consensus shutting down.
I20260630 12:25:30.224011  9027 raft_consensus.cc:2272] T def02bddc01c41dba3a4f89b7bcb731d P 6f45eb476b204826a86a7fa0e3667a38 [term 1 FOLLOWER]: Raft consensus is shut down!
I20260630 12:25:30.225453  9027 tablet_replica.cc:333] T 7720127656d4424f99b4a235e8b0c362 P 6f45eb476b204826a86a7fa0e3667a38: stopping tablet replica
I20260630 12:25:30.225847  9027 raft_consensus.cc:2243] T 7720127656d4424f99b4a235e8b0c362 P 6f45eb476b204826a86a7fa0e3667a38 [term 1 LEADER]: Raft consensus shutting down.
I20260630 12:25:30.226388  9027 pending_rounds.cc:70] T 7720127656d4424f99b4a235e8b0c362 P 6f45eb476b204826a86a7fa0e3667a38: Trying to abort 1 pending ops.
I20260630 12:25:30.226579  9027 pending_rounds.cc:77] T 7720127656d4424f99b4a235e8b0c362 P 6f45eb476b204826a86a7fa0e3667a38: Aborting op as it isn't in flight: id { term: 1 index: 1 } timestamp: 7302440263436161024 op_type: NO_OP noop_request { }
I20260630 12:25:30.226794  9027 raft_consensus.cc:2889] T 7720127656d4424f99b4a235e8b0c362 P 6f45eb476b204826a86a7fa0e3667a38 [term 1 LEADER]: NO_OP replication failed: Aborted: Op aborted
I20260630 12:25:30.227001  9027 raft_consensus.cc:2272] T 7720127656d4424f99b4a235e8b0c362 P 6f45eb476b204826a86a7fa0e3667a38 [term 1 FOLLOWER]: Raft consensus is shut down!
I20260630 12:25:30.248626  9027 tablet_server.cc:196] TabletServer@127.8.208.195:0 shutdown complete.
I20260630 12:25:30.259199  9027 master.cc:562] Master@127.8.208.254:37661 shutting down...
I20260630 12:25:30.273110  9027 raft_consensus.cc:2243] T 00000000000000000000000000000000 P e5571fc20def4ab7821cc552d87f21ad [term 1 LEADER]: Raft consensus shutting down.
I20260630 12:25:30.273605  9027 raft_consensus.cc:2272] T 00000000000000000000000000000000 P e5571fc20def4ab7821cc552d87f21ad [term 1 FOLLOWER]: Raft consensus is shut down!
I20260630 12:25:30.273861  9027 tablet_replica.cc:333] T 00000000000000000000000000000000 P e5571fc20def4ab7821cc552d87f21ad: stopping tablet replica
I20260630 12:25:30.291879  9027 master.cc:584] Master@127.8.208.254:37661 shutdown complete.
[       OK ] AutoRebalancerTest.RangeAwareBuildClusterInfoGroupsByRange (2410 ms)
[ RUN      ] AutoRebalancerTest.RangeAwareRebalancesNewRangeReplicas
I20260630 12:25:30.322798  9027 internal_mini_cluster.cc:156] Creating distributed mini masters. Addrs: 127.8.208.254:34617
I20260630 12:25:30.323758  9027 file_cache.cc:492] Constructed file cache file cache with capacity 419430
W20260630 12:25:30.328189 11882 instance_detector.cc:116] could not retrieve AWS instance metadata: Network error: curl error: HTTP response code said error: The requested URL returned error: 404
W20260630 12:25:30.328830 11883 instance_detector.cc:116] could not retrieve Azure instance metadata: Network error: curl error: HTTP response code said error: The requested URL returned error: 404
W20260630 12:25:30.329783 11885 instance_detector.cc:116] could not retrieve OpenStack instance metadata: Network error: curl error: HTTP response code said error: The requested URL returned error: 404
I20260630 12:25:30.331058  9027 server_base.cc:1061] running on GCE node
I20260630 12:25:30.331862  9027 hybrid_clock.cc:584] initializing the hybrid clock with 'system_unsync' time source
W20260630 12:25:30.332044  9027 system_unsync_time.cc:38] NTP support is disabled. Clock error bounds will not be accurate. This configuration is not suitable for distributed clusters.
I20260630 12:25:30.332156  9027 hybrid_clock.cc:648] HybridClock initialized: now 1782822330332146 us; error 0 us; skew 500 ppm
I20260630 12:25:30.332580  9027 server_base.cc:861] Flag tcmalloc_max_total_thread_cache_bytes is not working since tcmalloc is not enabled.
I20260630 12:25:30.334928  9027 webserver.cc:533] Webserver started at http://127.8.208.254:38313/ using document root <none> and password file <none>
I20260630 12:25:30.335335  9027 fs_manager.cc:362] Metadata directory not provided
I20260630 12:25:30.335489  9027 fs_manager.cc:368] Using write-ahead log directory (fs_wal_dir) as metadata directory
I20260630 12:25:30.335705  9027 server_base.cc:909] This appears to be a new deployment of Kudu; creating new FS layout
I20260630 12:25:30.336727  9027 fs_manager.cc:1068] Generated new instance metadata in path /tmp/dist-test-taskqflBt3/test-tmp/auto_rebalancer-test.0.AutoRebalancerTest.RangeAwareRebalancesNewRangeReplicas.1782822250431239-9027-0/minicluster-data/master-0-root/instance:
uuid: "32b13cadab4e499f817e3798d1da14a7"
format_stamp: "Formatted at 2026-06-30 12:25:30 on dist-test-slave-2cvz"
I20260630 12:25:30.340996  9027 fs_manager.cc:696] Time spent creating directory manager: real 0.004s	user 0.006s	sys 0.000s
I20260630 12:25:30.344180 11890 log_block_manager.cc:4031] Time spent loading block containers with low live blocks: real 0.000s	user 0.000s	sys 0.000s
I20260630 12:25:30.344909  9027 fs_manager.cc:730] Time spent opening block manager: real 0.002s	user 0.002s	sys 0.000s
I20260630 12:25:30.345206  9027 fs_manager.cc:647] Opened local filesystem: /tmp/dist-test-taskqflBt3/test-tmp/auto_rebalancer-test.0.AutoRebalancerTest.RangeAwareRebalancesNewRangeReplicas.1782822250431239-9027-0/minicluster-data/master-0-root
uuid: "32b13cadab4e499f817e3798d1da14a7"
format_stamp: "Formatted at 2026-06-30 12:25:30 on dist-test-slave-2cvz"
I20260630 12:25:30.345456  9027 fs_report.cc:389] FS layout report
--------------------
wal directory: /tmp/dist-test-taskqflBt3/test-tmp/auto_rebalancer-test.0.AutoRebalancerTest.RangeAwareRebalancesNewRangeReplicas.1782822250431239-9027-0/minicluster-data/master-0-root
metadata directory: /tmp/dist-test-taskqflBt3/test-tmp/auto_rebalancer-test.0.AutoRebalancerTest.RangeAwareRebalancesNewRangeReplicas.1782822250431239-9027-0/minicluster-data/master-0-root
1 data directories: /tmp/dist-test-taskqflBt3/test-tmp/auto_rebalancer-test.0.AutoRebalancerTest.RangeAwareRebalancesNewRangeReplicas.1782822250431239-9027-0/minicluster-data/master-0-root/data
Total live blocks: 0
Total live bytes: 0
Total live bytes (after alignment): 0
Total number of LBM containers: 0 (0 full)
Did not check for missing blocks
Did not check for orphaned blocks
Total full LBM containers with extra space: 0 (0 repaired)
Total full LBM container extra space in bytes: 0 (0 repaired)
Total incomplete LBM containers: 0 (0 repaired)
Total LBM partial records: 0 (0 repaired)
Total corrupted LBM metadata records in RocksDB: 0 (0 repaired)
I20260630 12:25:30.370090  9027 rpc_server.cc:225] running with OpenSSL 1.1.1  11 Sep 2018
I20260630 12:25:30.371099  9027 kserver.cc:163] Server-wide thread pool size limit: 3276
I20260630 12:25:30.404613  9027 rpc_server.cc:307] RPC server started. Bound to: 127.8.208.254:34617
I20260630 12:25:30.404701 11941 acceptor_pool.cc:272] collecting diagnostics on the listening RPC socket 127.8.208.254:34617 every 8 connection(s)
I20260630 12:25:30.408285 11942 data_dirs.cc:400] Could only allocate 1 dirs of requested 3 for tablet 00000000000000000000000000000000. 1 dirs total, 0 dirs full, 0 dirs failed
I20260630 12:25:30.418241 11942 tablet_bootstrap.cc:492] T 00000000000000000000000000000000 P 32b13cadab4e499f817e3798d1da14a7: Bootstrap starting.
I20260630 12:25:30.422624 11942 tablet_bootstrap.cc:654] T 00000000000000000000000000000000 P 32b13cadab4e499f817e3798d1da14a7: Neither blocks nor log segments found. Creating new log.
I20260630 12:25:30.426816 11942 tablet_bootstrap.cc:492] T 00000000000000000000000000000000 P 32b13cadab4e499f817e3798d1da14a7: No bootstrap required, opened a new log
I20260630 12:25:30.428802 11942 raft_consensus.cc:359] T 00000000000000000000000000000000 P 32b13cadab4e499f817e3798d1da14a7 [term 0 FOLLOWER]: Replica starting. Triggering 0 pending ops. Active config: opid_index: -1 OBSOLETE_local: true peers { permanent_uuid: "32b13cadab4e499f817e3798d1da14a7" member_type: VOTER }
I20260630 12:25:30.429169 11942 raft_consensus.cc:385] T 00000000000000000000000000000000 P 32b13cadab4e499f817e3798d1da14a7 [term 0 FOLLOWER]: Consensus starting up: Expiring failure detector timer to make a prompt election more likely
I20260630 12:25:30.429438 11942 raft_consensus.cc:740] T 00000000000000000000000000000000 P 32b13cadab4e499f817e3798d1da14a7 [term 0 FOLLOWER]: Becoming Follower/Learner. State: Replica: 32b13cadab4e499f817e3798d1da14a7, State: Initialized, Role: FOLLOWER
I20260630 12:25:30.429991 11942 consensus_queue.cc:260] T 00000000000000000000000000000000 P 32b13cadab4e499f817e3798d1da14a7 [NON_LEADER]: Queue going to NON_LEADER mode. State: All replicated index: 0, Majority replicated index: 0, Committed index: 0, Last appended: 0.0, Last appended by leader: 0, Current term: 0, Majority size: -1, State: 0, Mode: NON_LEADER, active raft config: opid_index: -1 OBSOLETE_local: true peers { permanent_uuid: "32b13cadab4e499f817e3798d1da14a7" member_type: VOTER }
I20260630 12:25:30.430491 11942 raft_consensus.cc:399] T 00000000000000000000000000000000 P 32b13cadab4e499f817e3798d1da14a7 [term 0 FOLLOWER]: Only one voter in the Raft config. Triggering election immediately
I20260630 12:25:30.430702 11942 raft_consensus.cc:493] T 00000000000000000000000000000000 P 32b13cadab4e499f817e3798d1da14a7 [term 0 FOLLOWER]: Starting leader election (initial election of a single-replica configuration)
I20260630 12:25:30.430975 11942 raft_consensus.cc:3060] T 00000000000000000000000000000000 P 32b13cadab4e499f817e3798d1da14a7 [term 0 FOLLOWER]: Advancing to term 1
I20260630 12:25:30.435302 11942 raft_consensus.cc:515] T 00000000000000000000000000000000 P 32b13cadab4e499f817e3798d1da14a7 [term 1 FOLLOWER]: Starting leader election with config: opid_index: -1 OBSOLETE_local: true peers { permanent_uuid: "32b13cadab4e499f817e3798d1da14a7" member_type: VOTER }
I20260630 12:25:30.435801 11942 leader_election.cc:304] T 00000000000000000000000000000000 P 32b13cadab4e499f817e3798d1da14a7 [CANDIDATE]: Term 1 election: Election decided. Result: candidate won. Election summary: received 1 responses out of 1 voters: 1 yes votes; 0 no votes. yes voters: 32b13cadab4e499f817e3798d1da14a7; no voters: 
I20260630 12:25:30.436892 11942 leader_election.cc:290] T 00000000000000000000000000000000 P 32b13cadab4e499f817e3798d1da14a7 [CANDIDATE]: Term 1 election: Requested vote from peers 
I20260630 12:25:30.437223 11945 raft_consensus.cc:2804] T 00000000000000000000000000000000 P 32b13cadab4e499f817e3798d1da14a7 [term 1 FOLLOWER]: Leader election won for term 1
I20260630 12:25:30.438499 11945 raft_consensus.cc:697] T 00000000000000000000000000000000 P 32b13cadab4e499f817e3798d1da14a7 [term 1 LEADER]: Becoming Leader. State: Replica: 32b13cadab4e499f817e3798d1da14a7, State: Running, Role: LEADER
I20260630 12:25:30.439133 11945 consensus_queue.cc:237] T 00000000000000000000000000000000 P 32b13cadab4e499f817e3798d1da14a7 [LEADER]: Queue going to LEADER mode. State: All replicated index: 0, Majority replicated index: 0, Committed index: 0, Last appended: 0.0, Last appended by leader: 0, Current term: 1, Majority size: 1, State: 0, Mode: LEADER, active raft config: opid_index: -1 OBSOLETE_local: true peers { permanent_uuid: "32b13cadab4e499f817e3798d1da14a7" member_type: VOTER }
I20260630 12:25:30.439692 11942 sys_catalog.cc:565] T 00000000000000000000000000000000 P 32b13cadab4e499f817e3798d1da14a7 [sys.catalog]: configured and running, proceeding with master startup.
I20260630 12:25:30.442538 11947 sys_catalog.cc:455] T 00000000000000000000000000000000 P 32b13cadab4e499f817e3798d1da14a7 [sys.catalog]: SysCatalogTable state changed. Reason: New leader 32b13cadab4e499f817e3798d1da14a7. Latest consensus state: current_term: 1 leader_uuid: "32b13cadab4e499f817e3798d1da14a7" committed_config { opid_index: -1 OBSOLETE_local: true peers { permanent_uuid: "32b13cadab4e499f817e3798d1da14a7" member_type: VOTER } }
I20260630 12:25:30.443202 11947 sys_catalog.cc:458] T 00000000000000000000000000000000 P 32b13cadab4e499f817e3798d1da14a7 [sys.catalog]: This master's current role is: LEADER
I20260630 12:25:30.442451 11946 sys_catalog.cc:455] T 00000000000000000000000000000000 P 32b13cadab4e499f817e3798d1da14a7 [sys.catalog]: SysCatalogTable state changed. Reason: RaftConsensus started. Latest consensus state: current_term: 1 leader_uuid: "32b13cadab4e499f817e3798d1da14a7" committed_config { opid_index: -1 OBSOLETE_local: true peers { permanent_uuid: "32b13cadab4e499f817e3798d1da14a7" member_type: VOTER } }
I20260630 12:25:30.444089 11946 sys_catalog.cc:458] T 00000000000000000000000000000000 P 32b13cadab4e499f817e3798d1da14a7 [sys.catalog]: This master's current role is: LEADER
I20260630 12:25:30.448258 11952 catalog_manager.cc:1511] Loading table and tablet metadata into memory...
I20260630 12:25:30.454622 11952 catalog_manager.cc:1520] Initializing Kudu cluster ID...
I20260630 12:25:30.455608  9027 internal_mini_cluster.cc:184] Waiting to initialize catalog manager on master 0
I20260630 12:25:30.462930 11952 catalog_manager.cc:1383] Generated new cluster ID: 6128bafe2e61400b83449d8eca4a4a91
I20260630 12:25:30.463208 11952 catalog_manager.cc:1531] Initializing Kudu internal certificate authority...
I20260630 12:25:30.480847 11952 catalog_manager.cc:1406] Generated new certificate authority record
I20260630 12:25:30.482169 11952 catalog_manager.cc:1540] Loading token signing keys...
I20260630 12:25:30.492610 11952 catalog_manager.cc:6070] T 00000000000000000000000000000000 P 32b13cadab4e499f817e3798d1da14a7: Generated new TSK 0
I20260630 12:25:30.493232 11952 catalog_manager.cc:1550] Initializing in-progress tserver states...
I20260630 12:25:30.522230  9027 file_cache.cc:492] Constructed file cache file cache with capacity 419430
W20260630 12:25:30.527827 11963 instance_detector.cc:116] could not retrieve AWS instance metadata: Network error: curl error: HTTP response code said error: The requested URL returned error: 404
W20260630 12:25:30.528878 11964 instance_detector.cc:116] could not retrieve Azure instance metadata: Network error: curl error: HTTP response code said error: The requested URL returned error: 404
W20260630 12:25:30.530397 11966 instance_detector.cc:116] could not retrieve OpenStack instance metadata: Network error: curl error: HTTP response code said error: The requested URL returned error: 404
I20260630 12:25:30.530797  9027 server_base.cc:1061] running on GCE node
I20260630 12:25:30.531697  9027 hybrid_clock.cc:584] initializing the hybrid clock with 'system_unsync' time source
W20260630 12:25:30.531870  9027 system_unsync_time.cc:38] NTP support is disabled. Clock error bounds will not be accurate. This configuration is not suitable for distributed clusters.
I20260630 12:25:30.532015  9027 hybrid_clock.cc:648] HybridClock initialized: now 1782822330532002 us; error 0 us; skew 500 ppm
I20260630 12:25:30.532474  9027 server_base.cc:861] Flag tcmalloc_max_total_thread_cache_bytes is not working since tcmalloc is not enabled.
I20260630 12:25:30.534581  9027 webserver.cc:533] Webserver started at http://127.8.208.193:43295/ using document root <none> and password file <none>
I20260630 12:25:30.535027  9027 fs_manager.cc:362] Metadata directory not provided
I20260630 12:25:30.535182  9027 fs_manager.cc:368] Using write-ahead log directory (fs_wal_dir) as metadata directory
I20260630 12:25:30.535383  9027 server_base.cc:909] This appears to be a new deployment of Kudu; creating new FS layout
