I20260630 12:25:34.769232 12082 raft_consensus.cc:3060] T 4d615570b1c843bfb6e7aa8b284aca12 P b9d9fd3e266e4fc2b6bb8eda5f6e1355 [term 1 FOLLOWER]: Advancing to term 2
I20260630 12:25:34.769472 12237 consensus_queue.cc:1048] T 6b2c717a3464416ca40d8f3f87835511 P 1558b43210b74b3bb7abd4dcf999bac0 [LEADER]: Connected to new peer: Peer: permanent_uuid: "b9d9fd3e266e4fc2b6bb8eda5f6e1355" member_type: VOTER last_known_addr { host: "127.8.208.194" port: 38621 }, Status: LMP_MISMATCH, Last received: 0.0, Next index: 2, Last known committed idx: 1, Time since last communication: 0.000s
I20260630 12:25:34.770726 12009 raft_consensus.cc:1275] T 6b2c717a3464416ca40d8f3f87835511 P 8f13550d6eee488aa02d14fdf0176b0c [term 1 FOLLOWER]: Refusing update from remote peer 1558b43210b74b3bb7abd4dcf999bac0: Log matching property violated. Preceding OpId in replica: term: 1 index: 1. Preceding OpId from leader: term: 1 index: 2. (index mismatch)
I20260630 12:25:34.778301 12237 consensus_queue.cc:1048] T 6b2c717a3464416ca40d8f3f87835511 P 1558b43210b74b3bb7abd4dcf999bac0 [LEADER]: Connected to new peer: Peer: permanent_uuid: "8f13550d6eee488aa02d14fdf0176b0c" member_type: VOTER last_known_addr { host: "127.8.208.193" port: 46467 } attrs { replace: true }, Status: LMP_MISMATCH, Last received: 0.0, Next index: 2, Last known committed idx: 1, Time since last communication: 0.001s
I20260630 12:25:34.778595 12007 raft_consensus.cc:2468] T 4d615570b1c843bfb6e7aa8b284aca12 P 8f13550d6eee488aa02d14fdf0176b0c [term 2 FOLLOWER]: Leader election vote request: Granting yes vote for candidate 5bb032af5c8e493e9fca90ebf55404ca in term 2.
I20260630 12:25:34.787914 12272 leader_election.cc:304] T 4d615570b1c843bfb6e7aa8b284aca12 P 5bb032af5c8e493e9fca90ebf55404ca [CANDIDATE]: Term 2 election: Election decided. Result: candidate won. Election summary: received 2 responses out of 3 voters: 2 yes votes; 0 no votes. yes voters: 5bb032af5c8e493e9fca90ebf55404ca, 8f13550d6eee488aa02d14fdf0176b0c; no voters: 
I20260630 12:25:34.789104 12364 raft_consensus.cc:2804] T 4d615570b1c843bfb6e7aa8b284aca12 P 5bb032af5c8e493e9fca90ebf55404ca [term 2 FOLLOWER]: Leader election won for term 2
I20260630 12:25:34.789731 12364 raft_consensus.cc:697] T 4d615570b1c843bfb6e7aa8b284aca12 P 5bb032af5c8e493e9fca90ebf55404ca [term 2 LEADER]: Becoming Leader. State: Replica: 5bb032af5c8e493e9fca90ebf55404ca, State: Running, Role: LEADER
I20260630 12:25:34.790784 12364 consensus_queue.cc:237] T 4d615570b1c843bfb6e7aa8b284aca12 P 5bb032af5c8e493e9fca90ebf55404ca [LEADER]: Queue going to LEADER mode. State: All replicated index: 0, Majority replicated index: 1, Committed index: 1, Last appended: 1.1, Last appended by leader: 1, Current term: 2, Majority size: 2, State: 0, Mode: LEADER, active raft config: opid_index: -1 OBSOLETE_local: false peers { permanent_uuid: "5bb032af5c8e493e9fca90ebf55404ca" member_type: VOTER last_known_addr { host: "127.8.208.196" port: 41843 } } peers { permanent_uuid: "8f13550d6eee488aa02d14fdf0176b0c" member_type: VOTER last_known_addr { host: "127.8.208.193" port: 46467 } } peers { permanent_uuid: "b9d9fd3e266e4fc2b6bb8eda5f6e1355" member_type: VOTER last_known_addr { host: "127.8.208.194" port: 38621 } }
I20260630 12:25:34.796350 12082 raft_consensus.cc:2468] T 4d615570b1c843bfb6e7aa8b284aca12 P b9d9fd3e266e4fc2b6bb8eda5f6e1355 [term 2 FOLLOWER]: Leader election vote request: Granting yes vote for candidate 5bb032af5c8e493e9fca90ebf55404ca in term 2.
I20260630 12:25:34.808072 11906 catalog_manager.cc:5697] T 4d615570b1c843bfb6e7aa8b284aca12 P 5bb032af5c8e493e9fca90ebf55404ca reported cstate change: term changed from 1 to 2, leader changed from 8f13550d6eee488aa02d14fdf0176b0c (127.8.208.193) to 5bb032af5c8e493e9fca90ebf55404ca (127.8.208.196). New cstate: current_term: 2 leader_uuid: "5bb032af5c8e493e9fca90ebf55404ca" committed_config { opid_index: -1 OBSOLETE_local: false peers { permanent_uuid: "5bb032af5c8e493e9fca90ebf55404ca" member_type: VOTER last_known_addr { host: "127.8.208.196" port: 41843 } health_report { overall_health: HEALTHY } } peers { permanent_uuid: "8f13550d6eee488aa02d14fdf0176b0c" member_type: VOTER last_known_addr { host: "127.8.208.193" port: 46467 } health_report { overall_health: UNKNOWN } } peers { permanent_uuid: "b9d9fd3e266e4fc2b6bb8eda5f6e1355" member_type: VOTER last_known_addr { host: "127.8.208.194" port: 38621 } health_report { overall_health: UNKNOWN } } }
I20260630 12:25:34.808244 12207 raft_consensus.cc:2955] T 6b2c717a3464416ca40d8f3f87835511 P 1558b43210b74b3bb7abd4dcf999bac0 [term 1 LEADER]: Committing config change with OpId 1.2: config changed from index -1 to 2, NON_VOTER 5bb032af5c8e493e9fca90ebf55404ca (127.8.208.196) added. New config: { opid_index: 2 OBSOLETE_local: false peers { permanent_uuid: "8f13550d6eee488aa02d14fdf0176b0c" member_type: VOTER last_known_addr { host: "127.8.208.193" port: 46467 } attrs { replace: true } } peers { permanent_uuid: "b9d9fd3e266e4fc2b6bb8eda5f6e1355" member_type: VOTER last_known_addr { host: "127.8.208.194" port: 38621 } } peers { permanent_uuid: "1558b43210b74b3bb7abd4dcf999bac0" member_type: VOTER last_known_addr { host: "127.8.208.195" port: 35089 } } peers { permanent_uuid: "5bb032af5c8e493e9fca90ebf55404ca" member_type: NON_VOTER last_known_addr { host: "127.8.208.196" port: 41843 } attrs { promote: true } } }
I20260630 12:25:34.817082 12084 raft_consensus.cc:2955] T 6b2c717a3464416ca40d8f3f87835511 P b9d9fd3e266e4fc2b6bb8eda5f6e1355 [term 1 FOLLOWER]: Committing config change with OpId 1.2: config changed from index -1 to 2, NON_VOTER 5bb032af5c8e493e9fca90ebf55404ca (127.8.208.196) added. New config: { opid_index: 2 OBSOLETE_local: false peers { permanent_uuid: "8f13550d6eee488aa02d14fdf0176b0c" member_type: VOTER last_known_addr { host: "127.8.208.193" port: 46467 } attrs { replace: true } } peers { permanent_uuid: "b9d9fd3e266e4fc2b6bb8eda5f6e1355" member_type: VOTER last_known_addr { host: "127.8.208.194" port: 38621 } } peers { permanent_uuid: "1558b43210b74b3bb7abd4dcf999bac0" member_type: VOTER last_known_addr { host: "127.8.208.195" port: 35089 } } peers { permanent_uuid: "5bb032af5c8e493e9fca90ebf55404ca" member_type: NON_VOTER last_known_addr { host: "127.8.208.196" port: 41843 } attrs { promote: true } } }
I20260630 12:25:34.815156 12009 raft_consensus.cc:2955] T 6b2c717a3464416ca40d8f3f87835511 P 8f13550d6eee488aa02d14fdf0176b0c [term 1 FOLLOWER]: Committing config change with OpId 1.2: config changed from index -1 to 2, NON_VOTER 5bb032af5c8e493e9fca90ebf55404ca (127.8.208.196) added. New config: { opid_index: 2 OBSOLETE_local: false peers { permanent_uuid: "8f13550d6eee488aa02d14fdf0176b0c" member_type: VOTER last_known_addr { host: "127.8.208.193" port: 46467 } attrs { replace: true } } peers { permanent_uuid: "b9d9fd3e266e4fc2b6bb8eda5f6e1355" member_type: VOTER last_known_addr { host: "127.8.208.194" port: 38621 } } peers { permanent_uuid: "1558b43210b74b3bb7abd4dcf999bac0" member_type: VOTER last_known_addr { host: "127.8.208.195" port: 35089 } } peers { permanent_uuid: "5bb032af5c8e493e9fca90ebf55404ca" member_type: NON_VOTER last_known_addr { host: "127.8.208.196" port: 41843 } attrs { promote: true } } }
I20260630 12:25:34.832681 12364 consensus_queue.cc:1048] T c75714e4312c4f28aff6037b202daedd P 5bb032af5c8e493e9fca90ebf55404ca [LEADER]: Connected to new peer: Peer: permanent_uuid: "1558b43210b74b3bb7abd4dcf999bac0" member_type: VOTER last_known_addr { host: "127.8.208.195" port: 35089 }, Status: LMP_MISMATCH, Last received: 0.0, Next index: 1, Last known committed idx: 0, Time since last communication: 0.000s
I20260630 12:25:34.844954 11907 catalog_manager.cc:5697] T 6b2c717a3464416ca40d8f3f87835511 P 1558b43210b74b3bb7abd4dcf999bac0 reported cstate change: config changed from index -1 to 2, NON_VOTER 5bb032af5c8e493e9fca90ebf55404ca (127.8.208.196) added. New cstate: current_term: 1 leader_uuid: "1558b43210b74b3bb7abd4dcf999bac0" committed_config { opid_index: 2 OBSOLETE_local: false peers { permanent_uuid: "8f13550d6eee488aa02d14fdf0176b0c" member_type: VOTER last_known_addr { host: "127.8.208.193" port: 46467 } attrs { replace: true } health_report { overall_health: HEALTHY } } peers { permanent_uuid: "b9d9fd3e266e4fc2b6bb8eda5f6e1355" member_type: VOTER last_known_addr { host: "127.8.208.194" port: 38621 } health_report { overall_health: HEALTHY } } peers { permanent_uuid: "1558b43210b74b3bb7abd4dcf999bac0" member_type: VOTER last_known_addr { host: "127.8.208.195" port: 35089 } health_report { overall_health: HEALTHY } } peers { permanent_uuid: "5bb032af5c8e493e9fca90ebf55404ca" member_type: NON_VOTER last_known_addr { host: "127.8.208.196" port: 41843 } attrs { promote: true } health_report { overall_health: UNKNOWN } } }
I20260630 12:25:34.866998 12237 raft_consensus.cc:993] T 7ccca1306b1b4531987c14e539472bee P 1558b43210b74b3bb7abd4dcf999bac0: : Instructing follower b9d9fd3e266e4fc2b6bb8eda5f6e1355 to start an election
I20260630 12:25:34.867496 12237 raft_consensus.cc:1081] T 7ccca1306b1b4531987c14e539472bee P 1558b43210b74b3bb7abd4dcf999bac0 [term 1 LEADER]: Signalling peer b9d9fd3e266e4fc2b6bb8eda5f6e1355 to start an election
I20260630 12:25:34.870002 12084 tablet_service.cc:2044] Received Run Leader Election RPC: tablet_id: "7ccca1306b1b4531987c14e539472bee"
dest_uuid: "b9d9fd3e266e4fc2b6bb8eda5f6e1355"
 from {username='slave'} at 127.0.0.1:33108
I20260630 12:25:34.870601 12084 raft_consensus.cc:493] T 7ccca1306b1b4531987c14e539472bee P b9d9fd3e266e4fc2b6bb8eda5f6e1355 [term 1 FOLLOWER]: Starting forced leader election (received explicit request)
I20260630 12:25:34.870981 12084 raft_consensus.cc:3060] T 7ccca1306b1b4531987c14e539472bee P b9d9fd3e266e4fc2b6bb8eda5f6e1355 [term 1 FOLLOWER]: Advancing to term 2
I20260630 12:25:34.878158 12084 raft_consensus.cc:515] T 7ccca1306b1b4531987c14e539472bee P b9d9fd3e266e4fc2b6bb8eda5f6e1355 [term 2 FOLLOWER]: Starting forced leader election with config: opid_index: -1 OBSOLETE_local: false peers { permanent_uuid: "b9d9fd3e266e4fc2b6bb8eda5f6e1355" member_type: VOTER last_known_addr { host: "127.8.208.194" port: 38621 } } peers { permanent_uuid: "8f13550d6eee488aa02d14fdf0176b0c" member_type: VOTER last_known_addr { host: "127.8.208.193" port: 46467 } } peers { permanent_uuid: "1558b43210b74b3bb7abd4dcf999bac0" member_type: VOTER last_known_addr { host: "127.8.208.195" port: 35089 } }
I20260630 12:25:34.880295 12084 leader_election.cc:290] T 7ccca1306b1b4531987c14e539472bee P b9d9fd3e266e4fc2b6bb8eda5f6e1355 [CANDIDATE]: Term 2 election: Requested vote from peers 8f13550d6eee488aa02d14fdf0176b0c (127.8.208.193:46467), 1558b43210b74b3bb7abd4dcf999bac0 (127.8.208.195:35089)
I20260630 12:25:34.881836 12009 tablet_service.cc:1917] Received RequestConsensusVote() RPC: tablet_id: "7ccca1306b1b4531987c14e539472bee" candidate_uuid: "b9d9fd3e266e4fc2b6bb8eda5f6e1355" candidate_term: 2 candidate_status { last_received { term: 1 index: 1 } } ignore_live_leader: true dest_uuid: "8f13550d6eee488aa02d14fdf0176b0c"
I20260630 12:25:34.881845 12158 tablet_service.cc:1917] Received RequestConsensusVote() RPC: tablet_id: "7ccca1306b1b4531987c14e539472bee" candidate_uuid: "b9d9fd3e266e4fc2b6bb8eda5f6e1355" candidate_term: 2 candidate_status { last_received { term: 1 index: 1 } } ignore_live_leader: true dest_uuid: "1558b43210b74b3bb7abd4dcf999bac0"
I20260630 12:25:34.882535 12009 raft_consensus.cc:3060] T 7ccca1306b1b4531987c14e539472bee P 8f13550d6eee488aa02d14fdf0176b0c [term 1 FOLLOWER]: Advancing to term 2
I20260630 12:25:34.882597 12158 raft_consensus.cc:3055] T 7ccca1306b1b4531987c14e539472bee P 1558b43210b74b3bb7abd4dcf999bac0 [term 1 LEADER]: Stepping down as leader of term 1
I20260630 12:25:34.883064 12158 raft_consensus.cc:740] T 7ccca1306b1b4531987c14e539472bee P 1558b43210b74b3bb7abd4dcf999bac0 [term 1 LEADER]: Becoming Follower/Learner. State: Replica: 1558b43210b74b3bb7abd4dcf999bac0, State: Running, Role: LEADER
I20260630 12:25:34.883854 12158 consensus_queue.cc:260] T 7ccca1306b1b4531987c14e539472bee P 1558b43210b74b3bb7abd4dcf999bac0 [NON_LEADER]: Queue going to NON_LEADER mode. State: All replicated index: 0, Majority replicated index: 1, Committed index: 1, Last appended: 1.1, Last appended by leader: 1, Current term: 1, Majority size: -1, State: 0, Mode: NON_LEADER, active raft config: opid_index: -1 OBSOLETE_local: false peers { permanent_uuid: "b9d9fd3e266e4fc2b6bb8eda5f6e1355" member_type: VOTER last_known_addr { host: "127.8.208.194" port: 38621 } } peers { permanent_uuid: "8f13550d6eee488aa02d14fdf0176b0c" member_type: VOTER last_known_addr { host: "127.8.208.193" port: 46467 } } peers { permanent_uuid: "1558b43210b74b3bb7abd4dcf999bac0" member_type: VOTER last_known_addr { host: "127.8.208.195" port: 35089 } }
I20260630 12:25:34.885018 12158 raft_consensus.cc:3060] T 7ccca1306b1b4531987c14e539472bee P 1558b43210b74b3bb7abd4dcf999bac0 [term 1 FOLLOWER]: Advancing to term 2
I20260630 12:25:34.889631 12009 raft_consensus.cc:2468] T 7ccca1306b1b4531987c14e539472bee P 8f13550d6eee488aa02d14fdf0176b0c [term 2 FOLLOWER]: Leader election vote request: Granting yes vote for candidate b9d9fd3e266e4fc2b6bb8eda5f6e1355 in term 2.
I20260630 12:25:34.889631 12158 raft_consensus.cc:2468] T 7ccca1306b1b4531987c14e539472bee P 1558b43210b74b3bb7abd4dcf999bac0 [term 2 FOLLOWER]: Leader election vote request: Granting yes vote for candidate b9d9fd3e266e4fc2b6bb8eda5f6e1355 in term 2.
I20260630 12:25:34.891137 12049 leader_election.cc:304] T 7ccca1306b1b4531987c14e539472bee P b9d9fd3e266e4fc2b6bb8eda5f6e1355 [CANDIDATE]: Term 2 election: Election decided. Result: candidate won. Election summary: received 2 responses out of 3 voters: 2 yes votes; 0 no votes. yes voters: 8f13550d6eee488aa02d14fdf0176b0c, b9d9fd3e266e4fc2b6bb8eda5f6e1355; no voters: 
I20260630 12:25:34.891943 12246 raft_consensus.cc:2804] T 7ccca1306b1b4531987c14e539472bee P b9d9fd3e266e4fc2b6bb8eda5f6e1355 [term 2 FOLLOWER]: Leader election won for term 2
I20260630 12:25:34.892396 12246 raft_consensus.cc:697] T 7ccca1306b1b4531987c14e539472bee P b9d9fd3e266e4fc2b6bb8eda5f6e1355 [term 2 LEADER]: Becoming Leader. State: Replica: b9d9fd3e266e4fc2b6bb8eda5f6e1355, State: Running, Role: LEADER
I20260630 12:25:34.893157 12246 consensus_queue.cc:237] T 7ccca1306b1b4531987c14e539472bee P b9d9fd3e266e4fc2b6bb8eda5f6e1355 [LEADER]: Queue going to LEADER mode. State: All replicated index: 0, Majority replicated index: 1, Committed index: 1, Last appended: 1.1, Last appended by leader: 1, Current term: 2, Majority size: 2, State: 0, Mode: LEADER, active raft config: opid_index: -1 OBSOLETE_local: false peers { permanent_uuid: "b9d9fd3e266e4fc2b6bb8eda5f6e1355" member_type: VOTER last_known_addr { host: "127.8.208.194" port: 38621 } } peers { permanent_uuid: "8f13550d6eee488aa02d14fdf0176b0c" member_type: VOTER last_known_addr { host: "127.8.208.193" port: 46467 } } peers { permanent_uuid: "1558b43210b74b3bb7abd4dcf999bac0" member_type: VOTER last_known_addr { host: "127.8.208.195" port: 35089 } }
I20260630 12:25:34.900367 11906 catalog_manager.cc:5697] T 7ccca1306b1b4531987c14e539472bee P b9d9fd3e266e4fc2b6bb8eda5f6e1355 reported cstate change: term changed from 1 to 2, leader changed from 1558b43210b74b3bb7abd4dcf999bac0 (127.8.208.195) to b9d9fd3e266e4fc2b6bb8eda5f6e1355 (127.8.208.194). New cstate: current_term: 2 leader_uuid: "b9d9fd3e266e4fc2b6bb8eda5f6e1355" committed_config { opid_index: -1 OBSOLETE_local: false peers { permanent_uuid: "b9d9fd3e266e4fc2b6bb8eda5f6e1355" member_type: VOTER last_known_addr { host: "127.8.208.194" port: 38621 } health_report { overall_health: HEALTHY } } peers { permanent_uuid: "8f13550d6eee488aa02d14fdf0176b0c" member_type: VOTER last_known_addr { host: "127.8.208.193" port: 46467 } health_report { overall_health: UNKNOWN } } peers { permanent_uuid: "1558b43210b74b3bb7abd4dcf999bac0" member_type: VOTER last_known_addr { host: "127.8.208.195" port: 35089 } health_report { overall_health: UNKNOWN } } }
I20260630 12:25:35.038718 12440 ts_tablet_manager.cc:933] T a3acd49bb38d433b8c5804ed8402fb29 P 5bb032af5c8e493e9fca90ebf55404ca: Initiating tablet copy from peer b9d9fd3e266e4fc2b6bb8eda5f6e1355 (127.8.208.194:38621)
I20260630 12:25:35.040484 12440 tablet_copy_client.cc:323] T a3acd49bb38d433b8c5804ed8402fb29 P 5bb032af5c8e493e9fca90ebf55404ca: tablet copy: Beginning tablet copy session from remote peer at address 127.8.208.194:38621
I20260630 12:25:35.042333 12094 tablet_copy_service.cc:140] P b9d9fd3e266e4fc2b6bb8eda5f6e1355: Received BeginTabletCopySession request for tablet a3acd49bb38d433b8c5804ed8402fb29 from peer 5bb032af5c8e493e9fca90ebf55404ca ({username='slave'} at 127.0.0.1:33114)
I20260630 12:25:35.042814 12094 tablet_copy_service.cc:161] P b9d9fd3e266e4fc2b6bb8eda5f6e1355: Beginning new tablet copy session on tablet a3acd49bb38d433b8c5804ed8402fb29 from peer 5bb032af5c8e493e9fca90ebf55404ca at {username='slave'} at 127.0.0.1:33114: session id = 5bb032af5c8e493e9fca90ebf55404ca-a3acd49bb38d433b8c5804ed8402fb29
I20260630 12:25:35.048122 12094 tablet_copy_source_session.cc:215] T a3acd49bb38d433b8c5804ed8402fb29 P b9d9fd3e266e4fc2b6bb8eda5f6e1355: Tablet Copy: opened 0 blocks and 1 log segments
I20260630 12:25:35.050619 12440 data_dirs.cc:400] Could only allocate 1 dirs of requested 3 for tablet a3acd49bb38d433b8c5804ed8402fb29. 1 dirs total, 0 dirs full, 0 dirs failed
I20260630 12:25:35.058815 12442 ts_tablet_manager.cc:933] T 37e988f70cd84a0cb19c1a6c0dd63704 P 5bb032af5c8e493e9fca90ebf55404ca: Initiating tablet copy from peer 8f13550d6eee488aa02d14fdf0176b0c (127.8.208.193:46467)
I20260630 12:25:35.060921 12442 tablet_copy_client.cc:323] T 37e988f70cd84a0cb19c1a6c0dd63704 P 5bb032af5c8e493e9fca90ebf55404ca: tablet copy: Beginning tablet copy session from remote peer at address 127.8.208.193:46467
I20260630 12:25:35.062988 12019 tablet_copy_service.cc:140] P 8f13550d6eee488aa02d14fdf0176b0c: Received BeginTabletCopySession request for tablet 37e988f70cd84a0cb19c1a6c0dd63704 from peer 5bb032af5c8e493e9fca90ebf55404ca ({username='slave'} at 127.0.0.1:59180)
I20260630 12:25:35.063562 12019 tablet_copy_service.cc:161] P 8f13550d6eee488aa02d14fdf0176b0c: Beginning new tablet copy session on tablet 37e988f70cd84a0cb19c1a6c0dd63704 from peer 5bb032af5c8e493e9fca90ebf55404ca at {username='slave'} at 127.0.0.1:59180: session id = 5bb032af5c8e493e9fca90ebf55404ca-37e988f70cd84a0cb19c1a6c0dd63704
I20260630 12:25:35.063827 12440 tablet_copy_client.cc:806] T a3acd49bb38d433b8c5804ed8402fb29 P 5bb032af5c8e493e9fca90ebf55404ca: tablet copy: Starting download of 0 data blocks...
I20260630 12:25:35.064448 12440 tablet_copy_client.cc:670] T a3acd49bb38d433b8c5804ed8402fb29 P 5bb032af5c8e493e9fca90ebf55404ca: tablet copy: Starting download of 1 WAL segments...
I20260630 12:25:35.068271 12440 tablet_copy_client.cc:538] T a3acd49bb38d433b8c5804ed8402fb29 P 5bb032af5c8e493e9fca90ebf55404ca: tablet copy: Tablet Copy complete. Replacing tablet superblock.
I20260630 12:25:35.071173 12019 tablet_copy_source_session.cc:215] T 37e988f70cd84a0cb19c1a6c0dd63704 P 8f13550d6eee488aa02d14fdf0176b0c: Tablet Copy: opened 0 blocks and 1 log segments
I20260630 12:25:35.077065 12442 data_dirs.cc:400] Could only allocate 1 dirs of requested 3 for tablet 37e988f70cd84a0cb19c1a6c0dd63704. 1 dirs total, 0 dirs full, 0 dirs failed
I20260630 12:25:35.079578 12440 tablet_bootstrap.cc:492] T a3acd49bb38d433b8c5804ed8402fb29 P 5bb032af5c8e493e9fca90ebf55404ca: Bootstrap starting.
I20260630 12:25:35.091717 12442 tablet_copy_client.cc:806] T 37e988f70cd84a0cb19c1a6c0dd63704 P 5bb032af5c8e493e9fca90ebf55404ca: tablet copy: Starting download of 0 data blocks...
I20260630 12:25:35.092247 12442 tablet_copy_client.cc:670] T 37e988f70cd84a0cb19c1a6c0dd63704 P 5bb032af5c8e493e9fca90ebf55404ca: tablet copy: Starting download of 1 WAL segments...
I20260630 12:25:35.095973 12442 tablet_copy_client.cc:538] T 37e988f70cd84a0cb19c1a6c0dd63704 P 5bb032af5c8e493e9fca90ebf55404ca: tablet copy: Tablet Copy complete. Replacing tablet superblock.
I20260630 12:25:35.099270 12158 raft_consensus.cc:1275] T 1b21bf1d8a8a4a50baf579a23a5762f8 P 1558b43210b74b3bb7abd4dcf999bac0 [term 2 FOLLOWER]: Refusing update from remote peer b9d9fd3e266e4fc2b6bb8eda5f6e1355: Log matching property violated. Preceding OpId in replica: term: 1 index: 1. Preceding OpId from leader: term: 2 index: 2. (index mismatch)
I20260630 12:25:35.102243 12426 consensus_queue.cc:1048] T 1b21bf1d8a8a4a50baf579a23a5762f8 P b9d9fd3e266e4fc2b6bb8eda5f6e1355 [LEADER]: Connected to new peer: Peer: permanent_uuid: "1558b43210b74b3bb7abd4dcf999bac0" member_type: VOTER last_known_addr { host: "127.8.208.195" port: 35089 }, Status: LMP_MISMATCH, Last received: 0.0, Next index: 2, Last known committed idx: 1, Time since last communication: 0.000s
I20260630 12:25:35.107517 12442 tablet_bootstrap.cc:492] T 37e988f70cd84a0cb19c1a6c0dd63704 P 5bb032af5c8e493e9fca90ebf55404ca: Bootstrap starting.
I20260630 12:25:35.110190 12440 tablet_bootstrap.cc:492] T a3acd49bb38d433b8c5804ed8402fb29 P 5bb032af5c8e493e9fca90ebf55404ca: Bootstrap replayed 1/1 log segments. Stats: ops{read=2 overwritten=0 applied=2 ignored=0} inserts{seen=0 ignored=0} mutations{seen=0 ignored=0} orphaned_commits=0. Pending: 0 replicates
I20260630 12:25:35.111363 12440 tablet_bootstrap.cc:492] T a3acd49bb38d433b8c5804ed8402fb29 P 5bb032af5c8e493e9fca90ebf55404ca: Bootstrap complete.
I20260630 12:25:35.112799 12440 ts_tablet_manager.cc:1403] T a3acd49bb38d433b8c5804ed8402fb29 P 5bb032af5c8e493e9fca90ebf55404ca: Time spent bootstrapping tablet: real 0.033s	user 0.015s	sys 0.009s
I20260630 12:25:35.115926 12440 raft_consensus.cc:359] T a3acd49bb38d433b8c5804ed8402fb29 P 5bb032af5c8e493e9fca90ebf55404ca [term 1 LEARNER]: Replica starting. Triggering 0 pending ops. Active config: opid_index: 2 OBSOLETE_local: false peers { permanent_uuid: "8f13550d6eee488aa02d14fdf0176b0c" member_type: VOTER last_known_addr { host: "127.8.208.193" port: 46467 } attrs { replace: true } } peers { permanent_uuid: "b9d9fd3e266e4fc2b6bb8eda5f6e1355" member_type: VOTER last_known_addr { host: "127.8.208.194" port: 38621 } } peers { permanent_uuid: "1558b43210b74b3bb7abd4dcf999bac0" member_type: VOTER last_known_addr { host: "127.8.208.195" port: 35089 } } peers { permanent_uuid: "5bb032af5c8e493e9fca90ebf55404ca" member_type: NON_VOTER last_known_addr { host: "127.8.208.196" port: 41843 } attrs { promote: true } }
I20260630 12:25:35.117147 12440 raft_consensus.cc:740] T a3acd49bb38d433b8c5804ed8402fb29 P 5bb032af5c8e493e9fca90ebf55404ca [term 1 LEARNER]: Becoming Follower/Learner. State: Replica: 5bb032af5c8e493e9fca90ebf55404ca, State: Initialized, Role: LEARNER
I20260630 12:25:35.117760 12440 consensus_queue.cc:260] T a3acd49bb38d433b8c5804ed8402fb29 P 5bb032af5c8e493e9fca90ebf55404ca [NON_LEADER]: Queue going to NON_LEADER mode. State: All replicated index: 0, Majority replicated index: 0, Committed index: 2, Last appended: 1.2, Last appended by leader: 2, Current term: 0, Majority size: -1, State: 0, Mode: NON_LEADER, active raft config: opid_index: 2 OBSOLETE_local: false peers { permanent_uuid: "8f13550d6eee488aa02d14fdf0176b0c" member_type: VOTER last_known_addr { host: "127.8.208.193" port: 46467 } attrs { replace: true } } peers { permanent_uuid: "b9d9fd3e266e4fc2b6bb8eda5f6e1355" member_type: VOTER last_known_addr { host: "127.8.208.194" port: 38621 } } peers { permanent_uuid: "1558b43210b74b3bb7abd4dcf999bac0" member_type: VOTER last_known_addr { host: "127.8.208.195" port: 35089 } } peers { permanent_uuid: "5bb032af5c8e493e9fca90ebf55404ca" member_type: NON_VOTER last_known_addr { host: "127.8.208.196" port: 41843 } attrs { promote: true } }
I20260630 12:25:35.120077 12440 ts_tablet_manager.cc:1434] T a3acd49bb38d433b8c5804ed8402fb29 P 5bb032af5c8e493e9fca90ebf55404ca: Time spent starting tablet: real 0.007s	user 0.008s	sys 0.000s
I20260630 12:25:35.121801 12094 tablet_copy_service.cc:342] P b9d9fd3e266e4fc2b6bb8eda5f6e1355: Request end of tablet copy session 5bb032af5c8e493e9fca90ebf55404ca-a3acd49bb38d433b8c5804ed8402fb29 received from {username='slave'} at 127.0.0.1:33114
I20260630 12:25:35.122236 12094 tablet_copy_service.cc:434] P b9d9fd3e266e4fc2b6bb8eda5f6e1355: ending tablet copy session 5bb032af5c8e493e9fca90ebf55404ca-a3acd49bb38d433b8c5804ed8402fb29 on tablet a3acd49bb38d433b8c5804ed8402fb29 with peer 5bb032af5c8e493e9fca90ebf55404ca
I20260630 12:25:35.123214 12308 raft_consensus.cc:1275] T bcc81555e0724a1ead7721b1c5109d49 P 5bb032af5c8e493e9fca90ebf55404ca [term 2 FOLLOWER]: Refusing update from remote peer 1558b43210b74b3bb7abd4dcf999bac0: Log matching property violated. Preceding OpId in replica: term: 1 index: 1. Preceding OpId from leader: term: 2 index: 2. (index mismatch)
I20260630 12:25:35.124773 12207 consensus_queue.cc:1048] T bcc81555e0724a1ead7721b1c5109d49 P 1558b43210b74b3bb7abd4dcf999bac0 [LEADER]: Connected to new peer: Peer: permanent_uuid: "5bb032af5c8e493e9fca90ebf55404ca" member_type: VOTER last_known_addr { host: "127.8.208.196" port: 41843 }, Status: LMP_MISMATCH, Last received: 0.0, Next index: 2, Last known committed idx: 1, Time since last communication: 0.000s
I20260630 12:25:35.128191 12009 raft_consensus.cc:1275] T 1b21bf1d8a8a4a50baf579a23a5762f8 P 8f13550d6eee488aa02d14fdf0176b0c [term 2 FOLLOWER]: Refusing update from remote peer b9d9fd3e266e4fc2b6bb8eda5f6e1355: Log matching property violated. Preceding OpId in replica: term: 1 index: 1. Preceding OpId from leader: term: 2 index: 2. (index mismatch)
I20260630 12:25:35.129650 12246 consensus_queue.cc:1048] T 1b21bf1d8a8a4a50baf579a23a5762f8 P b9d9fd3e266e4fc2b6bb8eda5f6e1355 [LEADER]: Connected to new peer: Peer: permanent_uuid: "8f13550d6eee488aa02d14fdf0176b0c" member_type: VOTER last_known_addr { host: "127.8.208.193" port: 46467 }, Status: LMP_MISMATCH, Last received: 0.0, Next index: 2, Last known committed idx: 1, Time since last communication: 0.000s
I20260630 12:25:35.136580 12007 raft_consensus.cc:1275] T bcc81555e0724a1ead7721b1c5109d49 P 8f13550d6eee488aa02d14fdf0176b0c [term 2 FOLLOWER]: Refusing update from remote peer 1558b43210b74b3bb7abd4dcf999bac0: Log matching property violated. Preceding OpId in replica: term: 1 index: 1. Preceding OpId from leader: term: 2 index: 2. (index mismatch)
I20260630 12:25:35.138412 12237 consensus_queue.cc:1048] T bcc81555e0724a1ead7721b1c5109d49 P 1558b43210b74b3bb7abd4dcf999bac0 [LEADER]: Connected to new peer: Peer: permanent_uuid: "8f13550d6eee488aa02d14fdf0176b0c" member_type: VOTER last_known_addr { host: "127.8.208.193" port: 46467 }, Status: LMP_MISMATCH, Last received: 0.0, Next index: 2, Last known committed idx: 1, Time since last communication: 0.001s
I20260630 12:25:35.156231 12442 tablet_bootstrap.cc:492] T 37e988f70cd84a0cb19c1a6c0dd63704 P 5bb032af5c8e493e9fca90ebf55404ca: Bootstrap replayed 1/1 log segments. Stats: ops{read=2 overwritten=0 applied=2 ignored=0} inserts{seen=0 ignored=0} mutations{seen=0 ignored=0} orphaned_commits=0. Pending: 0 replicates
I20260630 12:25:35.157238 12442 tablet_bootstrap.cc:492] T 37e988f70cd84a0cb19c1a6c0dd63704 P 5bb032af5c8e493e9fca90ebf55404ca: Bootstrap complete.
I20260630 12:25:35.157893 12442 ts_tablet_manager.cc:1403] T 37e988f70cd84a0cb19c1a6c0dd63704 P 5bb032af5c8e493e9fca90ebf55404ca: Time spent bootstrapping tablet: real 0.051s	user 0.017s	sys 0.007s
I20260630 12:25:35.160677 12442 raft_consensus.cc:359] T 37e988f70cd84a0cb19c1a6c0dd63704 P 5bb032af5c8e493e9fca90ebf55404ca [term 1 LEARNER]: Replica starting. Triggering 0 pending ops. Active config: opid_index: 2 OBSOLETE_local: false peers { permanent_uuid: "b9d9fd3e266e4fc2b6bb8eda5f6e1355" member_type: VOTER last_known_addr { host: "127.8.208.194" port: 38621 } } peers { permanent_uuid: "8f13550d6eee488aa02d14fdf0176b0c" member_type: VOTER last_known_addr { host: "127.8.208.193" port: 46467 } } peers { permanent_uuid: "1558b43210b74b3bb7abd4dcf999bac0" member_type: VOTER last_known_addr { host: "127.8.208.195" port: 35089 } attrs { replace: true } } peers { permanent_uuid: "5bb032af5c8e493e9fca90ebf55404ca" member_type: NON_VOTER last_known_addr { host: "127.8.208.196" port: 41843 } attrs { promote: true } }
I20260630 12:25:35.165512 12442 raft_consensus.cc:740] T 37e988f70cd84a0cb19c1a6c0dd63704 P 5bb032af5c8e493e9fca90ebf55404ca [term 1 LEARNER]: Becoming Follower/Learner. State: Replica: 5bb032af5c8e493e9fca90ebf55404ca, State: Initialized, Role: LEARNER
I20260630 12:25:35.166152 12442 consensus_queue.cc:260] T 37e988f70cd84a0cb19c1a6c0dd63704 P 5bb032af5c8e493e9fca90ebf55404ca [NON_LEADER]: Queue going to NON_LEADER mode. State: All replicated index: 0, Majority replicated index: 0, Committed index: 2, Last appended: 1.2, Last appended by leader: 2, Current term: 0, Majority size: -1, State: 0, Mode: NON_LEADER, active raft config: opid_index: 2 OBSOLETE_local: false peers { permanent_uuid: "b9d9fd3e266e4fc2b6bb8eda5f6e1355" member_type: VOTER last_known_addr { host: "127.8.208.194" port: 38621 } } peers { permanent_uuid: "8f13550d6eee488aa02d14fdf0176b0c" member_type: VOTER last_known_addr { host: "127.8.208.193" port: 46467 } } peers { permanent_uuid: "1558b43210b74b3bb7abd4dcf999bac0" member_type: VOTER last_known_addr { host: "127.8.208.195" port: 35089 } attrs { replace: true } } peers { permanent_uuid: "5bb032af5c8e493e9fca90ebf55404ca" member_type: NON_VOTER last_known_addr { host: "127.8.208.196" port: 41843 } attrs { promote: true } }
I20260630 12:25:35.171774 12442 ts_tablet_manager.cc:1434] T 37e988f70cd84a0cb19c1a6c0dd63704 P 5bb032af5c8e493e9fca90ebf55404ca: Time spent starting tablet: real 0.014s	user 0.006s	sys 0.000s
I20260630 12:25:35.173424 12019 tablet_copy_service.cc:342] P 8f13550d6eee488aa02d14fdf0176b0c: Request end of tablet copy session 5bb032af5c8e493e9fca90ebf55404ca-37e988f70cd84a0cb19c1a6c0dd63704 received from {username='slave'} at 127.0.0.1:59180
I20260630 12:25:35.173846 12019 tablet_copy_service.cc:434] P 8f13550d6eee488aa02d14fdf0176b0c: ending tablet copy session 5bb032af5c8e493e9fca90ebf55404ca-37e988f70cd84a0cb19c1a6c0dd63704 on tablet 37e988f70cd84a0cb19c1a6c0dd63704 with peer 5bb032af5c8e493e9fca90ebf55404ca
I20260630 12:25:35.200306 12084 raft_consensus.cc:1275] T 4d615570b1c843bfb6e7aa8b284aca12 P b9d9fd3e266e4fc2b6bb8eda5f6e1355 [term 2 FOLLOWER]: Refusing update from remote peer 5bb032af5c8e493e9fca90ebf55404ca: Log matching property violated. Preceding OpId in replica: term: 1 index: 1. Preceding OpId from leader: term: 2 index: 2. (index mismatch)
I20260630 12:25:35.201485 12362 consensus_queue.cc:1048] T 4d615570b1c843bfb6e7aa8b284aca12 P 5bb032af5c8e493e9fca90ebf55404ca [LEADER]: Connected to new peer: Peer: permanent_uuid: "b9d9fd3e266e4fc2b6bb8eda5f6e1355" member_type: VOTER last_known_addr { host: "127.8.208.194" port: 38621 }, Status: LMP_MISMATCH, Last received: 0.0, Next index: 2, Last known committed idx: 1, Time since last communication: 0.000s
I20260630 12:25:35.215008 12009 raft_consensus.cc:1275] T 4d615570b1c843bfb6e7aa8b284aca12 P 8f13550d6eee488aa02d14fdf0176b0c [term 2 FOLLOWER]: Refusing update from remote peer 5bb032af5c8e493e9fca90ebf55404ca: Log matching property violated. Preceding OpId in replica: term: 1 index: 1. Preceding OpId from leader: term: 2 index: 2. (index mismatch)
I20260630 12:25:35.216727 12364 consensus_queue.cc:1048] T 4d615570b1c843bfb6e7aa8b284aca12 P 5bb032af5c8e493e9fca90ebf55404ca [LEADER]: Connected to new peer: Peer: permanent_uuid: "8f13550d6eee488aa02d14fdf0176b0c" member_type: VOTER last_known_addr { host: "127.8.208.193" port: 46467 }, Status: LMP_MISMATCH, Last received: 0.0, Next index: 2, Last known committed idx: 1, Time since last communication: 0.000s
I20260630 12:25:35.280696 12442 ts_tablet_manager.cc:933] T 6b2c717a3464416ca40d8f3f87835511 P 5bb032af5c8e493e9fca90ebf55404ca: Initiating tablet copy from peer 1558b43210b74b3bb7abd4dcf999bac0 (127.8.208.195:35089)
I20260630 12:25:35.282529 12442 tablet_copy_client.cc:323] T 6b2c717a3464416ca40d8f3f87835511 P 5bb032af5c8e493e9fca90ebf55404ca: tablet copy: Beginning tablet copy session from remote peer at address 127.8.208.195:35089
I20260630 12:25:35.283428 12009 raft_consensus.cc:1275] T 7ccca1306b1b4531987c14e539472bee P 8f13550d6eee488aa02d14fdf0176b0c [term 2 FOLLOWER]: Refusing update from remote peer b9d9fd3e266e4fc2b6bb8eda5f6e1355: Log matching property violated. Preceding OpId in replica: term: 1 index: 1. Preceding OpId from leader: term: 2 index: 2. (index mismatch)
I20260630 12:25:35.284242 12168 tablet_copy_service.cc:140] P 1558b43210b74b3bb7abd4dcf999bac0: Received BeginTabletCopySession request for tablet 6b2c717a3464416ca40d8f3f87835511 from peer 5bb032af5c8e493e9fca90ebf55404ca ({username='slave'} at 127.0.0.1:34816)
I20260630 12:25:35.284825 12168 tablet_copy_service.cc:161] P 1558b43210b74b3bb7abd4dcf999bac0: Beginning new tablet copy session on tablet 6b2c717a3464416ca40d8f3f87835511 from peer 5bb032af5c8e493e9fca90ebf55404ca at {username='slave'} at 127.0.0.1:34816: session id = 5bb032af5c8e493e9fca90ebf55404ca-6b2c717a3464416ca40d8f3f87835511
I20260630 12:25:35.284840 12246 consensus_queue.cc:1048] T 7ccca1306b1b4531987c14e539472bee P b9d9fd3e266e4fc2b6bb8eda5f6e1355 [LEADER]: Connected to new peer: Peer: permanent_uuid: "8f13550d6eee488aa02d14fdf0176b0c" member_type: VOTER last_known_addr { host: "127.8.208.193" port: 46467 }, Status: LMP_MISMATCH, Last received: 0.0, Next index: 2, Last known committed idx: 1, Time since last communication: 0.000s
I20260630 12:25:35.292439 12168 tablet_copy_source_session.cc:215] T 6b2c717a3464416ca40d8f3f87835511 P 1558b43210b74b3bb7abd4dcf999bac0: Tablet Copy: opened 0 blocks and 1 log segments
I20260630 12:25:35.295573 12442 data_dirs.cc:400] Could only allocate 1 dirs of requested 3 for tablet 6b2c717a3464416ca40d8f3f87835511. 1 dirs total, 0 dirs full, 0 dirs failed
I20260630 12:25:35.298194 12156 raft_consensus.cc:1275] T 7ccca1306b1b4531987c14e539472bee P 1558b43210b74b3bb7abd4dcf999bac0 [term 2 FOLLOWER]: Refusing update from remote peer b9d9fd3e266e4fc2b6bb8eda5f6e1355: Log matching property violated. Preceding OpId in replica: term: 1 index: 1. Preceding OpId from leader: term: 2 index: 2. (index mismatch)
I20260630 12:25:35.303599 12425 consensus_queue.cc:1048] T 7ccca1306b1b4531987c14e539472bee P b9d9fd3e266e4fc2b6bb8eda5f6e1355 [LEADER]: Connected to new peer: Peer: permanent_uuid: "1558b43210b74b3bb7abd4dcf999bac0" member_type: VOTER last_known_addr { host: "127.8.208.195" port: 35089 }, Status: LMP_MISMATCH, Last received: 0.0, Next index: 2, Last known committed idx: 1, Time since last communication: 0.000s
I20260630 12:25:35.316838 12442 tablet_copy_client.cc:806] T 6b2c717a3464416ca40d8f3f87835511 P 5bb032af5c8e493e9fca90ebf55404ca: tablet copy: Starting download of 0 data blocks...
I20260630 12:25:35.317392 12442 tablet_copy_client.cc:670] T 6b2c717a3464416ca40d8f3f87835511 P 5bb032af5c8e493e9fca90ebf55404ca: tablet copy: Starting download of 1 WAL segments...
I20260630 12:25:35.321630 12442 tablet_copy_client.cc:538] T 6b2c717a3464416ca40d8f3f87835511 P 5bb032af5c8e493e9fca90ebf55404ca: tablet copy: Tablet Copy complete. Replacing tablet superblock.
I20260630 12:25:35.329757 12442 tablet_bootstrap.cc:492] T 6b2c717a3464416ca40d8f3f87835511 P 5bb032af5c8e493e9fca90ebf55404ca: Bootstrap starting.
I20260630 12:25:35.348697 12442 tablet_bootstrap.cc:492] T 6b2c717a3464416ca40d8f3f87835511 P 5bb032af5c8e493e9fca90ebf55404ca: Bootstrap replayed 1/1 log segments. Stats: ops{read=2 overwritten=0 applied=2 ignored=0} inserts{seen=0 ignored=0} mutations{seen=0 ignored=0} orphaned_commits=0. Pending: 0 replicates
I20260630 12:25:35.349591 12442 tablet_bootstrap.cc:492] T 6b2c717a3464416ca40d8f3f87835511 P 5bb032af5c8e493e9fca90ebf55404ca: Bootstrap complete.
I20260630 12:25:35.350255 12442 ts_tablet_manager.cc:1403] T 6b2c717a3464416ca40d8f3f87835511 P 5bb032af5c8e493e9fca90ebf55404ca: Time spent bootstrapping tablet: real 0.021s	user 0.013s	sys 0.011s
I20260630 12:25:35.353475 12442 raft_consensus.cc:359] T 6b2c717a3464416ca40d8f3f87835511 P 5bb032af5c8e493e9fca90ebf55404ca [term 1 LEARNER]: Replica starting. Triggering 0 pending ops. Active config: opid_index: 2 OBSOLETE_local: false peers { permanent_uuid: "8f13550d6eee488aa02d14fdf0176b0c" member_type: VOTER last_known_addr { host: "127.8.208.193" port: 46467 } attrs { replace: true } } peers { permanent_uuid: "b9d9fd3e266e4fc2b6bb8eda5f6e1355" member_type: VOTER last_known_addr { host: "127.8.208.194" port: 38621 } } peers { permanent_uuid: "1558b43210b74b3bb7abd4dcf999bac0" member_type: VOTER last_known_addr { host: "127.8.208.195" port: 35089 } } peers { permanent_uuid: "5bb032af5c8e493e9fca90ebf55404ca" member_type: NON_VOTER last_known_addr { host: "127.8.208.196" port: 41843 } attrs { promote: true } }
I20260630 12:25:35.354358 12442 raft_consensus.cc:740] T 6b2c717a3464416ca40d8f3f87835511 P 5bb032af5c8e493e9fca90ebf55404ca [term 1 LEARNER]: Becoming Follower/Learner. State: Replica: 5bb032af5c8e493e9fca90ebf55404ca, State: Initialized, Role: LEARNER
I20260630 12:25:35.354975 12442 consensus_queue.cc:260] T 6b2c717a3464416ca40d8f3f87835511 P 5bb032af5c8e493e9fca90ebf55404ca [NON_LEADER]: Queue going to NON_LEADER mode. State: All replicated index: 0, Majority replicated index: 0, Committed index: 2, Last appended: 1.2, Last appended by leader: 2, Current term: 0, Majority size: -1, State: 0, Mode: NON_LEADER, active raft config: opid_index: 2 OBSOLETE_local: false peers { permanent_uuid: "8f13550d6eee488aa02d14fdf0176b0c" member_type: VOTER last_known_addr { host: "127.8.208.193" port: 46467 } attrs { replace: true } } peers { permanent_uuid: "b9d9fd3e266e4fc2b6bb8eda5f6e1355" member_type: VOTER last_known_addr { host: "127.8.208.194" port: 38621 } } peers { permanent_uuid: "1558b43210b74b3bb7abd4dcf999bac0" member_type: VOTER last_known_addr { host: "127.8.208.195" port: 35089 } } peers { permanent_uuid: "5bb032af5c8e493e9fca90ebf55404ca" member_type: NON_VOTER last_known_addr { host: "127.8.208.196" port: 41843 } attrs { promote: true } }
I20260630 12:25:35.357259 12442 ts_tablet_manager.cc:1434] T 6b2c717a3464416ca40d8f3f87835511 P 5bb032af5c8e493e9fca90ebf55404ca: Time spent starting tablet: real 0.007s	user 0.003s	sys 0.001s
I20260630 12:25:35.358987 12168 tablet_copy_service.cc:342] P 1558b43210b74b3bb7abd4dcf999bac0: Request end of tablet copy session 5bb032af5c8e493e9fca90ebf55404ca-6b2c717a3464416ca40d8f3f87835511 received from {username='slave'} at 127.0.0.1:34816
I20260630 12:25:35.359395 12168 tablet_copy_service.cc:434] P 1558b43210b74b3bb7abd4dcf999bac0: ending tablet copy session 5bb032af5c8e493e9fca90ebf55404ca-6b2c717a3464416ca40d8f3f87835511 on tablet 6b2c717a3464416ca40d8f3f87835511 with peer 5bb032af5c8e493e9fca90ebf55404ca
I20260630 12:25:35.446877 12308 raft_consensus.cc:1217] T 37e988f70cd84a0cb19c1a6c0dd63704 P 5bb032af5c8e493e9fca90ebf55404ca [term 1 LEARNER]: Deduplicated request from leader. Original: 1.1->[1.2-1.2]   Dedup: 1.2->[]
I20260630 12:25:35.608495 12308 raft_consensus.cc:1217] T a3acd49bb38d433b8c5804ed8402fb29 P 5bb032af5c8e493e9fca90ebf55404ca [term 1 LEARNER]: Deduplicated request from leader. Original: 1.1->[1.2-1.2]   Dedup: 1.2->[]
I20260630 12:25:35.767896 12308 raft_consensus.cc:1217] T 6b2c717a3464416ca40d8f3f87835511 P 5bb032af5c8e493e9fca90ebf55404ca [term 1 LEARNER]: Deduplicated request from leader. Original: 1.1->[1.2-1.2]   Dedup: 1.2->[]
I20260630 12:25:35.998162 12246 raft_consensus.cc:1064] T a3acd49bb38d433b8c5804ed8402fb29 P b9d9fd3e266e4fc2b6bb8eda5f6e1355: attempting to promote NON_VOTER 5bb032af5c8e493e9fca90ebf55404ca to VOTER
I20260630 12:25:35.998751 12404 raft_consensus.cc:1064] T 37e988f70cd84a0cb19c1a6c0dd63704 P 8f13550d6eee488aa02d14fdf0176b0c: attempting to promote NON_VOTER 5bb032af5c8e493e9fca90ebf55404ca to VOTER
I20260630 12:25:36.000651 12246 consensus_queue.cc:237] T a3acd49bb38d433b8c5804ed8402fb29 P b9d9fd3e266e4fc2b6bb8eda5f6e1355 [LEADER]: Queue going to LEADER mode. State: All replicated index: 0, Majority replicated index: 2, Committed index: 2, Last appended: 1.2, Last appended by leader: 0, Current term: 1, Majority size: 3, State: 0, Mode: LEADER, active raft config: opid_index: 3 OBSOLETE_local: false peers { permanent_uuid: "8f13550d6eee488aa02d14fdf0176b0c" member_type: VOTER last_known_addr { host: "127.8.208.193" port: 46467 } attrs { replace: true } } peers { permanent_uuid: "b9d9fd3e266e4fc2b6bb8eda5f6e1355" member_type: VOTER last_known_addr { host: "127.8.208.194" port: 38621 } } peers { permanent_uuid: "1558b43210b74b3bb7abd4dcf999bac0" member_type: VOTER last_known_addr { host: "127.8.208.195" port: 35089 } } peers { permanent_uuid: "5bb032af5c8e493e9fca90ebf55404ca" member_type: VOTER last_known_addr { host: "127.8.208.196" port: 41843 } attrs { promote: false } }
I20260630 12:25:36.001051 12404 consensus_queue.cc:237] T 37e988f70cd84a0cb19c1a6c0dd63704 P 8f13550d6eee488aa02d14fdf0176b0c [LEADER]: Queue going to LEADER mode. State: All replicated index: 0, Majority replicated index: 2, Committed index: 2, Last appended: 1.2, Last appended by leader: 0, Current term: 1, Majority size: 3, State: 0, Mode: LEADER, active raft config: opid_index: 3 OBSOLETE_local: false peers { permanent_uuid: "b9d9fd3e266e4fc2b6bb8eda5f6e1355" member_type: VOTER last_known_addr { host: "127.8.208.194" port: 38621 } } peers { permanent_uuid: "8f13550d6eee488aa02d14fdf0176b0c" member_type: VOTER last_known_addr { host: "127.8.208.193" port: 46467 } } peers { permanent_uuid: "1558b43210b74b3bb7abd4dcf999bac0" member_type: VOTER last_known_addr { host: "127.8.208.195" port: 35089 } attrs { replace: true } } peers { permanent_uuid: "5bb032af5c8e493e9fca90ebf55404ca" member_type: VOTER last_known_addr { host: "127.8.208.196" port: 41843 } attrs { promote: false } }
I20260630 12:25:36.009352 12308 raft_consensus.cc:1275] T 37e988f70cd84a0cb19c1a6c0dd63704 P 5bb032af5c8e493e9fca90ebf55404ca [term 1 LEARNER]: Refusing update from remote peer 8f13550d6eee488aa02d14fdf0176b0c: Log matching property violated. Preceding OpId in replica: term: 1 index: 2. Preceding OpId from leader: term: 1 index: 3. (index mismatch)
I20260630 12:25:36.010471 12156 raft_consensus.cc:1275] T 37e988f70cd84a0cb19c1a6c0dd63704 P 1558b43210b74b3bb7abd4dcf999bac0 [term 1 FOLLOWER]: Refusing update from remote peer 8f13550d6eee488aa02d14fdf0176b0c: Log matching property violated. Preceding OpId in replica: term: 1 index: 2. Preceding OpId from leader: term: 1 index: 3. (index mismatch)
I20260630 12:25:36.012475 12083 raft_consensus.cc:1275] T 37e988f70cd84a0cb19c1a6c0dd63704 P b9d9fd3e266e4fc2b6bb8eda5f6e1355 [term 1 FOLLOWER]: Refusing update from remote peer 8f13550d6eee488aa02d14fdf0176b0c: Log matching property violated. Preceding OpId in replica: term: 1 index: 2. Preceding OpId from leader: term: 1 index: 3. (index mismatch)
I20260630 12:25:36.014460 12454 consensus_queue.cc:1048] T 37e988f70cd84a0cb19c1a6c0dd63704 P 8f13550d6eee488aa02d14fdf0176b0c [LEADER]: Connected to new peer: Peer: permanent_uuid: "5bb032af5c8e493e9fca90ebf55404ca" member_type: VOTER last_known_addr { host: "127.8.208.196" port: 41843 } attrs { promote: false }, Status: LMP_MISMATCH, Last received: 0.0, Next index: 3, Last known committed idx: 2, Time since last communication: 0.001s
I20260630 12:25:36.015475 12009 raft_consensus.cc:1275] T a3acd49bb38d433b8c5804ed8402fb29 P 8f13550d6eee488aa02d14fdf0176b0c [term 1 FOLLOWER]: Refusing update from remote peer b9d9fd3e266e4fc2b6bb8eda5f6e1355: Log matching property violated. Preceding OpId in replica: term: 1 index: 2. Preceding OpId from leader: term: 1 index: 3. (index mismatch)
I20260630 12:25:36.016913 12454 consensus_queue.cc:1048] T 37e988f70cd84a0cb19c1a6c0dd63704 P 8f13550d6eee488aa02d14fdf0176b0c [LEADER]: Connected to new peer: Peer: permanent_uuid: "b9d9fd3e266e4fc2b6bb8eda5f6e1355" member_type: VOTER last_known_addr { host: "127.8.208.194" port: 38621 }, Status: LMP_MISMATCH, Last received: 0.0, Next index: 3, Last known committed idx: 2, Time since last communication: 0.001s
I20260630 12:25:36.018914 12426 consensus_queue.cc:1048] T a3acd49bb38d433b8c5804ed8402fb29 P b9d9fd3e266e4fc2b6bb8eda5f6e1355 [LEADER]: Connected to new peer: Peer: permanent_uuid: "8f13550d6eee488aa02d14fdf0176b0c" member_type: VOTER last_known_addr { host: "127.8.208.193" port: 46467 } attrs { replace: true }, Status: LMP_MISMATCH, Last received: 0.0, Next index: 3, Last known committed idx: 2, Time since last communication: 0.000s
I20260630 12:25:36.019888 12454 consensus_queue.cc:1048] T 37e988f70cd84a0cb19c1a6c0dd63704 P 8f13550d6eee488aa02d14fdf0176b0c [LEADER]: Connected to new peer: Peer: permanent_uuid: "1558b43210b74b3bb7abd4dcf999bac0" member_type: VOTER last_known_addr { host: "127.8.208.195" port: 35089 } attrs { replace: true }, Status: LMP_MISMATCH, Last received: 0.0, Next index: 3, Last known committed idx: 2, Time since last communication: 0.000s
I20260630 12:25:36.028781 12156 raft_consensus.cc:1275] T a3acd49bb38d433b8c5804ed8402fb29 P 1558b43210b74b3bb7abd4dcf999bac0 [term 1 FOLLOWER]: Refusing update from remote peer b9d9fd3e266e4fc2b6bb8eda5f6e1355: Log matching property violated. Preceding OpId in replica: term: 1 index: 2. Preceding OpId from leader: term: 1 index: 3. (index mismatch)
I20260630 12:25:36.030983 12308 raft_consensus.cc:1275] T a3acd49bb38d433b8c5804ed8402fb29 P 5bb032af5c8e493e9fca90ebf55404ca [term 1 LEARNER]: Refusing update from remote peer b9d9fd3e266e4fc2b6bb8eda5f6e1355: Log matching property violated. Preceding OpId in replica: term: 1 index: 2. Preceding OpId from leader: term: 1 index: 3. (index mismatch)
I20260630 12:25:36.032645 12425 consensus_queue.cc:1048] T a3acd49bb38d433b8c5804ed8402fb29 P b9d9fd3e266e4fc2b6bb8eda5f6e1355 [LEADER]: Connected to new peer: Peer: permanent_uuid: "1558b43210b74b3bb7abd4dcf999bac0" member_type: VOTER last_known_addr { host: "127.8.208.195" port: 35089 }, Status: LMP_MISMATCH, Last received: 0.0, Next index: 3, Last known committed idx: 2, Time since last communication: 0.000s
I20260630 12:25:36.034472 12425 consensus_queue.cc:1048] T a3acd49bb38d433b8c5804ed8402fb29 P b9d9fd3e266e4fc2b6bb8eda5f6e1355 [LEADER]: Connected to new peer: Peer: permanent_uuid: "5bb032af5c8e493e9fca90ebf55404ca" member_type: VOTER last_known_addr { host: "127.8.208.196" port: 41843 } attrs { promote: false }, Status: LMP_MISMATCH, Last received: 0.0, Next index: 3, Last known committed idx: 2, Time since last communication: 0.000s
W20260630 12:25:36.064097 11974 outbound_call.cc:321] RPC callback for RPC call kudu.consensus.ConsensusService.UpdateConsensus -> {remote=127.8.208.195:35089, user_credentials={real_user=slave}} blocked reactor thread for 47523.8us
I20260630 12:25:36.067396 12426 raft_consensus.cc:2955] T a3acd49bb38d433b8c5804ed8402fb29 P b9d9fd3e266e4fc2b6bb8eda5f6e1355 [term 1 LEADER]: Committing config change with OpId 1.3: config changed from index 2 to 3, 5bb032af5c8e493e9fca90ebf55404ca (127.8.208.196) changed from NON_VOTER to VOTER. New config: { opid_index: 3 OBSOLETE_local: false peers { permanent_uuid: "8f13550d6eee488aa02d14fdf0176b0c" member_type: VOTER last_known_addr { host: "127.8.208.193" port: 46467 } attrs { replace: true } } peers { permanent_uuid: "b9d9fd3e266e4fc2b6bb8eda5f6e1355" member_type: VOTER last_known_addr { host: "127.8.208.194" port: 38621 } } peers { permanent_uuid: "1558b43210b74b3bb7abd4dcf999bac0" member_type: VOTER last_known_addr { host: "127.8.208.195" port: 35089 } } peers { permanent_uuid: "5bb032af5c8e493e9fca90ebf55404ca" member_type: VOTER last_known_addr { host: "127.8.208.196" port: 41843 } attrs { promote: false } } }
I20260630 12:25:36.070168 12404 raft_consensus.cc:2955] T 37e988f70cd84a0cb19c1a6c0dd63704 P 8f13550d6eee488aa02d14fdf0176b0c [term 1 LEADER]: Committing config change with OpId 1.3: config changed from index 2 to 3, 5bb032af5c8e493e9fca90ebf55404ca (127.8.208.196) changed from NON_VOTER to VOTER. New config: { opid_index: 3 OBSOLETE_local: false peers { permanent_uuid: "b9d9fd3e266e4fc2b6bb8eda5f6e1355" member_type: VOTER last_known_addr { host: "127.8.208.194" port: 38621 } } peers { permanent_uuid: "8f13550d6eee488aa02d14fdf0176b0c" member_type: VOTER last_known_addr { host: "127.8.208.193" port: 46467 } } peers { permanent_uuid: "1558b43210b74b3bb7abd4dcf999bac0" member_type: VOTER last_known_addr { host: "127.8.208.195" port: 35089 } attrs { replace: true } } peers { permanent_uuid: "5bb032af5c8e493e9fca90ebf55404ca" member_type: VOTER last_known_addr { host: "127.8.208.196" port: 41843 } attrs { promote: false } } }
I20260630 12:25:36.071872 12084 raft_consensus.cc:2955] T 37e988f70cd84a0cb19c1a6c0dd63704 P b9d9fd3e266e4fc2b6bb8eda5f6e1355 [term 1 FOLLOWER]: Committing config change with OpId 1.3: config changed from index 2 to 3, 5bb032af5c8e493e9fca90ebf55404ca (127.8.208.196) changed from NON_VOTER to VOTER. New config: { opid_index: 3 OBSOLETE_local: false peers { permanent_uuid: "b9d9fd3e266e4fc2b6bb8eda5f6e1355" member_type: VOTER last_known_addr { host: "127.8.208.194" port: 38621 } } peers { permanent_uuid: "8f13550d6eee488aa02d14fdf0176b0c" member_type: VOTER last_known_addr { host: "127.8.208.193" port: 46467 } } peers { permanent_uuid: "1558b43210b74b3bb7abd4dcf999bac0" member_type: VOTER last_known_addr { host: "127.8.208.195" port: 35089 } attrs { replace: true } } peers { permanent_uuid: "5bb032af5c8e493e9fca90ebf55404ca" member_type: VOTER last_known_addr { host: "127.8.208.196" port: 41843 } attrs { promote: false } } }
