I20260630 12:24:20.565551  9027 hybrid_clock.cc:584] initializing the hybrid clock with 'system_unsync' time source
W20260630 12:24:20.565881  9027 system_unsync_time.cc:38] NTP support is disabled. Clock error bounds will not be accurate. This configuration is not suitable for distributed clusters.
I20260630 12:24:20.566181  9027 hybrid_clock.cc:648] HybridClock initialized: now 1782822260566158 us; error 0 us; skew 500 ppm
I20260630 12:24:20.566864  9027 server_base.cc:861] Flag tcmalloc_max_total_thread_cache_bytes is not working since tcmalloc is not enabled.
I20260630 12:24:20.574625  9912 consensus_queue.cc:1048] T fc6a4b749950428e84cb94607829a7f4 P 5043b1c406d3454d89245eeb021de1d4 [LEADER]: Connected to new peer: Peer: permanent_uuid: "afdfdae5bf0e4667bf54e16b0e36b181" member_type: VOTER last_known_addr { host: "127.8.208.194" port: 42553 }, Status: LMP_MISMATCH, Last received: 0.0, Next index: 1, Last known committed idx: 0, Time since last communication: 0.000s
I20260630 12:24:20.575589  9894 consensus_queue.cc:1048] T e6b7fb4c4bea488c824ce30c1a1ca7e1 P 5043b1c406d3454d89245eeb021de1d4 [LEADER]: Connected to new peer: Peer: permanent_uuid: "2bddcb8420084482b296ed9ed0b2d86b" member_type: VOTER last_known_addr { host: "127.8.208.195" port: 37479 }, Status: LMP_MISMATCH, Last received: 0.0, Next index: 1, Last known committed idx: 0, Time since last communication: 0.000s
I20260630 12:24:20.579119  9027 webserver.cc:533] Webserver started at http://127.8.208.196:44511/ using document root <none> and password file <none>
I20260630 12:24:20.579739  9027 fs_manager.cc:362] Metadata directory not provided
I20260630 12:24:20.579994  9027 fs_manager.cc:368] Using write-ahead log directory (fs_wal_dir) as metadata directory
I20260630 12:24:20.580296  9027 server_base.cc:909] This appears to be a new deployment of Kudu; creating new FS layout
I20260630 12:24:20.581812  9027 fs_manager.cc:1068] Generated new instance metadata in path /tmp/dist-test-taskqflBt3/test-tmp/auto_rebalancer-test.0.AutoRebalancerTest.AutoRebalancingTurnOffAndOn.1782822250431239-9027-0/minicluster-data/ts-3-root/instance:
uuid: "ac217d4b51be48f18f512a404230e584"
format_stamp: "Formatted at 2026-06-30 12:24:20 on dist-test-slave-2cvz"
I20260630 12:24:20.593269  9910 consensus_queue.cc:1048] T e6b7fb4c4bea488c824ce30c1a1ca7e1 P 5043b1c406d3454d89245eeb021de1d4 [LEADER]: Connected to new peer: Peer: permanent_uuid: "afdfdae5bf0e4667bf54e16b0e36b181" member_type: VOTER last_known_addr { host: "127.8.208.194" port: 42553 }, Status: LMP_MISMATCH, Last received: 0.0, Next index: 1, Last known committed idx: 0, Time since last communication: 0.001s
I20260630 12:24:20.595149  9027 fs_manager.cc:696] Time spent creating directory manager: real 0.013s	user 0.004s	sys 0.002s
I20260630 12:24:20.603371  9960 log_block_manager.cc:4031] Time spent loading block containers with low live blocks: real 0.000s	user 0.000s	sys 0.000s
I20260630 12:24:20.648880  9027 fs_manager.cc:730] Time spent opening block manager: real 0.050s	user 0.003s	sys 0.001s
I20260630 12:24:20.649933  9027 fs_manager.cc:647] Opened local filesystem: /tmp/dist-test-taskqflBt3/test-tmp/auto_rebalancer-test.0.AutoRebalancerTest.AutoRebalancingTurnOffAndOn.1782822250431239-9027-0/minicluster-data/ts-3-root
uuid: "ac217d4b51be48f18f512a404230e584"
format_stamp: "Formatted at 2026-06-30 12:24:20 on dist-test-slave-2cvz"
I20260630 12:24:20.650722  9027 fs_report.cc:389] FS layout report
--------------------
wal directory: /tmp/dist-test-taskqflBt3/test-tmp/auto_rebalancer-test.0.AutoRebalancerTest.AutoRebalancingTurnOffAndOn.1782822250431239-9027-0/minicluster-data/ts-3-root
metadata directory: /tmp/dist-test-taskqflBt3/test-tmp/auto_rebalancer-test.0.AutoRebalancerTest.AutoRebalancingTurnOffAndOn.1782822250431239-9027-0/minicluster-data/ts-3-root
1 data directories: /tmp/dist-test-taskqflBt3/test-tmp/auto_rebalancer-test.0.AutoRebalancerTest.AutoRebalancingTurnOffAndOn.1782822250431239-9027-0/minicluster-data/ts-3-root/data
Total live blocks: 0
Total live bytes: 0
Total live bytes (after alignment): 0
Total number of LBM containers: 0 (0 full)
Did not check for missing blocks
Did not check for orphaned blocks
Total full LBM containers with extra space: 0 (0 repaired)
Total full LBM container extra space in bytes: 0 (0 repaired)
Total incomplete LBM containers: 0 (0 repaired)
Total LBM partial records: 0 (0 repaired)
Total corrupted LBM metadata records in RocksDB: 0 (0 repaired)
I20260630 12:24:20.664170  9894 consensus_queue.cc:1048] T 60ff9d8b4c8d4e018b40da3994a16c0a P 5043b1c406d3454d89245eeb021de1d4 [LEADER]: Connected to new peer: Peer: permanent_uuid: "2bddcb8420084482b296ed9ed0b2d86b" member_type: VOTER last_known_addr { host: "127.8.208.195" port: 37479 }, Status: LMP_MISMATCH, Last received: 0.0, Next index: 1, Last known committed idx: 0, Time since last communication: 0.001s
I20260630 12:24:20.665704  9027 rpc_server.cc:225] running with OpenSSL 1.1.1  11 Sep 2018
I20260630 12:24:20.667412  9027 kserver.cc:163] Server-wide thread pool size limit: 3276
I20260630 12:24:20.670451  9027 txn_system_client.cc:432] TxnSystemClient initialization is disabled...
I20260630 12:24:20.685451  9027 ts_tablet_manager.cc:585] Loaded tablet metadata (0 total tablets, 0 live tablets)
I20260630 12:24:20.685199  9912 consensus_queue.cc:1048] T 60ff9d8b4c8d4e018b40da3994a16c0a P 5043b1c406d3454d89245eeb021de1d4 [LEADER]: Connected to new peer: Peer: permanent_uuid: "afdfdae5bf0e4667bf54e16b0e36b181" member_type: VOTER last_known_addr { host: "127.8.208.194" port: 42553 }, Status: LMP_MISMATCH, Last received: 0.0, Next index: 1, Last known committed idx: 0, Time since last communication: 0.001s
I20260630 12:24:20.685820  9027 ts_tablet_manager.cc:531] Time spent load tablet metadata: real 0.000s	user 0.000s	sys 0.000s
I20260630 12:24:20.686357  9027 ts_tablet_manager.cc:616] Registered 0 tablets
I20260630 12:24:20.686637  9027 ts_tablet_manager.cc:595] Time spent register tablets: real 0.000s	user 0.000s	sys 0.000s
I20260630 12:24:20.723968  9893 consensus_queue.cc:1048] T 018cdd758b1048438feda0eb12493165 P afdfdae5bf0e4667bf54e16b0e36b181 [LEADER]: Connected to new peer: Peer: permanent_uuid: "2bddcb8420084482b296ed9ed0b2d86b" member_type: VOTER last_known_addr { host: "127.8.208.195" port: 37479 }, Status: LMP_MISMATCH, Last received: 0.0, Next index: 1, Last known committed idx: 0, Time since last communication: 0.001s
I20260630 12:24:20.742702  9931 consensus_queue.cc:1048] T 018cdd758b1048438feda0eb12493165 P afdfdae5bf0e4667bf54e16b0e36b181 [LEADER]: Connected to new peer: Peer: permanent_uuid: "5043b1c406d3454d89245eeb021de1d4" member_type: VOTER last_known_addr { host: "127.8.208.193" port: 33363 }, Status: LMP_MISMATCH, Last received: 0.0, Next index: 1, Last known committed idx: 0, Time since last communication: 0.001s
I20260630 12:24:20.770865  9027 rpc_server.cc:307] RPC server started. Bound to: 127.8.208.196:36305
I20260630 12:24:20.771036 10027 acceptor_pool.cc:272] collecting diagnostics on the listening RPC socket 127.8.208.196:36305 every 8 connection(s)
I20260630 12:24:20.786311 10028 heartbeater.cc:344] Connected to a master server at 127.8.208.254:34237
I20260630 12:24:20.786646 10028 heartbeater.cc:461] Registering TS with master...
I20260630 12:24:20.787303 10028 heartbeater.cc:507] Master 127.8.208.254:34237 requested a full tablet report, sending...
I20260630 12:24:20.789152  9592 ts_manager.cc:194] Registered new tserver with Master: ac217d4b51be48f18f512a404230e584 (127.8.208.196:36305)
I20260630 12:24:20.790815  9592 master_service.cc:502] Signed X509 certificate for tserver {username='slave'} at 127.0.0.1:39568
I20260630 12:24:20.875417  9922 consensus_queue.cc:1048] T 55a3baa974e14a5c875d23e02d979bd2 P afdfdae5bf0e4667bf54e16b0e36b181 [LEADER]: Connected to new peer: Peer: permanent_uuid: "5043b1c406d3454d89245eeb021de1d4" member_type: VOTER last_known_addr { host: "127.8.208.193" port: 33363 }, Status: LMP_MISMATCH, Last received: 0.0, Next index: 1, Last known committed idx: 0, Time since last communication: 0.001s
I20260630 12:24:20.877679  9931 consensus_queue.cc:1048] T 55a3baa974e14a5c875d23e02d979bd2 P afdfdae5bf0e4667bf54e16b0e36b181 [LEADER]: Connected to new peer: Peer: permanent_uuid: "2bddcb8420084482b296ed9ed0b2d86b" member_type: VOTER last_known_addr { host: "127.8.208.195" port: 37479 }, Status: LMP_MISMATCH, Last received: 0.0, Next index: 1, Last known committed idx: 0, Time since last communication: 0.000s
I20260630 12:24:20.880366  9931 consensus_queue.cc:1048] T 057f8dd620724c979b5c0a8dcbbe608e P afdfdae5bf0e4667bf54e16b0e36b181 [LEADER]: Connected to new peer: Peer: permanent_uuid: "5043b1c406d3454d89245eeb021de1d4" member_type: VOTER last_known_addr { host: "127.8.208.193" port: 33363 }, Status: LMP_MISMATCH, Last received: 0.0, Next index: 1, Last known committed idx: 0, Time since last communication: 0.001s
I20260630 12:24:20.904819  9893 consensus_queue.cc:1048] T 057f8dd620724c979b5c0a8dcbbe608e P afdfdae5bf0e4667bf54e16b0e36b181 [LEADER]: Connected to new peer: Peer: permanent_uuid: "2bddcb8420084482b296ed9ed0b2d86b" member_type: VOTER last_known_addr { host: "127.8.208.195" port: 37479 }, Status: LMP_MISMATCH, Last received: 0.0, Next index: 1, Last known committed idx: 0, Time since last communication: 0.000s
I20260630 12:24:20.979805  9893 consensus_queue.cc:1048] T 8539e63f2f084a4ebb4aa2f534a75696 P afdfdae5bf0e4667bf54e16b0e36b181 [LEADER]: Connected to new peer: Peer: permanent_uuid: "5043b1c406d3454d89245eeb021de1d4" member_type: VOTER last_known_addr { host: "127.8.208.193" port: 33363 }, Status: LMP_MISMATCH, Last received: 0.0, Next index: 1, Last known committed idx: 0, Time since last communication: 0.000s
I20260630 12:24:20.991853  9893 consensus_queue.cc:1048] T 8539e63f2f084a4ebb4aa2f534a75696 P afdfdae5bf0e4667bf54e16b0e36b181 [LEADER]: Connected to new peer: Peer: permanent_uuid: "2bddcb8420084482b296ed9ed0b2d86b" member_type: VOTER last_known_addr { host: "127.8.208.195" port: 37479 }, Status: LMP_MISMATCH, Last received: 0.0, Next index: 1, Last known committed idx: 0, Time since last communication: 0.000s
I20260630 12:24:21.793118 10028 heartbeater.cc:499] Master 127.8.208.254:34237 was elected leader, sending a full tablet report...
I20260630 12:24:22.217089  9645 auto_leader_rebalancer.cc:141] leader rebalance for table test-workload
I20260630 12:24:22.233498  9769 tablet_service.cc:2072] Received LeaderStepDown RPC: tablet_id: "057f8dd620724c979b5c0a8dcbbe608e"
dest_uuid: "afdfdae5bf0e4667bf54e16b0e36b181"
mode: GRACEFUL
new_leader_uuid: "2bddcb8420084482b296ed9ed0b2d86b"
 from {username='slave'} at 127.0.0.1:46576
I20260630 12:24:22.234272  9769 raft_consensus.cc:606] T 057f8dd620724c979b5c0a8dcbbe608e P afdfdae5bf0e4667bf54e16b0e36b181 [term 1 LEADER]: Received request to transfer leadership to TS 2bddcb8420084482b296ed9ed0b2d86b
I20260630 12:24:22.236868  9769 tablet_service.cc:2072] Received LeaderStepDown RPC: tablet_id: "55a3baa974e14a5c875d23e02d979bd2"
dest_uuid: "afdfdae5bf0e4667bf54e16b0e36b181"
mode: GRACEFUL
new_leader_uuid: "2bddcb8420084482b296ed9ed0b2d86b"
 from {username='slave'} at 127.0.0.1:46576
I20260630 12:24:22.237376  9769 raft_consensus.cc:606] T 55a3baa974e14a5c875d23e02d979bd2 P afdfdae5bf0e4667bf54e16b0e36b181 [term 1 LEADER]: Received request to transfer leadership to TS 2bddcb8420084482b296ed9ed0b2d86b
I20260630 12:24:22.238518  9645 auto_leader_rebalancer.cc:440] table: test-workload, leader rebalance finish, leader transfer count: 2
I20260630 12:24:22.239010  9645 auto_leader_rebalancer.cc:515] All tables' leader rebalancing finished this round
I20260630 12:24:22.490291  9893 raft_consensus.cc:993] T 55a3baa974e14a5c875d23e02d979bd2 P afdfdae5bf0e4667bf54e16b0e36b181: : Instructing follower 2bddcb8420084482b296ed9ed0b2d86b to start an election
I20260630 12:24:22.491561 10043 raft_consensus.cc:1081] T 55a3baa974e14a5c875d23e02d979bd2 P afdfdae5bf0e4667bf54e16b0e36b181 [term 1 LEADER]: Signalling peer 2bddcb8420084482b296ed9ed0b2d86b to start an election
I20260630 12:24:22.493515  9843 tablet_service.cc:2044] Received Run Leader Election RPC: tablet_id: "55a3baa974e14a5c875d23e02d979bd2"
dest_uuid: "2bddcb8420084482b296ed9ed0b2d86b"
 from {username='slave'} at 127.0.0.1:38418
I20260630 12:24:22.494184  9843 raft_consensus.cc:493] T 55a3baa974e14a5c875d23e02d979bd2 P 2bddcb8420084482b296ed9ed0b2d86b [term 1 FOLLOWER]: Starting forced leader election (received explicit request)
I20260630 12:24:22.494490  9843 raft_consensus.cc:3060] T 55a3baa974e14a5c875d23e02d979bd2 P 2bddcb8420084482b296ed9ed0b2d86b [term 1 FOLLOWER]: Advancing to term 2
I20260630 12:24:22.499221  9843 raft_consensus.cc:515] T 55a3baa974e14a5c875d23e02d979bd2 P 2bddcb8420084482b296ed9ed0b2d86b [term 2 FOLLOWER]: Starting forced leader election with config: opid_index: -1 OBSOLETE_local: false peers { permanent_uuid: "5043b1c406d3454d89245eeb021de1d4" member_type: VOTER last_known_addr { host: "127.8.208.193" port: 33363 } } peers { permanent_uuid: "afdfdae5bf0e4667bf54e16b0e36b181" member_type: VOTER last_known_addr { host: "127.8.208.194" port: 42553 } } peers { permanent_uuid: "2bddcb8420084482b296ed9ed0b2d86b" member_type: VOTER last_known_addr { host: "127.8.208.195" port: 37479 } }
I20260630 12:24:22.500757  9843 leader_election.cc:290] T 55a3baa974e14a5c875d23e02d979bd2 P 2bddcb8420084482b296ed9ed0b2d86b [CANDIDATE]: Term 2 election: Requested vote from peers 5043b1c406d3454d89245eeb021de1d4 (127.8.208.193:33363), afdfdae5bf0e4667bf54e16b0e36b181 (127.8.208.194:42553)
I20260630 12:24:22.501794  9694 tablet_service.cc:1917] Received RequestConsensusVote() RPC: tablet_id: "55a3baa974e14a5c875d23e02d979bd2" candidate_uuid: "2bddcb8420084482b296ed9ed0b2d86b" candidate_term: 2 candidate_status { last_received { term: 1 index: 1 } } ignore_live_leader: true dest_uuid: "5043b1c406d3454d89245eeb021de1d4"
I20260630 12:24:22.502038  9769 tablet_service.cc:1917] Received RequestConsensusVote() RPC: tablet_id: "55a3baa974e14a5c875d23e02d979bd2" candidate_uuid: "2bddcb8420084482b296ed9ed0b2d86b" candidate_term: 2 candidate_status { last_received { term: 1 index: 1 } } ignore_live_leader: true dest_uuid: "afdfdae5bf0e4667bf54e16b0e36b181"
I20260630 12:24:22.502496  9694 raft_consensus.cc:3060] T 55a3baa974e14a5c875d23e02d979bd2 P 5043b1c406d3454d89245eeb021de1d4 [term 1 FOLLOWER]: Advancing to term 2
I20260630 12:24:22.502591  9769 raft_consensus.cc:3055] T 55a3baa974e14a5c875d23e02d979bd2 P afdfdae5bf0e4667bf54e16b0e36b181 [term 1 LEADER]: Stepping down as leader of term 1
I20260630 12:24:22.502959  9769 raft_consensus.cc:740] T 55a3baa974e14a5c875d23e02d979bd2 P afdfdae5bf0e4667bf54e16b0e36b181 [term 1 LEADER]: Becoming Follower/Learner. State: Replica: afdfdae5bf0e4667bf54e16b0e36b181, State: Running, Role: LEADER
I20260630 12:24:22.503878  9769 consensus_queue.cc:260] T 55a3baa974e14a5c875d23e02d979bd2 P afdfdae5bf0e4667bf54e16b0e36b181 [NON_LEADER]: Queue going to NON_LEADER mode. State: All replicated index: 0, Majority replicated index: 1, Committed index: 1, Last appended: 1.1, Last appended by leader: 1, Current term: 1, Majority size: -1, State: 0, Mode: NON_LEADER, active raft config: opid_index: -1 OBSOLETE_local: false peers { permanent_uuid: "5043b1c406d3454d89245eeb021de1d4" member_type: VOTER last_known_addr { host: "127.8.208.193" port: 33363 } } peers { permanent_uuid: "afdfdae5bf0e4667bf54e16b0e36b181" member_type: VOTER last_known_addr { host: "127.8.208.194" port: 42553 } } peers { permanent_uuid: "2bddcb8420084482b296ed9ed0b2d86b" member_type: VOTER last_known_addr { host: "127.8.208.195" port: 37479 } }
I20260630 12:24:22.505124  9769 raft_consensus.cc:3060] T 55a3baa974e14a5c875d23e02d979bd2 P afdfdae5bf0e4667bf54e16b0e36b181 [term 1 FOLLOWER]: Advancing to term 2
I20260630 12:24:22.509476  9694 raft_consensus.cc:2468] T 55a3baa974e14a5c875d23e02d979bd2 P 5043b1c406d3454d89245eeb021de1d4 [term 2 FOLLOWER]: Leader election vote request: Granting yes vote for candidate 2bddcb8420084482b296ed9ed0b2d86b in term 2.
I20260630 12:24:22.510844  9807 leader_election.cc:304] T 55a3baa974e14a5c875d23e02d979bd2 P 2bddcb8420084482b296ed9ed0b2d86b [CANDIDATE]: Term 2 election: Election decided. Result: candidate won. Election summary: received 2 responses out of 3 voters: 2 yes votes; 0 no votes. yes voters: 2bddcb8420084482b296ed9ed0b2d86b, 5043b1c406d3454d89245eeb021de1d4; no voters: 
I20260630 12:24:22.511757  9769 raft_consensus.cc:2468] T 55a3baa974e14a5c875d23e02d979bd2 P afdfdae5bf0e4667bf54e16b0e36b181 [term 2 FOLLOWER]: Leader election vote request: Granting yes vote for candidate 2bddcb8420084482b296ed9ed0b2d86b in term 2.
I20260630 12:24:22.512673 10045 raft_consensus.cc:2804] T 55a3baa974e14a5c875d23e02d979bd2 P 2bddcb8420084482b296ed9ed0b2d86b [term 2 FOLLOWER]: Leader election won for term 2
I20260630 12:24:22.513767 10045 raft_consensus.cc:697] T 55a3baa974e14a5c875d23e02d979bd2 P 2bddcb8420084482b296ed9ed0b2d86b [term 2 LEADER]: Becoming Leader. State: Replica: 2bddcb8420084482b296ed9ed0b2d86b, State: Running, Role: LEADER
I20260630 12:24:22.514457 10045 consensus_queue.cc:237] T 55a3baa974e14a5c875d23e02d979bd2 P 2bddcb8420084482b296ed9ed0b2d86b [LEADER]: Queue going to LEADER mode. State: All replicated index: 0, Majority replicated index: 1, Committed index: 1, Last appended: 1.1, Last appended by leader: 1, Current term: 2, Majority size: 2, State: 0, Mode: LEADER, active raft config: opid_index: -1 OBSOLETE_local: false peers { permanent_uuid: "5043b1c406d3454d89245eeb021de1d4" member_type: VOTER last_known_addr { host: "127.8.208.193" port: 33363 } } peers { permanent_uuid: "afdfdae5bf0e4667bf54e16b0e36b181" member_type: VOTER last_known_addr { host: "127.8.208.194" port: 42553 } } peers { permanent_uuid: "2bddcb8420084482b296ed9ed0b2d86b" member_type: VOTER last_known_addr { host: "127.8.208.195" port: 37479 } }
I20260630 12:24:22.521955  9591 catalog_manager.cc:5697] T 55a3baa974e14a5c875d23e02d979bd2 P 2bddcb8420084482b296ed9ed0b2d86b reported cstate change: term changed from 1 to 2, leader changed from afdfdae5bf0e4667bf54e16b0e36b181 (127.8.208.194) to 2bddcb8420084482b296ed9ed0b2d86b (127.8.208.195). New cstate: current_term: 2 leader_uuid: "2bddcb8420084482b296ed9ed0b2d86b" committed_config { opid_index: -1 OBSOLETE_local: false peers { permanent_uuid: "5043b1c406d3454d89245eeb021de1d4" member_type: VOTER last_known_addr { host: "127.8.208.193" port: 33363 } health_report { overall_health: UNKNOWN } } peers { permanent_uuid: "afdfdae5bf0e4667bf54e16b0e36b181" member_type: VOTER last_known_addr { host: "127.8.208.194" port: 42553 } health_report { overall_health: UNKNOWN } } peers { permanent_uuid: "2bddcb8420084482b296ed9ed0b2d86b" member_type: VOTER last_known_addr { host: "127.8.208.195" port: 37479 } health_report { overall_health: HEALTHY } } }
I20260630 12:24:22.524279 10044 raft_consensus.cc:993] T 057f8dd620724c979b5c0a8dcbbe608e P afdfdae5bf0e4667bf54e16b0e36b181: : Instructing follower 2bddcb8420084482b296ed9ed0b2d86b to start an election
I20260630 12:24:22.524808 10043 raft_consensus.cc:1081] T 057f8dd620724c979b5c0a8dcbbe608e P afdfdae5bf0e4667bf54e16b0e36b181 [term 1 LEADER]: Signalling peer 2bddcb8420084482b296ed9ed0b2d86b to start an election
I20260630 12:24:22.526232  9843 tablet_service.cc:2044] Received Run Leader Election RPC: tablet_id: "057f8dd620724c979b5c0a8dcbbe608e"
dest_uuid: "2bddcb8420084482b296ed9ed0b2d86b"
 from {username='slave'} at 127.0.0.1:38418
I20260630 12:24:22.526830  9843 raft_consensus.cc:493] T 057f8dd620724c979b5c0a8dcbbe608e P 2bddcb8420084482b296ed9ed0b2d86b [term 1 FOLLOWER]: Starting forced leader election (received explicit request)
I20260630 12:24:22.527256  9843 raft_consensus.cc:3060] T 057f8dd620724c979b5c0a8dcbbe608e P 2bddcb8420084482b296ed9ed0b2d86b [term 1 FOLLOWER]: Advancing to term 2
I20260630 12:24:22.532876  9843 raft_consensus.cc:515] T 057f8dd620724c979b5c0a8dcbbe608e P 2bddcb8420084482b296ed9ed0b2d86b [term 2 FOLLOWER]: Starting forced leader election with config: opid_index: -1 OBSOLETE_local: false peers { permanent_uuid: "5043b1c406d3454d89245eeb021de1d4" member_type: VOTER last_known_addr { host: "127.8.208.193" port: 33363 } } peers { permanent_uuid: "afdfdae5bf0e4667bf54e16b0e36b181" member_type: VOTER last_known_addr { host: "127.8.208.194" port: 42553 } } peers { permanent_uuid: "2bddcb8420084482b296ed9ed0b2d86b" member_type: VOTER last_known_addr { host: "127.8.208.195" port: 37479 } }
I20260630 12:24:22.535284  9843 leader_election.cc:290] T 057f8dd620724c979b5c0a8dcbbe608e P 2bddcb8420084482b296ed9ed0b2d86b [CANDIDATE]: Term 2 election: Requested vote from peers 5043b1c406d3454d89245eeb021de1d4 (127.8.208.193:33363), afdfdae5bf0e4667bf54e16b0e36b181 (127.8.208.194:42553)
I20260630 12:24:22.535534  9694 tablet_service.cc:1917] Received RequestConsensusVote() RPC: tablet_id: "057f8dd620724c979b5c0a8dcbbe608e" candidate_uuid: "2bddcb8420084482b296ed9ed0b2d86b" candidate_term: 2 candidate_status { last_received { term: 1 index: 1 } } ignore_live_leader: true dest_uuid: "5043b1c406d3454d89245eeb021de1d4"
I20260630 12:24:22.535923  9769 tablet_service.cc:1917] Received RequestConsensusVote() RPC: tablet_id: "057f8dd620724c979b5c0a8dcbbe608e" candidate_uuid: "2bddcb8420084482b296ed9ed0b2d86b" candidate_term: 2 candidate_status { last_received { term: 1 index: 1 } } ignore_live_leader: true dest_uuid: "afdfdae5bf0e4667bf54e16b0e36b181"
I20260630 12:24:22.536182  9694 raft_consensus.cc:3060] T 057f8dd620724c979b5c0a8dcbbe608e P 5043b1c406d3454d89245eeb021de1d4 [term 1 FOLLOWER]: Advancing to term 2
I20260630 12:24:22.536484  9769 raft_consensus.cc:3055] T 057f8dd620724c979b5c0a8dcbbe608e P afdfdae5bf0e4667bf54e16b0e36b181 [term 1 LEADER]: Stepping down as leader of term 1
I20260630 12:24:22.536810  9769 raft_consensus.cc:740] T 057f8dd620724c979b5c0a8dcbbe608e P afdfdae5bf0e4667bf54e16b0e36b181 [term 1 LEADER]: Becoming Follower/Learner. State: Replica: afdfdae5bf0e4667bf54e16b0e36b181, State: Running, Role: LEADER
I20260630 12:24:22.537711  9769 consensus_queue.cc:260] T 057f8dd620724c979b5c0a8dcbbe608e P afdfdae5bf0e4667bf54e16b0e36b181 [NON_LEADER]: Queue going to NON_LEADER mode. State: All replicated index: 0, Majority replicated index: 1, Committed index: 1, Last appended: 1.1, Last appended by leader: 1, Current term: 1, Majority size: -1, State: 0, Mode: NON_LEADER, active raft config: opid_index: -1 OBSOLETE_local: false peers { permanent_uuid: "5043b1c406d3454d89245eeb021de1d4" member_type: VOTER last_known_addr { host: "127.8.208.193" port: 33363 } } peers { permanent_uuid: "afdfdae5bf0e4667bf54e16b0e36b181" member_type: VOTER last_known_addr { host: "127.8.208.194" port: 42553 } } peers { permanent_uuid: "2bddcb8420084482b296ed9ed0b2d86b" member_type: VOTER last_known_addr { host: "127.8.208.195" port: 37479 } }
I20260630 12:24:22.538951  9769 raft_consensus.cc:3060] T 057f8dd620724c979b5c0a8dcbbe608e P afdfdae5bf0e4667bf54e16b0e36b181 [term 1 FOLLOWER]: Advancing to term 2
I20260630 12:24:22.542783  9694 raft_consensus.cc:2468] T 057f8dd620724c979b5c0a8dcbbe608e P 5043b1c406d3454d89245eeb021de1d4 [term 2 FOLLOWER]: Leader election vote request: Granting yes vote for candidate 2bddcb8420084482b296ed9ed0b2d86b in term 2.
I20260630 12:24:22.543844  9807 leader_election.cc:304] T 057f8dd620724c979b5c0a8dcbbe608e P 2bddcb8420084482b296ed9ed0b2d86b [CANDIDATE]: Term 2 election: Election decided. Result: candidate won. Election summary: received 2 responses out of 3 voters: 2 yes votes; 0 no votes. yes voters: 2bddcb8420084482b296ed9ed0b2d86b, 5043b1c406d3454d89245eeb021de1d4; no voters: 
I20260630 12:24:22.544564 10045 raft_consensus.cc:2804] T 057f8dd620724c979b5c0a8dcbbe608e P 2bddcb8420084482b296ed9ed0b2d86b [term 2 FOLLOWER]: Leader election won for term 2
I20260630 12:24:22.544973 10045 raft_consensus.cc:697] T 057f8dd620724c979b5c0a8dcbbe608e P 2bddcb8420084482b296ed9ed0b2d86b [term 2 LEADER]: Becoming Leader. State: Replica: 2bddcb8420084482b296ed9ed0b2d86b, State: Running, Role: LEADER
I20260630 12:24:22.545495  9769 raft_consensus.cc:2468] T 057f8dd620724c979b5c0a8dcbbe608e P afdfdae5bf0e4667bf54e16b0e36b181 [term 2 FOLLOWER]: Leader election vote request: Granting yes vote for candidate 2bddcb8420084482b296ed9ed0b2d86b in term 2.
I20260630 12:24:22.545753 10045 consensus_queue.cc:237] T 057f8dd620724c979b5c0a8dcbbe608e P 2bddcb8420084482b296ed9ed0b2d86b [LEADER]: Queue going to LEADER mode. State: All replicated index: 0, Majority replicated index: 1, Committed index: 1, Last appended: 1.1, Last appended by leader: 1, Current term: 2, Majority size: 2, State: 0, Mode: LEADER, active raft config: opid_index: -1 OBSOLETE_local: false peers { permanent_uuid: "5043b1c406d3454d89245eeb021de1d4" member_type: VOTER last_known_addr { host: "127.8.208.193" port: 33363 } } peers { permanent_uuid: "afdfdae5bf0e4667bf54e16b0e36b181" member_type: VOTER last_known_addr { host: "127.8.208.194" port: 42553 } } peers { permanent_uuid: "2bddcb8420084482b296ed9ed0b2d86b" member_type: VOTER last_known_addr { host: "127.8.208.195" port: 37479 } }
I20260630 12:24:22.552585  9591 catalog_manager.cc:5697] T 057f8dd620724c979b5c0a8dcbbe608e P 2bddcb8420084482b296ed9ed0b2d86b reported cstate change: term changed from 1 to 2, leader changed from afdfdae5bf0e4667bf54e16b0e36b181 (127.8.208.194) to 2bddcb8420084482b296ed9ed0b2d86b (127.8.208.195). New cstate: current_term: 2 leader_uuid: "2bddcb8420084482b296ed9ed0b2d86b" committed_config { opid_index: -1 OBSOLETE_local: false peers { permanent_uuid: "5043b1c406d3454d89245eeb021de1d4" member_type: VOTER last_known_addr { host: "127.8.208.193" port: 33363 } health_report { overall_health: UNKNOWN } } peers { permanent_uuid: "afdfdae5bf0e4667bf54e16b0e36b181" member_type: VOTER last_known_addr { host: "127.8.208.194" port: 42553 } health_report { overall_health: UNKNOWN } } peers { permanent_uuid: "2bddcb8420084482b296ed9ed0b2d86b" member_type: VOTER last_known_addr { host: "127.8.208.195" port: 37479 } health_report { overall_health: HEALTHY } } }
I20260630 12:24:23.049273  9769 raft_consensus.cc:1275] T 55a3baa974e14a5c875d23e02d979bd2 P afdfdae5bf0e4667bf54e16b0e36b181 [term 2 FOLLOWER]: Refusing update from remote peer 2bddcb8420084482b296ed9ed0b2d86b: Log matching property violated. Preceding OpId in replica: term: 1 index: 1. Preceding OpId from leader: term: 2 index: 2. (index mismatch)
I20260630 12:24:23.050561 10045 consensus_queue.cc:1048] T 55a3baa974e14a5c875d23e02d979bd2 P 2bddcb8420084482b296ed9ed0b2d86b [LEADER]: Connected to new peer: Peer: permanent_uuid: "afdfdae5bf0e4667bf54e16b0e36b181" member_type: VOTER last_known_addr { host: "127.8.208.194" port: 42553 }, Status: LMP_MISMATCH, Last received: 0.0, Next index: 2, Last known committed idx: 1, Time since last communication: 0.000s
I20260630 12:24:23.061676  9694 raft_consensus.cc:1275] T 55a3baa974e14a5c875d23e02d979bd2 P 5043b1c406d3454d89245eeb021de1d4 [term 2 FOLLOWER]: Refusing update from remote peer 2bddcb8420084482b296ed9ed0b2d86b: Log matching property violated. Preceding OpId in replica: term: 1 index: 1. Preceding OpId from leader: term: 2 index: 2. (index mismatch)
I20260630 12:24:23.063586 10054 consensus_queue.cc:1048] T 55a3baa974e14a5c875d23e02d979bd2 P 2bddcb8420084482b296ed9ed0b2d86b [LEADER]: Connected to new peer: Peer: permanent_uuid: "5043b1c406d3454d89245eeb021de1d4" member_type: VOTER last_known_addr { host: "127.8.208.193" port: 33363 }, Status: LMP_MISMATCH, Last received: 0.0, Next index: 2, Last known committed idx: 1, Time since last communication: 0.000s
I20260630 12:24:23.147359  9769 raft_consensus.cc:1275] T 057f8dd620724c979b5c0a8dcbbe608e P afdfdae5bf0e4667bf54e16b0e36b181 [term 2 FOLLOWER]: Refusing update from remote peer 2bddcb8420084482b296ed9ed0b2d86b: Log matching property violated. Preceding OpId in replica: term: 1 index: 1. Preceding OpId from leader: term: 2 index: 2. (index mismatch)
I20260630 12:24:23.148502 10054 consensus_queue.cc:1048] T 057f8dd620724c979b5c0a8dcbbe608e P 2bddcb8420084482b296ed9ed0b2d86b [LEADER]: Connected to new peer: Peer: permanent_uuid: "afdfdae5bf0e4667bf54e16b0e36b181" member_type: VOTER last_known_addr { host: "127.8.208.194" port: 42553 }, Status: LMP_MISMATCH, Last received: 0.0, Next index: 2, Last known committed idx: 1, Time since last communication: 0.000s
I20260630 12:24:23.163959  9694 raft_consensus.cc:1275] T 057f8dd620724c979b5c0a8dcbbe608e P 5043b1c406d3454d89245eeb021de1d4 [term 2 FOLLOWER]: Refusing update from remote peer 2bddcb8420084482b296ed9ed0b2d86b: Log matching property violated. Preceding OpId in replica: term: 1 index: 1. Preceding OpId from leader: term: 2 index: 2. (index mismatch)
I20260630 12:24:23.166208 10061 consensus_queue.cc:1048] T 057f8dd620724c979b5c0a8dcbbe608e P 2bddcb8420084482b296ed9ed0b2d86b [LEADER]: Connected to new peer: Peer: permanent_uuid: "5043b1c406d3454d89245eeb021de1d4" member_type: VOTER last_known_addr { host: "127.8.208.193" port: 33363 }, Status: LMP_MISMATCH, Last received: 0.0, Next index: 2, Last known committed idx: 1, Time since last communication: 0.000s
I20260630 12:24:24.240047  9645 auto_leader_rebalancer.cc:141] leader rebalance for table test-workload
I20260630 12:24:24.245314  9645 auto_leader_rebalancer.cc:440] table: test-workload, leader rebalance finish, leader transfer count: 0
I20260630 12:24:24.245810  9645 auto_leader_rebalancer.cc:515] All tables' leader rebalancing finished this round
I20260630 12:24:26.237042  9694 consensus_queue.cc:237] T 60ff9d8b4c8d4e018b40da3994a16c0a P 5043b1c406d3454d89245eeb021de1d4 [LEADER]: Queue going to LEADER mode. State: All replicated index: 0, Majority replicated index: 1, Committed index: 1, Last appended: 1.1, Last appended by leader: 0, Current term: 1, Majority size: 2, State: 0, Mode: LEADER, active raft config: opid_index: 2 OBSOLETE_local: false peers { permanent_uuid: "5043b1c406d3454d89245eeb021de1d4" member_type: VOTER last_known_addr { host: "127.8.208.193" port: 33363 } } peers { permanent_uuid: "afdfdae5bf0e4667bf54e16b0e36b181" member_type: VOTER last_known_addr { host: "127.8.208.194" port: 42553 } attrs { replace: true } } peers { permanent_uuid: "2bddcb8420084482b296ed9ed0b2d86b" member_type: VOTER last_known_addr { host: "127.8.208.195" port: 37479 } } peers { permanent_uuid: "ac217d4b51be48f18f512a404230e584" member_type: NON_VOTER last_known_addr { host: "127.8.208.196" port: 36305 } attrs { promote: true } }
I20260630 12:24:26.243409  9843 raft_consensus.cc:1275] T 60ff9d8b4c8d4e018b40da3994a16c0a P 2bddcb8420084482b296ed9ed0b2d86b [term 1 FOLLOWER]: Refusing update from remote peer 5043b1c406d3454d89245eeb021de1d4: Log matching property violated. Preceding OpId in replica: term: 1 index: 1. Preceding OpId from leader: term: 1 index: 2. (index mismatch)
I20260630 12:24:26.244556  9767 raft_consensus.cc:1275] T 60ff9d8b4c8d4e018b40da3994a16c0a P afdfdae5bf0e4667bf54e16b0e36b181 [term 1 FOLLOWER]: Refusing update from remote peer 5043b1c406d3454d89245eeb021de1d4: Log matching property violated. Preceding OpId in replica: term: 1 index: 1. Preceding OpId from leader: term: 1 index: 2. (index mismatch)
I20260630 12:24:26.245507 10065 consensus_queue.cc:1048] T 60ff9d8b4c8d4e018b40da3994a16c0a P 5043b1c406d3454d89245eeb021de1d4 [LEADER]: Connected to new peer: Peer: permanent_uuid: "2bddcb8420084482b296ed9ed0b2d86b" member_type: VOTER last_known_addr { host: "127.8.208.195" port: 37479 }, Status: LMP_MISMATCH, Last received: 0.0, Next index: 2, Last known committed idx: 1, Time since last communication: 0.000s
I20260630 12:24:26.246452 10062 consensus_queue.cc:1048] T 60ff9d8b4c8d4e018b40da3994a16c0a P 5043b1c406d3454d89245eeb021de1d4 [LEADER]: Connected to new peer: Peer: permanent_uuid: "afdfdae5bf0e4667bf54e16b0e36b181" member_type: VOTER last_known_addr { host: "127.8.208.194" port: 42553 } attrs { replace: true }, Status: LMP_MISMATCH, Last received: 0.0, Next index: 2, Last known committed idx: 1, Time since last communication: 0.000s
I20260630 12:24:26.247051  9645 auto_leader_rebalancer.cc:141] leader rebalance for table test-workload
I20260630 12:24:26.260241  9645 auto_leader_rebalancer.cc:440] table: test-workload, leader rebalance finish, leader transfer count: 0
I20260630 12:24:26.260890  9645 auto_leader_rebalancer.cc:515] All tables' leader rebalancing finished this round
I20260630 12:24:26.259893 10065 raft_consensus.cc:2955] T 60ff9d8b4c8d4e018b40da3994a16c0a P 5043b1c406d3454d89245eeb021de1d4 [term 1 LEADER]: Committing config change with OpId 1.2: config changed from index -1 to 2, NON_VOTER ac217d4b51be48f18f512a404230e584 (127.8.208.196) added. New config: { opid_index: 2 OBSOLETE_local: false peers { permanent_uuid: "5043b1c406d3454d89245eeb021de1d4" member_type: VOTER last_known_addr { host: "127.8.208.193" port: 33363 } } peers { permanent_uuid: "afdfdae5bf0e4667bf54e16b0e36b181" member_type: VOTER last_known_addr { host: "127.8.208.194" port: 42553 } attrs { replace: true } } peers { permanent_uuid: "2bddcb8420084482b296ed9ed0b2d86b" member_type: VOTER last_known_addr { host: "127.8.208.195" port: 37479 } } peers { permanent_uuid: "ac217d4b51be48f18f512a404230e584" member_type: NON_VOTER last_known_addr { host: "127.8.208.196" port: 36305 } attrs { promote: true } } }
I20260630 12:24:26.261518  9843 raft_consensus.cc:2955] T 60ff9d8b4c8d4e018b40da3994a16c0a P 2bddcb8420084482b296ed9ed0b2d86b [term 1 FOLLOWER]: Committing config change with OpId 1.2: config changed from index -1 to 2, NON_VOTER ac217d4b51be48f18f512a404230e584 (127.8.208.196) added. New config: { opid_index: 2 OBSOLETE_local: false peers { permanent_uuid: "5043b1c406d3454d89245eeb021de1d4" member_type: VOTER last_known_addr { host: "127.8.208.193" port: 33363 } } peers { permanent_uuid: "afdfdae5bf0e4667bf54e16b0e36b181" member_type: VOTER last_known_addr { host: "127.8.208.194" port: 42553 } attrs { replace: true } } peers { permanent_uuid: "2bddcb8420084482b296ed9ed0b2d86b" member_type: VOTER last_known_addr { host: "127.8.208.195" port: 37479 } } peers { permanent_uuid: "ac217d4b51be48f18f512a404230e584" member_type: NON_VOTER last_known_addr { host: "127.8.208.196" port: 36305 } attrs { promote: true } } }
I20260630 12:24:26.268299  9767 raft_consensus.cc:2955] T 60ff9d8b4c8d4e018b40da3994a16c0a P afdfdae5bf0e4667bf54e16b0e36b181 [term 1 FOLLOWER]: Committing config change with OpId 1.2: config changed from index -1 to 2, NON_VOTER ac217d4b51be48f18f512a404230e584 (127.8.208.196) added. New config: { opid_index: 2 OBSOLETE_local: false peers { permanent_uuid: "5043b1c406d3454d89245eeb021de1d4" member_type: VOTER last_known_addr { host: "127.8.208.193" port: 33363 } } peers { permanent_uuid: "afdfdae5bf0e4667bf54e16b0e36b181" member_type: VOTER last_known_addr { host: "127.8.208.194" port: 42553 } attrs { replace: true } } peers { permanent_uuid: "2bddcb8420084482b296ed9ed0b2d86b" member_type: VOTER last_known_addr { host: "127.8.208.195" port: 37479 } } peers { permanent_uuid: "ac217d4b51be48f18f512a404230e584" member_type: NON_VOTER last_known_addr { host: "127.8.208.196" port: 36305 } attrs { promote: true } } }
I20260630 12:24:26.274654  9591 catalog_manager.cc:5697] T 60ff9d8b4c8d4e018b40da3994a16c0a P 5043b1c406d3454d89245eeb021de1d4 reported cstate change: config changed from index -1 to 2, NON_VOTER ac217d4b51be48f18f512a404230e584 (127.8.208.196) added. New cstate: current_term: 1 leader_uuid: "5043b1c406d3454d89245eeb021de1d4" committed_config { opid_index: 2 OBSOLETE_local: false peers { permanent_uuid: "5043b1c406d3454d89245eeb021de1d4" member_type: VOTER last_known_addr { host: "127.8.208.193" port: 33363 } health_report { overall_health: HEALTHY } } peers { permanent_uuid: "afdfdae5bf0e4667bf54e16b0e36b181" member_type: VOTER last_known_addr { host: "127.8.208.194" port: 42553 } attrs { replace: true } health_report { overall_health: HEALTHY } } peers { permanent_uuid: "2bddcb8420084482b296ed9ed0b2d86b" member_type: VOTER last_known_addr { host: "127.8.208.195" port: 37479 } health_report { overall_health: HEALTHY } } peers { permanent_uuid: "ac217d4b51be48f18f512a404230e584" member_type: NON_VOTER last_known_addr { host: "127.8.208.196" port: 36305 } attrs { promote: true } health_report { overall_health: UNKNOWN } } }
I20260630 12:24:26.275241  9694 consensus_queue.cc:237] T fc6a4b749950428e84cb94607829a7f4 P 5043b1c406d3454d89245eeb021de1d4 [LEADER]: Queue going to LEADER mode. State: All replicated index: 0, Majority replicated index: 1, Committed index: 1, Last appended: 1.1, Last appended by leader: 0, Current term: 1, Majority size: 2, State: 0, Mode: LEADER, active raft config: opid_index: 2 OBSOLETE_local: false peers { permanent_uuid: "5043b1c406d3454d89245eeb021de1d4" member_type: VOTER last_known_addr { host: "127.8.208.193" port: 33363 } } peers { permanent_uuid: "2bddcb8420084482b296ed9ed0b2d86b" member_type: VOTER last_known_addr { host: "127.8.208.195" port: 37479 } attrs { replace: true } } peers { permanent_uuid: "afdfdae5bf0e4667bf54e16b0e36b181" member_type: VOTER last_known_addr { host: "127.8.208.194" port: 42553 } } peers { permanent_uuid: "ac217d4b51be48f18f512a404230e584" member_type: NON_VOTER last_known_addr { host: "127.8.208.196" port: 36305 } attrs { promote: true } }
W20260630 12:24:26.289115  9660 consensus_peers.cc:597] T 60ff9d8b4c8d4e018b40da3994a16c0a P 5043b1c406d3454d89245eeb021de1d4 -> Peer ac217d4b51be48f18f512a404230e584 (127.8.208.196:36305): Couldn't send request to peer ac217d4b51be48f18f512a404230e584. Error code: TABLET_NOT_FOUND (6). Status: Not found: Tablet not found: 60ff9d8b4c8d4e018b40da3994a16c0a. This is attempt 1: this message will repeat every 5th retry.
W20260630 12:24:26.289932  9660 consensus_peers.cc:597] T fc6a4b749950428e84cb94607829a7f4 P 5043b1c406d3454d89245eeb021de1d4 -> Peer ac217d4b51be48f18f512a404230e584 (127.8.208.196:36305): Couldn't send request to peer ac217d4b51be48f18f512a404230e584. Error code: TABLET_NOT_FOUND (6). Status: Not found: Tablet not found: fc6a4b749950428e84cb94607829a7f4. This is attempt 1: this message will repeat every 5th retry.
I20260630 12:24:26.290725  9843 raft_consensus.cc:1275] T fc6a4b749950428e84cb94607829a7f4 P 2bddcb8420084482b296ed9ed0b2d86b [term 1 FOLLOWER]: Refusing update from remote peer 5043b1c406d3454d89245eeb021de1d4: Log matching property violated. Preceding OpId in replica: term: 1 index: 1. Preceding OpId from leader: term: 1 index: 2. (index mismatch)
I20260630 12:24:26.291390  9767 raft_consensus.cc:1275] T fc6a4b749950428e84cb94607829a7f4 P afdfdae5bf0e4667bf54e16b0e36b181 [term 1 FOLLOWER]: Refusing update from remote peer 5043b1c406d3454d89245eeb021de1d4: Log matching property violated. Preceding OpId in replica: term: 1 index: 1. Preceding OpId from leader: term: 1 index: 2. (index mismatch)
I20260630 12:24:26.291786 10065 consensus_queue.cc:1048] T fc6a4b749950428e84cb94607829a7f4 P 5043b1c406d3454d89245eeb021de1d4 [LEADER]: Connected to new peer: Peer: permanent_uuid: "2bddcb8420084482b296ed9ed0b2d86b" member_type: VOTER last_known_addr { host: "127.8.208.195" port: 37479 } attrs { replace: true }, Status: LMP_MISMATCH, Last received: 0.0, Next index: 2, Last known committed idx: 1, Time since last communication: 0.000s
I20260630 12:24:26.293208 10069 consensus_queue.cc:1048] T fc6a4b749950428e84cb94607829a7f4 P 5043b1c406d3454d89245eeb021de1d4 [LEADER]: Connected to new peer: Peer: permanent_uuid: "afdfdae5bf0e4667bf54e16b0e36b181" member_type: VOTER last_known_addr { host: "127.8.208.194" port: 42553 }, Status: LMP_MISMATCH, Last received: 0.0, Next index: 2, Last known committed idx: 1, Time since last communication: 0.001s
I20260630 12:24:26.302299 10065 raft_consensus.cc:2955] T fc6a4b749950428e84cb94607829a7f4 P 5043b1c406d3454d89245eeb021de1d4 [term 1 LEADER]: Committing config change with OpId 1.2: config changed from index -1 to 2, NON_VOTER ac217d4b51be48f18f512a404230e584 (127.8.208.196) added. New config: { opid_index: 2 OBSOLETE_local: false peers { permanent_uuid: "5043b1c406d3454d89245eeb021de1d4" member_type: VOTER last_known_addr { host: "127.8.208.193" port: 33363 } } peers { permanent_uuid: "2bddcb8420084482b296ed9ed0b2d86b" member_type: VOTER last_known_addr { host: "127.8.208.195" port: 37479 } attrs { replace: true } } peers { permanent_uuid: "afdfdae5bf0e4667bf54e16b0e36b181" member_type: VOTER last_known_addr { host: "127.8.208.194" port: 42553 } } peers { permanent_uuid: "ac217d4b51be48f18f512a404230e584" member_type: NON_VOTER last_known_addr { host: "127.8.208.196" port: 36305 } attrs { promote: true } } }
I20260630 12:24:26.303946  9843 raft_consensus.cc:2955] T fc6a4b749950428e84cb94607829a7f4 P 2bddcb8420084482b296ed9ed0b2d86b [term 1 FOLLOWER]: Committing config change with OpId 1.2: config changed from index -1 to 2, NON_VOTER ac217d4b51be48f18f512a404230e584 (127.8.208.196) added. New config: { opid_index: 2 OBSOLETE_local: false peers { permanent_uuid: "5043b1c406d3454d89245eeb021de1d4" member_type: VOTER last_known_addr { host: "127.8.208.193" port: 33363 } } peers { permanent_uuid: "2bddcb8420084482b296ed9ed0b2d86b" member_type: VOTER last_known_addr { host: "127.8.208.195" port: 37479 } attrs { replace: true } } peers { permanent_uuid: "afdfdae5bf0e4667bf54e16b0e36b181" member_type: VOTER last_known_addr { host: "127.8.208.194" port: 42553 } } peers { permanent_uuid: "ac217d4b51be48f18f512a404230e584" member_type: NON_VOTER last_known_addr { host: "127.8.208.196" port: 36305 } attrs { promote: true } } }
I20260630 12:24:26.309331  9767 raft_consensus.cc:2955] T fc6a4b749950428e84cb94607829a7f4 P afdfdae5bf0e4667bf54e16b0e36b181 [term 1 FOLLOWER]: Committing config change with OpId 1.2: config changed from index -1 to 2, NON_VOTER ac217d4b51be48f18f512a404230e584 (127.8.208.196) added. New config: { opid_index: 2 OBSOLETE_local: false peers { permanent_uuid: "5043b1c406d3454d89245eeb021de1d4" member_type: VOTER last_known_addr { host: "127.8.208.193" port: 33363 } } peers { permanent_uuid: "2bddcb8420084482b296ed9ed0b2d86b" member_type: VOTER last_known_addr { host: "127.8.208.195" port: 37479 } attrs { replace: true } } peers { permanent_uuid: "afdfdae5bf0e4667bf54e16b0e36b181" member_type: VOTER last_known_addr { host: "127.8.208.194" port: 42553 } } peers { permanent_uuid: "ac217d4b51be48f18f512a404230e584" member_type: NON_VOTER last_known_addr { host: "127.8.208.196" port: 36305 } attrs { promote: true } } }
I20260630 12:24:26.318912  9590 catalog_manager.cc:5697] T fc6a4b749950428e84cb94607829a7f4 P 2bddcb8420084482b296ed9ed0b2d86b reported cstate change: config changed from index -1 to 2, NON_VOTER ac217d4b51be48f18f512a404230e584 (127.8.208.196) added. New cstate: current_term: 1 leader_uuid: "5043b1c406d3454d89245eeb021de1d4" committed_config { opid_index: 2 OBSOLETE_local: false peers { permanent_uuid: "5043b1c406d3454d89245eeb021de1d4" member_type: VOTER last_known_addr { host: "127.8.208.193" port: 33363 } } peers { permanent_uuid: "2bddcb8420084482b296ed9ed0b2d86b" member_type: VOTER last_known_addr { host: "127.8.208.195" port: 37479 } attrs { replace: true } } peers { permanent_uuid: "afdfdae5bf0e4667bf54e16b0e36b181" member_type: VOTER last_known_addr { host: "127.8.208.194" port: 42553 } } peers { permanent_uuid: "ac217d4b51be48f18f512a404230e584" member_type: NON_VOTER last_known_addr { host: "127.8.208.196" port: 36305 } attrs { promote: true } } }
I20260630 12:24:26.331511  9843 consensus_queue.cc:237] T 55a3baa974e14a5c875d23e02d979bd2 P 2bddcb8420084482b296ed9ed0b2d86b [LEADER]: Queue going to LEADER mode. State: All replicated index: 0, Majority replicated index: 2, Committed index: 2, Last appended: 2.2, Last appended by leader: 1, Current term: 2, Majority size: 2, State: 0, Mode: LEADER, active raft config: opid_index: 3 OBSOLETE_local: false peers { permanent_uuid: "5043b1c406d3454d89245eeb021de1d4" member_type: VOTER last_known_addr { host: "127.8.208.193" port: 33363 } attrs { replace: true } } peers { permanent_uuid: "afdfdae5bf0e4667bf54e16b0e36b181" member_type: VOTER last_known_addr { host: "127.8.208.194" port: 42553 } } peers { permanent_uuid: "2bddcb8420084482b296ed9ed0b2d86b" member_type: VOTER last_known_addr { host: "127.8.208.195" port: 37479 } } peers { permanent_uuid: "ac217d4b51be48f18f512a404230e584" member_type: NON_VOTER last_known_addr { host: "127.8.208.196" port: 36305 } attrs { promote: true } }
I20260630 12:24:26.338783  9768 raft_consensus.cc:1275] T 55a3baa974e14a5c875d23e02d979bd2 P afdfdae5bf0e4667bf54e16b0e36b181 [term 2 FOLLOWER]: Refusing update from remote peer 2bddcb8420084482b296ed9ed0b2d86b: Log matching property violated. Preceding OpId in replica: term: 2 index: 2. Preceding OpId from leader: term: 2 index: 3. (index mismatch)
I20260630 12:24:26.339414  9694 raft_consensus.cc:1275] T 55a3baa974e14a5c875d23e02d979bd2 P 5043b1c406d3454d89245eeb021de1d4 [term 2 FOLLOWER]: Refusing update from remote peer 2bddcb8420084482b296ed9ed0b2d86b: Log matching property violated. Preceding OpId in replica: term: 2 index: 2. Preceding OpId from leader: term: 2 index: 3. (index mismatch)
I20260630 12:24:26.340480 10083 consensus_queue.cc:1048] T 55a3baa974e14a5c875d23e02d979bd2 P 2bddcb8420084482b296ed9ed0b2d86b [LEADER]: Connected to new peer: Peer: permanent_uuid: "afdfdae5bf0e4667bf54e16b0e36b181" member_type: VOTER last_known_addr { host: "127.8.208.194" port: 42553 }, Status: LMP_MISMATCH, Last received: 0.0, Next index: 3, Last known committed idx: 2, Time since last communication: 0.000s
I20260630 12:24:26.341516 10061 consensus_queue.cc:1048] T 55a3baa974e14a5c875d23e02d979bd2 P 2bddcb8420084482b296ed9ed0b2d86b [LEADER]: Connected to new peer: Peer: permanent_uuid: "5043b1c406d3454d89245eeb021de1d4" member_type: VOTER last_known_addr { host: "127.8.208.193" port: 33363 } attrs { replace: true }, Status: LMP_MISMATCH, Last received: 0.0, Next index: 3, Last known committed idx: 2, Time since last communication: 0.000s
W20260630 12:24:26.351539  9809 consensus_peers.cc:597] T 55a3baa974e14a5c875d23e02d979bd2 P 2bddcb8420084482b296ed9ed0b2d86b -> Peer ac217d4b51be48f18f512a404230e584 (127.8.208.196:36305): Couldn't send request to peer ac217d4b51be48f18f512a404230e584. Error code: TABLET_NOT_FOUND (6). Status: Not found: Tablet not found: 55a3baa974e14a5c875d23e02d979bd2. This is attempt 1: this message will repeat every 5th retry.
I20260630 12:24:26.350657 10061 raft_consensus.cc:2955] T 55a3baa974e14a5c875d23e02d979bd2 P 2bddcb8420084482b296ed9ed0b2d86b [term 2 LEADER]: Committing config change with OpId 2.3: config changed from index -1 to 3, NON_VOTER ac217d4b51be48f18f512a404230e584 (127.8.208.196) added. New config: { opid_index: 3 OBSOLETE_local: false peers { permanent_uuid: "5043b1c406d3454d89245eeb021de1d4" member_type: VOTER last_known_addr { host: "127.8.208.193" port: 33363 } attrs { replace: true } } peers { permanent_uuid: "afdfdae5bf0e4667bf54e16b0e36b181" member_type: VOTER last_known_addr { host: "127.8.208.194" port: 42553 } } peers { permanent_uuid: "2bddcb8420084482b296ed9ed0b2d86b" member_type: VOTER last_known_addr { host: "127.8.208.195" port: 37479 } } peers { permanent_uuid: "ac217d4b51be48f18f512a404230e584" member_type: NON_VOTER last_known_addr { host: "127.8.208.196" port: 36305 } attrs { promote: true } } }
I20260630 12:24:26.352035  9694 raft_consensus.cc:2955] T 55a3baa974e14a5c875d23e02d979bd2 P 5043b1c406d3454d89245eeb021de1d4 [term 2 FOLLOWER]: Committing config change with OpId 2.3: config changed from index -1 to 3, NON_VOTER ac217d4b51be48f18f512a404230e584 (127.8.208.196) added. New config: { opid_index: 3 OBSOLETE_local: false peers { permanent_uuid: "5043b1c406d3454d89245eeb021de1d4" member_type: VOTER last_known_addr { host: "127.8.208.193" port: 33363 } attrs { replace: true } } peers { permanent_uuid: "afdfdae5bf0e4667bf54e16b0e36b181" member_type: VOTER last_known_addr { host: "127.8.208.194" port: 42553 } } peers { permanent_uuid: "2bddcb8420084482b296ed9ed0b2d86b" member_type: VOTER last_known_addr { host: "127.8.208.195" port: 37479 } } peers { permanent_uuid: "ac217d4b51be48f18f512a404230e584" member_type: NON_VOTER last_known_addr { host: "127.8.208.196" port: 36305 } attrs { promote: true } } }
I20260630 12:24:26.355512  9768 raft_consensus.cc:2955] T 55a3baa974e14a5c875d23e02d979bd2 P afdfdae5bf0e4667bf54e16b0e36b181 [term 2 FOLLOWER]: Committing config change with OpId 2.3: config changed from index -1 to 3, NON_VOTER ac217d4b51be48f18f512a404230e584 (127.8.208.196) added. New config: { opid_index: 3 OBSOLETE_local: false peers { permanent_uuid: "5043b1c406d3454d89245eeb021de1d4" member_type: VOTER last_known_addr { host: "127.8.208.193" port: 33363 } attrs { replace: true } } peers { permanent_uuid: "afdfdae5bf0e4667bf54e16b0e36b181" member_type: VOTER last_known_addr { host: "127.8.208.194" port: 42553 } } peers { permanent_uuid: "2bddcb8420084482b296ed9ed0b2d86b" member_type: VOTER last_known_addr { host: "127.8.208.195" port: 37479 } } peers { permanent_uuid: "ac217d4b51be48f18f512a404230e584" member_type: NON_VOTER last_known_addr { host: "127.8.208.196" port: 36305 } attrs { promote: true } } }
