I20260630 12:11:46.328011  7115 raft_consensus.cc:385] T a1da688046654c369c45d0e1fd4647b4 P 3b8d007944a140f09804b45f3f4c2ccd [term 0 FOLLOWER]: Consensus starting up: Expiring failure detector timer to make a prompt election more likely
I20260630 12:11:46.328295  7115 raft_consensus.cc:740] T a1da688046654c369c45d0e1fd4647b4 P 3b8d007944a140f09804b45f3f4c2ccd [term 0 FOLLOWER]: Becoming Follower/Learner. State: Replica: 3b8d007944a140f09804b45f3f4c2ccd, State: Initialized, Role: FOLLOWER
I20260630 12:11:46.329142  7115 consensus_queue.cc:260] T a1da688046654c369c45d0e1fd4647b4 P 3b8d007944a140f09804b45f3f4c2ccd [NON_LEADER]: Queue going to NON_LEADER mode. State: All replicated index: 0, Majority replicated index: 0, Committed index: 0, Last appended: 0.0, Last appended by leader: 0, Current term: 0, Majority size: -1, State: 0, Mode: NON_LEADER, active raft config: opid_index: -1 OBSOLETE_local: false peers { permanent_uuid: "4a3b3db87dda4986857bb547ce028deb" member_type: VOTER last_known_addr { host: "127.4.42.1" port: 43573 } } peers { permanent_uuid: "3b8d007944a140f09804b45f3f4c2ccd" member_type: VOTER last_known_addr { host: "127.4.42.2" port: 40871 } } peers { permanent_uuid: "31dcc9bb47c6472987b9a20dba04ac4e" member_type: VOTER last_known_addr { host: "127.4.42.3" port: 36085 } }
I20260630 12:11:46.333029  7115 ts_tablet_manager.cc:1434] T a1da688046654c369c45d0e1fd4647b4 P 3b8d007944a140f09804b45f3f4c2ccd: Time spent starting tablet: real 0.008s	user 0.005s	sys 0.000s
I20260630 12:11:46.333372  7113 tablet_bootstrap.cc:654] T 1250471bb44647f8bd10e30a45383e42 P 31dcc9bb47c6472987b9a20dba04ac4e: Neither blocks nor log segments found. Creating new log.
I20260630 12:11:46.334045  7115 tablet_bootstrap.cc:492] T a90c1165e41441e899a5bead4de1355e P 3b8d007944a140f09804b45f3f4c2ccd: Bootstrap starting.
I20260630 12:11:46.327708  7114 ts_tablet_manager.cc:1434] T a1da688046654c369c45d0e1fd4647b4 P 4a3b3db87dda4986857bb547ce028deb: Time spent starting tablet: real 0.006s	user 0.004s	sys 0.004s
I20260630 12:11:46.340325  7115 tablet_bootstrap.cc:654] T a90c1165e41441e899a5bead4de1355e P 3b8d007944a140f09804b45f3f4c2ccd: Neither blocks nor log segments found. Creating new log.
W20260630 12:11:46.341861  6944 tablet.cc:2406] T 1250471bb44647f8bd10e30a45383e42 P 4a3b3db87dda4986857bb547ce028deb: Can't schedule compaction. Clean time has not been advanced past its initial value.
I20260630 12:11:46.344342  7114 tablet_bootstrap.cc:492] T a90c1165e41441e899a5bead4de1355e P 4a3b3db87dda4986857bb547ce028deb: Bootstrap starting.
I20260630 12:11:46.351871  7114 tablet_bootstrap.cc:654] T a90c1165e41441e899a5bead4de1355e P 4a3b3db87dda4986857bb547ce028deb: Neither blocks nor log segments found. Creating new log.
I20260630 12:11:46.356316  7115 tablet_bootstrap.cc:492] T a90c1165e41441e899a5bead4de1355e P 3b8d007944a140f09804b45f3f4c2ccd: No bootstrap required, opened a new log
I20260630 12:11:46.356722  7115 ts_tablet_manager.cc:1403] T a90c1165e41441e899a5bead4de1355e P 3b8d007944a140f09804b45f3f4c2ccd: Time spent bootstrapping tablet: real 0.023s	user 0.013s	sys 0.007s
I20260630 12:11:46.357282  7113 tablet_bootstrap.cc:492] T 1250471bb44647f8bd10e30a45383e42 P 31dcc9bb47c6472987b9a20dba04ac4e: No bootstrap required, opened a new log
I20260630 12:11:46.357796  7113 ts_tablet_manager.cc:1403] T 1250471bb44647f8bd10e30a45383e42 P 31dcc9bb47c6472987b9a20dba04ac4e: Time spent bootstrapping tablet: real 0.032s	user 0.022s	sys 0.005s
I20260630 12:11:46.358162  7122 raft_consensus.cc:493] T a1da688046654c369c45d0e1fd4647b4 P 31dcc9bb47c6472987b9a20dba04ac4e [term 0 FOLLOWER]: Starting pre-election (no leader contacted us within the election timeout)
I20260630 12:11:46.358696  7122 raft_consensus.cc:515] T a1da688046654c369c45d0e1fd4647b4 P 31dcc9bb47c6472987b9a20dba04ac4e [term 0 FOLLOWER]: Starting pre-election with config: opid_index: -1 OBSOLETE_local: false peers { permanent_uuid: "4a3b3db87dda4986857bb547ce028deb" member_type: VOTER last_known_addr { host: "127.4.42.1" port: 43573 } } peers { permanent_uuid: "3b8d007944a140f09804b45f3f4c2ccd" member_type: VOTER last_known_addr { host: "127.4.42.2" port: 40871 } } peers { permanent_uuid: "31dcc9bb47c6472987b9a20dba04ac4e" member_type: VOTER last_known_addr { host: "127.4.42.3" port: 36085 } }
I20260630 12:11:46.359426  7115 raft_consensus.cc:359] T a90c1165e41441e899a5bead4de1355e P 3b8d007944a140f09804b45f3f4c2ccd [term 0 FOLLOWER]: Replica starting. Triggering 0 pending ops. Active config: opid_index: -1 OBSOLETE_local: false peers { permanent_uuid: "4a3b3db87dda4986857bb547ce028deb" member_type: VOTER last_known_addr { host: "127.4.42.1" port: 43573 } } peers { permanent_uuid: "3b8d007944a140f09804b45f3f4c2ccd" member_type: VOTER last_known_addr { host: "127.4.42.2" port: 40871 } } peers { permanent_uuid: "31dcc9bb47c6472987b9a20dba04ac4e" member_type: VOTER last_known_addr { host: "127.4.42.3" port: 36085 } }
I20260630 12:11:46.360242  7115 raft_consensus.cc:385] T a90c1165e41441e899a5bead4de1355e P 3b8d007944a140f09804b45f3f4c2ccd [term 0 FOLLOWER]: Consensus starting up: Expiring failure detector timer to make a prompt election more likely
I20260630 12:11:46.360518  7115 raft_consensus.cc:740] T a90c1165e41441e899a5bead4de1355e P 3b8d007944a140f09804b45f3f4c2ccd [term 0 FOLLOWER]: Becoming Follower/Learner. State: Replica: 3b8d007944a140f09804b45f3f4c2ccd, State: Initialized, Role: FOLLOWER
I20260630 12:11:46.360948  7113 raft_consensus.cc:359] T 1250471bb44647f8bd10e30a45383e42 P 31dcc9bb47c6472987b9a20dba04ac4e [term 0 FOLLOWER]: Replica starting. Triggering 0 pending ops. Active config: opid_index: -1 OBSOLETE_local: false peers { permanent_uuid: "31dcc9bb47c6472987b9a20dba04ac4e" member_type: VOTER last_known_addr { host: "127.4.42.3" port: 36085 } } peers { permanent_uuid: "3b8d007944a140f09804b45f3f4c2ccd" member_type: VOTER last_known_addr { host: "127.4.42.2" port: 40871 } } peers { permanent_uuid: "4a3b3db87dda4986857bb547ce028deb" member_type: VOTER last_known_addr { host: "127.4.42.1" port: 43573 } }
I20260630 12:11:46.361500  7122 leader_election.cc:290] T a1da688046654c369c45d0e1fd4647b4 P 31dcc9bb47c6472987b9a20dba04ac4e [CANDIDATE]: Term 1 pre-election: Requested pre-vote from peers 4a3b3db87dda4986857bb547ce028deb (127.4.42.1:43573), 3b8d007944a140f09804b45f3f4c2ccd (127.4.42.2:40871)
I20260630 12:11:46.366779  7113 raft_consensus.cc:385] T 1250471bb44647f8bd10e30a45383e42 P 31dcc9bb47c6472987b9a20dba04ac4e [term 0 FOLLOWER]: Consensus starting up: Expiring failure detector timer to make a prompt election more likely
I20260630 12:11:46.368379  7113 raft_consensus.cc:740] T 1250471bb44647f8bd10e30a45383e42 P 31dcc9bb47c6472987b9a20dba04ac4e [term 0 FOLLOWER]: Becoming Follower/Learner. State: Replica: 31dcc9bb47c6472987b9a20dba04ac4e, State: Initialized, Role: FOLLOWER
I20260630 12:11:46.361421  7115 consensus_queue.cc:260] T a90c1165e41441e899a5bead4de1355e P 3b8d007944a140f09804b45f3f4c2ccd [NON_LEADER]: Queue going to NON_LEADER mode. State: All replicated index: 0, Majority replicated index: 0, Committed index: 0, Last appended: 0.0, Last appended by leader: 0, Current term: 0, Majority size: -1, State: 0, Mode: NON_LEADER, active raft config: opid_index: -1 OBSOLETE_local: false peers { permanent_uuid: "4a3b3db87dda4986857bb547ce028deb" member_type: VOTER last_known_addr { host: "127.4.42.1" port: 43573 } } peers { permanent_uuid: "3b8d007944a140f09804b45f3f4c2ccd" member_type: VOTER last_known_addr { host: "127.4.42.2" port: 40871 } } peers { permanent_uuid: "31dcc9bb47c6472987b9a20dba04ac4e" member_type: VOTER last_known_addr { host: "127.4.42.3" port: 36085 } }
I20260630 12:11:46.369342  7113 consensus_queue.cc:260] T 1250471bb44647f8bd10e30a45383e42 P 31dcc9bb47c6472987b9a20dba04ac4e [NON_LEADER]: Queue going to NON_LEADER mode. State: All replicated index: 0, Majority replicated index: 0, Committed index: 0, Last appended: 0.0, Last appended by leader: 0, Current term: 0, Majority size: -1, State: 0, Mode: NON_LEADER, active raft config: opid_index: -1 OBSOLETE_local: false peers { permanent_uuid: "31dcc9bb47c6472987b9a20dba04ac4e" member_type: VOTER last_known_addr { host: "127.4.42.3" port: 36085 } } peers { permanent_uuid: "3b8d007944a140f09804b45f3f4c2ccd" member_type: VOTER last_known_addr { host: "127.4.42.2" port: 40871 } } peers { permanent_uuid: "4a3b3db87dda4986857bb547ce028deb" member_type: VOTER last_known_addr { host: "127.4.42.1" port: 43573 } }
I20260630 12:11:46.371212  7115 ts_tablet_manager.cc:1434] T a90c1165e41441e899a5bead4de1355e P 3b8d007944a140f09804b45f3f4c2ccd: Time spent starting tablet: real 0.014s	user 0.007s	sys 0.000s
I20260630 12:11:46.373497  7113 ts_tablet_manager.cc:1434] T 1250471bb44647f8bd10e30a45383e42 P 31dcc9bb47c6472987b9a20dba04ac4e: Time spent starting tablet: real 0.015s	user 0.000s	sys 0.008s
I20260630 12:11:46.374553  7113 tablet_bootstrap.cc:492] T 11d73492332747c8b3c4a042d4a2b78e P 31dcc9bb47c6472987b9a20dba04ac4e: Bootstrap starting.
I20260630 12:11:46.375460  6918 tablet_service.cc:1917] Received RequestConsensusVote() RPC: tablet_id: "a1da688046654c369c45d0e1fd4647b4" candidate_uuid: "31dcc9bb47c6472987b9a20dba04ac4e" candidate_term: 1 candidate_status { last_received { term: 0 index: 0 } } ignore_live_leader: false dest_uuid: "4a3b3db87dda4986857bb547ce028deb" is_pre_election: true
I20260630 12:11:46.376230  6918 raft_consensus.cc:2468] T a1da688046654c369c45d0e1fd4647b4 P 4a3b3db87dda4986857bb547ce028deb [term 0 FOLLOWER]: Leader pre-election vote request: Granting yes vote for candidate 31dcc9bb47c6472987b9a20dba04ac4e in term 0.
I20260630 12:11:46.377667  7114 tablet_bootstrap.cc:492] T a90c1165e41441e899a5bead4de1355e P 4a3b3db87dda4986857bb547ce028deb: No bootstrap required, opened a new log
I20260630 12:11:46.377620  7033 leader_election.cc:304] T a1da688046654c369c45d0e1fd4647b4 P 31dcc9bb47c6472987b9a20dba04ac4e [CANDIDATE]: Term 1 pre-election: Election decided. Result: candidate won. Election summary: received 2 responses out of 3 voters: 2 yes votes; 0 no votes. yes voters: 31dcc9bb47c6472987b9a20dba04ac4e, 4a3b3db87dda4986857bb547ce028deb; no voters: 
I20260630 12:11:46.378261  7114 ts_tablet_manager.cc:1403] T a90c1165e41441e899a5bead4de1355e P 4a3b3db87dda4986857bb547ce028deb: Time spent bootstrapping tablet: real 0.034s	user 0.016s	sys 0.008s
I20260630 12:11:46.378583  7122 raft_consensus.cc:2804] T a1da688046654c369c45d0e1fd4647b4 P 31dcc9bb47c6472987b9a20dba04ac4e [term 0 FOLLOWER]: Leader pre-election won for term 1
I20260630 12:11:46.378944  7122 raft_consensus.cc:493] T a1da688046654c369c45d0e1fd4647b4 P 31dcc9bb47c6472987b9a20dba04ac4e [term 0 FOLLOWER]: Starting leader election (no leader contacted us within the election timeout)
I20260630 12:11:46.379259  7122 raft_consensus.cc:3060] T a1da688046654c369c45d0e1fd4647b4 P 31dcc9bb47c6472987b9a20dba04ac4e [term 0 FOLLOWER]: Advancing to term 1
I20260630 12:11:46.381258  7114 raft_consensus.cc:359] T a90c1165e41441e899a5bead4de1355e P 4a3b3db87dda4986857bb547ce028deb [term 0 FOLLOWER]: Replica starting. Triggering 0 pending ops. Active config: opid_index: -1 OBSOLETE_local: false peers { permanent_uuid: "4a3b3db87dda4986857bb547ce028deb" member_type: VOTER last_known_addr { host: "127.4.42.1" port: 43573 } } peers { permanent_uuid: "3b8d007944a140f09804b45f3f4c2ccd" member_type: VOTER last_known_addr { host: "127.4.42.2" port: 40871 } } peers { permanent_uuid: "31dcc9bb47c6472987b9a20dba04ac4e" member_type: VOTER last_known_addr { host: "127.4.42.3" port: 36085 } }
I20260630 12:11:46.382001  7114 raft_consensus.cc:385] T a90c1165e41441e899a5bead4de1355e P 4a3b3db87dda4986857bb547ce028deb [term 0 FOLLOWER]: Consensus starting up: Expiring failure detector timer to make a prompt election more likely
I20260630 12:11:46.382298  7114 raft_consensus.cc:740] T a90c1165e41441e899a5bead4de1355e P 4a3b3db87dda4986857bb547ce028deb [term 0 FOLLOWER]: Becoming Follower/Learner. State: Replica: 4a3b3db87dda4986857bb547ce028deb, State: Initialized, Role: FOLLOWER
I20260630 12:11:46.383124  7114 consensus_queue.cc:260] T a90c1165e41441e899a5bead4de1355e P 4a3b3db87dda4986857bb547ce028deb [NON_LEADER]: Queue going to NON_LEADER mode. State: All replicated index: 0, Majority replicated index: 0, Committed index: 0, Last appended: 0.0, Last appended by leader: 0, Current term: 0, Majority size: -1, State: 0, Mode: NON_LEADER, active raft config: opid_index: -1 OBSOLETE_local: false peers { permanent_uuid: "4a3b3db87dda4986857bb547ce028deb" member_type: VOTER last_known_addr { host: "127.4.42.1" port: 43573 } } peers { permanent_uuid: "3b8d007944a140f09804b45f3f4c2ccd" member_type: VOTER last_known_addr { host: "127.4.42.2" port: 40871 } } peers { permanent_uuid: "31dcc9bb47c6472987b9a20dba04ac4e" member_type: VOTER last_known_addr { host: "127.4.42.3" port: 36085 } }
I20260630 12:11:46.386575  7122 raft_consensus.cc:515] T a1da688046654c369c45d0e1fd4647b4 P 31dcc9bb47c6472987b9a20dba04ac4e [term 1 FOLLOWER]: Starting leader election with config: opid_index: -1 OBSOLETE_local: false peers { permanent_uuid: "4a3b3db87dda4986857bb547ce028deb" member_type: VOTER last_known_addr { host: "127.4.42.1" port: 43573 } } peers { permanent_uuid: "3b8d007944a140f09804b45f3f4c2ccd" member_type: VOTER last_known_addr { host: "127.4.42.2" port: 40871 } } peers { permanent_uuid: "31dcc9bb47c6472987b9a20dba04ac4e" member_type: VOTER last_known_addr { host: "127.4.42.3" port: 36085 } }
I20260630 12:11:46.387246  7113 tablet_bootstrap.cc:654] T 11d73492332747c8b3c4a042d4a2b78e P 31dcc9bb47c6472987b9a20dba04ac4e: Neither blocks nor log segments found. Creating new log.
I20260630 12:11:46.388651  7114 ts_tablet_manager.cc:1434] T a90c1165e41441e899a5bead4de1355e P 4a3b3db87dda4986857bb547ce028deb: Time spent starting tablet: real 0.010s	user 0.005s	sys 0.000s
I20260630 12:11:46.389228  6918 tablet_service.cc:1917] Received RequestConsensusVote() RPC: tablet_id: "a1da688046654c369c45d0e1fd4647b4" candidate_uuid: "31dcc9bb47c6472987b9a20dba04ac4e" candidate_term: 1 candidate_status { last_received { term: 0 index: 0 } } ignore_live_leader: false dest_uuid: "4a3b3db87dda4986857bb547ce028deb"
I20260630 12:11:46.389711  7114 tablet_bootstrap.cc:492] T 11d73492332747c8b3c4a042d4a2b78e P 4a3b3db87dda4986857bb547ce028deb: Bootstrap starting.
I20260630 12:11:46.389760  6918 raft_consensus.cc:3060] T a1da688046654c369c45d0e1fd4647b4 P 4a3b3db87dda4986857bb547ce028deb [term 0 FOLLOWER]: Advancing to term 1
I20260630 12:11:46.394809  6993 tablet_service.cc:1917] Received RequestConsensusVote() RPC: tablet_id: "a1da688046654c369c45d0e1fd4647b4" candidate_uuid: "31dcc9bb47c6472987b9a20dba04ac4e" candidate_term: 1 candidate_status { last_received { term: 0 index: 0 } } ignore_live_leader: false dest_uuid: "3b8d007944a140f09804b45f3f4c2ccd" is_pre_election: true
I20260630 12:11:46.395483  6993 raft_consensus.cc:2468] T a1da688046654c369c45d0e1fd4647b4 P 3b8d007944a140f09804b45f3f4c2ccd [term 0 FOLLOWER]: Leader pre-election vote request: Granting yes vote for candidate 31dcc9bb47c6472987b9a20dba04ac4e in term 0.
I20260630 12:11:46.396795  6918 raft_consensus.cc:2468] T a1da688046654c369c45d0e1fd4647b4 P 4a3b3db87dda4986857bb547ce028deb [term 1 FOLLOWER]: Leader election vote request: Granting yes vote for candidate 31dcc9bb47c6472987b9a20dba04ac4e in term 1.
I20260630 12:11:46.397421  7114 tablet_bootstrap.cc:654] T 11d73492332747c8b3c4a042d4a2b78e P 4a3b3db87dda4986857bb547ce028deb: Neither blocks nor log segments found. Creating new log.
I20260630 12:11:46.397974  7033 leader_election.cc:304] T a1da688046654c369c45d0e1fd4647b4 P 31dcc9bb47c6472987b9a20dba04ac4e [CANDIDATE]: Term 1 election: Election decided. Result: candidate won. Election summary: received 2 responses out of 3 voters: 2 yes votes; 0 no votes. yes voters: 31dcc9bb47c6472987b9a20dba04ac4e, 4a3b3db87dda4986857bb547ce028deb; no voters: 
I20260630 12:11:46.399838  7113 tablet_bootstrap.cc:492] T 11d73492332747c8b3c4a042d4a2b78e P 31dcc9bb47c6472987b9a20dba04ac4e: No bootstrap required, opened a new log
I20260630 12:11:46.400332  7113 ts_tablet_manager.cc:1403] T 11d73492332747c8b3c4a042d4a2b78e P 31dcc9bb47c6472987b9a20dba04ac4e: Time spent bootstrapping tablet: real 0.026s	user 0.007s	sys 0.003s
I20260630 12:11:46.401749  7132 raft_consensus.cc:2804] T a1da688046654c369c45d0e1fd4647b4 P 31dcc9bb47c6472987b9a20dba04ac4e [term 1 FOLLOWER]: Leader election won for term 1
I20260630 12:11:46.402936  7122 leader_election.cc:290] T a1da688046654c369c45d0e1fd4647b4 P 31dcc9bb47c6472987b9a20dba04ac4e [CANDIDATE]: Term 1 election: Requested vote from peers 4a3b3db87dda4986857bb547ce028deb (127.4.42.1:43573), 3b8d007944a140f09804b45f3f4c2ccd (127.4.42.2:40871)
I20260630 12:11:46.403200  6993 tablet_service.cc:1917] Received RequestConsensusVote() RPC: tablet_id: "a1da688046654c369c45d0e1fd4647b4" candidate_uuid: "31dcc9bb47c6472987b9a20dba04ac4e" candidate_term: 1 candidate_status { last_received { term: 0 index: 0 } } ignore_live_leader: false dest_uuid: "3b8d007944a140f09804b45f3f4c2ccd"
I20260630 12:11:46.403863  6993 raft_consensus.cc:3060] T a1da688046654c369c45d0e1fd4647b4 P 3b8d007944a140f09804b45f3f4c2ccd [term 0 FOLLOWER]: Advancing to term 1
I20260630 12:11:46.406363  7114 tablet_bootstrap.cc:492] T 11d73492332747c8b3c4a042d4a2b78e P 4a3b3db87dda4986857bb547ce028deb: No bootstrap required, opened a new log
I20260630 12:11:46.406826  7114 ts_tablet_manager.cc:1403] T 11d73492332747c8b3c4a042d4a2b78e P 4a3b3db87dda4986857bb547ce028deb: Time spent bootstrapping tablet: real 0.017s	user 0.008s	sys 0.007s
I20260630 12:11:46.408866  7114 raft_consensus.cc:359] T 11d73492332747c8b3c4a042d4a2b78e P 4a3b3db87dda4986857bb547ce028deb [term 0 FOLLOWER]: Replica starting. Triggering 0 pending ops. Active config: opid_index: -1 OBSOLETE_local: false peers { permanent_uuid: "4a3b3db87dda4986857bb547ce028deb" member_type: VOTER last_known_addr { host: "127.4.42.1" port: 43573 } } peers { permanent_uuid: "3b8d007944a140f09804b45f3f4c2ccd" member_type: VOTER last_known_addr { host: "127.4.42.2" port: 40871 } } peers { permanent_uuid: "31dcc9bb47c6472987b9a20dba04ac4e" member_type: VOTER last_known_addr { host: "127.4.42.3" port: 36085 } }
I20260630 12:11:46.409374  7114 raft_consensus.cc:385] T 11d73492332747c8b3c4a042d4a2b78e P 4a3b3db87dda4986857bb547ce028deb [term 0 FOLLOWER]: Consensus starting up: Expiring failure detector timer to make a prompt election more likely
I20260630 12:11:46.409653  7114 raft_consensus.cc:740] T 11d73492332747c8b3c4a042d4a2b78e P 4a3b3db87dda4986857bb547ce028deb [term 0 FOLLOWER]: Becoming Follower/Learner. State: Replica: 4a3b3db87dda4986857bb547ce028deb, State: Initialized, Role: FOLLOWER
I20260630 12:11:46.410010  7113 raft_consensus.cc:359] T 11d73492332747c8b3c4a042d4a2b78e P 31dcc9bb47c6472987b9a20dba04ac4e [term 0 FOLLOWER]: Replica starting. Triggering 0 pending ops. Active config: opid_index: -1 OBSOLETE_local: false peers { permanent_uuid: "4a3b3db87dda4986857bb547ce028deb" member_type: VOTER last_known_addr { host: "127.4.42.1" port: 43573 } } peers { permanent_uuid: "3b8d007944a140f09804b45f3f4c2ccd" member_type: VOTER last_known_addr { host: "127.4.42.2" port: 40871 } } peers { permanent_uuid: "31dcc9bb47c6472987b9a20dba04ac4e" member_type: VOTER last_known_addr { host: "127.4.42.3" port: 36085 } }
I20260630 12:11:46.410813  7113 raft_consensus.cc:385] T 11d73492332747c8b3c4a042d4a2b78e P 31dcc9bb47c6472987b9a20dba04ac4e [term 0 FOLLOWER]: Consensus starting up: Expiring failure detector timer to make a prompt election more likely
I20260630 12:11:46.410504  7114 consensus_queue.cc:260] T 11d73492332747c8b3c4a042d4a2b78e P 4a3b3db87dda4986857bb547ce028deb [NON_LEADER]: Queue going to NON_LEADER mode. State: All replicated index: 0, Majority replicated index: 0, Committed index: 0, Last appended: 0.0, Last appended by leader: 0, Current term: 0, Majority size: -1, State: 0, Mode: NON_LEADER, active raft config: opid_index: -1 OBSOLETE_local: false peers { permanent_uuid: "4a3b3db87dda4986857bb547ce028deb" member_type: VOTER last_known_addr { host: "127.4.42.1" port: 43573 } } peers { permanent_uuid: "3b8d007944a140f09804b45f3f4c2ccd" member_type: VOTER last_known_addr { host: "127.4.42.2" port: 40871 } } peers { permanent_uuid: "31dcc9bb47c6472987b9a20dba04ac4e" member_type: VOTER last_known_addr { host: "127.4.42.3" port: 36085 } }
I20260630 12:11:46.411219  7113 raft_consensus.cc:740] T 11d73492332747c8b3c4a042d4a2b78e P 31dcc9bb47c6472987b9a20dba04ac4e [term 0 FOLLOWER]: Becoming Follower/Learner. State: Replica: 31dcc9bb47c6472987b9a20dba04ac4e, State: Initialized, Role: FOLLOWER
I20260630 12:11:46.412106  6993 raft_consensus.cc:2468] T a1da688046654c369c45d0e1fd4647b4 P 3b8d007944a140f09804b45f3f4c2ccd [term 1 FOLLOWER]: Leader election vote request: Granting yes vote for candidate 31dcc9bb47c6472987b9a20dba04ac4e in term 1.
I20260630 12:11:46.412266  7113 consensus_queue.cc:260] T 11d73492332747c8b3c4a042d4a2b78e P 31dcc9bb47c6472987b9a20dba04ac4e [NON_LEADER]: Queue going to NON_LEADER mode. State: All replicated index: 0, Majority replicated index: 0, Committed index: 0, Last appended: 0.0, Last appended by leader: 0, Current term: 0, Majority size: -1, State: 0, Mode: NON_LEADER, active raft config: opid_index: -1 OBSOLETE_local: false peers { permanent_uuid: "4a3b3db87dda4986857bb547ce028deb" member_type: VOTER last_known_addr { host: "127.4.42.1" port: 43573 } } peers { permanent_uuid: "3b8d007944a140f09804b45f3f4c2ccd" member_type: VOTER last_known_addr { host: "127.4.42.2" port: 40871 } } peers { permanent_uuid: "31dcc9bb47c6472987b9a20dba04ac4e" member_type: VOTER last_known_addr { host: "127.4.42.3" port: 36085 } }
I20260630 12:11:46.414925  7113 ts_tablet_manager.cc:1434] T 11d73492332747c8b3c4a042d4a2b78e P 31dcc9bb47c6472987b9a20dba04ac4e: Time spent starting tablet: real 0.014s	user 0.007s	sys 0.001s
I20260630 12:11:46.415367  7114 ts_tablet_manager.cc:1434] T 11d73492332747c8b3c4a042d4a2b78e P 4a3b3db87dda4986857bb547ce028deb: Time spent starting tablet: real 0.008s	user 0.005s	sys 0.000s
I20260630 12:11:46.416028  7132 raft_consensus.cc:697] T a1da688046654c369c45d0e1fd4647b4 P 31dcc9bb47c6472987b9a20dba04ac4e [term 1 LEADER]: Becoming Leader. State: Replica: 31dcc9bb47c6472987b9a20dba04ac4e, State: Running, Role: LEADER
I20260630 12:11:46.416939  7132 consensus_queue.cc:237] T a1da688046654c369c45d0e1fd4647b4 P 31dcc9bb47c6472987b9a20dba04ac4e [LEADER]: Queue going to LEADER mode. State: All replicated index: 0, Majority replicated index: 0, Committed index: 0, Last appended: 0.0, Last appended by leader: 0, Current term: 1, Majority size: 2, State: 0, Mode: LEADER, active raft config: opid_index: -1 OBSOLETE_local: false peers { permanent_uuid: "4a3b3db87dda4986857bb547ce028deb" member_type: VOTER last_known_addr { host: "127.4.42.1" port: 43573 } } peers { permanent_uuid: "3b8d007944a140f09804b45f3f4c2ccd" member_type: VOTER last_known_addr { host: "127.4.42.2" port: 40871 } } peers { permanent_uuid: "31dcc9bb47c6472987b9a20dba04ac4e" member_type: VOTER last_known_addr { host: "127.4.42.3" port: 36085 } }
I20260630 12:11:46.424731  6813 catalog_manager.cc:5697] T a1da688046654c369c45d0e1fd4647b4 P 31dcc9bb47c6472987b9a20dba04ac4e reported cstate change: term changed from 0 to 1, leader changed from <none> to 31dcc9bb47c6472987b9a20dba04ac4e (127.4.42.3). New cstate: current_term: 1 leader_uuid: "31dcc9bb47c6472987b9a20dba04ac4e" committed_config { opid_index: -1 OBSOLETE_local: false peers { permanent_uuid: "4a3b3db87dda4986857bb547ce028deb" member_type: VOTER last_known_addr { host: "127.4.42.1" port: 43573 } health_report { overall_health: UNKNOWN } } peers { permanent_uuid: "3b8d007944a140f09804b45f3f4c2ccd" member_type: VOTER last_known_addr { host: "127.4.42.2" port: 40871 } health_report { overall_health: UNKNOWN } } peers { permanent_uuid: "31dcc9bb47c6472987b9a20dba04ac4e" member_type: VOTER last_known_addr { host: "127.4.42.3" port: 36085 } health_report { overall_health: HEALTHY } } }
I20260630 12:11:46.523597  7117 raft_consensus.cc:493] T 11d73492332747c8b3c4a042d4a2b78e P 3b8d007944a140f09804b45f3f4c2ccd [term 0 FOLLOWER]: Starting pre-election (no leader contacted us within the election timeout)
I20260630 12:11:46.524029  7117 raft_consensus.cc:515] T 11d73492332747c8b3c4a042d4a2b78e P 3b8d007944a140f09804b45f3f4c2ccd [term 0 FOLLOWER]: Starting pre-election with config: opid_index: -1 OBSOLETE_local: false peers { permanent_uuid: "4a3b3db87dda4986857bb547ce028deb" member_type: VOTER last_known_addr { host: "127.4.42.1" port: 43573 } } peers { permanent_uuid: "3b8d007944a140f09804b45f3f4c2ccd" member_type: VOTER last_known_addr { host: "127.4.42.2" port: 40871 } } peers { permanent_uuid: "31dcc9bb47c6472987b9a20dba04ac4e" member_type: VOTER last_known_addr { host: "127.4.42.3" port: 36085 } }
I20260630 12:11:46.525941  7117 leader_election.cc:290] T 11d73492332747c8b3c4a042d4a2b78e P 3b8d007944a140f09804b45f3f4c2ccd [CANDIDATE]: Term 1 pre-election: Requested pre-vote from peers 4a3b3db87dda4986857bb547ce028deb (127.4.42.1:43573), 31dcc9bb47c6472987b9a20dba04ac4e (127.4.42.3:36085)
I20260630 12:11:46.537202  6918 tablet_service.cc:1917] Received RequestConsensusVote() RPC: tablet_id: "11d73492332747c8b3c4a042d4a2b78e" candidate_uuid: "3b8d007944a140f09804b45f3f4c2ccd" candidate_term: 1 candidate_status { last_received { term: 0 index: 0 } } ignore_live_leader: false dest_uuid: "4a3b3db87dda4986857bb547ce028deb" is_pre_election: true
I20260630 12:11:46.537572  7067 tablet_service.cc:1917] Received RequestConsensusVote() RPC: tablet_id: "11d73492332747c8b3c4a042d4a2b78e" candidate_uuid: "3b8d007944a140f09804b45f3f4c2ccd" candidate_term: 1 candidate_status { last_received { term: 0 index: 0 } } ignore_live_leader: false dest_uuid: "31dcc9bb47c6472987b9a20dba04ac4e" is_pre_election: true
I20260630 12:11:46.537784  6918 raft_consensus.cc:2468] T 11d73492332747c8b3c4a042d4a2b78e P 4a3b3db87dda4986857bb547ce028deb [term 0 FOLLOWER]: Leader pre-election vote request: Granting yes vote for candidate 3b8d007944a140f09804b45f3f4c2ccd in term 0.
I20260630 12:11:46.538152  7067 raft_consensus.cc:2468] T 11d73492332747c8b3c4a042d4a2b78e P 31dcc9bb47c6472987b9a20dba04ac4e [term 0 FOLLOWER]: Leader pre-election vote request: Granting yes vote for candidate 3b8d007944a140f09804b45f3f4c2ccd in term 0.
I20260630 12:11:46.538797  6959 leader_election.cc:304] T 11d73492332747c8b3c4a042d4a2b78e P 3b8d007944a140f09804b45f3f4c2ccd [CANDIDATE]: Term 1 pre-election: Election decided. Result: candidate won. Election summary: received 2 responses out of 3 voters: 2 yes votes; 0 no votes. yes voters: 3b8d007944a140f09804b45f3f4c2ccd, 4a3b3db87dda4986857bb547ce028deb; no voters: 
I20260630 12:11:46.539595  7117 raft_consensus.cc:2804] T 11d73492332747c8b3c4a042d4a2b78e P 3b8d007944a140f09804b45f3f4c2ccd [term 0 FOLLOWER]: Leader pre-election won for term 1
I20260630 12:11:46.539899  7117 raft_consensus.cc:493] T 11d73492332747c8b3c4a042d4a2b78e P 3b8d007944a140f09804b45f3f4c2ccd [term 0 FOLLOWER]: Starting leader election (no leader contacted us within the election timeout)
I20260630 12:11:46.540144  7117 raft_consensus.cc:3060] T 11d73492332747c8b3c4a042d4a2b78e P 3b8d007944a140f09804b45f3f4c2ccd [term 0 FOLLOWER]: Advancing to term 1
I20260630 12:11:46.544792  7117 raft_consensus.cc:515] T 11d73492332747c8b3c4a042d4a2b78e P 3b8d007944a140f09804b45f3f4c2ccd [term 1 FOLLOWER]: Starting leader election with config: opid_index: -1 OBSOLETE_local: false peers { permanent_uuid: "4a3b3db87dda4986857bb547ce028deb" member_type: VOTER last_known_addr { host: "127.4.42.1" port: 43573 } } peers { permanent_uuid: "3b8d007944a140f09804b45f3f4c2ccd" member_type: VOTER last_known_addr { host: "127.4.42.2" port: 40871 } } peers { permanent_uuid: "31dcc9bb47c6472987b9a20dba04ac4e" member_type: VOTER last_known_addr { host: "127.4.42.3" port: 36085 } }
I20260630 12:11:46.546206  7117 leader_election.cc:290] T 11d73492332747c8b3c4a042d4a2b78e P 3b8d007944a140f09804b45f3f4c2ccd [CANDIDATE]: Term 1 election: Requested vote from peers 4a3b3db87dda4986857bb547ce028deb (127.4.42.1:43573), 31dcc9bb47c6472987b9a20dba04ac4e (127.4.42.3:36085)
I20260630 12:11:46.546948  6918 tablet_service.cc:1917] Received RequestConsensusVote() RPC: tablet_id: "11d73492332747c8b3c4a042d4a2b78e" candidate_uuid: "3b8d007944a140f09804b45f3f4c2ccd" candidate_term: 1 candidate_status { last_received { term: 0 index: 0 } } ignore_live_leader: false dest_uuid: "4a3b3db87dda4986857bb547ce028deb"
I20260630 12:11:46.547174  7067 tablet_service.cc:1917] Received RequestConsensusVote() RPC: tablet_id: "11d73492332747c8b3c4a042d4a2b78e" candidate_uuid: "3b8d007944a140f09804b45f3f4c2ccd" candidate_term: 1 candidate_status { last_received { term: 0 index: 0 } } ignore_live_leader: false dest_uuid: "31dcc9bb47c6472987b9a20dba04ac4e"
I20260630 12:11:46.547397  6918 raft_consensus.cc:3060] T 11d73492332747c8b3c4a042d4a2b78e P 4a3b3db87dda4986857bb547ce028deb [term 0 FOLLOWER]: Advancing to term 1
I20260630 12:11:46.547648  7067 raft_consensus.cc:3060] T 11d73492332747c8b3c4a042d4a2b78e P 31dcc9bb47c6472987b9a20dba04ac4e [term 0 FOLLOWER]: Advancing to term 1
I20260630 12:11:46.551584  6918 raft_consensus.cc:2468] T 11d73492332747c8b3c4a042d4a2b78e P 4a3b3db87dda4986857bb547ce028deb [term 1 FOLLOWER]: Leader election vote request: Granting yes vote for candidate 3b8d007944a140f09804b45f3f4c2ccd in term 1.
I20260630 12:11:46.552013  7067 raft_consensus.cc:2468] T 11d73492332747c8b3c4a042d4a2b78e P 31dcc9bb47c6472987b9a20dba04ac4e [term 1 FOLLOWER]: Leader election vote request: Granting yes vote for candidate 3b8d007944a140f09804b45f3f4c2ccd in term 1.
I20260630 12:11:46.552482  6959 leader_election.cc:304] T 11d73492332747c8b3c4a042d4a2b78e P 3b8d007944a140f09804b45f3f4c2ccd [CANDIDATE]: Term 1 election: Election decided. Result: candidate won. Election summary: received 2 responses out of 3 voters: 2 yes votes; 0 no votes. yes voters: 3b8d007944a140f09804b45f3f4c2ccd, 4a3b3db87dda4986857bb547ce028deb; no voters: 
I20260630 12:11:46.553169  7117 raft_consensus.cc:2804] T 11d73492332747c8b3c4a042d4a2b78e P 3b8d007944a140f09804b45f3f4c2ccd [term 1 FOLLOWER]: Leader election won for term 1
I20260630 12:11:46.554104  7117 raft_consensus.cc:697] T 11d73492332747c8b3c4a042d4a2b78e P 3b8d007944a140f09804b45f3f4c2ccd [term 1 LEADER]: Becoming Leader. State: Replica: 3b8d007944a140f09804b45f3f4c2ccd, State: Running, Role: LEADER
I20260630 12:11:46.554738  7117 consensus_queue.cc:237] T 11d73492332747c8b3c4a042d4a2b78e P 3b8d007944a140f09804b45f3f4c2ccd [LEADER]: Queue going to LEADER mode. State: All replicated index: 0, Majority replicated index: 0, Committed index: 0, Last appended: 0.0, Last appended by leader: 0, Current term: 1, Majority size: 2, State: 0, Mode: LEADER, active raft config: opid_index: -1 OBSOLETE_local: false peers { permanent_uuid: "4a3b3db87dda4986857bb547ce028deb" member_type: VOTER last_known_addr { host: "127.4.42.1" port: 43573 } } peers { permanent_uuid: "3b8d007944a140f09804b45f3f4c2ccd" member_type: VOTER last_known_addr { host: "127.4.42.2" port: 40871 } } peers { permanent_uuid: "31dcc9bb47c6472987b9a20dba04ac4e" member_type: VOTER last_known_addr { host: "127.4.42.3" port: 36085 } }
I20260630 12:11:46.561299  6814 catalog_manager.cc:5697] T 11d73492332747c8b3c4a042d4a2b78e P 3b8d007944a140f09804b45f3f4c2ccd reported cstate change: term changed from 0 to 1, leader changed from <none> to 3b8d007944a140f09804b45f3f4c2ccd (127.4.42.2). New cstate: current_term: 1 leader_uuid: "3b8d007944a140f09804b45f3f4c2ccd" committed_config { opid_index: -1 OBSOLETE_local: false peers { permanent_uuid: "4a3b3db87dda4986857bb547ce028deb" member_type: VOTER last_known_addr { host: "127.4.42.1" port: 43573 } health_report { overall_health: UNKNOWN } } peers { permanent_uuid: "3b8d007944a140f09804b45f3f4c2ccd" member_type: VOTER last_known_addr { host: "127.4.42.2" port: 40871 } health_report { overall_health: HEALTHY } } peers { permanent_uuid: "31dcc9bb47c6472987b9a20dba04ac4e" member_type: VOTER last_known_addr { host: "127.4.42.3" port: 36085 } health_report { overall_health: UNKNOWN } } }
I20260630 12:11:46.571919  7121 raft_consensus.cc:493] T a90c1165e41441e899a5bead4de1355e P 4a3b3db87dda4986857bb547ce028deb [term 0 FOLLOWER]: Starting pre-election (no leader contacted us within the election timeout)
I20260630 12:11:46.572337  7121 raft_consensus.cc:515] T a90c1165e41441e899a5bead4de1355e P 4a3b3db87dda4986857bb547ce028deb [term 0 FOLLOWER]: Starting pre-election with config: opid_index: -1 OBSOLETE_local: false peers { permanent_uuid: "4a3b3db87dda4986857bb547ce028deb" member_type: VOTER last_known_addr { host: "127.4.42.1" port: 43573 } } peers { permanent_uuid: "3b8d007944a140f09804b45f3f4c2ccd" member_type: VOTER last_known_addr { host: "127.4.42.2" port: 40871 } } peers { permanent_uuid: "31dcc9bb47c6472987b9a20dba04ac4e" member_type: VOTER last_known_addr { host: "127.4.42.3" port: 36085 } }
I20260630 12:11:46.574226  7121 leader_election.cc:290] T a90c1165e41441e899a5bead4de1355e P 4a3b3db87dda4986857bb547ce028deb [CANDIDATE]: Term 1 pre-election: Requested pre-vote from peers 3b8d007944a140f09804b45f3f4c2ccd (127.4.42.2:40871), 31dcc9bb47c6472987b9a20dba04ac4e (127.4.42.3:36085)
I20260630 12:11:46.584293  6993 tablet_service.cc:1917] Received RequestConsensusVote() RPC: tablet_id: "a90c1165e41441e899a5bead4de1355e" candidate_uuid: "4a3b3db87dda4986857bb547ce028deb" candidate_term: 1 candidate_status { last_received { term: 0 index: 0 } } ignore_live_leader: false dest_uuid: "3b8d007944a140f09804b45f3f4c2ccd" is_pre_election: true
I20260630 12:11:46.584344  7067 tablet_service.cc:1917] Received RequestConsensusVote() RPC: tablet_id: "a90c1165e41441e899a5bead4de1355e" candidate_uuid: "4a3b3db87dda4986857bb547ce028deb" candidate_term: 1 candidate_status { last_received { term: 0 index: 0 } } ignore_live_leader: false dest_uuid: "31dcc9bb47c6472987b9a20dba04ac4e" is_pre_election: true
I20260630 12:11:46.585114  6993 raft_consensus.cc:2468] T a90c1165e41441e899a5bead4de1355e P 3b8d007944a140f09804b45f3f4c2ccd [term 0 FOLLOWER]: Leader pre-election vote request: Granting yes vote for candidate 4a3b3db87dda4986857bb547ce028deb in term 0.
I20260630 12:11:46.585142  7067 raft_consensus.cc:2468] T a90c1165e41441e899a5bead4de1355e P 31dcc9bb47c6472987b9a20dba04ac4e [term 0 FOLLOWER]: Leader pre-election vote request: Granting yes vote for candidate 4a3b3db87dda4986857bb547ce028deb in term 0.
I20260630 12:11:46.586413  6882 leader_election.cc:304] T a90c1165e41441e899a5bead4de1355e P 4a3b3db87dda4986857bb547ce028deb [CANDIDATE]: Term 1 pre-election: Election decided. Result: candidate won. Election summary: received 2 responses out of 3 voters: 2 yes votes; 0 no votes. yes voters: 31dcc9bb47c6472987b9a20dba04ac4e, 4a3b3db87dda4986857bb547ce028deb; no voters: 
I20260630 12:11:46.587045  7121 raft_consensus.cc:2804] T a90c1165e41441e899a5bead4de1355e P 4a3b3db87dda4986857bb547ce028deb [term 0 FOLLOWER]: Leader pre-election won for term 1
I20260630 12:11:46.587329  7121 raft_consensus.cc:493] T a90c1165e41441e899a5bead4de1355e P 4a3b3db87dda4986857bb547ce028deb [term 0 FOLLOWER]: Starting leader election (no leader contacted us within the election timeout)
I20260630 12:11:46.587601  7121 raft_consensus.cc:3060] T a90c1165e41441e899a5bead4de1355e P 4a3b3db87dda4986857bb547ce028deb [term 0 FOLLOWER]: Advancing to term 1
I20260630 12:11:46.592046  7121 raft_consensus.cc:515] T a90c1165e41441e899a5bead4de1355e P 4a3b3db87dda4986857bb547ce028deb [term 1 FOLLOWER]: Starting leader election with config: opid_index: -1 OBSOLETE_local: false peers { permanent_uuid: "4a3b3db87dda4986857bb547ce028deb" member_type: VOTER last_known_addr { host: "127.4.42.1" port: 43573 } } peers { permanent_uuid: "3b8d007944a140f09804b45f3f4c2ccd" member_type: VOTER last_known_addr { host: "127.4.42.2" port: 40871 } } peers { permanent_uuid: "31dcc9bb47c6472987b9a20dba04ac4e" member_type: VOTER last_known_addr { host: "127.4.42.3" port: 36085 } }
I20260630 12:11:46.593618  7121 leader_election.cc:290] T a90c1165e41441e899a5bead4de1355e P 4a3b3db87dda4986857bb547ce028deb [CANDIDATE]: Term 1 election: Requested vote from peers 3b8d007944a140f09804b45f3f4c2ccd (127.4.42.2:40871), 31dcc9bb47c6472987b9a20dba04ac4e (127.4.42.3:36085)
I20260630 12:11:46.594381  6993 tablet_service.cc:1917] Received RequestConsensusVote() RPC: tablet_id: "a90c1165e41441e899a5bead4de1355e" candidate_uuid: "4a3b3db87dda4986857bb547ce028deb" candidate_term: 1 candidate_status { last_received { term: 0 index: 0 } } ignore_live_leader: false dest_uuid: "3b8d007944a140f09804b45f3f4c2ccd"
I20260630 12:11:46.594974  6993 raft_consensus.cc:3060] T a90c1165e41441e899a5bead4de1355e P 3b8d007944a140f09804b45f3f4c2ccd [term 0 FOLLOWER]: Advancing to term 1
I20260630 12:11:46.595434  7067 tablet_service.cc:1917] Received RequestConsensusVote() RPC: tablet_id: "a90c1165e41441e899a5bead4de1355e" candidate_uuid: "4a3b3db87dda4986857bb547ce028deb" candidate_term: 1 candidate_status { last_received { term: 0 index: 0 } } ignore_live_leader: false dest_uuid: "31dcc9bb47c6472987b9a20dba04ac4e"
I20260630 12:11:46.595981  7067 raft_consensus.cc:3060] T a90c1165e41441e899a5bead4de1355e P 31dcc9bb47c6472987b9a20dba04ac4e [term 0 FOLLOWER]: Advancing to term 1
I20260630 12:11:46.600395  7117 raft_consensus.cc:493] T 1250471bb44647f8bd10e30a45383e42 P 3b8d007944a140f09804b45f3f4c2ccd [term 0 FOLLOWER]: Starting pre-election (no leader contacted us within the election timeout)
I20260630 12:11:46.600785  7117 raft_consensus.cc:515] T 1250471bb44647f8bd10e30a45383e42 P 3b8d007944a140f09804b45f3f4c2ccd [term 0 FOLLOWER]: Starting pre-election with config: opid_index: -1 OBSOLETE_local: false peers { permanent_uuid: "31dcc9bb47c6472987b9a20dba04ac4e" member_type: VOTER last_known_addr { host: "127.4.42.3" port: 36085 } } peers { permanent_uuid: "3b8d007944a140f09804b45f3f4c2ccd" member_type: VOTER last_known_addr { host: "127.4.42.2" port: 40871 } } peers { permanent_uuid: "4a3b3db87dda4986857bb547ce028deb" member_type: VOTER last_known_addr { host: "127.4.42.1" port: 43573 } }
I20260630 12:11:46.601485  6993 raft_consensus.cc:2468] T a90c1165e41441e899a5bead4de1355e P 3b8d007944a140f09804b45f3f4c2ccd [term 1 FOLLOWER]: Leader election vote request: Granting yes vote for candidate 4a3b3db87dda4986857bb547ce028deb in term 1.
I20260630 12:11:46.602075  7067 raft_consensus.cc:2468] T a90c1165e41441e899a5bead4de1355e P 31dcc9bb47c6472987b9a20dba04ac4e [term 1 FOLLOWER]: Leader election vote request: Granting yes vote for candidate 4a3b3db87dda4986857bb547ce028deb in term 1.
I20260630 12:11:46.602475  7117 leader_election.cc:290] T 1250471bb44647f8bd10e30a45383e42 P 3b8d007944a140f09804b45f3f4c2ccd [CANDIDATE]: Term 1 pre-election: Requested pre-vote from peers 31dcc9bb47c6472987b9a20dba04ac4e (127.4.42.3:36085), 4a3b3db87dda4986857bb547ce028deb (127.4.42.1:43573)
I20260630 12:11:46.602856  6881 leader_election.cc:304] T a90c1165e41441e899a5bead4de1355e P 4a3b3db87dda4986857bb547ce028deb [CANDIDATE]: Term 1 election: Election decided. Result: candidate won. Election summary: received 2 responses out of 3 voters: 2 yes votes; 0 no votes. yes voters: 3b8d007944a140f09804b45f3f4c2ccd, 4a3b3db87dda4986857bb547ce028deb; no voters: 
I20260630 12:11:46.603633  7121 raft_consensus.cc:2804] T a90c1165e41441e899a5bead4de1355e P 4a3b3db87dda4986857bb547ce028deb [term 1 FOLLOWER]: Leader election won for term 1
I20260630 12:11:46.603893  7067 tablet_service.cc:1917] Received RequestConsensusVote() RPC: tablet_id: "1250471bb44647f8bd10e30a45383e42" candidate_uuid: "3b8d007944a140f09804b45f3f4c2ccd" candidate_term: 1 candidate_status { last_received { term: 0 index: 0 } } ignore_live_leader: false dest_uuid: "31dcc9bb47c6472987b9a20dba04ac4e" is_pre_election: true
I20260630 12:11:46.604365  6918 tablet_service.cc:1917] Received RequestConsensusVote() RPC: tablet_id: "1250471bb44647f8bd10e30a45383e42" candidate_uuid: "3b8d007944a140f09804b45f3f4c2ccd" candidate_term: 1 candidate_status { last_received { term: 0 index: 0 } } ignore_live_leader: false dest_uuid: "4a3b3db87dda4986857bb547ce028deb" is_pre_election: true
I20260630 12:11:46.604521  7067 raft_consensus.cc:2468] T 1250471bb44647f8bd10e30a45383e42 P 31dcc9bb47c6472987b9a20dba04ac4e [term 0 FOLLOWER]: Leader pre-election vote request: Granting yes vote for candidate 3b8d007944a140f09804b45f3f4c2ccd in term 0.
I20260630 12:11:46.604730  7121 raft_consensus.cc:697] T a90c1165e41441e899a5bead4de1355e P 4a3b3db87dda4986857bb547ce028deb [term 1 LEADER]: Becoming Leader. State: Replica: 4a3b3db87dda4986857bb547ce028deb, State: Running, Role: LEADER
I20260630 12:11:46.605003  6918 raft_consensus.cc:2468] T 1250471bb44647f8bd10e30a45383e42 P 4a3b3db87dda4986857bb547ce028deb [term 0 FOLLOWER]: Leader pre-election vote request: Granting yes vote for candidate 3b8d007944a140f09804b45f3f4c2ccd in term 0.
I20260630 12:11:46.605767  6957 leader_election.cc:304] T 1250471bb44647f8bd10e30a45383e42 P 3b8d007944a140f09804b45f3f4c2ccd [CANDIDATE]: Term 1 pre-election: Election decided. Result: candidate won. Election summary: received 2 responses out of 3 voters: 2 yes votes; 0 no votes. yes voters: 31dcc9bb47c6472987b9a20dba04ac4e, 3b8d007944a140f09804b45f3f4c2ccd; no voters: 
I20260630 12:11:46.605587  7121 consensus_queue.cc:237] T a90c1165e41441e899a5bead4de1355e P 4a3b3db87dda4986857bb547ce028deb [LEADER]: Queue going to LEADER mode. State: All replicated index: 0, Majority replicated index: 0, Committed index: 0, Last appended: 0.0, Last appended by leader: 0, Current term: 1, Majority size: 2, State: 0, Mode: LEADER, active raft config: opid_index: -1 OBSOLETE_local: false peers { permanent_uuid: "4a3b3db87dda4986857bb547ce028deb" member_type: VOTER last_known_addr { host: "127.4.42.1" port: 43573 } } peers { permanent_uuid: "3b8d007944a140f09804b45f3f4c2ccd" member_type: VOTER last_known_addr { host: "127.4.42.2" port: 40871 } } peers { permanent_uuid: "31dcc9bb47c6472987b9a20dba04ac4e" member_type: VOTER last_known_addr { host: "127.4.42.3" port: 36085 } }
I20260630 12:11:46.606611  7117 raft_consensus.cc:2804] T 1250471bb44647f8bd10e30a45383e42 P 3b8d007944a140f09804b45f3f4c2ccd [term 0 FOLLOWER]: Leader pre-election won for term 1
I20260630 12:11:46.606968  7117 raft_consensus.cc:493] T 1250471bb44647f8bd10e30a45383e42 P 3b8d007944a140f09804b45f3f4c2ccd [term 0 FOLLOWER]: Starting leader election (no leader contacted us within the election timeout)
I20260630 12:11:46.607265  7117 raft_consensus.cc:3060] T 1250471bb44647f8bd10e30a45383e42 P 3b8d007944a140f09804b45f3f4c2ccd [term 0 FOLLOWER]: Advancing to term 1
I20260630 12:11:46.612874  7117 raft_consensus.cc:515] T 1250471bb44647f8bd10e30a45383e42 P 3b8d007944a140f09804b45f3f4c2ccd [term 1 FOLLOWER]: Starting leader election with config: opid_index: -1 OBSOLETE_local: false peers { permanent_uuid: "31dcc9bb47c6472987b9a20dba04ac4e" member_type: VOTER last_known_addr { host: "127.4.42.3" port: 36085 } } peers { permanent_uuid: "3b8d007944a140f09804b45f3f4c2ccd" member_type: VOTER last_known_addr { host: "127.4.42.2" port: 40871 } } peers { permanent_uuid: "4a3b3db87dda4986857bb547ce028deb" member_type: VOTER last_known_addr { host: "127.4.42.1" port: 43573 } }
I20260630 12:11:46.613261  6814 catalog_manager.cc:5697] T a90c1165e41441e899a5bead4de1355e P 4a3b3db87dda4986857bb547ce028deb reported cstate change: term changed from 0 to 1, leader changed from <none> to 4a3b3db87dda4986857bb547ce028deb (127.4.42.1). New cstate: current_term: 1 leader_uuid: "4a3b3db87dda4986857bb547ce028deb" committed_config { opid_index: -1 OBSOLETE_local: false peers { permanent_uuid: "4a3b3db87dda4986857bb547ce028deb" member_type: VOTER last_known_addr { host: "127.4.42.1" port: 43573 } health_report { overall_health: HEALTHY } } peers { permanent_uuid: "3b8d007944a140f09804b45f3f4c2ccd" member_type: VOTER last_known_addr { host: "127.4.42.2" port: 40871 } health_report { overall_health: UNKNOWN } } peers { permanent_uuid: "31dcc9bb47c6472987b9a20dba04ac4e" member_type: VOTER last_known_addr { host: "127.4.42.3" port: 36085 } health_report { overall_health: UNKNOWN } } }
I20260630 12:11:46.614918  7117 leader_election.cc:290] T 1250471bb44647f8bd10e30a45383e42 P 3b8d007944a140f09804b45f3f4c2ccd [CANDIDATE]: Term 1 election: Requested vote from peers 31dcc9bb47c6472987b9a20dba04ac4e (127.4.42.3:36085), 4a3b3db87dda4986857bb547ce028deb (127.4.42.1:43573)
I20260630 12:11:46.615453  7067 tablet_service.cc:1917] Received RequestConsensusVote() RPC: tablet_id: "1250471bb44647f8bd10e30a45383e42" candidate_uuid: "3b8d007944a140f09804b45f3f4c2ccd" candidate_term: 1 candidate_status { last_received { term: 0 index: 0 } } ignore_live_leader: false dest_uuid: "31dcc9bb47c6472987b9a20dba04ac4e"
I20260630 12:11:46.615994  7067 raft_consensus.cc:3060] T 1250471bb44647f8bd10e30a45383e42 P 31dcc9bb47c6472987b9a20dba04ac4e [term 0 FOLLOWER]: Advancing to term 1
I20260630 12:11:46.616021  6918 tablet_service.cc:1917] Received RequestConsensusVote() RPC: tablet_id: "1250471bb44647f8bd10e30a45383e42" candidate_uuid: "3b8d007944a140f09804b45f3f4c2ccd" candidate_term: 1 candidate_status { last_received { term: 0 index: 0 } } ignore_live_leader: false dest_uuid: "4a3b3db87dda4986857bb547ce028deb"
I20260630 12:11:46.616652  6918 raft_consensus.cc:3060] T 1250471bb44647f8bd10e30a45383e42 P 4a3b3db87dda4986857bb547ce028deb [term 0 FOLLOWER]: Advancing to term 1
I20260630 12:11:46.620883  7067 raft_consensus.cc:2468] T 1250471bb44647f8bd10e30a45383e42 P 31dcc9bb47c6472987b9a20dba04ac4e [term 1 FOLLOWER]: Leader election vote request: Granting yes vote for candidate 3b8d007944a140f09804b45f3f4c2ccd in term 1.
I20260630 12:11:46.622387  6957 leader_election.cc:304] T 1250471bb44647f8bd10e30a45383e42 P 3b8d007944a140f09804b45f3f4c2ccd [CANDIDATE]: Term 1 election: Election decided. Result: candidate won. Election summary: received 2 responses out of 3 voters: 2 yes votes; 0 no votes. yes voters: 31dcc9bb47c6472987b9a20dba04ac4e, 3b8d007944a140f09804b45f3f4c2ccd; no voters: 
I20260630 12:11:46.622519  6918 raft_consensus.cc:2468] T 1250471bb44647f8bd10e30a45383e42 P 4a3b3db87dda4986857bb547ce028deb [term 1 FOLLOWER]: Leader election vote request: Granting yes vote for candidate 3b8d007944a140f09804b45f3f4c2ccd in term 1.
I20260630 12:11:46.623315  7117 raft_consensus.cc:2804] T 1250471bb44647f8bd10e30a45383e42 P 3b8d007944a140f09804b45f3f4c2ccd [term 1 FOLLOWER]: Leader election won for term 1
I20260630 12:11:46.623780  7117 raft_consensus.cc:697] T 1250471bb44647f8bd10e30a45383e42 P 3b8d007944a140f09804b45f3f4c2ccd [term 1 LEADER]: Becoming Leader. State: Replica: 3b8d007944a140f09804b45f3f4c2ccd, State: Running, Role: LEADER
I20260630 12:11:46.624401  7117 consensus_queue.cc:237] T 1250471bb44647f8bd10e30a45383e42 P 3b8d007944a140f09804b45f3f4c2ccd [LEADER]: Queue going to LEADER mode. State: All replicated index: 0, Majority replicated index: 0, Committed index: 0, Last appended: 0.0, Last appended by leader: 0, Current term: 1, Majority size: 2, State: 0, Mode: LEADER, active raft config: opid_index: -1 OBSOLETE_local: false peers { permanent_uuid: "31dcc9bb47c6472987b9a20dba04ac4e" member_type: VOTER last_known_addr { host: "127.4.42.3" port: 36085 } } peers { permanent_uuid: "3b8d007944a140f09804b45f3f4c2ccd" member_type: VOTER last_known_addr { host: "127.4.42.2" port: 40871 } } peers { permanent_uuid: "4a3b3db87dda4986857bb547ce028deb" member_type: VOTER last_known_addr { host: "127.4.42.1" port: 43573 } }
I20260630 12:11:46.631101  6814 catalog_manager.cc:5697] T 1250471bb44647f8bd10e30a45383e42 P 3b8d007944a140f09804b45f3f4c2ccd reported cstate change: term changed from 0 to 1, leader changed from <none> to 3b8d007944a140f09804b45f3f4c2ccd (127.4.42.2). New cstate: current_term: 1 leader_uuid: "3b8d007944a140f09804b45f3f4c2ccd" committed_config { opid_index: -1 OBSOLETE_local: false peers { permanent_uuid: "31dcc9bb47c6472987b9a20dba04ac4e" member_type: VOTER last_known_addr { host: "127.4.42.3" port: 36085 } health_report { overall_health: UNKNOWN } } peers { permanent_uuid: "3b8d007944a140f09804b45f3f4c2ccd" member_type: VOTER last_known_addr { host: "127.4.42.2" port: 40871 } health_report { overall_health: HEALTHY } } peers { permanent_uuid: "4a3b3db87dda4986857bb547ce028deb" member_type: VOTER last_known_addr { host: "127.4.42.1" port: 43573 } health_report { overall_health: UNKNOWN } } }
I20260630 12:11:46.668864  4264 tablet_server.cc:179] TabletServer@127.4.42.1:0 shutting down...
I20260630 12:11:46.684779  6869 auto_leader_rebalancer.cc:141] leader rebalance for table range_aware_auto_rebalancer_test
I20260630 12:11:46.688961  6869 auto_leader_rebalancer.cc:440] table: range_aware_auto_rebalancer_test, leader rebalance finish, leader transfer count: 0
I20260630 12:11:46.689494  6869 auto_leader_rebalancer.cc:515] All tables' leader rebalancing finished this round
I20260630 12:11:46.691975  4264 ts_tablet_manager.cc:1507] Shutting down tablet manager...
I20260630 12:11:46.692854  4264 tablet_replica.cc:333] T a90c1165e41441e899a5bead4de1355e P 4a3b3db87dda4986857bb547ce028deb: stopping tablet replica
I20260630 12:11:46.693408  4264 raft_consensus.cc:2243] T a90c1165e41441e899a5bead4de1355e P 4a3b3db87dda4986857bb547ce028deb [term 1 LEADER]: Raft consensus shutting down.
I20260630 12:11:46.693970  4264 pending_rounds.cc:70] T a90c1165e41441e899a5bead4de1355e P 4a3b3db87dda4986857bb547ce028deb: Trying to abort 1 pending ops.
I20260630 12:11:46.694164  4264 pending_rounds.cc:77] T a90c1165e41441e899a5bead4de1355e P 4a3b3db87dda4986857bb547ce028deb: Aborting op as it isn't in flight: id { term: 1 index: 1 } timestamp: 7302436891064643584 op_type: NO_OP noop_request { }
