I20260630 12:25:32.854607 18207 tablet_service.cc:1917] Received RequestConsensusVote() RPC: tablet_id: "365f14ef1f5e42d6941621df152e4062" candidate_uuid: "9ffbe5ae9f464dd4a3473addc2b6f5ff" candidate_term: 1 candidate_status { last_received { term: 0 index: 0 } } ignore_live_leader: false dest_uuid: "885f0866a3fd4ac6aaa752f251559956"
I20260630 12:25:32.855150 18207 raft_consensus.cc:3060] T 365f14ef1f5e42d6941621df152e4062 P 885f0866a3fd4ac6aaa752f251559956 [term 0 FOLLOWER]: Advancing to term 1
I20260630 12:25:32.855782 18568 leader_election.cc:290] T 15e9cf15a4ec4cbb89a572a69ce9c688 P c1ae8b2d0f944a28b85c958ffa514f6f [CANDIDATE]: Term 1 pre-election: Requested pre-vote from peers 081a3ea51aaf4b6680f3bd746c447d00 (127.14.217.67:45887), 9ffbe5ae9f464dd4a3473addc2b6f5ff (127.14.217.66:37733)
I20260630 12:25:32.863451 18207 raft_consensus.cc:2468] T 365f14ef1f5e42d6941621df152e4062 P 885f0866a3fd4ac6aaa752f251559956 [term 1 FOLLOWER]: Leader election vote request: Granting yes vote for candidate 9ffbe5ae9f464dd4a3473addc2b6f5ff in term 1.
I20260630 12:25:32.864041 18408 raft_consensus.cc:493] T 80bd158fe8e640bcbce06ac4c43c9077 P 081a3ea51aaf4b6680f3bd746c447d00 [term 0 FOLLOWER]: Starting pre-election (no leader contacted us within the election timeout)
I20260630 12:25:32.864533 18408 raft_consensus.cc:515] T 80bd158fe8e640bcbce06ac4c43c9077 P 081a3ea51aaf4b6680f3bd746c447d00 [term 0 FOLLOWER]: Starting pre-election with config: opid_index: -1 OBSOLETE_local: false peers { permanent_uuid: "c1ae8b2d0f944a28b85c958ffa514f6f" member_type: VOTER last_known_addr { host: "127.14.217.68" port: 41909 } } peers { permanent_uuid: "081a3ea51aaf4b6680f3bd746c447d00" member_type: VOTER last_known_addr { host: "127.14.217.67" port: 45887 } } peers { permanent_uuid: "9ffbe5ae9f464dd4a3473addc2b6f5ff" member_type: VOTER last_known_addr { host: "127.14.217.66" port: 37733 } }
I20260630 12:25:32.865135 18249 leader_election.cc:304] T 365f14ef1f5e42d6941621df152e4062 P 9ffbe5ae9f464dd4a3473addc2b6f5ff [CANDIDATE]: Term 1 election: Election decided. Result: candidate won. Election summary: received 2 responses out of 3 voters: 2 yes votes; 0 no votes. yes voters: 885f0866a3fd4ac6aaa752f251559956, 9ffbe5ae9f464dd4a3473addc2b6f5ff; no voters: 
I20260630 12:25:32.866058 18555 raft_consensus.cc:2804] T 365f14ef1f5e42d6941621df152e4062 P 9ffbe5ae9f464dd4a3473addc2b6f5ff [term 1 FOLLOWER]: Leader election won for term 1
I20260630 12:25:32.866523 18555 raft_consensus.cc:697] T 365f14ef1f5e42d6941621df152e4062 P 9ffbe5ae9f464dd4a3473addc2b6f5ff [term 1 LEADER]: Becoming Leader. State: Replica: 9ffbe5ae9f464dd4a3473addc2b6f5ff, State: Running, Role: LEADER
I20260630 12:25:32.866801 18408 leader_election.cc:290] T 80bd158fe8e640bcbce06ac4c43c9077 P 081a3ea51aaf4b6680f3bd746c447d00 [CANDIDATE]: Term 1 pre-election: Requested pre-vote from peers c1ae8b2d0f944a28b85c958ffa514f6f (127.14.217.68:41909), 9ffbe5ae9f464dd4a3473addc2b6f5ff (127.14.217.66:37733)
I20260630 12:25:32.868291 18543 tablet_bootstrap.cc:654] T 15e9cf15a4ec4cbb89a572a69ce9c688 P 081a3ea51aaf4b6680f3bd746c447d00: Neither blocks nor log segments found. Creating new log.
I20260630 12:25:32.867241 18555 consensus_queue.cc:237] T 365f14ef1f5e42d6941621df152e4062 P 9ffbe5ae9f464dd4a3473addc2b6f5ff [LEADER]: Queue going to LEADER mode. State: All replicated index: 0, Majority replicated index: 0, Committed index: 0, Last appended: 0.0, Last appended by leader: 0, Current term: 1, Majority size: 2, State: 0, Mode: LEADER, active raft config: opid_index: -1 OBSOLETE_local: false peers { permanent_uuid: "c1ae8b2d0f944a28b85c958ffa514f6f" member_type: VOTER last_known_addr { host: "127.14.217.68" port: 41909 } } peers { permanent_uuid: "885f0866a3fd4ac6aaa752f251559956" member_type: VOTER last_known_addr { host: "127.14.217.65" port: 46777 } } peers { permanent_uuid: "9ffbe5ae9f464dd4a3473addc2b6f5ff" member_type: VOTER last_known_addr { host: "127.14.217.66" port: 37733 } }
I20260630 12:25:32.882898 18282 tablet_service.cc:1917] Received RequestConsensusVote() RPC: tablet_id: "80bd158fe8e640bcbce06ac4c43c9077" candidate_uuid: "081a3ea51aaf4b6680f3bd746c447d00" candidate_term: 1 candidate_status { last_received { term: 0 index: 0 } } ignore_live_leader: false dest_uuid: "9ffbe5ae9f464dd4a3473addc2b6f5ff" is_pre_election: true
I20260630 12:25:32.883570 18282 raft_consensus.cc:2468] T 80bd158fe8e640bcbce06ac4c43c9077 P 9ffbe5ae9f464dd4a3473addc2b6f5ff [term 0 FOLLOWER]: Leader pre-election vote request: Granting yes vote for candidate 081a3ea51aaf4b6680f3bd746c447d00 in term 0.
I20260630 12:25:32.888506 18323 leader_election.cc:304] T 80bd158fe8e640bcbce06ac4c43c9077 P 081a3ea51aaf4b6680f3bd746c447d00 [CANDIDATE]: Term 1 pre-election: Election decided. Result: candidate won. Election summary: received 2 responses out of 3 voters: 2 yes votes; 0 no votes. yes voters: 081a3ea51aaf4b6680f3bd746c447d00, 9ffbe5ae9f464dd4a3473addc2b6f5ff; no voters: 
I20260630 12:25:32.890100 18512 tablet_service.cc:1917] Received RequestConsensusVote() RPC: tablet_id: "365f14ef1f5e42d6941621df152e4062" candidate_uuid: "9ffbe5ae9f464dd4a3473addc2b6f5ff" candidate_term: 1 candidate_status { last_received { term: 0 index: 0 } } ignore_live_leader: false dest_uuid: "c1ae8b2d0f944a28b85c958ffa514f6f"
W20260630 12:25:32.891822 18248 leader_election.cc:343] T 365f14ef1f5e42d6941621df152e4062 P 9ffbe5ae9f464dd4a3473addc2b6f5ff [CANDIDATE]: Term 1 election: Tablet error from VoteRequest() call to peer c1ae8b2d0f944a28b85c958ffa514f6f (127.14.217.68:41909): Illegal state: must be running to vote when last-logged opid is not known
I20260630 12:25:32.893630 18408 raft_consensus.cc:2804] T 80bd158fe8e640bcbce06ac4c43c9077 P 081a3ea51aaf4b6680f3bd746c447d00 [term 0 FOLLOWER]: Leader pre-election won for term 1
I20260630 12:25:32.894037 18408 raft_consensus.cc:493] T 80bd158fe8e640bcbce06ac4c43c9077 P 081a3ea51aaf4b6680f3bd746c447d00 [term 0 FOLLOWER]: Starting leader election (no leader contacted us within the election timeout)
I20260630 12:25:32.894367 18408 raft_consensus.cc:3060] T 80bd158fe8e640bcbce06ac4c43c9077 P 081a3ea51aaf4b6680f3bd746c447d00 [term 0 FOLLOWER]: Advancing to term 1
I20260630 12:25:32.907954 18282 tablet_service.cc:1917] Received RequestConsensusVote() RPC: tablet_id: "80bd158fe8e640bcbce06ac4c43c9077" candidate_uuid: "c1ae8b2d0f944a28b85c958ffa514f6f" candidate_term: 1 candidate_status { last_received { term: 0 index: 0 } } ignore_live_leader: false dest_uuid: "9ffbe5ae9f464dd4a3473addc2b6f5ff" is_pre_election: true
I20260630 12:25:32.908614 18282 raft_consensus.cc:2468] T 80bd158fe8e640bcbce06ac4c43c9077 P 9ffbe5ae9f464dd4a3473addc2b6f5ff [term 0 FOLLOWER]: Leader pre-election vote request: Granting yes vote for candidate c1ae8b2d0f944a28b85c958ffa514f6f in term 0.
I20260630 12:25:32.908989 18357 tablet_service.cc:1917] Received RequestConsensusVote() RPC: tablet_id: "80bd158fe8e640bcbce06ac4c43c9077" candidate_uuid: "c1ae8b2d0f944a28b85c958ffa514f6f" candidate_term: 1 candidate_status { last_received { term: 0 index: 0 } } ignore_live_leader: false dest_uuid: "081a3ea51aaf4b6680f3bd746c447d00" is_pre_election: true
I20260630 12:25:32.910490 18356 tablet_service.cc:1917] Received RequestConsensusVote() RPC: tablet_id: "15e9cf15a4ec4cbb89a572a69ce9c688" candidate_uuid: "c1ae8b2d0f944a28b85c958ffa514f6f" candidate_term: 1 candidate_status { last_received { term: 0 index: 0 } } ignore_live_leader: false dest_uuid: "081a3ea51aaf4b6680f3bd746c447d00" is_pre_election: true
W20260630 12:25:32.911926 18470 leader_election.cc:343] T 15e9cf15a4ec4cbb89a572a69ce9c688 P c1ae8b2d0f944a28b85c958ffa514f6f [CANDIDATE]: Term 1 pre-election: Tablet error from VoteRequest() call to peer 081a3ea51aaf4b6680f3bd746c447d00 (127.14.217.67:45887): Illegal state: must be running to vote when last-logged opid is not known
I20260630 12:25:32.915594 18558 ts_tablet_manager.cc:1434] T 15e9cf15a4ec4cbb89a572a69ce9c688 P c1ae8b2d0f944a28b85c958ffa514f6f: Time spent starting tablet: real 0.086s	user 0.049s	sys 0.028s
I20260630 12:25:32.915270 18106 catalog_manager.cc:5697] T 365f14ef1f5e42d6941621df152e4062 P 9ffbe5ae9f464dd4a3473addc2b6f5ff reported cstate change: term changed from 0 to 1, leader changed from <none> to 9ffbe5ae9f464dd4a3473addc2b6f5ff (127.14.217.66). New cstate: current_term: 1 leader_uuid: "9ffbe5ae9f464dd4a3473addc2b6f5ff" committed_config { opid_index: -1 OBSOLETE_local: false peers { permanent_uuid: "c1ae8b2d0f944a28b85c958ffa514f6f" member_type: VOTER last_known_addr { host: "127.14.217.68" port: 41909 } health_report { overall_health: UNKNOWN } } peers { permanent_uuid: "885f0866a3fd4ac6aaa752f251559956" member_type: VOTER last_known_addr { host: "127.14.217.65" port: 46777 } health_report { overall_health: UNKNOWN } } peers { permanent_uuid: "9ffbe5ae9f464dd4a3473addc2b6f5ff" member_type: VOTER last_known_addr { host: "127.14.217.66" port: 37733 } health_report { overall_health: HEALTHY } } }
I20260630 12:25:32.916556 18558 tablet_bootstrap.cc:492] T 7ee8d9d87f004661b2a09b37a356650d P c1ae8b2d0f944a28b85c958ffa514f6f: Bootstrap starting.
I20260630 12:25:32.901084 18408 raft_consensus.cc:515] T 80bd158fe8e640bcbce06ac4c43c9077 P 081a3ea51aaf4b6680f3bd746c447d00 [term 1 FOLLOWER]: Starting leader election with config: opid_index: -1 OBSOLETE_local: false peers { permanent_uuid: "c1ae8b2d0f944a28b85c958ffa514f6f" member_type: VOTER last_known_addr { host: "127.14.217.68" port: 41909 } } peers { permanent_uuid: "081a3ea51aaf4b6680f3bd746c447d00" member_type: VOTER last_known_addr { host: "127.14.217.67" port: 45887 } } peers { permanent_uuid: "9ffbe5ae9f464dd4a3473addc2b6f5ff" member_type: VOTER last_known_addr { host: "127.14.217.66" port: 37733 } }
I20260630 12:25:32.922194 18357 raft_consensus.cc:2393] T 80bd158fe8e640bcbce06ac4c43c9077 P 081a3ea51aaf4b6680f3bd746c447d00 [term 1 FOLLOWER]: Leader pre-election vote request: Denying vote to candidate c1ae8b2d0f944a28b85c958ffa514f6f in current term 1: Already voted for candidate 081a3ea51aaf4b6680f3bd746c447d00 in this term.
I20260630 12:25:32.922302 18558 tablet_bootstrap.cc:654] T 7ee8d9d87f004661b2a09b37a356650d P c1ae8b2d0f944a28b85c958ffa514f6f: Neither blocks nor log segments found. Creating new log.
I20260630 12:25:32.924974 18282 tablet_service.cc:1917] Received RequestConsensusVote() RPC: tablet_id: "15e9cf15a4ec4cbb89a572a69ce9c688" candidate_uuid: "c1ae8b2d0f944a28b85c958ffa514f6f" candidate_term: 1 candidate_status { last_received { term: 0 index: 0 } } ignore_live_leader: false dest_uuid: "9ffbe5ae9f464dd4a3473addc2b6f5ff" is_pre_election: true
I20260630 12:25:32.925612 18282 raft_consensus.cc:2468] T 15e9cf15a4ec4cbb89a572a69ce9c688 P 9ffbe5ae9f464dd4a3473addc2b6f5ff [term 0 FOLLOWER]: Leader pre-election vote request: Granting yes vote for candidate c1ae8b2d0f944a28b85c958ffa514f6f in term 0.
I20260630 12:25:32.928239 18476 leader_election.cc:304] T 80bd158fe8e640bcbce06ac4c43c9077 P c1ae8b2d0f944a28b85c958ffa514f6f [CANDIDATE]: Term 1 pre-election: Election decided. Result: candidate won. Election summary: received 3 responses out of 3 voters: 2 yes votes; 1 no votes. yes voters: 9ffbe5ae9f464dd4a3473addc2b6f5ff, c1ae8b2d0f944a28b85c958ffa514f6f; no voters: 081a3ea51aaf4b6680f3bd746c447d00
I20260630 12:25:32.928490 18424 raft_consensus.cc:493] T b6af52c3ea0b4bd1836cddc84eac24af P 081a3ea51aaf4b6680f3bd746c447d00 [term 0 FOLLOWER]: Starting pre-election (no leader contacted us within the election timeout)
I20260630 12:25:32.928920 18424 raft_consensus.cc:515] T b6af52c3ea0b4bd1836cddc84eac24af P 081a3ea51aaf4b6680f3bd746c447d00 [term 0 FOLLOWER]: Starting pre-election with config: opid_index: -1 OBSOLETE_local: false peers { permanent_uuid: "c1ae8b2d0f944a28b85c958ffa514f6f" member_type: VOTER last_known_addr { host: "127.14.217.68" port: 41909 } } peers { permanent_uuid: "081a3ea51aaf4b6680f3bd746c447d00" member_type: VOTER last_known_addr { host: "127.14.217.67" port: 45887 } } peers { permanent_uuid: "885f0866a3fd4ac6aaa752f251559956" member_type: VOTER last_known_addr { host: "127.14.217.65" port: 46777 } }
I20260630 12:25:32.929540 18589 raft_consensus.cc:2804] T 80bd158fe8e640bcbce06ac4c43c9077 P c1ae8b2d0f944a28b85c958ffa514f6f [term 0 FOLLOWER]: Leader pre-election won for term 1
I20260630 12:25:32.929942 18589 raft_consensus.cc:493] T 80bd158fe8e640bcbce06ac4c43c9077 P c1ae8b2d0f944a28b85c958ffa514f6f [term 0 FOLLOWER]: Starting leader election (no leader contacted us within the election timeout)
I20260630 12:25:32.930266 18589 raft_consensus.cc:3060] T 80bd158fe8e640bcbce06ac4c43c9077 P c1ae8b2d0f944a28b85c958ffa514f6f [term 0 FOLLOWER]: Advancing to term 1
I20260630 12:25:32.930984 18424 leader_election.cc:290] T b6af52c3ea0b4bd1836cddc84eac24af P 081a3ea51aaf4b6680f3bd746c447d00 [CANDIDATE]: Term 1 pre-election: Requested pre-vote from peers c1ae8b2d0f944a28b85c958ffa514f6f (127.14.217.68:41909), 885f0866a3fd4ac6aaa752f251559956 (127.14.217.65:46777)
I20260630 12:25:32.932639 18207 tablet_service.cc:1917] Received RequestConsensusVote() RPC: tablet_id: "b6af52c3ea0b4bd1836cddc84eac24af" candidate_uuid: "081a3ea51aaf4b6680f3bd746c447d00" candidate_term: 1 candidate_status { last_received { term: 0 index: 0 } } ignore_live_leader: false dest_uuid: "885f0866a3fd4ac6aaa752f251559956" is_pre_election: true
I20260630 12:25:32.933221 18207 raft_consensus.cc:2468] T b6af52c3ea0b4bd1836cddc84eac24af P 885f0866a3fd4ac6aaa752f251559956 [term 0 FOLLOWER]: Leader pre-election vote request: Granting yes vote for candidate 081a3ea51aaf4b6680f3bd746c447d00 in term 0.
I20260630 12:25:32.934676 18476 leader_election.cc:304] T 15e9cf15a4ec4cbb89a572a69ce9c688 P c1ae8b2d0f944a28b85c958ffa514f6f [CANDIDATE]: Term 1 pre-election: Election decided. Result: candidate won. Election summary: received 3 responses out of 3 voters: 2 yes votes; 1 no votes. yes voters: 9ffbe5ae9f464dd4a3473addc2b6f5ff, c1ae8b2d0f944a28b85c958ffa514f6f; no voters: 081a3ea51aaf4b6680f3bd746c447d00
I20260630 12:25:32.935491 18323 leader_election.cc:304] T b6af52c3ea0b4bd1836cddc84eac24af P 081a3ea51aaf4b6680f3bd746c447d00 [CANDIDATE]: Term 1 pre-election: Election decided. Result: candidate won. Election summary: received 2 responses out of 3 voters: 2 yes votes; 0 no votes. yes voters: 081a3ea51aaf4b6680f3bd746c447d00, 885f0866a3fd4ac6aaa752f251559956; no voters: 
I20260630 12:25:32.935855 18590 raft_consensus.cc:2804] T 15e9cf15a4ec4cbb89a572a69ce9c688 P c1ae8b2d0f944a28b85c958ffa514f6f [term 0 FOLLOWER]: Leader pre-election won for term 1
I20260630 12:25:32.936237 18424 raft_consensus.cc:2804] T b6af52c3ea0b4bd1836cddc84eac24af P 081a3ea51aaf4b6680f3bd746c447d00 [term 0 FOLLOWER]: Leader pre-election won for term 1
I20260630 12:25:32.936574 18424 raft_consensus.cc:493] T b6af52c3ea0b4bd1836cddc84eac24af P 081a3ea51aaf4b6680f3bd746c447d00 [term 0 FOLLOWER]: Starting leader election (no leader contacted us within the election timeout)
I20260630 12:25:32.936884 18424 raft_consensus.cc:3060] T b6af52c3ea0b4bd1836cddc84eac24af P 081a3ea51aaf4b6680f3bd746c447d00 [term 0 FOLLOWER]: Advancing to term 1
I20260630 12:25:32.937700 18408 leader_election.cc:290] T 80bd158fe8e640bcbce06ac4c43c9077 P 081a3ea51aaf4b6680f3bd746c447d00 [CANDIDATE]: Term 1 election: Requested vote from peers c1ae8b2d0f944a28b85c958ffa514f6f (127.14.217.68:41909), 9ffbe5ae9f464dd4a3473addc2b6f5ff (127.14.217.66:37733)
I20260630 12:25:32.936231 18590 raft_consensus.cc:493] T 15e9cf15a4ec4cbb89a572a69ce9c688 P c1ae8b2d0f944a28b85c958ffa514f6f [term 0 FOLLOWER]: Starting leader election (no leader contacted us within the election timeout)
I20260630 12:25:32.943004 18590 raft_consensus.cc:3060] T 15e9cf15a4ec4cbb89a572a69ce9c688 P c1ae8b2d0f944a28b85c958ffa514f6f [term 0 FOLLOWER]: Advancing to term 1
I20260630 12:25:32.942874 18589 raft_consensus.cc:515] T 80bd158fe8e640bcbce06ac4c43c9077 P c1ae8b2d0f944a28b85c958ffa514f6f [term 1 FOLLOWER]: Starting leader election with config: opid_index: -1 OBSOLETE_local: false peers { permanent_uuid: "c1ae8b2d0f944a28b85c958ffa514f6f" member_type: VOTER last_known_addr { host: "127.14.217.68" port: 41909 } } peers { permanent_uuid: "081a3ea51aaf4b6680f3bd746c447d00" member_type: VOTER last_known_addr { host: "127.14.217.67" port: 45887 } } peers { permanent_uuid: "9ffbe5ae9f464dd4a3473addc2b6f5ff" member_type: VOTER last_known_addr { host: "127.14.217.66" port: 37733 } }
I20260630 12:25:32.944792 18282 tablet_service.cc:1917] Received RequestConsensusVote() RPC: tablet_id: "80bd158fe8e640bcbce06ac4c43c9077" candidate_uuid: "081a3ea51aaf4b6680f3bd746c447d00" candidate_term: 1 candidate_status { last_received { term: 0 index: 0 } } ignore_live_leader: false dest_uuid: "9ffbe5ae9f464dd4a3473addc2b6f5ff"
I20260630 12:25:32.945348 18282 raft_consensus.cc:3060] T 80bd158fe8e640bcbce06ac4c43c9077 P 9ffbe5ae9f464dd4a3473addc2b6f5ff [term 0 FOLLOWER]: Advancing to term 1
I20260630 12:25:32.946765 18589 leader_election.cc:290] T 80bd158fe8e640bcbce06ac4c43c9077 P c1ae8b2d0f944a28b85c958ffa514f6f [CANDIDATE]: Term 1 election: Requested vote from peers 081a3ea51aaf4b6680f3bd746c447d00 (127.14.217.67:45887), 9ffbe5ae9f464dd4a3473addc2b6f5ff (127.14.217.66:37733)
I20260630 12:25:32.947788 18357 tablet_service.cc:1917] Received RequestConsensusVote() RPC: tablet_id: "80bd158fe8e640bcbce06ac4c43c9077" candidate_uuid: "c1ae8b2d0f944a28b85c958ffa514f6f" candidate_term: 1 candidate_status { last_received { term: 0 index: 0 } } ignore_live_leader: false dest_uuid: "081a3ea51aaf4b6680f3bd746c447d00"
I20260630 12:25:32.947837 18283 tablet_service.cc:1917] Received RequestConsensusVote() RPC: tablet_id: "80bd158fe8e640bcbce06ac4c43c9077" candidate_uuid: "c1ae8b2d0f944a28b85c958ffa514f6f" candidate_term: 1 candidate_status { last_received { term: 0 index: 0 } } ignore_live_leader: false dest_uuid: "9ffbe5ae9f464dd4a3473addc2b6f5ff"
I20260630 12:25:32.948731 18357 raft_consensus.cc:2393] T 80bd158fe8e640bcbce06ac4c43c9077 P 081a3ea51aaf4b6680f3bd746c447d00 [term 1 FOLLOWER]: Leader election vote request: Denying vote to candidate c1ae8b2d0f944a28b85c958ffa514f6f in current term 1: Already voted for candidate 081a3ea51aaf4b6680f3bd746c447d00 in this term.
I20260630 12:25:32.947393 18424 raft_consensus.cc:515] T b6af52c3ea0b4bd1836cddc84eac24af P 081a3ea51aaf4b6680f3bd746c447d00 [term 1 FOLLOWER]: Starting leader election with config: opid_index: -1 OBSOLETE_local: false peers { permanent_uuid: "c1ae8b2d0f944a28b85c958ffa514f6f" member_type: VOTER last_known_addr { host: "127.14.217.68" port: 41909 } } peers { permanent_uuid: "081a3ea51aaf4b6680f3bd746c447d00" member_type: VOTER last_known_addr { host: "127.14.217.67" port: 45887 } } peers { permanent_uuid: "885f0866a3fd4ac6aaa752f251559956" member_type: VOTER last_known_addr { host: "127.14.217.65" port: 46777 } }
I20260630 12:25:32.951090 18470 leader_election.cc:304] T 80bd158fe8e640bcbce06ac4c43c9077 P c1ae8b2d0f944a28b85c958ffa514f6f [CANDIDATE]: Term 1 election: Election decided. Result: candidate lost. Election summary: received 3 responses out of 3 voters: 1 yes votes; 2 no votes. yes voters: c1ae8b2d0f944a28b85c958ffa514f6f; no voters: 081a3ea51aaf4b6680f3bd746c447d00, 9ffbe5ae9f464dd4a3473addc2b6f5ff
I20260630 12:25:32.951395 18424 leader_election.cc:290] T b6af52c3ea0b4bd1836cddc84eac24af P 081a3ea51aaf4b6680f3bd746c447d00 [CANDIDATE]: Term 1 election: Requested vote from peers c1ae8b2d0f944a28b85c958ffa514f6f (127.14.217.68:41909), 885f0866a3fd4ac6aaa752f251559956 (127.14.217.65:46777)
I20260630 12:25:32.952860 18589 raft_consensus.cc:2749] T 80bd158fe8e640bcbce06ac4c43c9077 P c1ae8b2d0f944a28b85c958ffa514f6f [term 1 FOLLOWER]: Leader election lost for term 1. Reason: could not achieve majority
I20260630 12:25:32.960480 18590 raft_consensus.cc:515] T 15e9cf15a4ec4cbb89a572a69ce9c688 P c1ae8b2d0f944a28b85c958ffa514f6f [term 1 FOLLOWER]: Starting leader election with config: opid_index: -1 OBSOLETE_local: false peers { permanent_uuid: "081a3ea51aaf4b6680f3bd746c447d00" member_type: VOTER last_known_addr { host: "127.14.217.67" port: 45887 } } peers { permanent_uuid: "c1ae8b2d0f944a28b85c958ffa514f6f" member_type: VOTER last_known_addr { host: "127.14.217.68" port: 41909 } } peers { permanent_uuid: "9ffbe5ae9f464dd4a3473addc2b6f5ff" member_type: VOTER last_known_addr { host: "127.14.217.66" port: 37733 } }
I20260630 12:25:32.961683 18207 tablet_service.cc:1917] Received RequestConsensusVote() RPC: tablet_id: "b6af52c3ea0b4bd1836cddc84eac24af" candidate_uuid: "081a3ea51aaf4b6680f3bd746c447d00" candidate_term: 1 candidate_status { last_received { term: 0 index: 0 } } ignore_live_leader: false dest_uuid: "885f0866a3fd4ac6aaa752f251559956"
I20260630 12:25:32.970867 18424 raft_consensus.cc:493] T 7ee8d9d87f004661b2a09b37a356650d P 081a3ea51aaf4b6680f3bd746c447d00 [term 0 FOLLOWER]: Starting pre-election (no leader contacted us within the election timeout)
I20260630 12:25:32.979413 18558 tablet_bootstrap.cc:492] T 7ee8d9d87f004661b2a09b37a356650d P c1ae8b2d0f944a28b85c958ffa514f6f: No bootstrap required, opened a new log
I20260630 12:25:32.979511 18512 tablet_service.cc:1917] Received RequestConsensusVote() RPC: tablet_id: "80bd158fe8e640bcbce06ac4c43c9077" candidate_uuid: "081a3ea51aaf4b6680f3bd746c447d00" candidate_term: 1 candidate_status { last_received { term: 0 index: 0 } } ignore_live_leader: false dest_uuid: "c1ae8b2d0f944a28b85c958ffa514f6f" is_pre_election: true
I20260630 12:25:32.979995 18558 ts_tablet_manager.cc:1403] T 7ee8d9d87f004661b2a09b37a356650d P c1ae8b2d0f944a28b85c958ffa514f6f: Time spent bootstrapping tablet: real 0.064s	user 0.020s	sys 0.011s
I20260630 12:25:32.979851 18357 tablet_service.cc:1917] Received RequestConsensusVote() RPC: tablet_id: "15e9cf15a4ec4cbb89a572a69ce9c688" candidate_uuid: "c1ae8b2d0f944a28b85c958ffa514f6f" candidate_term: 1 candidate_status { last_received { term: 0 index: 0 } } ignore_live_leader: false dest_uuid: "081a3ea51aaf4b6680f3bd746c447d00"
I20260630 12:25:32.980320 18512 raft_consensus.cc:2393] T 80bd158fe8e640bcbce06ac4c43c9077 P c1ae8b2d0f944a28b85c958ffa514f6f [term 1 FOLLOWER]: Leader pre-election vote request: Denying vote to candidate 081a3ea51aaf4b6680f3bd746c447d00 in current term 1: Already voted for candidate c1ae8b2d0f944a28b85c958ffa514f6f in this term.
W20260630 12:25:32.981159 18470 leader_election.cc:343] T 15e9cf15a4ec4cbb89a572a69ce9c688 P c1ae8b2d0f944a28b85c958ffa514f6f [CANDIDATE]: Term 1 election: Tablet error from VoteRequest() call to peer 081a3ea51aaf4b6680f3bd746c447d00 (127.14.217.67:45887): Illegal state: must be running to vote when last-logged opid is not known
I20260630 12:25:32.981123 18283 tablet_service.cc:1917] Received RequestConsensusVote() RPC: tablet_id: "15e9cf15a4ec4cbb89a572a69ce9c688" candidate_uuid: "c1ae8b2d0f944a28b85c958ffa514f6f" candidate_term: 1 candidate_status { last_received { term: 0 index: 0 } } ignore_live_leader: false dest_uuid: "9ffbe5ae9f464dd4a3473addc2b6f5ff"
I20260630 12:25:32.981561 18512 tablet_service.cc:1917] Received RequestConsensusVote() RPC: tablet_id: "b6af52c3ea0b4bd1836cddc84eac24af" candidate_uuid: "081a3ea51aaf4b6680f3bd746c447d00" candidate_term: 1 candidate_status { last_received { term: 0 index: 0 } } ignore_live_leader: false dest_uuid: "c1ae8b2d0f944a28b85c958ffa514f6f" is_pre_election: true
I20260630 12:25:32.979552 18424 raft_consensus.cc:515] T 7ee8d9d87f004661b2a09b37a356650d P 081a3ea51aaf4b6680f3bd746c447d00 [term 0 FOLLOWER]: Starting pre-election with config: opid_index: -1 OBSOLETE_local: false peers { permanent_uuid: "c1ae8b2d0f944a28b85c958ffa514f6f" member_type: VOTER last_known_addr { host: "127.14.217.68" port: 41909 } } peers { permanent_uuid: "885f0866a3fd4ac6aaa752f251559956" member_type: VOTER last_known_addr { host: "127.14.217.65" port: 46777 } } peers { permanent_uuid: "081a3ea51aaf4b6680f3bd746c447d00" member_type: VOTER last_known_addr { host: "127.14.217.67" port: 45887 } }
I20260630 12:25:32.982080 18283 raft_consensus.cc:3060] T 15e9cf15a4ec4cbb89a572a69ce9c688 P 9ffbe5ae9f464dd4a3473addc2b6f5ff [term 0 FOLLOWER]: Advancing to term 1
I20260630 12:25:32.983027 18512 tablet_service.cc:1917] Received RequestConsensusVote() RPC: tablet_id: "80bd158fe8e640bcbce06ac4c43c9077" candidate_uuid: "081a3ea51aaf4b6680f3bd746c447d00" candidate_term: 1 candidate_status { last_received { term: 0 index: 0 } } ignore_live_leader: false dest_uuid: "c1ae8b2d0f944a28b85c958ffa514f6f"
I20260630 12:25:32.982937 18558 raft_consensus.cc:359] T 7ee8d9d87f004661b2a09b37a356650d P c1ae8b2d0f944a28b85c958ffa514f6f [term 0 FOLLOWER]: Replica starting. Triggering 0 pending ops. Active config: opid_index: -1 OBSOLETE_local: false peers { permanent_uuid: "c1ae8b2d0f944a28b85c958ffa514f6f" member_type: VOTER last_known_addr { host: "127.14.217.68" port: 41909 } } peers { permanent_uuid: "885f0866a3fd4ac6aaa752f251559956" member_type: VOTER last_known_addr { host: "127.14.217.65" port: 46777 } } peers { permanent_uuid: "081a3ea51aaf4b6680f3bd746c447d00" member_type: VOTER last_known_addr { host: "127.14.217.67" port: 45887 } }
I20260630 12:25:32.983743 18558 raft_consensus.cc:385] T 7ee8d9d87f004661b2a09b37a356650d P c1ae8b2d0f944a28b85c958ffa514f6f [term 0 FOLLOWER]: Consensus starting up: Expiring failure detector timer to make a prompt election more likely
I20260630 12:25:32.983824 18512 raft_consensus.cc:2393] T 80bd158fe8e640bcbce06ac4c43c9077 P c1ae8b2d0f944a28b85c958ffa514f6f [term 1 FOLLOWER]: Leader election vote request: Denying vote to candidate 081a3ea51aaf4b6680f3bd746c447d00 in current term 1: Already voted for candidate c1ae8b2d0f944a28b85c958ffa514f6f in this term.
I20260630 12:25:32.984156 18558 raft_consensus.cc:740] T 7ee8d9d87f004661b2a09b37a356650d P c1ae8b2d0f944a28b85c958ffa514f6f [term 0 FOLLOWER]: Becoming Follower/Learner. State: Replica: c1ae8b2d0f944a28b85c958ffa514f6f, State: Initialized, Role: FOLLOWER
I20260630 12:25:32.985105 18512 tablet_service.cc:1917] Received RequestConsensusVote() RPC: tablet_id: "b6af52c3ea0b4bd1836cddc84eac24af" candidate_uuid: "081a3ea51aaf4b6680f3bd746c447d00" candidate_term: 1 candidate_status { last_received { term: 0 index: 0 } } ignore_live_leader: false dest_uuid: "c1ae8b2d0f944a28b85c958ffa514f6f"
I20260630 12:25:32.984925 18558 consensus_queue.cc:260] T 7ee8d9d87f004661b2a09b37a356650d P c1ae8b2d0f944a28b85c958ffa514f6f [NON_LEADER]: Queue going to NON_LEADER mode. State: All replicated index: 0, Majority replicated index: 0, Committed index: 0, Last appended: 0.0, Last appended by leader: 0, Current term: 0, Majority size: -1, State: 0, Mode: NON_LEADER, active raft config: opid_index: -1 OBSOLETE_local: false peers { permanent_uuid: "c1ae8b2d0f944a28b85c958ffa514f6f" member_type: VOTER last_known_addr { host: "127.14.217.68" port: 41909 } } peers { permanent_uuid: "885f0866a3fd4ac6aaa752f251559956" member_type: VOTER last_known_addr { host: "127.14.217.65" port: 46777 } } peers { permanent_uuid: "081a3ea51aaf4b6680f3bd746c447d00" member_type: VOTER last_known_addr { host: "127.14.217.67" port: 45887 } }
I20260630 12:25:32.985813 18543 tablet_bootstrap.cc:492] T 15e9cf15a4ec4cbb89a572a69ce9c688 P 081a3ea51aaf4b6680f3bd746c447d00: No bootstrap required, opened a new log
I20260630 12:25:32.986327 18543 ts_tablet_manager.cc:1403] T 15e9cf15a4ec4cbb89a572a69ce9c688 P 081a3ea51aaf4b6680f3bd746c447d00: Time spent bootstrapping tablet: real 0.134s	user 0.020s	sys 0.019s
I20260630 12:25:32.987040 18558 ts_tablet_manager.cc:1434] T 7ee8d9d87f004661b2a09b37a356650d P c1ae8b2d0f944a28b85c958ffa514f6f: Time spent starting tablet: real 0.007s	user 0.000s	sys 0.003s
I20260630 12:25:32.989042 18543 raft_consensus.cc:359] T 15e9cf15a4ec4cbb89a572a69ce9c688 P 081a3ea51aaf4b6680f3bd746c447d00 [term 0 FOLLOWER]: Replica starting. Triggering 0 pending ops. Active config: opid_index: -1 OBSOLETE_local: false peers { permanent_uuid: "081a3ea51aaf4b6680f3bd746c447d00" member_type: VOTER last_known_addr { host: "127.14.217.67" port: 45887 } } peers { permanent_uuid: "c1ae8b2d0f944a28b85c958ffa514f6f" member_type: VOTER last_known_addr { host: "127.14.217.68" port: 41909 } } peers { permanent_uuid: "9ffbe5ae9f464dd4a3473addc2b6f5ff" member_type: VOTER last_known_addr { host: "127.14.217.66" port: 37733 } }
W20260630 12:25:32.989540 18322 leader_election.cc:343] T b6af52c3ea0b4bd1836cddc84eac24af P 081a3ea51aaf4b6680f3bd746c447d00 [CANDIDATE]: Term 1 pre-election: Tablet error from VoteRequest() call to peer c1ae8b2d0f944a28b85c958ffa514f6f (127.14.217.68:41909): Illegal state: must be running to vote when last-logged opid is not known
I20260630 12:25:32.989820 18543 raft_consensus.cc:385] T 15e9cf15a4ec4cbb89a572a69ce9c688 P 081a3ea51aaf4b6680f3bd746c447d00 [term 0 FOLLOWER]: Consensus starting up: Expiring failure detector timer to make a prompt election more likely
I20260630 12:25:32.990245 18543 raft_consensus.cc:740] T 15e9cf15a4ec4cbb89a572a69ce9c688 P 081a3ea51aaf4b6680f3bd746c447d00 [term 0 FOLLOWER]: Becoming Follower/Learner. State: Replica: 081a3ea51aaf4b6680f3bd746c447d00, State: Initialized, Role: FOLLOWER
I20260630 12:25:32.990964 18543 consensus_queue.cc:260] T 15e9cf15a4ec4cbb89a572a69ce9c688 P 081a3ea51aaf4b6680f3bd746c447d00 [NON_LEADER]: Queue going to NON_LEADER mode. State: All replicated index: 0, Majority replicated index: 0, Committed index: 0, Last appended: 0.0, Last appended by leader: 0, Current term: 0, Majority size: -1, State: 0, Mode: NON_LEADER, active raft config: opid_index: -1 OBSOLETE_local: false peers { permanent_uuid: "081a3ea51aaf4b6680f3bd746c447d00" member_type: VOTER last_known_addr { host: "127.14.217.67" port: 45887 } } peers { permanent_uuid: "c1ae8b2d0f944a28b85c958ffa514f6f" member_type: VOTER last_known_addr { host: "127.14.217.68" port: 41909 } } peers { permanent_uuid: "9ffbe5ae9f464dd4a3473addc2b6f5ff" member_type: VOTER last_known_addr { host: "127.14.217.66" port: 37733 } }
W20260630 12:25:32.991290 18322 leader_election.cc:343] T b6af52c3ea0b4bd1836cddc84eac24af P 081a3ea51aaf4b6680f3bd746c447d00 [CANDIDATE]: Term 1 election: Tablet error from VoteRequest() call to peer c1ae8b2d0f944a28b85c958ffa514f6f (127.14.217.68:41909): Illegal state: must be running to vote when last-logged opid is not known
I20260630 12:25:32.991940 18544 tablet_bootstrap.cc:492] T 8bda20a7103c477898d9a2e4ccd2d8bc P 885f0866a3fd4ac6aaa752f251559956: No bootstrap required, opened a new log
I20260630 12:25:32.992398 18544 ts_tablet_manager.cc:1403] T 8bda20a7103c477898d9a2e4ccd2d8bc P 885f0866a3fd4ac6aaa752f251559956: Time spent bootstrapping tablet: real 0.162s	user 0.015s	sys 0.021s
I20260630 12:25:32.992643 18283 raft_consensus.cc:2468] T 15e9cf15a4ec4cbb89a572a69ce9c688 P 9ffbe5ae9f464dd4a3473addc2b6f5ff [term 1 FOLLOWER]: Leader election vote request: Granting yes vote for candidate c1ae8b2d0f944a28b85c958ffa514f6f in term 1.
I20260630 12:25:32.993480 18543 ts_tablet_manager.cc:1434] T 15e9cf15a4ec4cbb89a572a69ce9c688 P 081a3ea51aaf4b6680f3bd746c447d00: Time spent starting tablet: real 0.007s	user 0.006s	sys 0.000s
I20260630 12:25:32.993732 18476 leader_election.cc:304] T 15e9cf15a4ec4cbb89a572a69ce9c688 P c1ae8b2d0f944a28b85c958ffa514f6f [CANDIDATE]: Term 1 election: Election decided. Result: candidate won. Election summary: received 3 responses out of 3 voters: 2 yes votes; 1 no votes. yes voters: 9ffbe5ae9f464dd4a3473addc2b6f5ff, c1ae8b2d0f944a28b85c958ffa514f6f; no voters: 081a3ea51aaf4b6680f3bd746c447d00
I20260630 12:25:32.994474 18589 raft_consensus.cc:2804] T 15e9cf15a4ec4cbb89a572a69ce9c688 P c1ae8b2d0f944a28b85c958ffa514f6f [term 1 FOLLOWER]: Leader election won for term 1
I20260630 12:25:32.994932 18589 raft_consensus.cc:697] T 15e9cf15a4ec4cbb89a572a69ce9c688 P c1ae8b2d0f944a28b85c958ffa514f6f [term 1 LEADER]: Becoming Leader. State: Replica: c1ae8b2d0f944a28b85c958ffa514f6f, State: Running, Role: LEADER
I20260630 12:25:32.995354 18544 raft_consensus.cc:359] T 8bda20a7103c477898d9a2e4ccd2d8bc P 885f0866a3fd4ac6aaa752f251559956 [term 0 FOLLOWER]: Replica starting. Triggering 0 pending ops. Active config: opid_index: -1 OBSOLETE_local: false peers { permanent_uuid: "c1ae8b2d0f944a28b85c958ffa514f6f" member_type: VOTER last_known_addr { host: "127.14.217.68" port: 41909 } } peers { permanent_uuid: "9ffbe5ae9f464dd4a3473addc2b6f5ff" member_type: VOTER last_known_addr { host: "127.14.217.66" port: 37733 } } peers { permanent_uuid: "885f0866a3fd4ac6aaa752f251559956" member_type: VOTER last_known_addr { host: "127.14.217.65" port: 46777 } }
I20260630 12:25:32.995937 18544 raft_consensus.cc:385] T 8bda20a7103c477898d9a2e4ccd2d8bc P 885f0866a3fd4ac6aaa752f251559956 [term 0 FOLLOWER]: Consensus starting up: Expiring failure detector timer to make a prompt election more likely
I20260630 12:25:32.995695 18589 consensus_queue.cc:237] T 15e9cf15a4ec4cbb89a572a69ce9c688 P c1ae8b2d0f944a28b85c958ffa514f6f [LEADER]: Queue going to LEADER mode. State: All replicated index: 0, Majority replicated index: 0, Committed index: 0, Last appended: 0.0, Last appended by leader: 0, Current term: 1, Majority size: 2, State: 0, Mode: LEADER, active raft config: opid_index: -1 OBSOLETE_local: false peers { permanent_uuid: "081a3ea51aaf4b6680f3bd746c447d00" member_type: VOTER last_known_addr { host: "127.14.217.67" port: 45887 } } peers { permanent_uuid: "c1ae8b2d0f944a28b85c958ffa514f6f" member_type: VOTER last_known_addr { host: "127.14.217.68" port: 41909 } } peers { permanent_uuid: "9ffbe5ae9f464dd4a3473addc2b6f5ff" member_type: VOTER last_known_addr { host: "127.14.217.66" port: 37733 } }
I20260630 12:25:32.996510 18207 raft_consensus.cc:3060] T b6af52c3ea0b4bd1836cddc84eac24af P 885f0866a3fd4ac6aaa752f251559956 [term 0 FOLLOWER]: Advancing to term 1
I20260630 12:25:32.999675 18424 leader_election.cc:290] T 7ee8d9d87f004661b2a09b37a356650d P 081a3ea51aaf4b6680f3bd746c447d00 [CANDIDATE]: Term 1 pre-election: Requested pre-vote from peers c1ae8b2d0f944a28b85c958ffa514f6f (127.14.217.68:41909), 885f0866a3fd4ac6aaa752f251559956 (127.14.217.65:46777)
I20260630 12:25:32.981654 18590 leader_election.cc:290] T 15e9cf15a4ec4cbb89a572a69ce9c688 P c1ae8b2d0f944a28b85c958ffa514f6f [CANDIDATE]: Term 1 election: Requested vote from peers 081a3ea51aaf4b6680f3bd746c447d00 (127.14.217.67:45887), 9ffbe5ae9f464dd4a3473addc2b6f5ff (127.14.217.66:37733)
I20260630 12:25:33.001006 18208 tablet_service.cc:1917] Received RequestConsensusVote() RPC: tablet_id: "7ee8d9d87f004661b2a09b37a356650d" candidate_uuid: "081a3ea51aaf4b6680f3bd746c447d00" candidate_term: 1 candidate_status { last_received { term: 0 index: 0 } } ignore_live_leader: false dest_uuid: "885f0866a3fd4ac6aaa752f251559956" is_pre_election: true
I20260630 12:25:33.001684 18208 raft_consensus.cc:2468] T 7ee8d9d87f004661b2a09b37a356650d P 885f0866a3fd4ac6aaa752f251559956 [term 0 FOLLOWER]: Leader pre-election vote request: Granting yes vote for candidate 081a3ea51aaf4b6680f3bd746c447d00 in term 0.
I20260630 12:25:33.002259 18207 raft_consensus.cc:2468] T b6af52c3ea0b4bd1836cddc84eac24af P 885f0866a3fd4ac6aaa752f251559956 [term 1 FOLLOWER]: Leader election vote request: Granting yes vote for candidate 081a3ea51aaf4b6680f3bd746c447d00 in term 1.
I20260630 12:25:32.960433 18282 raft_consensus.cc:2468] T 80bd158fe8e640bcbce06ac4c43c9077 P 9ffbe5ae9f464dd4a3473addc2b6f5ff [term 1 FOLLOWER]: Leader election vote request: Granting yes vote for candidate 081a3ea51aaf4b6680f3bd746c447d00 in term 1.
I20260630 12:25:33.004452 18558 tablet_bootstrap.cc:492] T 470b6f3a49d34c9ea7eae6da267b75ab P c1ae8b2d0f944a28b85c958ffa514f6f: Bootstrap starting.
I20260630 12:25:33.004257 18323 leader_election.cc:304] T 80bd158fe8e640bcbce06ac4c43c9077 P 081a3ea51aaf4b6680f3bd746c447d00 [CANDIDATE]: Term 1 election: Election decided. Result: candidate won. Election summary: received 3 responses out of 3 voters: 2 yes votes; 1 no votes. yes voters: 081a3ea51aaf4b6680f3bd746c447d00, 9ffbe5ae9f464dd4a3473addc2b6f5ff; no voters: c1ae8b2d0f944a28b85c958ffa514f6f
I20260630 12:25:33.005012 18512 tablet_service.cc:1917] Received RequestConsensusVote() RPC: tablet_id: "7ee8d9d87f004661b2a09b37a356650d" candidate_uuid: "081a3ea51aaf4b6680f3bd746c447d00" candidate_term: 1 candidate_status { last_received { term: 0 index: 0 } } ignore_live_leader: false dest_uuid: "c1ae8b2d0f944a28b85c958ffa514f6f" is_pre_election: true
I20260630 12:25:33.005365 18424 raft_consensus.cc:2804] T 80bd158fe8e640bcbce06ac4c43c9077 P 081a3ea51aaf4b6680f3bd746c447d00 [term 1 FOLLOWER]: Leader election won for term 1
I20260630 12:25:33.005721 18323 leader_election.cc:304] T 7ee8d9d87f004661b2a09b37a356650d P 081a3ea51aaf4b6680f3bd746c447d00 [CANDIDATE]: Term 1 pre-election: Election decided. Result: candidate won. Election summary: received 2 responses out of 3 voters: 2 yes votes; 0 no votes. yes voters: 081a3ea51aaf4b6680f3bd746c447d00, 885f0866a3fd4ac6aaa752f251559956; no voters: 
I20260630 12:25:33.005877 18424 raft_consensus.cc:697] T 80bd158fe8e640bcbce06ac4c43c9077 P 081a3ea51aaf4b6680f3bd746c447d00 [term 1 LEADER]: Becoming Leader. State: Replica: 081a3ea51aaf4b6680f3bd746c447d00, State: Running, Role: LEADER
I20260630 12:25:33.006453 18408 raft_consensus.cc:2804] T 7ee8d9d87f004661b2a09b37a356650d P 081a3ea51aaf4b6680f3bd746c447d00 [term 0 FOLLOWER]: Leader pre-election won for term 1
I20260630 12:25:33.006587 18323 leader_election.cc:304] T b6af52c3ea0b4bd1836cddc84eac24af P 081a3ea51aaf4b6680f3bd746c447d00 [CANDIDATE]: Term 1 election: Election decided. Result: candidate won. Election summary: received 3 responses out of 3 voters: 2 yes votes; 1 no votes. yes voters: 081a3ea51aaf4b6680f3bd746c447d00, 885f0866a3fd4ac6aaa752f251559956; no voters: c1ae8b2d0f944a28b85c958ffa514f6f
I20260630 12:25:33.006649 18424 consensus_queue.cc:237] T 80bd158fe8e640bcbce06ac4c43c9077 P 081a3ea51aaf4b6680f3bd746c447d00 [LEADER]: Queue going to LEADER mode. State: All replicated index: 0, Majority replicated index: 0, Committed index: 0, Last appended: 0.0, Last appended by leader: 0, Current term: 1, Majority size: 2, State: 0, Mode: LEADER, active raft config: opid_index: -1 OBSOLETE_local: false peers { permanent_uuid: "c1ae8b2d0f944a28b85c958ffa514f6f" member_type: VOTER last_known_addr { host: "127.14.217.68" port: 41909 } } peers { permanent_uuid: "081a3ea51aaf4b6680f3bd746c447d00" member_type: VOTER last_known_addr { host: "127.14.217.67" port: 45887 } } peers { permanent_uuid: "9ffbe5ae9f464dd4a3473addc2b6f5ff" member_type: VOTER last_known_addr { host: "127.14.217.66" port: 37733 } }
I20260630 12:25:32.996186 18544 raft_consensus.cc:740] T 8bda20a7103c477898d9a2e4ccd2d8bc P 885f0866a3fd4ac6aaa752f251559956 [term 0 FOLLOWER]: Becoming Follower/Learner. State: Replica: 885f0866a3fd4ac6aaa752f251559956, State: Initialized, Role: FOLLOWER
I20260630 12:25:33.008574 18433 raft_consensus.cc:2804] T b6af52c3ea0b4bd1836cddc84eac24af P 081a3ea51aaf4b6680f3bd746c447d00 [term 1 FOLLOWER]: Leader election won for term 1
I20260630 12:25:33.007838 18408 raft_consensus.cc:493] T 7ee8d9d87f004661b2a09b37a356650d P 081a3ea51aaf4b6680f3bd746c447d00 [term 0 FOLLOWER]: Starting leader election (no leader contacted us within the election timeout)
I20260630 12:25:33.009720 18408 raft_consensus.cc:3060] T 7ee8d9d87f004661b2a09b37a356650d P 081a3ea51aaf4b6680f3bd746c447d00 [term 0 FOLLOWER]: Advancing to term 1
I20260630 12:25:33.005793 18512 raft_consensus.cc:2468] T 7ee8d9d87f004661b2a09b37a356650d P c1ae8b2d0f944a28b85c958ffa514f6f [term 0 FOLLOWER]: Leader pre-election vote request: Granting yes vote for candidate 081a3ea51aaf4b6680f3bd746c447d00 in term 0.
I20260630 12:25:33.014202 18544 consensus_queue.cc:260] T 8bda20a7103c477898d9a2e4ccd2d8bc P 885f0866a3fd4ac6aaa752f251559956 [NON_LEADER]: Queue going to NON_LEADER mode. State: All replicated index: 0, Majority replicated index: 0, Committed index: 0, Last appended: 0.0, Last appended by leader: 0, Current term: 0, Majority size: -1, State: 0, Mode: NON_LEADER, active raft config: opid_index: -1 OBSOLETE_local: false peers { permanent_uuid: "c1ae8b2d0f944a28b85c958ffa514f6f" member_type: VOTER last_known_addr { host: "127.14.217.68" port: 41909 } } peers { permanent_uuid: "9ffbe5ae9f464dd4a3473addc2b6f5ff" member_type: VOTER last_known_addr { host: "127.14.217.66" port: 37733 } } peers { permanent_uuid: "885f0866a3fd4ac6aaa752f251559956" member_type: VOTER last_known_addr { host: "127.14.217.65" port: 46777 } }
I20260630 12:25:33.016614 18544 ts_tablet_manager.cc:1434] T 8bda20a7103c477898d9a2e4ccd2d8bc P 885f0866a3fd4ac6aaa752f251559956: Time spent starting tablet: real 0.024s	user 0.005s	sys 0.001s
I20260630 12:25:33.020644 18558 tablet_bootstrap.cc:654] T 470b6f3a49d34c9ea7eae6da267b75ab P c1ae8b2d0f944a28b85c958ffa514f6f: Neither blocks nor log segments found. Creating new log.
I20260630 12:25:33.022142 18565 raft_consensus.cc:493] T 470b6f3a49d34c9ea7eae6da267b75ab P 885f0866a3fd4ac6aaa752f251559956 [term 0 FOLLOWER]: Starting pre-election (no leader contacted us within the election timeout)
I20260630 12:25:33.022559 18433 raft_consensus.cc:697] T b6af52c3ea0b4bd1836cddc84eac24af P 081a3ea51aaf4b6680f3bd746c447d00 [term 1 LEADER]: Becoming Leader. State: Replica: 081a3ea51aaf4b6680f3bd746c447d00, State: Running, Role: LEADER
I20260630 12:25:33.022604 18565 raft_consensus.cc:515] T 470b6f3a49d34c9ea7eae6da267b75ab P 885f0866a3fd4ac6aaa752f251559956 [term 0 FOLLOWER]: Starting pre-election with config: opid_index: -1 OBSOLETE_local: false peers { permanent_uuid: "c1ae8b2d0f944a28b85c958ffa514f6f" member_type: VOTER last_known_addr { host: "127.14.217.68" port: 41909 } } peers { permanent_uuid: "081a3ea51aaf4b6680f3bd746c447d00" member_type: VOTER last_known_addr { host: "127.14.217.67" port: 45887 } } peers { permanent_uuid: "885f0866a3fd4ac6aaa752f251559956" member_type: VOTER last_known_addr { host: "127.14.217.65" port: 46777 } }
I20260630 12:25:33.023618 18433 consensus_queue.cc:237] T b6af52c3ea0b4bd1836cddc84eac24af P 081a3ea51aaf4b6680f3bd746c447d00 [LEADER]: Queue going to LEADER mode. State: All replicated index: 0, Majority replicated index: 0, Committed index: 0, Last appended: 0.0, Last appended by leader: 0, Current term: 1, Majority size: 2, State: 0, Mode: LEADER, active raft config: opid_index: -1 OBSOLETE_local: false peers { permanent_uuid: "c1ae8b2d0f944a28b85c958ffa514f6f" member_type: VOTER last_known_addr { host: "127.14.217.68" port: 41909 } } peers { permanent_uuid: "081a3ea51aaf4b6680f3bd746c447d00" member_type: VOTER last_known_addr { host: "127.14.217.67" port: 45887 } } peers { permanent_uuid: "885f0866a3fd4ac6aaa752f251559956" member_type: VOTER last_known_addr { host: "127.14.217.65" port: 46777 } }
I20260630 12:25:33.024708 18565 leader_election.cc:290] T 470b6f3a49d34c9ea7eae6da267b75ab P 885f0866a3fd4ac6aaa752f251559956 [CANDIDATE]: Term 1 pre-election: Requested pre-vote from peers c1ae8b2d0f944a28b85c958ffa514f6f (127.14.217.68:41909), 081a3ea51aaf4b6680f3bd746c447d00 (127.14.217.67:45887)
I20260630 12:25:33.030606 18357 tablet_service.cc:1917] Received RequestConsensusVote() RPC: tablet_id: "470b6f3a49d34c9ea7eae6da267b75ab" candidate_uuid: "885f0866a3fd4ac6aaa752f251559956" candidate_term: 1 candidate_status { last_received { term: 0 index: 0 } } ignore_live_leader: false dest_uuid: "081a3ea51aaf4b6680f3bd746c447d00" is_pre_election: true
I20260630 12:25:33.031217 18357 raft_consensus.cc:2468] T 470b6f3a49d34c9ea7eae6da267b75ab P 081a3ea51aaf4b6680f3bd746c447d00 [term 0 FOLLOWER]: Leader pre-election vote request: Granting yes vote for candidate 885f0866a3fd4ac6aaa752f251559956 in term 0.
I20260630 12:25:33.033366 18558 tablet_bootstrap.cc:492] T 470b6f3a49d34c9ea7eae6da267b75ab P c1ae8b2d0f944a28b85c958ffa514f6f: No bootstrap required, opened a new log
I20260630 12:25:33.033928 18558 ts_tablet_manager.cc:1403] T 470b6f3a49d34c9ea7eae6da267b75ab P c1ae8b2d0f944a28b85c958ffa514f6f: Time spent bootstrapping tablet: real 0.030s	user 0.012s	sys 0.007s
I20260630 12:25:33.035082 18171 leader_election.cc:304] T 470b6f3a49d34c9ea7eae6da267b75ab P 885f0866a3fd4ac6aaa752f251559956 [CANDIDATE]: Term 1 pre-election: Election decided. Result: candidate won. Election summary: received 2 responses out of 3 voters: 2 yes votes; 0 no votes. yes voters: 081a3ea51aaf4b6680f3bd746c447d00, 885f0866a3fd4ac6aaa752f251559956; no voters: 
I20260630 12:25:33.036088 18565 raft_consensus.cc:2804] T 470b6f3a49d34c9ea7eae6da267b75ab P 885f0866a3fd4ac6aaa752f251559956 [term 0 FOLLOWER]: Leader pre-election won for term 1
I20260630 12:25:33.036429 18565 raft_consensus.cc:493] T 470b6f3a49d34c9ea7eae6da267b75ab P 885f0866a3fd4ac6aaa752f251559956 [term 0 FOLLOWER]: Starting leader election (no leader contacted us within the election timeout)
I20260630 12:25:33.036731 18565 raft_consensus.cc:3060] T 470b6f3a49d34c9ea7eae6da267b75ab P 885f0866a3fd4ac6aaa752f251559956 [term 0 FOLLOWER]: Advancing to term 1
I20260630 12:25:33.040699 18512 tablet_service.cc:1917] Received RequestConsensusVote() RPC: tablet_id: "470b6f3a49d34c9ea7eae6da267b75ab" candidate_uuid: "885f0866a3fd4ac6aaa752f251559956" candidate_term: 1 candidate_status { last_received { term: 0 index: 0 } } ignore_live_leader: false dest_uuid: "c1ae8b2d0f944a28b85c958ffa514f6f" is_pre_election: true
W20260630 12:25:33.042279 18173 leader_election.cc:343] T 470b6f3a49d34c9ea7eae6da267b75ab P 885f0866a3fd4ac6aaa752f251559956 [CANDIDATE]: Term 1 pre-election: Tablet error from VoteRequest() call to peer c1ae8b2d0f944a28b85c958ffa514f6f (127.14.217.68:41909): Illegal state: must be running to vote when last-logged opid is not known
I20260630 12:25:33.043855 18106 catalog_manager.cc:5697] T 15e9cf15a4ec4cbb89a572a69ce9c688 P c1ae8b2d0f944a28b85c958ffa514f6f reported cstate change: term changed from 0 to 1, leader changed from <none> to c1ae8b2d0f944a28b85c958ffa514f6f (127.14.217.68). New cstate: current_term: 1 leader_uuid: "c1ae8b2d0f944a28b85c958ffa514f6f" committed_config { opid_index: -1 OBSOLETE_local: false peers { permanent_uuid: "081a3ea51aaf4b6680f3bd746c447d00" member_type: VOTER last_known_addr { host: "127.14.217.67" port: 45887 } health_report { overall_health: UNKNOWN } } peers { permanent_uuid: "c1ae8b2d0f944a28b85c958ffa514f6f" member_type: VOTER last_known_addr { host: "127.14.217.68" port: 41909 } health_report { overall_health: HEALTHY } } peers { permanent_uuid: "9ffbe5ae9f464dd4a3473addc2b6f5ff" member_type: VOTER last_known_addr { host: "127.14.217.66" port: 37733 } health_report { overall_health: UNKNOWN } } }
I20260630 12:25:33.045063 18558 raft_consensus.cc:359] T 470b6f3a49d34c9ea7eae6da267b75ab P c1ae8b2d0f944a28b85c958ffa514f6f [term 0 FOLLOWER]: Replica starting. Triggering 0 pending ops. Active config: opid_index: -1 OBSOLETE_local: false peers { permanent_uuid: "c1ae8b2d0f944a28b85c958ffa514f6f" member_type: VOTER last_known_addr { host: "127.14.217.68" port: 41909 } } peers { permanent_uuid: "081a3ea51aaf4b6680f3bd746c447d00" member_type: VOTER last_known_addr { host: "127.14.217.67" port: 45887 } } peers { permanent_uuid: "885f0866a3fd4ac6aaa752f251559956" member_type: VOTER last_known_addr { host: "127.14.217.65" port: 46777 } }
I20260630 12:25:33.045809 18558 raft_consensus.cc:385] T 470b6f3a49d34c9ea7eae6da267b75ab P c1ae8b2d0f944a28b85c958ffa514f6f [term 0 FOLLOWER]: Consensus starting up: Expiring failure detector timer to make a prompt election more likely
I20260630 12:25:33.046167 18558 raft_consensus.cc:740] T 470b6f3a49d34c9ea7eae6da267b75ab P c1ae8b2d0f944a28b85c958ffa514f6f [term 0 FOLLOWER]: Becoming Follower/Learner. State: Replica: c1ae8b2d0f944a28b85c958ffa514f6f, State: Initialized, Role: FOLLOWER
I20260630 12:25:33.046422 18408 raft_consensus.cc:515] T 7ee8d9d87f004661b2a09b37a356650d P 081a3ea51aaf4b6680f3bd746c447d00 [term 1 FOLLOWER]: Starting leader election with config: opid_index: -1 OBSOLETE_local: false peers { permanent_uuid: "c1ae8b2d0f944a28b85c958ffa514f6f" member_type: VOTER last_known_addr { host: "127.14.217.68" port: 41909 } } peers { permanent_uuid: "885f0866a3fd4ac6aaa752f251559956" member_type: VOTER last_known_addr { host: "127.14.217.65" port: 46777 } } peers { permanent_uuid: "081a3ea51aaf4b6680f3bd746c447d00" member_type: VOTER last_known_addr { host: "127.14.217.67" port: 45887 } }
I20260630 12:25:33.047025 18558 consensus_queue.cc:260] T 470b6f3a49d34c9ea7eae6da267b75ab P c1ae8b2d0f944a28b85c958ffa514f6f [NON_LEADER]: Queue going to NON_LEADER mode. State: All replicated index: 0, Majority replicated index: 0, Committed index: 0, Last appended: 0.0, Last appended by leader: 0, Current term: 0, Majority size: -1, State: 0, Mode: NON_LEADER, active raft config: opid_index: -1 OBSOLETE_local: false peers { permanent_uuid: "c1ae8b2d0f944a28b85c958ffa514f6f" member_type: VOTER last_known_addr { host: "127.14.217.68" port: 41909 } } peers { permanent_uuid: "081a3ea51aaf4b6680f3bd746c447d00" member_type: VOTER last_known_addr { host: "127.14.217.67" port: 45887 } } peers { permanent_uuid: "885f0866a3fd4ac6aaa752f251559956" member_type: VOTER last_known_addr { host: "127.14.217.65" port: 46777 } }
I20260630 12:25:33.048518 18408 leader_election.cc:290] T 7ee8d9d87f004661b2a09b37a356650d P 081a3ea51aaf4b6680f3bd746c447d00 [CANDIDATE]: Term 1 election: Requested vote from peers c1ae8b2d0f944a28b85c958ffa514f6f (127.14.217.68:41909), 885f0866a3fd4ac6aaa752f251559956 (127.14.217.65:46777)
I20260630 12:25:33.049093 18512 tablet_service.cc:1917] Received RequestConsensusVote() RPC: tablet_id: "7ee8d9d87f004661b2a09b37a356650d" candidate_uuid: "081a3ea51aaf4b6680f3bd746c447d00" candidate_term: 1 candidate_status { last_received { term: 0 index: 0 } } ignore_live_leader: false dest_uuid: "c1ae8b2d0f944a28b85c958ffa514f6f"
I20260630 12:25:33.049652 18512 raft_consensus.cc:3060] T 7ee8d9d87f004661b2a09b37a356650d P c1ae8b2d0f944a28b85c958ffa514f6f [term 0 FOLLOWER]: Advancing to term 1
