I20260630 12:26:11.142278 16772 consensus_queue.cc:260] T a3e5e509e29b4aeaab7c244d52fa765d P efb5ad05fa1a4f689a196465c135ba82 [NON_LEADER]: Queue going to NON_LEADER mode. State: All replicated index: 0, Majority replicated index: 0, Committed index: 0, Last appended: 0.0, Last appended by leader: 0, Current term: 0, Majority size: -1, State: 0, Mode: NON_LEADER, active raft config: opid_index: -1 OBSOLETE_local: false peers { permanent_uuid: "55a6975d633a4bbaabddfe6367f51cb8" member_type: VOTER last_known_addr { host: "127.11.214.129" port: 36497 } } peers { permanent_uuid: "d86a128f23644f3d981e57529702a53f" member_type: VOTER last_known_addr { host: "127.11.214.130" port: 42383 } } peers { permanent_uuid: "efb5ad05fa1a4f689a196465c135ba82" member_type: VOTER last_known_addr { host: "127.11.214.131" port: 35251 } }
I20260630 12:26:11.144438 16772 ts_tablet_manager.cc:1434] T a3e5e509e29b4aeaab7c244d52fa765d P efb5ad05fa1a4f689a196465c135ba82: Time spent starting tablet: real 0.007s	user 0.005s	sys 0.000s
I20260630 12:26:11.145516 16772 tablet_bootstrap.cc:492] T db15408a8dc4454198e5a47f8c4f2b68 P efb5ad05fa1a4f689a196465c135ba82: Bootstrap starting.
I20260630 12:26:11.145334 16773 raft_consensus.cc:359] T 5ac63e2f8f1949419159b98e9cf45da9 P 55a6975d633a4bbaabddfe6367f51cb8 [term 0 FOLLOWER]: Replica starting. Triggering 0 pending ops. Active config: opid_index: -1 OBSOLETE_local: false peers { permanent_uuid: "55a6975d633a4bbaabddfe6367f51cb8" member_type: VOTER last_known_addr { host: "127.11.214.129" port: 36497 } } peers { permanent_uuid: "d86a128f23644f3d981e57529702a53f" member_type: VOTER last_known_addr { host: "127.11.214.130" port: 42383 } } peers { permanent_uuid: "efb5ad05fa1a4f689a196465c135ba82" member_type: VOTER last_known_addr { host: "127.11.214.131" port: 35251 } }
I20260630 12:26:11.146446 16773 raft_consensus.cc:385] T 5ac63e2f8f1949419159b98e9cf45da9 P 55a6975d633a4bbaabddfe6367f51cb8 [term 0 FOLLOWER]: Consensus starting up: Expiring failure detector timer to make a prompt election more likely
I20260630 12:26:11.146878 16773 raft_consensus.cc:740] T 5ac63e2f8f1949419159b98e9cf45da9 P 55a6975d633a4bbaabddfe6367f51cb8 [term 0 FOLLOWER]: Becoming Follower/Learner. State: Replica: 55a6975d633a4bbaabddfe6367f51cb8, State: Initialized, Role: FOLLOWER
I20260630 12:26:11.147822 16773 consensus_queue.cc:260] T 5ac63e2f8f1949419159b98e9cf45da9 P 55a6975d633a4bbaabddfe6367f51cb8 [NON_LEADER]: Queue going to NON_LEADER mode. State: All replicated index: 0, Majority replicated index: 0, Committed index: 0, Last appended: 0.0, Last appended by leader: 0, Current term: 0, Majority size: -1, State: 0, Mode: NON_LEADER, active raft config: opid_index: -1 OBSOLETE_local: false peers { permanent_uuid: "55a6975d633a4bbaabddfe6367f51cb8" member_type: VOTER last_known_addr { host: "127.11.214.129" port: 36497 } } peers { permanent_uuid: "d86a128f23644f3d981e57529702a53f" member_type: VOTER last_known_addr { host: "127.11.214.130" port: 42383 } } peers { permanent_uuid: "efb5ad05fa1a4f689a196465c135ba82" member_type: VOTER last_known_addr { host: "127.11.214.131" port: 35251 } }
I20260630 12:26:11.150309 16773 ts_tablet_manager.cc:1434] T 5ac63e2f8f1949419159b98e9cf45da9 P 55a6975d633a4bbaabddfe6367f51cb8: Time spent starting tablet: real 0.008s	user 0.007s	sys 0.000s
I20260630 12:26:11.151474 16773 tablet_bootstrap.cc:492] T a18bd69fddd340d6a228e8bd9d785f03 P 55a6975d633a4bbaabddfe6367f51cb8: Bootstrap starting.
I20260630 12:26:11.152230 16772 tablet_bootstrap.cc:654] T db15408a8dc4454198e5a47f8c4f2b68 P efb5ad05fa1a4f689a196465c135ba82: Neither blocks nor log segments found. Creating new log.
I20260630 12:26:11.157749 16773 tablet_bootstrap.cc:654] T a18bd69fddd340d6a228e8bd9d785f03 P 55a6975d633a4bbaabddfe6367f51cb8: Neither blocks nor log segments found. Creating new log.
I20260630 12:26:11.157966 16771 tablet_bootstrap.cc:492] T b70d1afa4fee4868b2d88ac1261b6226 P d86a128f23644f3d981e57529702a53f: No bootstrap required, opened a new log
I20260630 12:26:11.158489 16771 ts_tablet_manager.cc:1403] T b70d1afa4fee4868b2d88ac1261b6226 P d86a128f23644f3d981e57529702a53f: Time spent bootstrapping tablet: real 0.031s	user 0.010s	sys 0.011s
I20260630 12:26:11.161705 16771 raft_consensus.cc:359] T b70d1afa4fee4868b2d88ac1261b6226 P d86a128f23644f3d981e57529702a53f [term 0 FOLLOWER]: Replica starting. Triggering 0 pending ops. Active config: opid_index: -1 OBSOLETE_local: false peers { permanent_uuid: "55a6975d633a4bbaabddfe6367f51cb8" member_type: VOTER last_known_addr { host: "127.11.214.129" port: 36497 } } peers { permanent_uuid: "d86a128f23644f3d981e57529702a53f" member_type: VOTER last_known_addr { host: "127.11.214.130" port: 42383 } } peers { permanent_uuid: "efb5ad05fa1a4f689a196465c135ba82" member_type: VOTER last_known_addr { host: "127.11.214.131" port: 35251 } }
I20260630 12:26:11.162667 16771 raft_consensus.cc:385] T b70d1afa4fee4868b2d88ac1261b6226 P d86a128f23644f3d981e57529702a53f [term 0 FOLLOWER]: Consensus starting up: Expiring failure detector timer to make a prompt election more likely
I20260630 12:26:11.163094 16771 raft_consensus.cc:740] T b70d1afa4fee4868b2d88ac1261b6226 P d86a128f23644f3d981e57529702a53f [term 0 FOLLOWER]: Becoming Follower/Learner. State: Replica: d86a128f23644f3d981e57529702a53f, State: Initialized, Role: FOLLOWER
I20260630 12:26:11.164151 16771 consensus_queue.cc:260] T b70d1afa4fee4868b2d88ac1261b6226 P d86a128f23644f3d981e57529702a53f [NON_LEADER]: Queue going to NON_LEADER mode. State: All replicated index: 0, Majority replicated index: 0, Committed index: 0, Last appended: 0.0, Last appended by leader: 0, Current term: 0, Majority size: -1, State: 0, Mode: NON_LEADER, active raft config: opid_index: -1 OBSOLETE_local: false peers { permanent_uuid: "55a6975d633a4bbaabddfe6367f51cb8" member_type: VOTER last_known_addr { host: "127.11.214.129" port: 36497 } } peers { permanent_uuid: "d86a128f23644f3d981e57529702a53f" member_type: VOTER last_known_addr { host: "127.11.214.130" port: 42383 } } peers { permanent_uuid: "efb5ad05fa1a4f689a196465c135ba82" member_type: VOTER last_known_addr { host: "127.11.214.131" port: 35251 } }
I20260630 12:26:11.166468 16778 raft_consensus.cc:493] T 5ac63e2f8f1949419159b98e9cf45da9 P efb5ad05fa1a4f689a196465c135ba82 [term 0 FOLLOWER]: Starting pre-election (no leader contacted us within the election timeout)
I20260630 12:26:11.167061 16778 raft_consensus.cc:515] T 5ac63e2f8f1949419159b98e9cf45da9 P efb5ad05fa1a4f689a196465c135ba82 [term 0 FOLLOWER]: Starting pre-election with config: opid_index: -1 OBSOLETE_local: false peers { permanent_uuid: "55a6975d633a4bbaabddfe6367f51cb8" member_type: VOTER last_known_addr { host: "127.11.214.129" port: 36497 } } peers { permanent_uuid: "d86a128f23644f3d981e57529702a53f" member_type: VOTER last_known_addr { host: "127.11.214.130" port: 42383 } } peers { permanent_uuid: "efb5ad05fa1a4f689a196465c135ba82" member_type: VOTER last_known_addr { host: "127.11.214.131" port: 35251 } }
I20260630 12:26:11.175964 16771 ts_tablet_manager.cc:1434] T b70d1afa4fee4868b2d88ac1261b6226 P d86a128f23644f3d981e57529702a53f: Time spent starting tablet: real 0.017s	user 0.008s	sys 0.000s
I20260630 12:26:11.180785 16771 tablet_bootstrap.cc:492] T 2ba7048391be4281851e356d36c59639 P d86a128f23644f3d981e57529702a53f: Bootstrap starting.
I20260630 12:26:11.190109 16778 leader_election.cc:290] T 5ac63e2f8f1949419159b98e9cf45da9 P efb5ad05fa1a4f689a196465c135ba82 [CANDIDATE]: Term 1 pre-election: Requested pre-vote from peers 55a6975d633a4bbaabddfe6367f51cb8 (127.11.214.129:36497), d86a128f23644f3d981e57529702a53f (127.11.214.130:42383)
I20260630 12:26:11.190615 16771 tablet_bootstrap.cc:654] T 2ba7048391be4281851e356d36c59639 P d86a128f23644f3d981e57529702a53f: Neither blocks nor log segments found. Creating new log.
I20260630 12:26:11.191744 16773 tablet_bootstrap.cc:492] T a18bd69fddd340d6a228e8bd9d785f03 P 55a6975d633a4bbaabddfe6367f51cb8: No bootstrap required, opened a new log
I20260630 12:26:11.192484 16773 ts_tablet_manager.cc:1403] T a18bd69fddd340d6a228e8bd9d785f03 P 55a6975d633a4bbaabddfe6367f51cb8: Time spent bootstrapping tablet: real 0.041s	user 0.028s	sys 0.012s
I20260630 12:26:11.196189 16773 raft_consensus.cc:359] T a18bd69fddd340d6a228e8bd9d785f03 P 55a6975d633a4bbaabddfe6367f51cb8 [term 0 FOLLOWER]: Replica starting. Triggering 0 pending ops. Active config: opid_index: -1 OBSOLETE_local: false peers { permanent_uuid: "55a6975d633a4bbaabddfe6367f51cb8" member_type: VOTER last_known_addr { host: "127.11.214.129" port: 36497 } } peers { permanent_uuid: "d86a128f23644f3d981e57529702a53f" member_type: VOTER last_known_addr { host: "127.11.214.130" port: 42383 } } peers { permanent_uuid: "efb5ad05fa1a4f689a196465c135ba82" member_type: VOTER last_known_addr { host: "127.11.214.131" port: 35251 } }
I20260630 12:26:11.197224 16773 raft_consensus.cc:385] T a18bd69fddd340d6a228e8bd9d785f03 P 55a6975d633a4bbaabddfe6367f51cb8 [term 0 FOLLOWER]: Consensus starting up: Expiring failure detector timer to make a prompt election more likely
I20260630 12:26:11.197662 16773 raft_consensus.cc:740] T a18bd69fddd340d6a228e8bd9d785f03 P 55a6975d633a4bbaabddfe6367f51cb8 [term 0 FOLLOWER]: Becoming Follower/Learner. State: Replica: 55a6975d633a4bbaabddfe6367f51cb8, State: Initialized, Role: FOLLOWER
I20260630 12:26:11.198830 16773 consensus_queue.cc:260] T a18bd69fddd340d6a228e8bd9d785f03 P 55a6975d633a4bbaabddfe6367f51cb8 [NON_LEADER]: Queue going to NON_LEADER mode. State: All replicated index: 0, Majority replicated index: 0, Committed index: 0, Last appended: 0.0, Last appended by leader: 0, Current term: 0, Majority size: -1, State: 0, Mode: NON_LEADER, active raft config: opid_index: -1 OBSOLETE_local: false peers { permanent_uuid: "55a6975d633a4bbaabddfe6367f51cb8" member_type: VOTER last_known_addr { host: "127.11.214.129" port: 36497 } } peers { permanent_uuid: "d86a128f23644f3d981e57529702a53f" member_type: VOTER last_known_addr { host: "127.11.214.130" port: 42383 } } peers { permanent_uuid: "efb5ad05fa1a4f689a196465c135ba82" member_type: VOTER last_known_addr { host: "127.11.214.131" port: 35251 } }
I20260630 12:26:11.201148 16773 ts_tablet_manager.cc:1434] T a18bd69fddd340d6a228e8bd9d785f03 P 55a6975d633a4bbaabddfe6367f51cb8: Time spent starting tablet: real 0.008s	user 0.007s	sys 0.000s
I20260630 12:26:11.202169 16773 tablet_bootstrap.cc:492] T db15408a8dc4454198e5a47f8c4f2b68 P 55a6975d633a4bbaabddfe6367f51cb8: Bootstrap starting.
I20260630 12:26:11.207525 16778 raft_consensus.cc:493] T a3e5e509e29b4aeaab7c244d52fa765d P efb5ad05fa1a4f689a196465c135ba82 [term 0 FOLLOWER]: Starting pre-election (no leader contacted us within the election timeout)
I20260630 12:26:11.208212 16773 tablet_bootstrap.cc:654] T db15408a8dc4454198e5a47f8c4f2b68 P 55a6975d633a4bbaabddfe6367f51cb8: Neither blocks nor log segments found. Creating new log.
I20260630 12:26:11.208082 16778 raft_consensus.cc:515] T a3e5e509e29b4aeaab7c244d52fa765d P efb5ad05fa1a4f689a196465c135ba82 [term 0 FOLLOWER]: Starting pre-election with config: opid_index: -1 OBSOLETE_local: false peers { permanent_uuid: "55a6975d633a4bbaabddfe6367f51cb8" member_type: VOTER last_known_addr { host: "127.11.214.129" port: 36497 } } peers { permanent_uuid: "d86a128f23644f3d981e57529702a53f" member_type: VOTER last_known_addr { host: "127.11.214.130" port: 42383 } } peers { permanent_uuid: "efb5ad05fa1a4f689a196465c135ba82" member_type: VOTER last_known_addr { host: "127.11.214.131" port: 35251 } }
I20260630 12:26:11.210351 16778 leader_election.cc:290] T a3e5e509e29b4aeaab7c244d52fa765d P efb5ad05fa1a4f689a196465c135ba82 [CANDIDATE]: Term 1 pre-election: Requested pre-vote from peers 55a6975d633a4bbaabddfe6367f51cb8 (127.11.214.129:36497), d86a128f23644f3d981e57529702a53f (127.11.214.130:42383)
I20260630 12:26:11.211225 16771 tablet_bootstrap.cc:492] T 2ba7048391be4281851e356d36c59639 P d86a128f23644f3d981e57529702a53f: No bootstrap required, opened a new log
I20260630 12:26:11.211967 16771 ts_tablet_manager.cc:1403] T 2ba7048391be4281851e356d36c59639 P d86a128f23644f3d981e57529702a53f: Time spent bootstrapping tablet: real 0.031s	user 0.008s	sys 0.010s
I20260630 12:26:11.215852 16771 raft_consensus.cc:359] T 2ba7048391be4281851e356d36c59639 P d86a128f23644f3d981e57529702a53f [term 0 FOLLOWER]: Replica starting. Triggering 0 pending ops. Active config: opid_index: -1 OBSOLETE_local: false peers { permanent_uuid: "55a6975d633a4bbaabddfe6367f51cb8" member_type: VOTER last_known_addr { host: "127.11.214.129" port: 36497 } } peers { permanent_uuid: "d86a128f23644f3d981e57529702a53f" member_type: VOTER last_known_addr { host: "127.11.214.130" port: 42383 } } peers { permanent_uuid: "efb5ad05fa1a4f689a196465c135ba82" member_type: VOTER last_known_addr { host: "127.11.214.131" port: 35251 } }
I20260630 12:26:11.217278 16771 raft_consensus.cc:385] T 2ba7048391be4281851e356d36c59639 P d86a128f23644f3d981e57529702a53f [term 0 FOLLOWER]: Consensus starting up: Expiring failure detector timer to make a prompt election more likely
I20260630 12:26:11.217774 16771 raft_consensus.cc:740] T 2ba7048391be4281851e356d36c59639 P d86a128f23644f3d981e57529702a53f [term 0 FOLLOWER]: Becoming Follower/Learner. State: Replica: d86a128f23644f3d981e57529702a53f, State: Initialized, Role: FOLLOWER
I20260630 12:26:11.218899 16771 consensus_queue.cc:260] T 2ba7048391be4281851e356d36c59639 P d86a128f23644f3d981e57529702a53f [NON_LEADER]: Queue going to NON_LEADER mode. State: All replicated index: 0, Majority replicated index: 0, Committed index: 0, Last appended: 0.0, Last appended by leader: 0, Current term: 0, Majority size: -1, State: 0, Mode: NON_LEADER, active raft config: opid_index: -1 OBSOLETE_local: false peers { permanent_uuid: "55a6975d633a4bbaabddfe6367f51cb8" member_type: VOTER last_known_addr { host: "127.11.214.129" port: 36497 } } peers { permanent_uuid: "d86a128f23644f3d981e57529702a53f" member_type: VOTER last_known_addr { host: "127.11.214.130" port: 42383 } } peers { permanent_uuid: "efb5ad05fa1a4f689a196465c135ba82" member_type: VOTER last_known_addr { host: "127.11.214.131" port: 35251 } }
I20260630 12:26:11.226727 16772 tablet_bootstrap.cc:492] T db15408a8dc4454198e5a47f8c4f2b68 P efb5ad05fa1a4f689a196465c135ba82: No bootstrap required, opened a new log
I20260630 12:26:11.227324 16772 ts_tablet_manager.cc:1403] T db15408a8dc4454198e5a47f8c4f2b68 P efb5ad05fa1a4f689a196465c135ba82: Time spent bootstrapping tablet: real 0.082s	user 0.025s	sys 0.049s
I20260630 12:26:11.230243 16772 raft_consensus.cc:359] T db15408a8dc4454198e5a47f8c4f2b68 P efb5ad05fa1a4f689a196465c135ba82 [term 0 FOLLOWER]: Replica starting. Triggering 0 pending ops. Active config: opid_index: -1 OBSOLETE_local: false peers { permanent_uuid: "55a6975d633a4bbaabddfe6367f51cb8" member_type: VOTER last_known_addr { host: "127.11.214.129" port: 36497 } } peers { permanent_uuid: "d86a128f23644f3d981e57529702a53f" member_type: VOTER last_known_addr { host: "127.11.214.130" port: 42383 } } peers { permanent_uuid: "efb5ad05fa1a4f689a196465c135ba82" member_type: VOTER last_known_addr { host: "127.11.214.131" port: 35251 } }
I20260630 12:26:11.230974 16772 raft_consensus.cc:385] T db15408a8dc4454198e5a47f8c4f2b68 P efb5ad05fa1a4f689a196465c135ba82 [term 0 FOLLOWER]: Consensus starting up: Expiring failure detector timer to make a prompt election more likely
I20260630 12:26:11.231159 16780 raft_consensus.cc:493] T a18bd69fddd340d6a228e8bd9d785f03 P 55a6975d633a4bbaabddfe6367f51cb8 [term 0 FOLLOWER]: Starting pre-election (no leader contacted us within the election timeout)
I20260630 12:26:11.231334 16772 raft_consensus.cc:740] T db15408a8dc4454198e5a47f8c4f2b68 P efb5ad05fa1a4f689a196465c135ba82 [term 0 FOLLOWER]: Becoming Follower/Learner. State: Replica: efb5ad05fa1a4f689a196465c135ba82, State: Initialized, Role: FOLLOWER
I20260630 12:26:11.231730 16780 raft_consensus.cc:515] T a18bd69fddd340d6a228e8bd9d785f03 P 55a6975d633a4bbaabddfe6367f51cb8 [term 0 FOLLOWER]: Starting pre-election with config: opid_index: -1 OBSOLETE_local: false peers { permanent_uuid: "55a6975d633a4bbaabddfe6367f51cb8" member_type: VOTER last_known_addr { host: "127.11.214.129" port: 36497 } } peers { permanent_uuid: "d86a128f23644f3d981e57529702a53f" member_type: VOTER last_known_addr { host: "127.11.214.130" port: 42383 } } peers { permanent_uuid: "efb5ad05fa1a4f689a196465c135ba82" member_type: VOTER last_known_addr { host: "127.11.214.131" port: 35251 } }
I20260630 12:26:11.232164 16772 consensus_queue.cc:260] T db15408a8dc4454198e5a47f8c4f2b68 P efb5ad05fa1a4f689a196465c135ba82 [NON_LEADER]: Queue going to NON_LEADER mode. State: All replicated index: 0, Majority replicated index: 0, Committed index: 0, Last appended: 0.0, Last appended by leader: 0, Current term: 0, Majority size: -1, State: 0, Mode: NON_LEADER, active raft config: opid_index: -1 OBSOLETE_local: false peers { permanent_uuid: "55a6975d633a4bbaabddfe6367f51cb8" member_type: VOTER last_known_addr { host: "127.11.214.129" port: 36497 } } peers { permanent_uuid: "d86a128f23644f3d981e57529702a53f" member_type: VOTER last_known_addr { host: "127.11.214.130" port: 42383 } } peers { permanent_uuid: "efb5ad05fa1a4f689a196465c135ba82" member_type: VOTER last_known_addr { host: "127.11.214.131" port: 35251 } }
I20260630 12:26:11.234266 16771 ts_tablet_manager.cc:1434] T 2ba7048391be4281851e356d36c59639 P d86a128f23644f3d981e57529702a53f: Time spent starting tablet: real 0.022s	user 0.007s	sys 0.000s
I20260630 12:26:11.234491 16772 ts_tablet_manager.cc:1434] T db15408a8dc4454198e5a47f8c4f2b68 P efb5ad05fa1a4f689a196465c135ba82: Time spent starting tablet: real 0.007s	user 0.005s	sys 0.000s
I20260630 12:26:11.234781 16652 tablet_service.cc:1917] Received RequestConsensusVote() RPC: tablet_id: "5ac63e2f8f1949419159b98e9cf45da9" candidate_uuid: "efb5ad05fa1a4f689a196465c135ba82" candidate_term: 1 candidate_status { last_received { term: 0 index: 0 } } ignore_live_leader: false dest_uuid: "d86a128f23644f3d981e57529702a53f" is_pre_election: true
I20260630 12:26:11.235584 16772 tablet_bootstrap.cc:492] T 8b8e1de687c7410a909ae3c6eb05430f P efb5ad05fa1a4f689a196465c135ba82: Bootstrap starting.
I20260630 12:26:11.236265 16651 tablet_service.cc:1917] Received RequestConsensusVote() RPC: tablet_id: "a3e5e509e29b4aeaab7c244d52fa765d" candidate_uuid: "efb5ad05fa1a4f689a196465c135ba82" candidate_term: 1 candidate_status { last_received { term: 0 index: 0 } } ignore_live_leader: false dest_uuid: "d86a128f23644f3d981e57529702a53f" is_pre_election: true
I20260630 12:26:11.236980 16651 raft_consensus.cc:2468] T a3e5e509e29b4aeaab7c244d52fa765d P d86a128f23644f3d981e57529702a53f [term 0 FOLLOWER]: Leader pre-election vote request: Granting yes vote for candidate efb5ad05fa1a4f689a196465c135ba82 in term 0.
W20260630 12:26:11.241178 16692 leader_election.cc:343] T 5ac63e2f8f1949419159b98e9cf45da9 P efb5ad05fa1a4f689a196465c135ba82 [CANDIDATE]: Term 1 pre-election: Tablet error from VoteRequest() call to peer d86a128f23644f3d981e57529702a53f (127.11.214.130:42383): Illegal state: must be running to vote when last-logged opid is not known
I20260630 12:26:11.241312 16771 tablet_bootstrap.cc:492] T 8b8e1de687c7410a909ae3c6eb05430f P d86a128f23644f3d981e57529702a53f: Bootstrap starting.
I20260630 12:26:11.241917 16692 leader_election.cc:304] T a3e5e509e29b4aeaab7c244d52fa765d P efb5ad05fa1a4f689a196465c135ba82 [CANDIDATE]: Term 1 pre-election: Election decided. Result: candidate won. Election summary: received 2 responses out of 3 voters: 2 yes votes; 0 no votes. yes voters: d86a128f23644f3d981e57529702a53f, efb5ad05fa1a4f689a196465c135ba82; no voters: 
I20260630 12:26:11.242580 16772 tablet_bootstrap.cc:654] T 8b8e1de687c7410a909ae3c6eb05430f P efb5ad05fa1a4f689a196465c135ba82: Neither blocks nor log segments found. Creating new log.
I20260630 12:26:11.242969 16778 raft_consensus.cc:2804] T a3e5e509e29b4aeaab7c244d52fa765d P efb5ad05fa1a4f689a196465c135ba82 [term 0 FOLLOWER]: Leader pre-election won for term 1
I20260630 12:26:11.243341 16778 raft_consensus.cc:493] T a3e5e509e29b4aeaab7c244d52fa765d P efb5ad05fa1a4f689a196465c135ba82 [term 0 FOLLOWER]: Starting leader election (no leader contacted us within the election timeout)
I20260630 12:26:11.243681 16778 raft_consensus.cc:3060] T a3e5e509e29b4aeaab7c244d52fa765d P efb5ad05fa1a4f689a196465c135ba82 [term 0 FOLLOWER]: Advancing to term 1
I20260630 12:26:11.244122 16780 leader_election.cc:290] T a18bd69fddd340d6a228e8bd9d785f03 P 55a6975d633a4bbaabddfe6367f51cb8 [CANDIDATE]: Term 1 pre-election: Requested pre-vote from peers d86a128f23644f3d981e57529702a53f (127.11.214.130:42383), efb5ad05fa1a4f689a196465c135ba82 (127.11.214.131:35251)
I20260630 12:26:11.249595 16771 tablet_bootstrap.cc:654] T 8b8e1de687c7410a909ae3c6eb05430f P d86a128f23644f3d981e57529702a53f: Neither blocks nor log segments found. Creating new log.
W20260630 12:26:11.254326 16523 auto_rebalancer.cc:298] Could not retrieve cluster info: Service unavailable: Tablet not running
I20260630 12:26:11.264426 16771 tablet_bootstrap.cc:492] T 8b8e1de687c7410a909ae3c6eb05430f P d86a128f23644f3d981e57529702a53f: No bootstrap required, opened a new log
I20260630 12:26:11.264974 16771 ts_tablet_manager.cc:1403] T 8b8e1de687c7410a909ae3c6eb05430f P d86a128f23644f3d981e57529702a53f: Time spent bootstrapping tablet: real 0.024s	user 0.017s	sys 0.004s
I20260630 12:26:11.268103 16771 raft_consensus.cc:359] T 8b8e1de687c7410a909ae3c6eb05430f P d86a128f23644f3d981e57529702a53f [term 0 FOLLOWER]: Replica starting. Triggering 0 pending ops. Active config: opid_index: -1 OBSOLETE_local: false peers { permanent_uuid: "55a6975d633a4bbaabddfe6367f51cb8" member_type: VOTER last_known_addr { host: "127.11.214.129" port: 36497 } } peers { permanent_uuid: "d86a128f23644f3d981e57529702a53f" member_type: VOTER last_known_addr { host: "127.11.214.130" port: 42383 } } peers { permanent_uuid: "efb5ad05fa1a4f689a196465c135ba82" member_type: VOTER last_known_addr { host: "127.11.214.131" port: 35251 } }
I20260630 12:26:11.269029 16771 raft_consensus.cc:385] T 8b8e1de687c7410a909ae3c6eb05430f P d86a128f23644f3d981e57529702a53f [term 0 FOLLOWER]: Consensus starting up: Expiring failure detector timer to make a prompt election more likely
I20260630 12:26:11.269407 16771 raft_consensus.cc:740] T 8b8e1de687c7410a909ae3c6eb05430f P d86a128f23644f3d981e57529702a53f [term 0 FOLLOWER]: Becoming Follower/Learner. State: Replica: d86a128f23644f3d981e57529702a53f, State: Initialized, Role: FOLLOWER
I20260630 12:26:11.270311 16771 consensus_queue.cc:260] T 8b8e1de687c7410a909ae3c6eb05430f P d86a128f23644f3d981e57529702a53f [NON_LEADER]: Queue going to NON_LEADER mode. State: All replicated index: 0, Majority replicated index: 0, Committed index: 0, Last appended: 0.0, Last appended by leader: 0, Current term: 0, Majority size: -1, State: 0, Mode: NON_LEADER, active raft config: opid_index: -1 OBSOLETE_local: false peers { permanent_uuid: "55a6975d633a4bbaabddfe6367f51cb8" member_type: VOTER last_known_addr { host: "127.11.214.129" port: 36497 } } peers { permanent_uuid: "d86a128f23644f3d981e57529702a53f" member_type: VOTER last_known_addr { host: "127.11.214.130" port: 42383 } } peers { permanent_uuid: "efb5ad05fa1a4f689a196465c135ba82" member_type: VOTER last_known_addr { host: "127.11.214.131" port: 35251 } }
I20260630 12:26:11.272324 16577 tablet_service.cc:1917] Received RequestConsensusVote() RPC: tablet_id: "5ac63e2f8f1949419159b98e9cf45da9" candidate_uuid: "efb5ad05fa1a4f689a196465c135ba82" candidate_term: 1 candidate_status { last_received { term: 0 index: 0 } } ignore_live_leader: false dest_uuid: "55a6975d633a4bbaabddfe6367f51cb8" is_pre_election: true
I20260630 12:26:11.273212 16577 raft_consensus.cc:2468] T 5ac63e2f8f1949419159b98e9cf45da9 P 55a6975d633a4bbaabddfe6367f51cb8 [term 0 FOLLOWER]: Leader pre-election vote request: Granting yes vote for candidate efb5ad05fa1a4f689a196465c135ba82 in term 0.
I20260630 12:26:11.273720 16576 tablet_service.cc:1917] Received RequestConsensusVote() RPC: tablet_id: "a3e5e509e29b4aeaab7c244d52fa765d" candidate_uuid: "efb5ad05fa1a4f689a196465c135ba82" candidate_term: 1 candidate_status { last_received { term: 0 index: 0 } } ignore_live_leader: false dest_uuid: "55a6975d633a4bbaabddfe6367f51cb8" is_pre_election: true
I20260630 12:26:11.275115 16691 leader_election.cc:304] T 5ac63e2f8f1949419159b98e9cf45da9 P efb5ad05fa1a4f689a196465c135ba82 [CANDIDATE]: Term 1 pre-election: Election decided. Result: candidate won. Election summary: received 3 responses out of 3 voters: 2 yes votes; 1 no votes. yes voters: 55a6975d633a4bbaabddfe6367f51cb8, efb5ad05fa1a4f689a196465c135ba82; no voters: d86a128f23644f3d981e57529702a53f
I20260630 12:26:11.277783 16771 ts_tablet_manager.cc:1434] T 8b8e1de687c7410a909ae3c6eb05430f P d86a128f23644f3d981e57529702a53f: Time spent starting tablet: real 0.013s	user 0.002s	sys 0.004s
I20260630 12:26:11.278888 16771 tablet_bootstrap.cc:492] T 2a03f0cfb8494c56a295b0166b39a327 P d86a128f23644f3d981e57529702a53f: Bootstrap starting.
I20260630 12:26:11.284741 16778 raft_consensus.cc:515] T a3e5e509e29b4aeaab7c244d52fa765d P efb5ad05fa1a4f689a196465c135ba82 [term 1 FOLLOWER]: Starting leader election with config: opid_index: -1 OBSOLETE_local: false peers { permanent_uuid: "55a6975d633a4bbaabddfe6367f51cb8" member_type: VOTER last_known_addr { host: "127.11.214.129" port: 36497 } } peers { permanent_uuid: "d86a128f23644f3d981e57529702a53f" member_type: VOTER last_known_addr { host: "127.11.214.130" port: 42383 } } peers { permanent_uuid: "efb5ad05fa1a4f689a196465c135ba82" member_type: VOTER last_known_addr { host: "127.11.214.131" port: 35251 } }
I20260630 12:26:11.285701 16771 tablet_bootstrap.cc:654] T 2a03f0cfb8494c56a295b0166b39a327 P d86a128f23644f3d981e57529702a53f: Neither blocks nor log segments found. Creating new log.
I20260630 12:26:11.302206 16651 tablet_service.cc:1917] Received RequestConsensusVote() RPC: tablet_id: "a3e5e509e29b4aeaab7c244d52fa765d" candidate_uuid: "efb5ad05fa1a4f689a196465c135ba82" candidate_term: 1 candidate_status { last_received { term: 0 index: 0 } } ignore_live_leader: false dest_uuid: "d86a128f23644f3d981e57529702a53f"
I20260630 12:26:11.302989 16651 raft_consensus.cc:3060] T a3e5e509e29b4aeaab7c244d52fa765d P d86a128f23644f3d981e57529702a53f [term 0 FOLLOWER]: Advancing to term 1
I20260630 12:26:11.307516 16652 tablet_service.cc:1917] Received RequestConsensusVote() RPC: tablet_id: "a18bd69fddd340d6a228e8bd9d785f03" candidate_uuid: "55a6975d633a4bbaabddfe6367f51cb8" candidate_term: 1 candidate_status { last_received { term: 0 index: 0 } } ignore_live_leader: false dest_uuid: "d86a128f23644f3d981e57529702a53f" is_pre_election: true
I20260630 12:26:11.308723 16771 tablet_bootstrap.cc:492] T 2a03f0cfb8494c56a295b0166b39a327 P d86a128f23644f3d981e57529702a53f: No bootstrap required, opened a new log
W20260630 12:26:11.308899 16543 leader_election.cc:343] T a18bd69fddd340d6a228e8bd9d785f03 P 55a6975d633a4bbaabddfe6367f51cb8 [CANDIDATE]: Term 1 pre-election: Tablet error from VoteRequest() call to peer d86a128f23644f3d981e57529702a53f (127.11.214.130:42383): Illegal state: must be running to vote when last-logged opid is not known
I20260630 12:26:11.309281 16771 ts_tablet_manager.cc:1403] T 2a03f0cfb8494c56a295b0166b39a327 P d86a128f23644f3d981e57529702a53f: Time spent bootstrapping tablet: real 0.031s	user 0.012s	sys 0.000s
I20260630 12:26:11.313164 16651 raft_consensus.cc:2468] T a3e5e509e29b4aeaab7c244d52fa765d P d86a128f23644f3d981e57529702a53f [term 1 FOLLOWER]: Leader election vote request: Granting yes vote for candidate efb5ad05fa1a4f689a196465c135ba82 in term 1.
W20260630 12:26:11.298480 16691 leader_election.cc:343] T a3e5e509e29b4aeaab7c244d52fa765d P efb5ad05fa1a4f689a196465c135ba82 [CANDIDATE]: Term 1 pre-election: Tablet error from VoteRequest() call to peer 55a6975d633a4bbaabddfe6367f51cb8 (127.11.214.129:36497): Illegal state: must be running to vote when last-logged opid is not known
I20260630 12:26:11.316629 16773 tablet_bootstrap.cc:492] T db15408a8dc4454198e5a47f8c4f2b68 P 55a6975d633a4bbaabddfe6367f51cb8: No bootstrap required, opened a new log
I20260630 12:26:11.317124 16773 ts_tablet_manager.cc:1403] T db15408a8dc4454198e5a47f8c4f2b68 P 55a6975d633a4bbaabddfe6367f51cb8: Time spent bootstrapping tablet: real 0.115s	user 0.028s	sys 0.036s
I20260630 12:26:11.317814 16576 tablet_service.cc:1917] Received RequestConsensusVote() RPC: tablet_id: "a3e5e509e29b4aeaab7c244d52fa765d" candidate_uuid: "efb5ad05fa1a4f689a196465c135ba82" candidate_term: 1 candidate_status { last_received { term: 0 index: 0 } } ignore_live_leader: false dest_uuid: "55a6975d633a4bbaabddfe6367f51cb8"
W20260630 12:26:11.319276 16691 leader_election.cc:343] T a3e5e509e29b4aeaab7c244d52fa765d P efb5ad05fa1a4f689a196465c135ba82 [CANDIDATE]: Term 1 election: Tablet error from VoteRequest() call to peer 55a6975d633a4bbaabddfe6367f51cb8 (127.11.214.129:36497): Illegal state: must be running to vote when last-logged opid is not known
I20260630 12:26:11.297109 16797 raft_consensus.cc:2804] T 5ac63e2f8f1949419159b98e9cf45da9 P efb5ad05fa1a4f689a196465c135ba82 [term 0 FOLLOWER]: Leader pre-election won for term 1
I20260630 12:26:11.315307 16778 leader_election.cc:290] T a3e5e509e29b4aeaab7c244d52fa765d P efb5ad05fa1a4f689a196465c135ba82 [CANDIDATE]: Term 1 election: Requested vote from peers 55a6975d633a4bbaabddfe6367f51cb8 (127.11.214.129:36497), d86a128f23644f3d981e57529702a53f (127.11.214.130:42383)
I20260630 12:26:11.319335 16726 tablet_service.cc:1917] Received RequestConsensusVote() RPC: tablet_id: "a18bd69fddd340d6a228e8bd9d785f03" candidate_uuid: "55a6975d633a4bbaabddfe6367f51cb8" candidate_term: 1 candidate_status { last_received { term: 0 index: 0 } } ignore_live_leader: false dest_uuid: "efb5ad05fa1a4f689a196465c135ba82" is_pre_election: true
I20260630 12:26:11.320127 16797 raft_consensus.cc:493] T 5ac63e2f8f1949419159b98e9cf45da9 P efb5ad05fa1a4f689a196465c135ba82 [term 0 FOLLOWER]: Starting leader election (no leader contacted us within the election timeout)
I20260630 12:26:11.319947 16773 raft_consensus.cc:359] T db15408a8dc4454198e5a47f8c4f2b68 P 55a6975d633a4bbaabddfe6367f51cb8 [term 0 FOLLOWER]: Replica starting. Triggering 0 pending ops. Active config: opid_index: -1 OBSOLETE_local: false peers { permanent_uuid: "55a6975d633a4bbaabddfe6367f51cb8" member_type: VOTER last_known_addr { host: "127.11.214.129" port: 36497 } } peers { permanent_uuid: "d86a128f23644f3d981e57529702a53f" member_type: VOTER last_known_addr { host: "127.11.214.130" port: 42383 } } peers { permanent_uuid: "efb5ad05fa1a4f689a196465c135ba82" member_type: VOTER last_known_addr { host: "127.11.214.131" port: 35251 } }
I20260630 12:26:11.320564 16797 raft_consensus.cc:3060] T 5ac63e2f8f1949419159b98e9cf45da9 P efb5ad05fa1a4f689a196465c135ba82 [term 0 FOLLOWER]: Advancing to term 1
I20260630 12:26:11.320740 16773 raft_consensus.cc:385] T db15408a8dc4454198e5a47f8c4f2b68 P 55a6975d633a4bbaabddfe6367f51cb8 [term 0 FOLLOWER]: Consensus starting up: Expiring failure detector timer to make a prompt election more likely
I20260630 12:26:11.321167 16773 raft_consensus.cc:740] T db15408a8dc4454198e5a47f8c4f2b68 P 55a6975d633a4bbaabddfe6367f51cb8 [term 0 FOLLOWER]: Becoming Follower/Learner. State: Replica: 55a6975d633a4bbaabddfe6367f51cb8, State: Initialized, Role: FOLLOWER
W20260630 12:26:11.321552 16541 leader_election.cc:343] T a18bd69fddd340d6a228e8bd9d785f03 P 55a6975d633a4bbaabddfe6367f51cb8 [CANDIDATE]: Term 1 pre-election: Tablet error from VoteRequest() call to peer efb5ad05fa1a4f689a196465c135ba82 (127.11.214.131:35251): Illegal state: must be running to vote when last-logged opid is not known
I20260630 12:26:11.322149 16541 leader_election.cc:304] T a18bd69fddd340d6a228e8bd9d785f03 P 55a6975d633a4bbaabddfe6367f51cb8 [CANDIDATE]: Term 1 pre-election: Election decided. Result: candidate lost. Election summary: received 3 responses out of 3 voters: 1 yes votes; 2 no votes. yes voters: 55a6975d633a4bbaabddfe6367f51cb8; no voters: d86a128f23644f3d981e57529702a53f, efb5ad05fa1a4f689a196465c135ba82
I20260630 12:26:11.322073 16773 consensus_queue.cc:260] T db15408a8dc4454198e5a47f8c4f2b68 P 55a6975d633a4bbaabddfe6367f51cb8 [NON_LEADER]: Queue going to NON_LEADER mode. State: All replicated index: 0, Majority replicated index: 0, Committed index: 0, Last appended: 0.0, Last appended by leader: 0, Current term: 0, Majority size: -1, State: 0, Mode: NON_LEADER, active raft config: opid_index: -1 OBSOLETE_local: false peers { permanent_uuid: "55a6975d633a4bbaabddfe6367f51cb8" member_type: VOTER last_known_addr { host: "127.11.214.129" port: 36497 } } peers { permanent_uuid: "d86a128f23644f3d981e57529702a53f" member_type: VOTER last_known_addr { host: "127.11.214.130" port: 42383 } } peers { permanent_uuid: "efb5ad05fa1a4f689a196465c135ba82" member_type: VOTER last_known_addr { host: "127.11.214.131" port: 35251 } }
I20260630 12:26:11.323328 16780 raft_consensus.cc:2749] T a18bd69fddd340d6a228e8bd9d785f03 P 55a6975d633a4bbaabddfe6367f51cb8 [term 0 FOLLOWER]: Leader pre-election lost for term 1. Reason: could not achieve majority
I20260630 12:26:11.325649 16692 leader_election.cc:304] T a3e5e509e29b4aeaab7c244d52fa765d P efb5ad05fa1a4f689a196465c135ba82 [CANDIDATE]: Term 1 election: Election decided. Result: candidate won. Election summary: received 3 responses out of 3 voters: 2 yes votes; 1 no votes. yes voters: d86a128f23644f3d981e57529702a53f, efb5ad05fa1a4f689a196465c135ba82; no voters: 55a6975d633a4bbaabddfe6367f51cb8
I20260630 12:26:11.327173 16778 raft_consensus.cc:2804] T a3e5e509e29b4aeaab7c244d52fa765d P efb5ad05fa1a4f689a196465c135ba82 [term 1 FOLLOWER]: Leader election won for term 1
I20260630 12:26:11.313001 16771 raft_consensus.cc:359] T 2a03f0cfb8494c56a295b0166b39a327 P d86a128f23644f3d981e57529702a53f [term 0 FOLLOWER]: Replica starting. Triggering 0 pending ops. Active config: opid_index: -1 OBSOLETE_local: false peers { permanent_uuid: "55a6975d633a4bbaabddfe6367f51cb8" member_type: VOTER last_known_addr { host: "127.11.214.129" port: 36497 } } peers { permanent_uuid: "d86a128f23644f3d981e57529702a53f" member_type: VOTER last_known_addr { host: "127.11.214.130" port: 42383 } } peers { permanent_uuid: "efb5ad05fa1a4f689a196465c135ba82" member_type: VOTER last_known_addr { host: "127.11.214.131" port: 35251 } }
I20260630 12:26:11.327787 16797 raft_consensus.cc:515] T 5ac63e2f8f1949419159b98e9cf45da9 P efb5ad05fa1a4f689a196465c135ba82 [term 1 FOLLOWER]: Starting leader election with config: opid_index: -1 OBSOLETE_local: false peers { permanent_uuid: "55a6975d633a4bbaabddfe6367f51cb8" member_type: VOTER last_known_addr { host: "127.11.214.129" port: 36497 } } peers { permanent_uuid: "d86a128f23644f3d981e57529702a53f" member_type: VOTER last_known_addr { host: "127.11.214.130" port: 42383 } } peers { permanent_uuid: "efb5ad05fa1a4f689a196465c135ba82" member_type: VOTER last_known_addr { host: "127.11.214.131" port: 35251 } }
I20260630 12:26:11.328649 16771 raft_consensus.cc:385] T 2a03f0cfb8494c56a295b0166b39a327 P d86a128f23644f3d981e57529702a53f [term 0 FOLLOWER]: Consensus starting up: Expiring failure detector timer to make a prompt election more likely
I20260630 12:26:11.329098 16771 raft_consensus.cc:740] T 2a03f0cfb8494c56a295b0166b39a327 P d86a128f23644f3d981e57529702a53f [term 0 FOLLOWER]: Becoming Follower/Learner. State: Replica: d86a128f23644f3d981e57529702a53f, State: Initialized, Role: FOLLOWER
I20260630 12:26:11.329870 16771 consensus_queue.cc:260] T 2a03f0cfb8494c56a295b0166b39a327 P d86a128f23644f3d981e57529702a53f [NON_LEADER]: Queue going to NON_LEADER mode. State: All replicated index: 0, Majority replicated index: 0, Committed index: 0, Last appended: 0.0, Last appended by leader: 0, Current term: 0, Majority size: -1, State: 0, Mode: NON_LEADER, active raft config: opid_index: -1 OBSOLETE_local: false peers { permanent_uuid: "55a6975d633a4bbaabddfe6367f51cb8" member_type: VOTER last_known_addr { host: "127.11.214.129" port: 36497 } } peers { permanent_uuid: "d86a128f23644f3d981e57529702a53f" member_type: VOTER last_known_addr { host: "127.11.214.130" port: 42383 } } peers { permanent_uuid: "efb5ad05fa1a4f689a196465c135ba82" member_type: VOTER last_known_addr { host: "127.11.214.131" port: 35251 } }
I20260630 12:26:11.331542 16652 tablet_service.cc:1917] Received RequestConsensusVote() RPC: tablet_id: "5ac63e2f8f1949419159b98e9cf45da9" candidate_uuid: "efb5ad05fa1a4f689a196465c135ba82" candidate_term: 1 candidate_status { last_received { term: 0 index: 0 } } ignore_live_leader: false dest_uuid: "d86a128f23644f3d981e57529702a53f"
I20260630 12:26:11.332046 16576 tablet_service.cc:1917] Received RequestConsensusVote() RPC: tablet_id: "5ac63e2f8f1949419159b98e9cf45da9" candidate_uuid: "efb5ad05fa1a4f689a196465c135ba82" candidate_term: 1 candidate_status { last_received { term: 0 index: 0 } } ignore_live_leader: false dest_uuid: "55a6975d633a4bbaabddfe6367f51cb8"
I20260630 12:26:11.332634 16576 raft_consensus.cc:3060] T 5ac63e2f8f1949419159b98e9cf45da9 P 55a6975d633a4bbaabddfe6367f51cb8 [term 0 FOLLOWER]: Advancing to term 1
W20260630 12:26:11.335814 16692 leader_election.cc:343] T 5ac63e2f8f1949419159b98e9cf45da9 P efb5ad05fa1a4f689a196465c135ba82 [CANDIDATE]: Term 1 election: Tablet error from VoteRequest() call to peer d86a128f23644f3d981e57529702a53f (127.11.214.130:42383): Illegal state: must be running to vote when last-logged opid is not known
I20260630 12:26:11.336740 16772 tablet_bootstrap.cc:492] T 8b8e1de687c7410a909ae3c6eb05430f P efb5ad05fa1a4f689a196465c135ba82: No bootstrap required, opened a new log
I20260630 12:26:11.337426 16772 ts_tablet_manager.cc:1403] T 8b8e1de687c7410a909ae3c6eb05430f P efb5ad05fa1a4f689a196465c135ba82: Time spent bootstrapping tablet: real 0.102s	user 0.040s	sys 0.057s
I20260630 12:26:11.339915 16576 raft_consensus.cc:2468] T 5ac63e2f8f1949419159b98e9cf45da9 P 55a6975d633a4bbaabddfe6367f51cb8 [term 1 FOLLOWER]: Leader election vote request: Granting yes vote for candidate efb5ad05fa1a4f689a196465c135ba82 in term 1.
I20260630 12:26:11.341013 16772 raft_consensus.cc:359] T 8b8e1de687c7410a909ae3c6eb05430f P efb5ad05fa1a4f689a196465c135ba82 [term 0 FOLLOWER]: Replica starting. Triggering 0 pending ops. Active config: opid_index: -1 OBSOLETE_local: false peers { permanent_uuid: "55a6975d633a4bbaabddfe6367f51cb8" member_type: VOTER last_known_addr { host: "127.11.214.129" port: 36497 } } peers { permanent_uuid: "d86a128f23644f3d981e57529702a53f" member_type: VOTER last_known_addr { host: "127.11.214.130" port: 42383 } } peers { permanent_uuid: "efb5ad05fa1a4f689a196465c135ba82" member_type: VOTER last_known_addr { host: "127.11.214.131" port: 35251 } }
I20260630 12:26:11.341526 16691 leader_election.cc:304] T 5ac63e2f8f1949419159b98e9cf45da9 P efb5ad05fa1a4f689a196465c135ba82 [CANDIDATE]: Term 1 election: Election decided. Result: candidate won. Election summary: received 3 responses out of 3 voters: 2 yes votes; 1 no votes. yes voters: 55a6975d633a4bbaabddfe6367f51cb8, efb5ad05fa1a4f689a196465c135ba82; no voters: d86a128f23644f3d981e57529702a53f
I20260630 12:26:11.341828 16772 raft_consensus.cc:385] T 8b8e1de687c7410a909ae3c6eb05430f P efb5ad05fa1a4f689a196465c135ba82 [term 0 FOLLOWER]: Consensus starting up: Expiring failure detector timer to make a prompt election more likely
I20260630 12:26:11.340360 16797 leader_election.cc:290] T 5ac63e2f8f1949419159b98e9cf45da9 P efb5ad05fa1a4f689a196465c135ba82 [CANDIDATE]: Term 1 election: Requested vote from peers 55a6975d633a4bbaabddfe6367f51cb8 (127.11.214.129:36497), d86a128f23644f3d981e57529702a53f (127.11.214.130:42383)
I20260630 12:26:11.342271 16778 raft_consensus.cc:697] T a3e5e509e29b4aeaab7c244d52fa765d P efb5ad05fa1a4f689a196465c135ba82 [term 1 LEADER]: Becoming Leader. State: Replica: efb5ad05fa1a4f689a196465c135ba82, State: Running, Role: LEADER
I20260630 12:26:11.342283 16772 raft_consensus.cc:740] T 8b8e1de687c7410a909ae3c6eb05430f P efb5ad05fa1a4f689a196465c135ba82 [term 0 FOLLOWER]: Becoming Follower/Learner. State: Replica: efb5ad05fa1a4f689a196465c135ba82, State: Initialized, Role: FOLLOWER
I20260630 12:26:11.342576 16799 raft_consensus.cc:2804] T 5ac63e2f8f1949419159b98e9cf45da9 P efb5ad05fa1a4f689a196465c135ba82 [term 1 FOLLOWER]: Leader election won for term 1
I20260630 12:26:11.342015 16771 ts_tablet_manager.cc:1434] T 2a03f0cfb8494c56a295b0166b39a327 P d86a128f23644f3d981e57529702a53f: Time spent starting tablet: real 0.032s	user 0.006s	sys 0.003s
I20260630 12:26:11.343468 16772 consensus_queue.cc:260] T 8b8e1de687c7410a909ae3c6eb05430f P efb5ad05fa1a4f689a196465c135ba82 [NON_LEADER]: Queue going to NON_LEADER mode. State: All replicated index: 0, Majority replicated index: 0, Committed index: 0, Last appended: 0.0, Last appended by leader: 0, Current term: 0, Majority size: -1, State: 0, Mode: NON_LEADER, active raft config: opid_index: -1 OBSOLETE_local: false peers { permanent_uuid: "55a6975d633a4bbaabddfe6367f51cb8" member_type: VOTER last_known_addr { host: "127.11.214.129" port: 36497 } } peers { permanent_uuid: "d86a128f23644f3d981e57529702a53f" member_type: VOTER last_known_addr { host: "127.11.214.130" port: 42383 } } peers { permanent_uuid: "efb5ad05fa1a4f689a196465c135ba82" member_type: VOTER last_known_addr { host: "127.11.214.131" port: 35251 } }
I20260630 12:26:11.344408 16771 tablet_bootstrap.cc:492] T db15408a8dc4454198e5a47f8c4f2b68 P d86a128f23644f3d981e57529702a53f: Bootstrap starting.
I20260630 12:26:11.346103 16772 ts_tablet_manager.cc:1434] T 8b8e1de687c7410a909ae3c6eb05430f P efb5ad05fa1a4f689a196465c135ba82: Time spent starting tablet: real 0.008s	user 0.006s	sys 0.000s
I20260630 12:26:11.347152 16772 tablet_bootstrap.cc:492] T 891e3351ca654e9389fa972949d43d1a P efb5ad05fa1a4f689a196465c135ba82: Bootstrap starting.
I20260630 12:26:11.343264 16778 consensus_queue.cc:237] T a3e5e509e29b4aeaab7c244d52fa765d P efb5ad05fa1a4f689a196465c135ba82 [LEADER]: Queue going to LEADER mode. State: All replicated index: 0, Majority replicated index: 0, Committed index: 0, Last appended: 0.0, Last appended by leader: 0, Current term: 1, Majority size: 2, State: 0, Mode: LEADER, active raft config: opid_index: -1 OBSOLETE_local: false peers { permanent_uuid: "55a6975d633a4bbaabddfe6367f51cb8" member_type: VOTER last_known_addr { host: "127.11.214.129" port: 36497 } } peers { permanent_uuid: "d86a128f23644f3d981e57529702a53f" member_type: VOTER last_known_addr { host: "127.11.214.130" port: 42383 } } peers { permanent_uuid: "efb5ad05fa1a4f689a196465c135ba82" member_type: VOTER last_known_addr { host: "127.11.214.131" port: 35251 } }
I20260630 12:26:11.349932 16773 ts_tablet_manager.cc:1434] T db15408a8dc4454198e5a47f8c4f2b68 P 55a6975d633a4bbaabddfe6367f51cb8: Time spent starting tablet: real 0.033s	user 0.007s	sys 0.004s
I20260630 12:26:11.350893 16771 tablet_bootstrap.cc:654] T db15408a8dc4454198e5a47f8c4f2b68 P d86a128f23644f3d981e57529702a53f: Neither blocks nor log segments found. Creating new log.
I20260630 12:26:11.352406 16773 tablet_bootstrap.cc:492] T 8b8e1de687c7410a909ae3c6eb05430f P 55a6975d633a4bbaabddfe6367f51cb8: Bootstrap starting.
I20260630 12:26:11.353595 16772 tablet_bootstrap.cc:654] T 891e3351ca654e9389fa972949d43d1a P efb5ad05fa1a4f689a196465c135ba82: Neither blocks nor log segments found. Creating new log.
I20260630 12:26:11.343241 16799 raft_consensus.cc:697] T 5ac63e2f8f1949419159b98e9cf45da9 P efb5ad05fa1a4f689a196465c135ba82 [term 1 LEADER]: Becoming Leader. State: Replica: efb5ad05fa1a4f689a196465c135ba82, State: Running, Role: LEADER
I20260630 12:26:11.355446 16800 raft_consensus.cc:493] T 891e3351ca654e9389fa972949d43d1a P 55a6975d633a4bbaabddfe6367f51cb8 [term 0 FOLLOWER]: Starting pre-election (no leader contacted us within the election timeout)
I20260630 12:26:11.355468 16799 consensus_queue.cc:237] T 5ac63e2f8f1949419159b98e9cf45da9 P efb5ad05fa1a4f689a196465c135ba82 [LEADER]: Queue going to LEADER mode. State: All replicated index: 0, Majority replicated index: 0, Committed index: 0, Last appended: 0.0, Last appended by leader: 0, Current term: 1, Majority size: 2, State: 0, Mode: LEADER, active raft config: opid_index: -1 OBSOLETE_local: false peers { permanent_uuid: "55a6975d633a4bbaabddfe6367f51cb8" member_type: VOTER last_known_addr { host: "127.11.214.129" port: 36497 } } peers { permanent_uuid: "d86a128f23644f3d981e57529702a53f" member_type: VOTER last_known_addr { host: "127.11.214.130" port: 42383 } } peers { permanent_uuid: "efb5ad05fa1a4f689a196465c135ba82" member_type: VOTER last_known_addr { host: "127.11.214.131" port: 35251 } }
I20260630 12:26:11.356076 16800 raft_consensus.cc:515] T 891e3351ca654e9389fa972949d43d1a P 55a6975d633a4bbaabddfe6367f51cb8 [term 0 FOLLOWER]: Starting pre-election with config: opid_index: -1 OBSOLETE_local: false peers { permanent_uuid: "55a6975d633a4bbaabddfe6367f51cb8" member_type: VOTER last_known_addr { host: "127.11.214.129" port: 36497 } } peers { permanent_uuid: "d86a128f23644f3d981e57529702a53f" member_type: VOTER last_known_addr { host: "127.11.214.130" port: 42383 } } peers { permanent_uuid: "efb5ad05fa1a4f689a196465c135ba82" member_type: VOTER last_known_addr { host: "127.11.214.131" port: 35251 } }
I20260630 12:26:11.359416 16651 tablet_service.cc:1917] Received RequestConsensusVote() RPC: tablet_id: "891e3351ca654e9389fa972949d43d1a" candidate_uuid: "55a6975d633a4bbaabddfe6367f51cb8" candidate_term: 1 candidate_status { last_received { term: 0 index: 0 } } ignore_live_leader: false dest_uuid: "d86a128f23644f3d981e57529702a53f" is_pre_election: true
I20260630 12:26:11.360671 16726 tablet_service.cc:1917] Received RequestConsensusVote() RPC: tablet_id: "891e3351ca654e9389fa972949d43d1a" candidate_uuid: "55a6975d633a4bbaabddfe6367f51cb8" candidate_term: 1 candidate_status { last_received { term: 0 index: 0 } } ignore_live_leader: false dest_uuid: "efb5ad05fa1a4f689a196465c135ba82" is_pre_election: true
W20260630 12:26:11.360842 16543 leader_election.cc:343] T 891e3351ca654e9389fa972949d43d1a P 55a6975d633a4bbaabddfe6367f51cb8 [CANDIDATE]: Term 1 pre-election: Tablet error from VoteRequest() call to peer d86a128f23644f3d981e57529702a53f (127.11.214.130:42383): Illegal state: must be running to vote when last-logged opid is not known
W20260630 12:26:11.362088 16541 leader_election.cc:343] T 891e3351ca654e9389fa972949d43d1a P 55a6975d633a4bbaabddfe6367f51cb8 [CANDIDATE]: Term 1 pre-election: Tablet error from VoteRequest() call to peer efb5ad05fa1a4f689a196465c135ba82 (127.11.214.131:35251): Illegal state: must be running to vote when last-logged opid is not known
I20260630 12:26:11.362514 16541 leader_election.cc:304] T 891e3351ca654e9389fa972949d43d1a P 55a6975d633a4bbaabddfe6367f51cb8 [CANDIDATE]: Term 1 pre-election: Election decided. Result: candidate lost. Election summary: received 3 responses out of 3 voters: 1 yes votes; 2 no votes. yes voters: 55a6975d633a4bbaabddfe6367f51cb8; no voters: d86a128f23644f3d981e57529702a53f, efb5ad05fa1a4f689a196465c135ba82
I20260630 12:26:11.363157 16800 leader_election.cc:290] T 891e3351ca654e9389fa972949d43d1a P 55a6975d633a4bbaabddfe6367f51cb8 [CANDIDATE]: Term 1 pre-election: Requested pre-vote from peers d86a128f23644f3d981e57529702a53f (127.11.214.130:42383), efb5ad05fa1a4f689a196465c135ba82 (127.11.214.131:35251)
I20260630 12:26:11.363682 16780 raft_consensus.cc:2749] T 891e3351ca654e9389fa972949d43d1a P 55a6975d633a4bbaabddfe6367f51cb8 [term 0 FOLLOWER]: Leader pre-election lost for term 1. Reason: could not achieve majority
I20260630 12:26:11.367467 16771 tablet_bootstrap.cc:492] T db15408a8dc4454198e5a47f8c4f2b68 P d86a128f23644f3d981e57529702a53f: No bootstrap required, opened a new log
I20260630 12:26:11.369314 16771 ts_tablet_manager.cc:1403] T db15408a8dc4454198e5a47f8c4f2b68 P d86a128f23644f3d981e57529702a53f: Time spent bootstrapping tablet: real 0.025s	user 0.013s	sys 0.000s
I20260630 12:26:11.367705 16777 raft_consensus.cc:493] T 2ba7048391be4281851e356d36c59639 P d86a128f23644f3d981e57529702a53f [term 0 FOLLOWER]: Starting pre-election (no leader contacted us within the election timeout)
I20260630 12:26:11.372988 16777 raft_consensus.cc:515] T 2ba7048391be4281851e356d36c59639 P d86a128f23644f3d981e57529702a53f [term 0 FOLLOWER]: Starting pre-election with config: opid_index: -1 OBSOLETE_local: false peers { permanent_uuid: "55a6975d633a4bbaabddfe6367f51cb8" member_type: VOTER last_known_addr { host: "127.11.214.129" port: 36497 } } peers { permanent_uuid: "d86a128f23644f3d981e57529702a53f" member_type: VOTER last_known_addr { host: "127.11.214.130" port: 42383 } } peers { permanent_uuid: "efb5ad05fa1a4f689a196465c135ba82" member_type: VOTER last_known_addr { host: "127.11.214.131" port: 35251 } }
I20260630 12:26:11.375084 16777 leader_election.cc:290] T 2ba7048391be4281851e356d36c59639 P d86a128f23644f3d981e57529702a53f [CANDIDATE]: Term 1 pre-election: Requested pre-vote from peers 55a6975d633a4bbaabddfe6367f51cb8 (127.11.214.129:36497), efb5ad05fa1a4f689a196465c135ba82 (127.11.214.131:35251)
I20260630 12:26:11.367575 16773 tablet_bootstrap.cc:654] T 8b8e1de687c7410a909ae3c6eb05430f P 55a6975d633a4bbaabddfe6367f51cb8: Neither blocks nor log segments found. Creating new log.
