I20260630 12:25:27.566474 16377 raft_consensus.cc:740] T 261c17c6b95549c2a2978e310e01e237 P cff208289354454aaf669dbaca5073d3 [term 0 FOLLOWER]: Becoming Follower/Learner. State: Replica: cff208289354454aaf669dbaca5073d3, State: Initialized, Role: FOLLOWER
I20260630 12:25:27.567039 16377 consensus_queue.cc:260] T 261c17c6b95549c2a2978e310e01e237 P cff208289354454aaf669dbaca5073d3 [NON_LEADER]: Queue going to NON_LEADER mode. State: All replicated index: 0, Majority replicated index: 0, Committed index: 0, Last appended: 0.0, Last appended by leader: 0, Current term: 0, Majority size: -1, State: 0, Mode: NON_LEADER, active raft config: opid_index: -1 OBSOLETE_local: false peers { permanent_uuid: "f9fd8a686c7c4f2780cc969d09444b70" member_type: VOTER last_known_addr { host: "127.12.192.65" port: 46067 } } peers { permanent_uuid: "cff208289354454aaf669dbaca5073d3" member_type: VOTER last_known_addr { host: "127.12.192.68" port: 45533 } } peers { permanent_uuid: "d069667b405840719777de83108e65c0" member_type: VOTER last_known_addr { host: "127.12.192.67" port: 44863 } }
I20260630 12:25:27.568852 16377 ts_tablet_manager.cc:1434] T 261c17c6b95549c2a2978e310e01e237 P cff208289354454aaf669dbaca5073d3: Time spent starting tablet: real 0.005s	user 0.004s	sys 0.000s
I20260630 12:25:27.569674 16377 tablet_bootstrap.cc:492] T f12c1069b9854c6e93845c6ab922f6fd P cff208289354454aaf669dbaca5073d3: Bootstrap starting.
I20260630 12:25:27.569897 16033 raft_consensus.cc:2468] T 23d80550c4fc4775b26a48ff81f694a2 P f9fd8a686c7c4f2780cc969d09444b70 [term 1 FOLLOWER]: Leader election vote request: Granting yes vote for candidate d069667b405840719777de83108e65c0 in term 1.
I20260630 12:25:27.572300 16342 tablet_service.cc:1917] Received RequestConsensusVote() RPC: tablet_id: "23d80550c4fc4775b26a48ff81f694a2" candidate_uuid: "d069667b405840719777de83108e65c0" candidate_term: 1 candidate_status { last_received { term: 0 index: 0 } } ignore_live_leader: false dest_uuid: "cff208289354454aaf669dbaca5073d3"
I20260630 12:25:27.572880 16342 raft_consensus.cc:3060] T 23d80550c4fc4775b26a48ff81f694a2 P cff208289354454aaf669dbaca5073d3 [term 0 FOLLOWER]: Advancing to term 1
I20260630 12:25:27.574635 16377 tablet_bootstrap.cc:654] T f12c1069b9854c6e93845c6ab922f6fd P cff208289354454aaf669dbaca5073d3: Neither blocks nor log segments found. Creating new log.
I20260630 12:25:27.577756 16148 leader_election.cc:304] T 23d80550c4fc4775b26a48ff81f694a2 P d069667b405840719777de83108e65c0 [CANDIDATE]: Term 1 election: Election decided. Result: candidate won. Election summary: received 2 responses out of 3 voters: 2 yes votes; 0 no votes. yes voters: d069667b405840719777de83108e65c0, f9fd8a686c7c4f2780cc969d09444b70; no voters: 
I20260630 12:25:27.580089 16342 raft_consensus.cc:2468] T 23d80550c4fc4775b26a48ff81f694a2 P cff208289354454aaf669dbaca5073d3 [term 1 FOLLOWER]: Leader election vote request: Granting yes vote for candidate d069667b405840719777de83108e65c0 in term 1.
I20260630 12:25:27.581116 16238 leader_election.cc:290] T 23d80550c4fc4775b26a48ff81f694a2 P d069667b405840719777de83108e65c0 [CANDIDATE]: Term 1 election: Requested vote from peers f9fd8a686c7c4f2780cc969d09444b70 (127.12.192.65:46067), cff208289354454aaf669dbaca5073d3 (127.12.192.68:45533)
I20260630 12:25:27.583237 16238 raft_consensus.cc:2804] T 23d80550c4fc4775b26a48ff81f694a2 P d069667b405840719777de83108e65c0 [term 1 FOLLOWER]: Leader election won for term 1
I20260630 12:25:27.583730 16238 raft_consensus.cc:697] T 23d80550c4fc4775b26a48ff81f694a2 P d069667b405840719777de83108e65c0 [term 1 LEADER]: Becoming Leader. State: Replica: d069667b405840719777de83108e65c0, State: Running, Role: LEADER
I20260630 12:25:27.584487 16238 consensus_queue.cc:237] T 23d80550c4fc4775b26a48ff81f694a2 P d069667b405840719777de83108e65c0 [LEADER]: Queue going to LEADER mode. State: All replicated index: 0, Majority replicated index: 0, Committed index: 0, Last appended: 0.0, Last appended by leader: 0, Current term: 1, Majority size: 2, State: 0, Mode: LEADER, active raft config: opid_index: -1 OBSOLETE_local: false peers { permanent_uuid: "f9fd8a686c7c4f2780cc969d09444b70" member_type: VOTER last_known_addr { host: "127.12.192.65" port: 46067 } } peers { permanent_uuid: "cff208289354454aaf669dbaca5073d3" member_type: VOTER last_known_addr { host: "127.12.192.68" port: 45533 } } peers { permanent_uuid: "d069667b405840719777de83108e65c0" member_type: VOTER last_known_addr { host: "127.12.192.67" port: 44863 } }
I20260630 12:25:27.590814 16377 tablet_bootstrap.cc:492] T f12c1069b9854c6e93845c6ab922f6fd P cff208289354454aaf669dbaca5073d3: No bootstrap required, opened a new log
I20260630 12:25:27.591269 16377 ts_tablet_manager.cc:1403] T f12c1069b9854c6e93845c6ab922f6fd P cff208289354454aaf669dbaca5073d3: Time spent bootstrapping tablet: real 0.022s	user 0.011s	sys 0.008s
I20260630 12:25:27.593588 16377 raft_consensus.cc:359] T f12c1069b9854c6e93845c6ab922f6fd P cff208289354454aaf669dbaca5073d3 [term 0 FOLLOWER]: Replica starting. Triggering 0 pending ops. Active config: opid_index: -1 OBSOLETE_local: false peers { permanent_uuid: "b16bbdf0f40246b4bc55917398d56d88" member_type: VOTER last_known_addr { host: "127.12.192.66" port: 34437 } } peers { permanent_uuid: "d069667b405840719777de83108e65c0" member_type: VOTER last_known_addr { host: "127.12.192.67" port: 44863 } } peers { permanent_uuid: "cff208289354454aaf669dbaca5073d3" member_type: VOTER last_known_addr { host: "127.12.192.68" port: 45533 } }
I20260630 12:25:27.594126 16377 raft_consensus.cc:385] T f12c1069b9854c6e93845c6ab922f6fd P cff208289354454aaf669dbaca5073d3 [term 0 FOLLOWER]: Consensus starting up: Expiring failure detector timer to make a prompt election more likely
I20260630 12:25:27.594353 16377 raft_consensus.cc:740] T f12c1069b9854c6e93845c6ab922f6fd P cff208289354454aaf669dbaca5073d3 [term 0 FOLLOWER]: Becoming Follower/Learner. State: Replica: cff208289354454aaf669dbaca5073d3, State: Initialized, Role: FOLLOWER
I20260630 12:25:27.594878 16377 consensus_queue.cc:260] T f12c1069b9854c6e93845c6ab922f6fd P cff208289354454aaf669dbaca5073d3 [NON_LEADER]: Queue going to NON_LEADER mode. State: All replicated index: 0, Majority replicated index: 0, Committed index: 0, Last appended: 0.0, Last appended by leader: 0, Current term: 0, Majority size: -1, State: 0, Mode: NON_LEADER, active raft config: opid_index: -1 OBSOLETE_local: false peers { permanent_uuid: "b16bbdf0f40246b4bc55917398d56d88" member_type: VOTER last_known_addr { host: "127.12.192.66" port: 34437 } } peers { permanent_uuid: "d069667b405840719777de83108e65c0" member_type: VOTER last_known_addr { host: "127.12.192.67" port: 44863 } } peers { permanent_uuid: "cff208289354454aaf669dbaca5073d3" member_type: VOTER last_known_addr { host: "127.12.192.68" port: 45533 } }
I20260630 12:25:27.596541 16377 ts_tablet_manager.cc:1434] T f12c1069b9854c6e93845c6ab922f6fd P cff208289354454aaf669dbaca5073d3: Time spent starting tablet: real 0.005s	user 0.003s	sys 0.001s
I20260630 12:25:27.595733 15930 catalog_manager.cc:5697] T 23d80550c4fc4775b26a48ff81f694a2 P d069667b405840719777de83108e65c0 reported cstate change: term changed from 0 to 1, leader changed from <none> to d069667b405840719777de83108e65c0 (127.12.192.67). New cstate: current_term: 1 leader_uuid: "d069667b405840719777de83108e65c0" committed_config { opid_index: -1 OBSOLETE_local: false peers { permanent_uuid: "f9fd8a686c7c4f2780cc969d09444b70" member_type: VOTER last_known_addr { host: "127.12.192.65" port: 46067 } health_report { overall_health: UNKNOWN } } peers { permanent_uuid: "cff208289354454aaf669dbaca5073d3" member_type: VOTER last_known_addr { host: "127.12.192.68" port: 45533 } health_report { overall_health: UNKNOWN } } peers { permanent_uuid: "d069667b405840719777de83108e65c0" member_type: VOTER last_known_addr { host: "127.12.192.67" port: 44863 } health_report { overall_health: HEALTHY } } }
I20260630 12:25:27.613294 16383 raft_consensus.cc:493] T f12c1069b9854c6e93845c6ab922f6fd P cff208289354454aaf669dbaca5073d3 [term 0 FOLLOWER]: Starting pre-election (no leader contacted us within the election timeout)
I20260630 12:25:27.613672 16383 raft_consensus.cc:515] T f12c1069b9854c6e93845c6ab922f6fd P cff208289354454aaf669dbaca5073d3 [term 0 FOLLOWER]: Starting pre-election with config: opid_index: -1 OBSOLETE_local: false peers { permanent_uuid: "b16bbdf0f40246b4bc55917398d56d88" member_type: VOTER last_known_addr { host: "127.12.192.66" port: 34437 } } peers { permanent_uuid: "d069667b405840719777de83108e65c0" member_type: VOTER last_known_addr { host: "127.12.192.67" port: 44863 } } peers { permanent_uuid: "cff208289354454aaf669dbaca5073d3" member_type: VOTER last_known_addr { host: "127.12.192.68" port: 45533 } }
I20260630 12:25:27.615543 16383 leader_election.cc:290] T f12c1069b9854c6e93845c6ab922f6fd P cff208289354454aaf669dbaca5073d3 [CANDIDATE]: Term 1 pre-election: Requested pre-vote from peers b16bbdf0f40246b4bc55917398d56d88 (127.12.192.66:34437), d069667b405840719777de83108e65c0 (127.12.192.67:44863)
I20260630 12:25:27.627609 16108 tablet_service.cc:1917] Received RequestConsensusVote() RPC: tablet_id: "f12c1069b9854c6e93845c6ab922f6fd" candidate_uuid: "cff208289354454aaf669dbaca5073d3" candidate_term: 1 candidate_status { last_received { term: 0 index: 0 } } ignore_live_leader: false dest_uuid: "b16bbdf0f40246b4bc55917398d56d88" is_pre_election: true
I20260630 12:25:27.629019 16183 tablet_service.cc:1917] Received RequestConsensusVote() RPC: tablet_id: "f12c1069b9854c6e93845c6ab922f6fd" candidate_uuid: "cff208289354454aaf669dbaca5073d3" candidate_term: 1 candidate_status { last_received { term: 0 index: 0 } } ignore_live_leader: false dest_uuid: "d069667b405840719777de83108e65c0" is_pre_election: true
I20260630 12:25:27.629525 16183 raft_consensus.cc:2393] T f12c1069b9854c6e93845c6ab922f6fd P d069667b405840719777de83108e65c0 [term 1 FOLLOWER]: Leader pre-election vote request: Denying vote to candidate cff208289354454aaf669dbaca5073d3 in current term 1: Already voted for candidate b16bbdf0f40246b4bc55917398d56d88 in this term.
I20260630 12:25:27.630370 16307 leader_election.cc:304] T f12c1069b9854c6e93845c6ab922f6fd P cff208289354454aaf669dbaca5073d3 [CANDIDATE]: Term 1 pre-election: Election decided. Result: candidate lost. Election summary: received 3 responses out of 3 voters: 1 yes votes; 2 no votes. yes voters: cff208289354454aaf669dbaca5073d3; no voters: b16bbdf0f40246b4bc55917398d56d88, d069667b405840719777de83108e65c0
I20260630 12:25:27.631115 16383 raft_consensus.cc:3060] T f12c1069b9854c6e93845c6ab922f6fd P cff208289354454aaf669dbaca5073d3 [term 0 FOLLOWER]: Advancing to term 1
I20260630 12:25:27.635387 16383 raft_consensus.cc:2749] T f12c1069b9854c6e93845c6ab922f6fd P cff208289354454aaf669dbaca5073d3 [term 1 FOLLOWER]: Leader pre-election lost for term 1. Reason: could not achieve majority
I20260630 12:25:27.726084 16290 consensus_queue.cc:1048] T 4f8084da3b1947709dfef84cf45a29f7 P b16bbdf0f40246b4bc55917398d56d88 [LEADER]: Connected to new peer: Peer: permanent_uuid: "f9fd8a686c7c4f2780cc969d09444b70" member_type: VOTER last_known_addr { host: "127.12.192.65" port: 46067 }, Status: LMP_MISMATCH, Last received: 0.0, Next index: 1, Last known committed idx: 0, Time since last communication: 0.000s
I20260630 12:25:27.737169 16236 consensus_queue.cc:1048] T 4f8084da3b1947709dfef84cf45a29f7 P b16bbdf0f40246b4bc55917398d56d88 [LEADER]: Connected to new peer: Peer: permanent_uuid: "cff208289354454aaf669dbaca5073d3" member_type: VOTER last_known_addr { host: "127.12.192.68" port: 45533 }, Status: LMP_MISMATCH, Last received: 0.0, Next index: 1, Last known committed idx: 0, Time since last communication: 0.000s
I20260630 12:25:27.749982 16399 consensus_queue.cc:1048] T 2d72cddab6be42218539b555d2462bd6 P f9fd8a686c7c4f2780cc969d09444b70 [LEADER]: Connected to new peer: Peer: permanent_uuid: "cff208289354454aaf669dbaca5073d3" member_type: VOTER last_known_addr { host: "127.12.192.68" port: 45533 }, Status: LMP_MISMATCH, Last received: 0.0, Next index: 1, Last known committed idx: 0, Time since last communication: 0.000s
I20260630 12:25:27.758805 16108 raft_consensus.cc:3060] T 2d72cddab6be42218539b555d2462bd6 P b16bbdf0f40246b4bc55917398d56d88 [term 0 FOLLOWER]: Advancing to term 1
I20260630 12:25:27.766477 16237 consensus_queue.cc:1048] T 2d72cddab6be42218539b555d2462bd6 P f9fd8a686c7c4f2780cc969d09444b70 [LEADER]: Connected to new peer: Peer: permanent_uuid: "b16bbdf0f40246b4bc55917398d56d88" member_type: VOTER last_known_addr { host: "127.12.192.66" port: 34437 }, Status: LMP_MISMATCH, Last received: 0.0, Next index: 1, Last known committed idx: 0, Time since last communication: 0.000s
I20260630 12:25:27.788476 16236 consensus_queue.cc:1048] T f12c1069b9854c6e93845c6ab922f6fd P b16bbdf0f40246b4bc55917398d56d88 [LEADER]: Connected to new peer: Peer: permanent_uuid: "d069667b405840719777de83108e65c0" member_type: VOTER last_known_addr { host: "127.12.192.67" port: 44863 }, Status: LMP_MISMATCH, Last received: 0.0, Next index: 1, Last known committed idx: 0, Time since last communication: 0.000s
I20260630 12:25:27.794054 16238 consensus_queue.cc:1048] T 07fc3f9ff2bf4c3b82454f78f03c68f1 P d069667b405840719777de83108e65c0 [LEADER]: Connected to new peer: Peer: permanent_uuid: "b16bbdf0f40246b4bc55917398d56d88" member_type: VOTER last_known_addr { host: "127.12.192.66" port: 34437 }, Status: LMP_MISMATCH, Last received: 0.0, Next index: 1, Last known committed idx: 0, Time since last communication: 0.000s
I20260630 12:25:27.795003 16383 raft_consensus.cc:493] T 07fc3f9ff2bf4c3b82454f78f03c68f1 P cff208289354454aaf669dbaca5073d3 [term 0 FOLLOWER]: Starting pre-election (no leader contacted us within the election timeout)
I20260630 12:25:27.795485 16383 raft_consensus.cc:515] T 07fc3f9ff2bf4c3b82454f78f03c68f1 P cff208289354454aaf669dbaca5073d3 [term 0 FOLLOWER]: Starting pre-election with config: opid_index: -1 OBSOLETE_local: false peers { permanent_uuid: "b16bbdf0f40246b4bc55917398d56d88" member_type: VOTER last_known_addr { host: "127.12.192.66" port: 34437 } } peers { permanent_uuid: "cff208289354454aaf669dbaca5073d3" member_type: VOTER last_known_addr { host: "127.12.192.68" port: 45533 } } peers { permanent_uuid: "d069667b405840719777de83108e65c0" member_type: VOTER last_known_addr { host: "127.12.192.67" port: 44863 } }
I20260630 12:25:27.797863 16383 leader_election.cc:290] T 07fc3f9ff2bf4c3b82454f78f03c68f1 P cff208289354454aaf669dbaca5073d3 [CANDIDATE]: Term 1 pre-election: Requested pre-vote from peers b16bbdf0f40246b4bc55917398d56d88 (127.12.192.66:34437), d069667b405840719777de83108e65c0 (127.12.192.67:44863)
I20260630 12:25:27.799503 16109 tablet_service.cc:1917] Received RequestConsensusVote() RPC: tablet_id: "07fc3f9ff2bf4c3b82454f78f03c68f1" candidate_uuid: "cff208289354454aaf669dbaca5073d3" candidate_term: 1 candidate_status { last_received { term: 0 index: 0 } } ignore_live_leader: false dest_uuid: "b16bbdf0f40246b4bc55917398d56d88" is_pre_election: true
I20260630 12:25:27.800813 16290 consensus_queue.cc:1048] T f12c1069b9854c6e93845c6ab922f6fd P b16bbdf0f40246b4bc55917398d56d88 [LEADER]: Connected to new peer: Peer: permanent_uuid: "cff208289354454aaf669dbaca5073d3" member_type: VOTER last_known_addr { host: "127.12.192.68" port: 45533 }, Status: LMP_MISMATCH, Last received: 0.0, Next index: 1, Last known committed idx: 0, Time since last communication: 0.000s
I20260630 12:25:27.802497 16183 tablet_service.cc:1917] Received RequestConsensusVote() RPC: tablet_id: "07fc3f9ff2bf4c3b82454f78f03c68f1" candidate_uuid: "cff208289354454aaf669dbaca5073d3" candidate_term: 1 candidate_status { last_received { term: 0 index: 0 } } ignore_live_leader: false dest_uuid: "d069667b405840719777de83108e65c0" is_pre_election: true
I20260630 12:25:27.804186 16307 leader_election.cc:304] T 07fc3f9ff2bf4c3b82454f78f03c68f1 P cff208289354454aaf669dbaca5073d3 [CANDIDATE]: Term 1 pre-election: Election decided. Result: candidate lost. Election summary: received 3 responses out of 3 voters: 1 yes votes; 2 no votes. yes voters: cff208289354454aaf669dbaca5073d3; no voters: b16bbdf0f40246b4bc55917398d56d88, d069667b405840719777de83108e65c0
I20260630 12:25:27.805351 16383 raft_consensus.cc:2749] T 07fc3f9ff2bf4c3b82454f78f03c68f1 P cff208289354454aaf669dbaca5073d3 [term 0 FOLLOWER]: Leader pre-election lost for term 1. Reason: could not achieve majority
I20260630 12:25:27.810179 16344 raft_consensus.cc:3060] T 07fc3f9ff2bf4c3b82454f78f03c68f1 P cff208289354454aaf669dbaca5073d3 [term 0 FOLLOWER]: Advancing to term 1
I20260630 12:25:27.818040 16238 consensus_queue.cc:1048] T 07fc3f9ff2bf4c3b82454f78f03c68f1 P d069667b405840719777de83108e65c0 [LEADER]: Connected to new peer: Peer: permanent_uuid: "cff208289354454aaf669dbaca5073d3" member_type: VOTER last_known_addr { host: "127.12.192.68" port: 45533 }, Status: LMP_MISMATCH, Last received: 0.0, Next index: 1, Last known committed idx: 0, Time since last communication: 0.000s
I20260630 12:25:27.932847 16383 raft_consensus.cc:493] T 261c17c6b95549c2a2978e310e01e237 P cff208289354454aaf669dbaca5073d3 [term 0 FOLLOWER]: Starting pre-election (no leader contacted us within the election timeout)
I20260630 12:25:27.933285 16383 raft_consensus.cc:515] T 261c17c6b95549c2a2978e310e01e237 P cff208289354454aaf669dbaca5073d3 [term 0 FOLLOWER]: Starting pre-election with config: opid_index: -1 OBSOLETE_local: false peers { permanent_uuid: "f9fd8a686c7c4f2780cc969d09444b70" member_type: VOTER last_known_addr { host: "127.12.192.65" port: 46067 } } peers { permanent_uuid: "cff208289354454aaf669dbaca5073d3" member_type: VOTER last_known_addr { host: "127.12.192.68" port: 45533 } } peers { permanent_uuid: "d069667b405840719777de83108e65c0" member_type: VOTER last_known_addr { host: "127.12.192.67" port: 44863 } }
I20260630 12:25:27.934974 16383 leader_election.cc:290] T 261c17c6b95549c2a2978e310e01e237 P cff208289354454aaf669dbaca5073d3 [CANDIDATE]: Term 1 pre-election: Requested pre-vote from peers f9fd8a686c7c4f2780cc969d09444b70 (127.12.192.65:46067), d069667b405840719777de83108e65c0 (127.12.192.67:44863)
I20260630 12:25:27.936075 16183 tablet_service.cc:1917] Received RequestConsensusVote() RPC: tablet_id: "261c17c6b95549c2a2978e310e01e237" candidate_uuid: "cff208289354454aaf669dbaca5073d3" candidate_term: 1 candidate_status { last_received { term: 0 index: 0 } } ignore_live_leader: false dest_uuid: "d069667b405840719777de83108e65c0" is_pre_election: true
I20260630 12:25:27.943821 16034 tablet_service.cc:1917] Received RequestConsensusVote() RPC: tablet_id: "261c17c6b95549c2a2978e310e01e237" candidate_uuid: "cff208289354454aaf669dbaca5073d3" candidate_term: 1 candidate_status { last_received { term: 0 index: 0 } } ignore_live_leader: false dest_uuid: "f9fd8a686c7c4f2780cc969d09444b70" is_pre_election: true
I20260630 12:25:27.944751 16308 leader_election.cc:304] T 261c17c6b95549c2a2978e310e01e237 P cff208289354454aaf669dbaca5073d3 [CANDIDATE]: Term 1 pre-election: Election decided. Result: candidate lost. Election summary: received 3 responses out of 3 voters: 1 yes votes; 2 no votes. yes voters: cff208289354454aaf669dbaca5073d3; no voters: d069667b405840719777de83108e65c0, f9fd8a686c7c4f2780cc969d09444b70
I20260630 12:25:27.945331 16383 raft_consensus.cc:2749] T 261c17c6b95549c2a2978e310e01e237 P cff208289354454aaf669dbaca5073d3 [term 0 FOLLOWER]: Leader pre-election lost for term 1. Reason: could not achieve majority
I20260630 12:25:27.972832 15986 auto_leader_rebalancer.cc:141] leader rebalance for table range_aware_rebalance_new_range
I20260630 12:25:27.973205 16238 consensus_queue.cc:1048] T 23d80550c4fc4775b26a48ff81f694a2 P d069667b405840719777de83108e65c0 [LEADER]: Connected to new peer: Peer: permanent_uuid: "f9fd8a686c7c4f2780cc969d09444b70" member_type: VOTER last_known_addr { host: "127.12.192.65" port: 46067 }, Status: LMP_MISMATCH, Last received: 0.0, Next index: 1, Last known committed idx: 0, Time since last communication: 0.000s
I20260630 12:25:27.985816 16237 consensus_queue.cc:1048] T 5c8974d9890345908e39cdfd2a0438df P f9fd8a686c7c4f2780cc969d09444b70 [LEADER]: Connected to new peer: Peer: permanent_uuid: "cff208289354454aaf669dbaca5073d3" member_type: VOTER last_known_addr { host: "127.12.192.68" port: 45533 }, Status: LMP_MISMATCH, Last received: 0.0, Next index: 1, Last known committed idx: 0, Time since last communication: 0.000s
I20260630 12:25:27.987485 16254 consensus_queue.cc:1048] T 23d80550c4fc4775b26a48ff81f694a2 P d069667b405840719777de83108e65c0 [LEADER]: Connected to new peer: Peer: permanent_uuid: "cff208289354454aaf669dbaca5073d3" member_type: VOTER last_known_addr { host: "127.12.192.68" port: 45533 }, Status: LMP_MISMATCH, Last received: 0.0, Next index: 1, Last known committed idx: 0, Time since last communication: 0.000s
I20260630 12:25:28.001071 16237 consensus_queue.cc:1048] T 5c8974d9890345908e39cdfd2a0438df P f9fd8a686c7c4f2780cc969d09444b70 [LEADER]: Connected to new peer: Peer: permanent_uuid: "d069667b405840719777de83108e65c0" member_type: VOTER last_known_addr { host: "127.12.192.67" port: 44863 }, Status: LMP_MISMATCH, Last received: 0.0, Next index: 1, Last known committed idx: 0, Time since last communication: 0.000s
I20260630 12:25:28.003852 16290 consensus_queue.cc:1048] T 4ea078296548417bb939c5d0c43fa20d P b16bbdf0f40246b4bc55917398d56d88 [LEADER]: Connected to new peer: Peer: permanent_uuid: "cff208289354454aaf669dbaca5073d3" member_type: VOTER last_known_addr { host: "127.12.192.68" port: 45533 }, Status: LMP_MISMATCH, Last received: 0.0, Next index: 1, Last known committed idx: 0, Time since last communication: 0.000s
I20260630 12:25:28.027343 16265 consensus_queue.cc:1048] T 4ea078296548417bb939c5d0c43fa20d P b16bbdf0f40246b4bc55917398d56d88 [LEADER]: Connected to new peer: Peer: permanent_uuid: "f9fd8a686c7c4f2780cc969d09444b70" member_type: VOTER last_known_addr { host: "127.12.192.65" port: 46067 }, Status: LMP_MISMATCH, Last received: 0.0, Next index: 1, Last known committed idx: 0, Time since last communication: 0.000s
I20260630 12:25:28.046973 16183 tablet_service.cc:2072] Received LeaderStepDown RPC: tablet_id: "07fc3f9ff2bf4c3b82454f78f03c68f1"
dest_uuid: "d069667b405840719777de83108e65c0"
mode: GRACEFUL
new_leader_uuid: "cff208289354454aaf669dbaca5073d3"
 from {username='slave'} at 127.0.0.1:40554
I20260630 12:25:28.047668 16183 raft_consensus.cc:606] T 07fc3f9ff2bf4c3b82454f78f03c68f1 P d069667b405840719777de83108e65c0 [term 1 LEADER]: Received request to transfer leadership to TS cff208289354454aaf669dbaca5073d3
I20260630 12:25:28.060930 16108 consensus_queue.cc:237] T 3e2a92f590af4ccb8eca451ff1b97ecc P b16bbdf0f40246b4bc55917398d56d88 [LEADER]: Queue going to LEADER mode. State: All replicated index: 0, Majority replicated index: 1, Committed index: 1, Last appended: 1.1, Last appended by leader: 0, Current term: 1, Majority size: 2, State: 0, Mode: LEADER, active raft config: opid_index: 2 OBSOLETE_local: false peers { permanent_uuid: "b16bbdf0f40246b4bc55917398d56d88" member_type: VOTER last_known_addr { host: "127.12.192.66" port: 34437 } } peers { permanent_uuid: "f9fd8a686c7c4f2780cc969d09444b70" member_type: VOTER last_known_addr { host: "127.12.192.65" port: 46067 } attrs { replace: true } } peers { permanent_uuid: "d069667b405840719777de83108e65c0" member_type: VOTER last_known_addr { host: "127.12.192.67" port: 44863 } } peers { permanent_uuid: "cff208289354454aaf669dbaca5073d3" member_type: NON_VOTER last_known_addr { host: "127.12.192.68" port: 45533 } attrs { promote: true } }
I20260630 12:25:28.065368 16109 tablet_service.cc:2072] Received LeaderStepDown RPC: tablet_id: "4f8084da3b1947709dfef84cf45a29f7"
dest_uuid: "b16bbdf0f40246b4bc55917398d56d88"
mode: GRACEFUL
new_leader_uuid: "cff208289354454aaf669dbaca5073d3"
 from {username='slave'} at 127.0.0.1:51224
I20260630 12:25:28.066056 16109 raft_consensus.cc:606] T 4f8084da3b1947709dfef84cf45a29f7 P b16bbdf0f40246b4bc55917398d56d88 [term 1 LEADER]: Received request to transfer leadership to TS cff208289354454aaf669dbaca5073d3
I20260630 12:25:28.068401 16183 raft_consensus.cc:1275] T 3e2a92f590af4ccb8eca451ff1b97ecc P d069667b405840719777de83108e65c0 [term 1 FOLLOWER]: Refusing update from remote peer b16bbdf0f40246b4bc55917398d56d88: Log matching property violated. Preceding OpId in replica: term: 1 index: 1. Preceding OpId from leader: term: 1 index: 2. (index mismatch)
I20260630 12:25:28.068734 16034 raft_consensus.cc:1275] T 3e2a92f590af4ccb8eca451ff1b97ecc P f9fd8a686c7c4f2780cc969d09444b70 [term 1 FOLLOWER]: Refusing update from remote peer b16bbdf0f40246b4bc55917398d56d88: Log matching property violated. Preceding OpId in replica: term: 1 index: 1. Preceding OpId from leader: term: 1 index: 2. (index mismatch)
W20260630 12:25:28.069505 16076 consensus_peers.cc:597] T 3e2a92f590af4ccb8eca451ff1b97ecc P b16bbdf0f40246b4bc55917398d56d88 -> Peer cff208289354454aaf669dbaca5073d3 (127.12.192.68:45533): Couldn't send request to peer cff208289354454aaf669dbaca5073d3. Error code: TABLET_NOT_FOUND (6). Status: Not found: Tablet not found: 3e2a92f590af4ccb8eca451ff1b97ecc. This is attempt 1: this message will repeat every 5th retry.
I20260630 12:25:28.069463 16109 tablet_service.cc:2072] Received LeaderStepDown RPC: tablet_id: "89ac6d8f1fc84240baa7071031c3c81b"
dest_uuid: "b16bbdf0f40246b4bc55917398d56d88"
mode: GRACEFUL
new_leader_uuid: "f9fd8a686c7c4f2780cc969d09444b70"
 from {username='slave'} at 127.0.0.1:51224
I20260630 12:25:28.069993 16236 consensus_queue.cc:1048] T 3e2a92f590af4ccb8eca451ff1b97ecc P b16bbdf0f40246b4bc55917398d56d88 [LEADER]: Connected to new peer: Peer: permanent_uuid: "d069667b405840719777de83108e65c0" member_type: VOTER last_known_addr { host: "127.12.192.67" port: 44863 }, Status: LMP_MISMATCH, Last received: 0.0, Next index: 2, Last known committed idx: 1, Time since last communication: 0.000s
I20260630 12:25:28.070132 16109 raft_consensus.cc:606] T 89ac6d8f1fc84240baa7071031c3c81b P b16bbdf0f40246b4bc55917398d56d88 [term 1 LEADER]: Received request to transfer leadership to TS f9fd8a686c7c4f2780cc969d09444b70
I20260630 12:25:28.070708 16290 consensus_queue.cc:1048] T 3e2a92f590af4ccb8eca451ff1b97ecc P b16bbdf0f40246b4bc55917398d56d88 [LEADER]: Connected to new peer: Peer: permanent_uuid: "f9fd8a686c7c4f2780cc969d09444b70" member_type: VOTER last_known_addr { host: "127.12.192.65" port: 46067 } attrs { replace: true }, Status: LMP_MISMATCH, Last received: 0.0, Next index: 2, Last known committed idx: 1, Time since last communication: 0.000s
I20260630 12:25:28.072839 16183 tablet_service.cc:2072] Received LeaderStepDown RPC: tablet_id: "982049ddd7aa4b2a889928edca5bc75e"
dest_uuid: "d069667b405840719777de83108e65c0"
mode: GRACEFUL
new_leader_uuid: "b16bbdf0f40246b4bc55917398d56d88"
 from {username='slave'} at 127.0.0.1:40554
I20260630 12:25:28.073334 16183 raft_consensus.cc:606] T 982049ddd7aa4b2a889928edca5bc75e P d069667b405840719777de83108e65c0 [term 1 LEADER]: Received request to transfer leadership to TS b16bbdf0f40246b4bc55917398d56d88
I20260630 12:25:28.075852 16342 raft_consensus.cc:3060] T 261c17c6b95549c2a2978e310e01e237 P cff208289354454aaf669dbaca5073d3 [term 0 FOLLOWER]: Advancing to term 1
I20260630 12:25:28.076566 16108 tablet_service.cc:2072] Received LeaderStepDown RPC: tablet_id: "98b31e620d6f440783f2807377406dd6"
dest_uuid: "b16bbdf0f40246b4bc55917398d56d88"
mode: GRACEFUL
new_leader_uuid: "f9fd8a686c7c4f2780cc969d09444b70"
 from {username='slave'} at 127.0.0.1:51224
I20260630 12:25:28.077122 16108 raft_consensus.cc:606] T 98b31e620d6f440783f2807377406dd6 P b16bbdf0f40246b4bc55917398d56d88 [term 1 LEADER]: Received request to transfer leadership to TS f9fd8a686c7c4f2780cc969d09444b70
I20260630 12:25:28.078469 15986 auto_leader_rebalancer.cc:440] table: range_aware_rebalance_new_range, leader rebalance finish, leader transfer count: 5
I20260630 12:25:28.079205 15986 auto_leader_rebalancer.cc:515] All tables' leader rebalancing finished this round
I20260630 12:25:28.080457 16236 raft_consensus.cc:2955] T 3e2a92f590af4ccb8eca451ff1b97ecc P b16bbdf0f40246b4bc55917398d56d88 [term 1 LEADER]: Committing config change with OpId 1.2: config changed from index -1 to 2, NON_VOTER cff208289354454aaf669dbaca5073d3 (127.12.192.68) added. New config: { opid_index: 2 OBSOLETE_local: false peers { permanent_uuid: "b16bbdf0f40246b4bc55917398d56d88" member_type: VOTER last_known_addr { host: "127.12.192.66" port: 34437 } } peers { permanent_uuid: "f9fd8a686c7c4f2780cc969d09444b70" member_type: VOTER last_known_addr { host: "127.12.192.65" port: 46067 } attrs { replace: true } } peers { permanent_uuid: "d069667b405840719777de83108e65c0" member_type: VOTER last_known_addr { host: "127.12.192.67" port: 44863 } } peers { permanent_uuid: "cff208289354454aaf669dbaca5073d3" member_type: NON_VOTER last_known_addr { host: "127.12.192.68" port: 45533 } attrs { promote: true } } }
I20260630 12:25:28.083102 16034 raft_consensus.cc:2955] T 3e2a92f590af4ccb8eca451ff1b97ecc P f9fd8a686c7c4f2780cc969d09444b70 [term 1 FOLLOWER]: Committing config change with OpId 1.2: config changed from index -1 to 2, NON_VOTER cff208289354454aaf669dbaca5073d3 (127.12.192.68) added. New config: { opid_index: 2 OBSOLETE_local: false peers { permanent_uuid: "b16bbdf0f40246b4bc55917398d56d88" member_type: VOTER last_known_addr { host: "127.12.192.66" port: 34437 } } peers { permanent_uuid: "f9fd8a686c7c4f2780cc969d09444b70" member_type: VOTER last_known_addr { host: "127.12.192.65" port: 46067 } attrs { replace: true } } peers { permanent_uuid: "d069667b405840719777de83108e65c0" member_type: VOTER last_known_addr { host: "127.12.192.67" port: 44863 } } peers { permanent_uuid: "cff208289354454aaf669dbaca5073d3" member_type: NON_VOTER last_known_addr { host: "127.12.192.68" port: 45533 } attrs { promote: true } } }
I20260630 12:25:28.087759 16184 raft_consensus.cc:2955] T 3e2a92f590af4ccb8eca451ff1b97ecc P d069667b405840719777de83108e65c0 [term 1 FOLLOWER]: Committing config change with OpId 1.2: config changed from index -1 to 2, NON_VOTER cff208289354454aaf669dbaca5073d3 (127.12.192.68) added. New config: { opid_index: 2 OBSOLETE_local: false peers { permanent_uuid: "b16bbdf0f40246b4bc55917398d56d88" member_type: VOTER last_known_addr { host: "127.12.192.66" port: 34437 } } peers { permanent_uuid: "f9fd8a686c7c4f2780cc969d09444b70" member_type: VOTER last_known_addr { host: "127.12.192.65" port: 46067 } attrs { replace: true } } peers { permanent_uuid: "d069667b405840719777de83108e65c0" member_type: VOTER last_known_addr { host: "127.12.192.67" port: 44863 } } peers { permanent_uuid: "cff208289354454aaf669dbaca5073d3" member_type: NON_VOTER last_known_addr { host: "127.12.192.68" port: 45533 } attrs { promote: true } } }
I20260630 12:25:28.092797 15930 catalog_manager.cc:5697] T 3e2a92f590af4ccb8eca451ff1b97ecc P f9fd8a686c7c4f2780cc969d09444b70 reported cstate change: config changed from index -1 to 2, NON_VOTER cff208289354454aaf669dbaca5073d3 (127.12.192.68) added. New cstate: current_term: 1 leader_uuid: "b16bbdf0f40246b4bc55917398d56d88" committed_config { opid_index: 2 OBSOLETE_local: false peers { permanent_uuid: "b16bbdf0f40246b4bc55917398d56d88" member_type: VOTER last_known_addr { host: "127.12.192.66" port: 34437 } } peers { permanent_uuid: "f9fd8a686c7c4f2780cc969d09444b70" member_type: VOTER last_known_addr { host: "127.12.192.65" port: 46067 } attrs { replace: true } } peers { permanent_uuid: "d069667b405840719777de83108e65c0" member_type: VOTER last_known_addr { host: "127.12.192.67" port: 44863 } } peers { permanent_uuid: "cff208289354454aaf669dbaca5073d3" member_type: NON_VOTER last_known_addr { host: "127.12.192.68" port: 45533 } attrs { promote: true } } }
I20260630 12:25:28.099529 16262 raft_consensus.cc:993] T 89ac6d8f1fc84240baa7071031c3c81b P b16bbdf0f40246b4bc55917398d56d88: : Instructing follower f9fd8a686c7c4f2780cc969d09444b70 to start an election
I20260630 12:25:28.099962 16262 raft_consensus.cc:1081] T 89ac6d8f1fc84240baa7071031c3c81b P b16bbdf0f40246b4bc55917398d56d88 [term 1 LEADER]: Signalling peer f9fd8a686c7c4f2780cc969d09444b70 to start an election
I20260630 12:25:28.102011 16033 tablet_service.cc:2044] Received Run Leader Election RPC: tablet_id: "89ac6d8f1fc84240baa7071031c3c81b"
dest_uuid: "f9fd8a686c7c4f2780cc969d09444b70"
 from {username='slave'} at 127.0.0.1:44186
I20260630 12:25:28.102522 16033 raft_consensus.cc:493] T 89ac6d8f1fc84240baa7071031c3c81b P f9fd8a686c7c4f2780cc969d09444b70 [term 1 FOLLOWER]: Starting forced leader election (received explicit request)
I20260630 12:25:28.102850 16033 raft_consensus.cc:3060] T 89ac6d8f1fc84240baa7071031c3c81b P f9fd8a686c7c4f2780cc969d09444b70 [term 1 FOLLOWER]: Advancing to term 2
I20260630 12:25:28.108717 16033 raft_consensus.cc:515] T 89ac6d8f1fc84240baa7071031c3c81b P f9fd8a686c7c4f2780cc969d09444b70 [term 2 FOLLOWER]: Starting forced leader election with config: opid_index: -1 OBSOLETE_local: false peers { permanent_uuid: "f9fd8a686c7c4f2780cc969d09444b70" member_type: VOTER last_known_addr { host: "127.12.192.65" port: 46067 } } peers { permanent_uuid: "b16bbdf0f40246b4bc55917398d56d88" member_type: VOTER last_known_addr { host: "127.12.192.66" port: 34437 } } peers { permanent_uuid: "d069667b405840719777de83108e65c0" member_type: VOTER last_known_addr { host: "127.12.192.67" port: 44863 } }
I20260630 12:25:28.111281 16108 tablet_service.cc:1917] Received RequestConsensusVote() RPC: tablet_id: "89ac6d8f1fc84240baa7071031c3c81b" candidate_uuid: "f9fd8a686c7c4f2780cc969d09444b70" candidate_term: 2 candidate_status { last_received { term: 1 index: 1 } } ignore_live_leader: true dest_uuid: "b16bbdf0f40246b4bc55917398d56d88"
I20260630 12:25:28.111836 16108 raft_consensus.cc:3055] T 89ac6d8f1fc84240baa7071031c3c81b P b16bbdf0f40246b4bc55917398d56d88 [term 1 LEADER]: Stepping down as leader of term 1
I20260630 12:25:28.111866 16033 leader_election.cc:290] T 89ac6d8f1fc84240baa7071031c3c81b P f9fd8a686c7c4f2780cc969d09444b70 [CANDIDATE]: Term 2 election: Requested vote from peers b16bbdf0f40246b4bc55917398d56d88 (127.12.192.66:34437), d069667b405840719777de83108e65c0 (127.12.192.67:44863)
I20260630 12:25:28.112243 16108 raft_consensus.cc:740] T 89ac6d8f1fc84240baa7071031c3c81b P b16bbdf0f40246b4bc55917398d56d88 [term 1 LEADER]: Becoming Follower/Learner. State: Replica: b16bbdf0f40246b4bc55917398d56d88, State: Running, Role: LEADER
I20260630 12:25:28.112385 16184 tablet_service.cc:1917] Received RequestConsensusVote() RPC: tablet_id: "89ac6d8f1fc84240baa7071031c3c81b" candidate_uuid: "f9fd8a686c7c4f2780cc969d09444b70" candidate_term: 2 candidate_status { last_received { term: 1 index: 1 } } ignore_live_leader: true dest_uuid: "d069667b405840719777de83108e65c0"
I20260630 12:25:28.112949 16184 raft_consensus.cc:3060] T 89ac6d8f1fc84240baa7071031c3c81b P d069667b405840719777de83108e65c0 [term 1 FOLLOWER]: Advancing to term 2
I20260630 12:25:28.113049 16108 consensus_queue.cc:260] T 89ac6d8f1fc84240baa7071031c3c81b P b16bbdf0f40246b4bc55917398d56d88 [NON_LEADER]: Queue going to NON_LEADER mode. State: All replicated index: 0, Majority replicated index: 1, Committed index: 1, Last appended: 1.1, Last appended by leader: 1, Current term: 1, Majority size: -1, State: 0, Mode: NON_LEADER, active raft config: opid_index: -1 OBSOLETE_local: false peers { permanent_uuid: "f9fd8a686c7c4f2780cc969d09444b70" member_type: VOTER last_known_addr { host: "127.12.192.65" port: 46067 } } peers { permanent_uuid: "b16bbdf0f40246b4bc55917398d56d88" member_type: VOTER last_known_addr { host: "127.12.192.66" port: 34437 } } peers { permanent_uuid: "d069667b405840719777de83108e65c0" member_type: VOTER last_known_addr { host: "127.12.192.67" port: 44863 } }
I20260630 12:25:28.117724 16033 consensus_queue.cc:237] T 77015903f0a341c496fcc5bfa2ae9124 P f9fd8a686c7c4f2780cc969d09444b70 [LEADER]: Queue going to LEADER mode. State: All replicated index: 0, Majority replicated index: 1, Committed index: 1, Last appended: 1.1, Last appended by leader: 0, Current term: 1, Majority size: 2, State: 0, Mode: LEADER, active raft config: opid_index: 2 OBSOLETE_local: false peers { permanent_uuid: "f9fd8a686c7c4f2780cc969d09444b70" member_type: VOTER last_known_addr { host: "127.12.192.65" port: 46067 } } peers { permanent_uuid: "b16bbdf0f40246b4bc55917398d56d88" member_type: VOTER last_known_addr { host: "127.12.192.66" port: 34437 } attrs { replace: true } } peers { permanent_uuid: "d069667b405840719777de83108e65c0" member_type: VOTER last_known_addr { host: "127.12.192.67" port: 44863 } } peers { permanent_uuid: "cff208289354454aaf669dbaca5073d3" member_type: NON_VOTER last_known_addr { host: "127.12.192.68" port: 45533 } attrs { promote: true } }
I20260630 12:25:28.119884 16184 raft_consensus.cc:2468] T 89ac6d8f1fc84240baa7071031c3c81b P d069667b405840719777de83108e65c0 [term 2 FOLLOWER]: Leader election vote request: Granting yes vote for candidate f9fd8a686c7c4f2780cc969d09444b70 in term 2.
I20260630 12:25:28.120416 16108 raft_consensus.cc:3060] T 89ac6d8f1fc84240baa7071031c3c81b P b16bbdf0f40246b4bc55917398d56d88 [term 1 FOLLOWER]: Advancing to term 2
I20260630 12:25:28.120968 15998 leader_election.cc:304] T 89ac6d8f1fc84240baa7071031c3c81b P f9fd8a686c7c4f2780cc969d09444b70 [CANDIDATE]: Term 2 election: Election decided. Result: candidate won. Election summary: received 2 responses out of 3 voters: 2 yes votes; 0 no votes. yes voters: d069667b405840719777de83108e65c0, f9fd8a686c7c4f2780cc969d09444b70; no voters: 
I20260630 12:25:28.121865 16399 raft_consensus.cc:2804] T 89ac6d8f1fc84240baa7071031c3c81b P f9fd8a686c7c4f2780cc969d09444b70 [term 2 FOLLOWER]: Leader election won for term 2
I20260630 12:25:28.122437 16399 raft_consensus.cc:697] T 89ac6d8f1fc84240baa7071031c3c81b P f9fd8a686c7c4f2780cc969d09444b70 [term 2 LEADER]: Becoming Leader. State: Replica: f9fd8a686c7c4f2780cc969d09444b70, State: Running, Role: LEADER
I20260630 12:25:28.123380 16399 consensus_queue.cc:237] T 89ac6d8f1fc84240baa7071031c3c81b P f9fd8a686c7c4f2780cc969d09444b70 [LEADER]: Queue going to LEADER mode. State: All replicated index: 0, Majority replicated index: 1, Committed index: 1, Last appended: 1.1, Last appended by leader: 1, Current term: 2, Majority size: 2, State: 0, Mode: LEADER, active raft config: opid_index: -1 OBSOLETE_local: false peers { permanent_uuid: "f9fd8a686c7c4f2780cc969d09444b70" member_type: VOTER last_known_addr { host: "127.12.192.65" port: 46067 } } peers { permanent_uuid: "b16bbdf0f40246b4bc55917398d56d88" member_type: VOTER last_known_addr { host: "127.12.192.66" port: 34437 } } peers { permanent_uuid: "d069667b405840719777de83108e65c0" member_type: VOTER last_known_addr { host: "127.12.192.67" port: 44863 } }
I20260630 12:25:28.128908 16108 raft_consensus.cc:2468] T 89ac6d8f1fc84240baa7071031c3c81b P b16bbdf0f40246b4bc55917398d56d88 [term 2 FOLLOWER]: Leader election vote request: Granting yes vote for candidate f9fd8a686c7c4f2780cc969d09444b70 in term 2.
W20260630 12:25:28.133627 16001 consensus_peers.cc:597] T 77015903f0a341c496fcc5bfa2ae9124 P f9fd8a686c7c4f2780cc969d09444b70 -> Peer cff208289354454aaf669dbaca5073d3 (127.12.192.68:45533): Couldn't send request to peer cff208289354454aaf669dbaca5073d3. Error code: TABLET_NOT_FOUND (6). Status: Not found: Tablet not found: 77015903f0a341c496fcc5bfa2ae9124. This is attempt 1: this message will repeat every 5th retry.
I20260630 12:25:28.134339 16108 raft_consensus.cc:1275] T 77015903f0a341c496fcc5bfa2ae9124 P b16bbdf0f40246b4bc55917398d56d88 [term 1 FOLLOWER]: Refusing update from remote peer f9fd8a686c7c4f2780cc969d09444b70: Log matching property violated. Preceding OpId in replica: term: 1 index: 1. Preceding OpId from leader: term: 1 index: 2. (index mismatch)
I20260630 12:25:28.135510 16184 raft_consensus.cc:1275] T 77015903f0a341c496fcc5bfa2ae9124 P d069667b405840719777de83108e65c0 [term 1 FOLLOWER]: Refusing update from remote peer f9fd8a686c7c4f2780cc969d09444b70: Log matching property violated. Preceding OpId in replica: term: 1 index: 1. Preceding OpId from leader: term: 1 index: 2. (index mismatch)
I20260630 12:25:28.135663 16399 consensus_queue.cc:1048] T 77015903f0a341c496fcc5bfa2ae9124 P f9fd8a686c7c4f2780cc969d09444b70 [LEADER]: Connected to new peer: Peer: permanent_uuid: "b16bbdf0f40246b4bc55917398d56d88" member_type: VOTER last_known_addr { host: "127.12.192.66" port: 34437 } attrs { replace: true }, Status: LMP_MISMATCH, Last received: 0.0, Next index: 2, Last known committed idx: 1, Time since last communication: 0.000s
I20260630 12:25:28.136466 15930 catalog_manager.cc:5697] T 89ac6d8f1fc84240baa7071031c3c81b P f9fd8a686c7c4f2780cc969d09444b70 reported cstate change: term changed from 1 to 2, leader changed from b16bbdf0f40246b4bc55917398d56d88 (127.12.192.66) to f9fd8a686c7c4f2780cc969d09444b70 (127.12.192.65). New cstate: current_term: 2 leader_uuid: "f9fd8a686c7c4f2780cc969d09444b70" committed_config { opid_index: -1 OBSOLETE_local: false peers { permanent_uuid: "f9fd8a686c7c4f2780cc969d09444b70" member_type: VOTER last_known_addr { host: "127.12.192.65" port: 46067 } health_report { overall_health: HEALTHY } } peers { permanent_uuid: "b16bbdf0f40246b4bc55917398d56d88" member_type: VOTER last_known_addr { host: "127.12.192.66" port: 34437 } health_report { overall_health: UNKNOWN } } peers { permanent_uuid: "d069667b405840719777de83108e65c0" member_type: VOTER last_known_addr { host: "127.12.192.67" port: 44863 } health_report { overall_health: UNKNOWN } } }
I20260630 12:25:28.139422 16399 consensus_queue.cc:1048] T 77015903f0a341c496fcc5bfa2ae9124 P f9fd8a686c7c4f2780cc969d09444b70 [LEADER]: Connected to new peer: Peer: permanent_uuid: "d069667b405840719777de83108e65c0" member_type: VOTER last_known_addr { host: "127.12.192.67" port: 44863 }, Status: LMP_MISMATCH, Last received: 0.0, Next index: 2, Last known committed idx: 1, Time since last communication: 0.000s
I20260630 12:25:28.142709 16445 raft_consensus.cc:2955] T 77015903f0a341c496fcc5bfa2ae9124 P f9fd8a686c7c4f2780cc969d09444b70 [term 1 LEADER]: Committing config change with OpId 1.2: config changed from index -1 to 2, NON_VOTER cff208289354454aaf669dbaca5073d3 (127.12.192.68) added. New config: { opid_index: 2 OBSOLETE_local: false peers { permanent_uuid: "f9fd8a686c7c4f2780cc969d09444b70" member_type: VOTER last_known_addr { host: "127.12.192.65" port: 46067 } } peers { permanent_uuid: "b16bbdf0f40246b4bc55917398d56d88" member_type: VOTER last_known_addr { host: "127.12.192.66" port: 34437 } attrs { replace: true } } peers { permanent_uuid: "d069667b405840719777de83108e65c0" member_type: VOTER last_known_addr { host: "127.12.192.67" port: 44863 } } peers { permanent_uuid: "cff208289354454aaf669dbaca5073d3" member_type: NON_VOTER last_known_addr { host: "127.12.192.68" port: 45533 } attrs { promote: true } } }
I20260630 12:25:28.144191 16108 raft_consensus.cc:2955] T 77015903f0a341c496fcc5bfa2ae9124 P b16bbdf0f40246b4bc55917398d56d88 [term 1 FOLLOWER]: Committing config change with OpId 1.2: config changed from index -1 to 2, NON_VOTER cff208289354454aaf669dbaca5073d3 (127.12.192.68) added. New config: { opid_index: 2 OBSOLETE_local: false peers { permanent_uuid: "f9fd8a686c7c4f2780cc969d09444b70" member_type: VOTER last_known_addr { host: "127.12.192.65" port: 46067 } } peers { permanent_uuid: "b16bbdf0f40246b4bc55917398d56d88" member_type: VOTER last_known_addr { host: "127.12.192.66" port: 34437 } attrs { replace: true } } peers { permanent_uuid: "d069667b405840719777de83108e65c0" member_type: VOTER last_known_addr { host: "127.12.192.67" port: 44863 } } peers { permanent_uuid: "cff208289354454aaf669dbaca5073d3" member_type: NON_VOTER last_known_addr { host: "127.12.192.68" port: 45533 } attrs { promote: true } } }
I20260630 12:25:28.152081 16184 raft_consensus.cc:2955] T 77015903f0a341c496fcc5bfa2ae9124 P d069667b405840719777de83108e65c0 [term 1 FOLLOWER]: Committing config change with OpId 1.2: config changed from index -1 to 2, NON_VOTER cff208289354454aaf669dbaca5073d3 (127.12.192.68) added. New config: { opid_index: 2 OBSOLETE_local: false peers { permanent_uuid: "f9fd8a686c7c4f2780cc969d09444b70" member_type: VOTER last_known_addr { host: "127.12.192.65" port: 46067 } } peers { permanent_uuid: "b16bbdf0f40246b4bc55917398d56d88" member_type: VOTER last_known_addr { host: "127.12.192.66" port: 34437 } attrs { replace: true } } peers { permanent_uuid: "d069667b405840719777de83108e65c0" member_type: VOTER last_known_addr { host: "127.12.192.67" port: 44863 } } peers { permanent_uuid: "cff208289354454aaf669dbaca5073d3" member_type: NON_VOTER last_known_addr { host: "127.12.192.68" port: 45533 } attrs { promote: true } } }
I20260630 12:25:28.158425 15930 catalog_manager.cc:5697] T 77015903f0a341c496fcc5bfa2ae9124 P f9fd8a686c7c4f2780cc969d09444b70 reported cstate change: config changed from index -1 to 2, NON_VOTER cff208289354454aaf669dbaca5073d3 (127.12.192.68) added. New cstate: current_term: 1 leader_uuid: "f9fd8a686c7c4f2780cc969d09444b70" committed_config { opid_index: 2 OBSOLETE_local: false peers { permanent_uuid: "f9fd8a686c7c4f2780cc969d09444b70" member_type: VOTER last_known_addr { host: "127.12.192.65" port: 46067 } health_report { overall_health: HEALTHY } } peers { permanent_uuid: "b16bbdf0f40246b4bc55917398d56d88" member_type: VOTER last_known_addr { host: "127.12.192.66" port: 34437 } attrs { replace: true } health_report { overall_health: HEALTHY } } peers { permanent_uuid: "d069667b405840719777de83108e65c0" member_type: VOTER last_known_addr { host: "127.12.192.67" port: 44863 } health_report { overall_health: HEALTHY } } peers { permanent_uuid: "cff208289354454aaf669dbaca5073d3" member_type: NON_VOTER last_known_addr { host: "127.12.192.68" port: 45533 } attrs { promote: true } health_report { overall_health: UNKNOWN } } }
W20260630 12:25:28.161170 15981 auto_rebalancer.cc:639] Failed to schedule move for tablet 98b31e620d6f440783f2807377406dd6: Remote error: Service unavailable: leader transfer in progress
I20260630 12:25:28.166898 16108 consensus_queue.cc:237] T 03ba022537cd49869e8f155f6c0d79e5 P b16bbdf0f40246b4bc55917398d56d88 [LEADER]: Queue going to LEADER mode. State: All replicated index: 0, Majority replicated index: 1, Committed index: 1, Last appended: 1.1, Last appended by leader: 0, Current term: 1, Majority size: 2, State: 0, Mode: LEADER, active raft config: opid_index: 2 OBSOLETE_local: false peers { permanent_uuid: "f9fd8a686c7c4f2780cc969d09444b70" member_type: VOTER last_known_addr { host: "127.12.192.65" port: 46067 } attrs { replace: true } } peers { permanent_uuid: "b16bbdf0f40246b4bc55917398d56d88" member_type: VOTER last_known_addr { host: "127.12.192.66" port: 34437 } } peers { permanent_uuid: "d069667b405840719777de83108e65c0" member_type: VOTER last_known_addr { host: "127.12.192.67" port: 44863 } } peers { permanent_uuid: "cff208289354454aaf669dbaca5073d3" member_type: NON_VOTER last_known_addr { host: "127.12.192.68" port: 45533 } attrs { promote: true } }
I20260630 12:25:28.173418 16184 raft_consensus.cc:1275] T 03ba022537cd49869e8f155f6c0d79e5 P d069667b405840719777de83108e65c0 [term 1 FOLLOWER]: Refusing update from remote peer b16bbdf0f40246b4bc55917398d56d88: Log matching property violated. Preceding OpId in replica: term: 1 index: 1. Preceding OpId from leader: term: 1 index: 2. (index mismatch)
I20260630 12:25:28.174758 16033 raft_consensus.cc:1275] T 03ba022537cd49869e8f155f6c0d79e5 P f9fd8a686c7c4f2780cc969d09444b70 [term 1 FOLLOWER]: Refusing update from remote peer b16bbdf0f40246b4bc55917398d56d88: Log matching property violated. Preceding OpId in replica: term: 1 index: 1. Preceding OpId from leader: term: 1 index: 2. (index mismatch)
I20260630 12:25:28.174805 16290 consensus_queue.cc:1048] T 03ba022537cd49869e8f155f6c0d79e5 P b16bbdf0f40246b4bc55917398d56d88 [LEADER]: Connected to new peer: Peer: permanent_uuid: "d069667b405840719777de83108e65c0" member_type: VOTER last_known_addr { host: "127.12.192.67" port: 44863 }, Status: LMP_MISMATCH, Last received: 0.0, Next index: 2, Last known committed idx: 1, Time since last communication: 0.001s
I20260630 12:25:28.176216 16265 consensus_queue.cc:1048] T 03ba022537cd49869e8f155f6c0d79e5 P b16bbdf0f40246b4bc55917398d56d88 [LEADER]: Connected to new peer: Peer: permanent_uuid: "f9fd8a686c7c4f2780cc969d09444b70" member_type: VOTER last_known_addr { host: "127.12.192.65" port: 46067 } attrs { replace: true }, Status: LMP_MISMATCH, Last received: 0.0, Next index: 2, Last known committed idx: 1, Time since last communication: 0.000s
W20260630 12:25:28.179054 16076 consensus_peers.cc:597] T 03ba022537cd49869e8f155f6c0d79e5 P b16bbdf0f40246b4bc55917398d56d88 -> Peer cff208289354454aaf669dbaca5073d3 (127.12.192.68:45533): Couldn't send request to peer cff208289354454aaf669dbaca5073d3. Error code: TABLET_NOT_FOUND (6). Status: Not found: Tablet not found: 03ba022537cd49869e8f155f6c0d79e5. This is attempt 1: this message will repeat every 5th retry.
