[==========] Running 26 tests from 2 test suites.
[----------] Global test environment set-up.
[----------] 24 tests from AutoRebalancerTest
[ RUN      ] AutoRebalancerTest.OnlyLeaderDoesAutoRebalancing
WARNING: Logging before InitGoogleLogging() is written to STDERR
I20260630 12:23:57.298977 13140 internal_mini_cluster.cc:156] Creating distributed mini masters. Addrs: 127.12.213.62:41651,127.12.213.61:38437,127.12.213.60:44993
I20260630 12:23:57.300735 13140 env_posix.cc:2267] Not raising this process' open files per process limit of 1048576; it is already as high as it can go
I20260630 12:23:57.301785 13140 file_cache.cc:492] Constructed file cache file cache with capacity 419430
W20260630 12:23:57.318571 13147 instance_detector.cc:116] could not retrieve Azure instance metadata: Network error: curl error: HTTP response code said error: The requested URL returned error: 404
W20260630 12:23:57.318668 13146 instance_detector.cc:116] could not retrieve AWS instance metadata: Network error: curl error: HTTP response code said error: The requested URL returned error: 404
W20260630 12:23:57.318567 13149 instance_detector.cc:116] could not retrieve OpenStack instance metadata: Network error: curl error: HTTP response code said error: The requested URL returned error: 404
W20260630 12:23:58.533484 13148 instance_detector.cc:116] could not retrieve GCE instance metadata: Timed out: curl timeout: Timeout was reached: Connection time-out
I20260630 12:23:58.533593 13140 server_base.cc:1056] Not found: could not retrieve instance metadata: unable to detect cloud type of this node, probably running in non-cloud environment
I20260630 12:23:58.538551 13140 hybrid_clock.cc:584] initializing the hybrid clock with 'system_unsync' time source
W20260630 12:23:58.538784 13140 system_unsync_time.cc:38] NTP support is disabled. Clock error bounds will not be accurate. This configuration is not suitable for distributed clusters.
I20260630 12:23:58.538937 13140 hybrid_clock.cc:648] HybridClock initialized: now 1782822238538921 us; error 0 us; skew 500 ppm
I20260630 12:23:58.539674 13140 server_base.cc:861] Flag tcmalloc_max_total_thread_cache_bytes is not working since tcmalloc is not enabled.
I20260630 12:23:58.546085 13140 webserver.cc:533] Webserver started at http://127.12.213.62:33845/ using document root <none> and password file <none>
I20260630 12:23:58.547122 13140 fs_manager.cc:362] Metadata directory not provided
I20260630 12:23:58.547523 13140 fs_manager.cc:368] Using write-ahead log directory (fs_wal_dir) as metadata directory
I20260630 12:23:58.548148 13140 server_base.cc:909] This appears to be a new deployment of Kudu; creating new FS layout
I20260630 12:23:58.554085 13140 fs_manager.cc:1068] Generated new instance metadata in path /tmp/dist-test-taskSk_Tt_/test-tmp/auto_rebalancer-test.0.AutoRebalancerTest.OnlyLeaderDoesAutoRebalancing.1782822237130653-13140-0/minicluster-data/master-0-root/instance:
uuid: "c58e46550aca4492803b9e9b38a3901a"
format_stamp: "Formatted at 2026-06-30 12:23:58 on dist-test-slave-zz34"
I20260630 12:23:58.561829 13140 fs_manager.cc:696] Time spent creating directory manager: real 0.007s	user 0.006s	sys 0.000s
I20260630 12:23:58.566896 13155 log_block_manager.cc:4031] Time spent loading block containers with low live blocks: real 0.000s	user 0.000s	sys 0.000s
I20260630 12:23:58.568167 13140 fs_manager.cc:730] Time spent opening block manager: real 0.004s	user 0.003s	sys 0.002s
I20260630 12:23:58.568534 13140 fs_manager.cc:647] Opened local filesystem: /tmp/dist-test-taskSk_Tt_/test-tmp/auto_rebalancer-test.0.AutoRebalancerTest.OnlyLeaderDoesAutoRebalancing.1782822237130653-13140-0/minicluster-data/master-0-root
uuid: "c58e46550aca4492803b9e9b38a3901a"
format_stamp: "Formatted at 2026-06-30 12:23:58 on dist-test-slave-zz34"
I20260630 12:23:58.568863 13140 fs_report.cc:389] FS layout report
--------------------
wal directory: /tmp/dist-test-taskSk_Tt_/test-tmp/auto_rebalancer-test.0.AutoRebalancerTest.OnlyLeaderDoesAutoRebalancing.1782822237130653-13140-0/minicluster-data/master-0-root
metadata directory: /tmp/dist-test-taskSk_Tt_/test-tmp/auto_rebalancer-test.0.AutoRebalancerTest.OnlyLeaderDoesAutoRebalancing.1782822237130653-13140-0/minicluster-data/master-0-root
1 data directories: /tmp/dist-test-taskSk_Tt_/test-tmp/auto_rebalancer-test.0.AutoRebalancerTest.OnlyLeaderDoesAutoRebalancing.1782822237130653-13140-0/minicluster-data/master-0-root/data
Total live blocks: 0
Total live bytes: 0
Total live bytes (after alignment): 0
Total number of LBM containers: 0 (0 full)
Did not check for missing blocks
Did not check for orphaned blocks
Total full LBM containers with extra space: 0 (0 repaired)
Total full LBM container extra space in bytes: 0 (0 repaired)
Total incomplete LBM containers: 0 (0 repaired)
Total LBM partial records: 0 (0 repaired)
Total corrupted LBM metadata records in RocksDB: 0 (0 repaired)
I20260630 12:23:58.620342 13140 rpc_server.cc:225] running with OpenSSL 1.1.1  11 Sep 2018
I20260630 12:23:58.621946 13140 env_posix.cc:2267] Not raising this process' running threads per effective uid limit of 18446744073709551615; it is already as high as it can go
I20260630 12:23:58.622509 13140 kserver.cc:163] Server-wide thread pool size limit: 3276
I20260630 12:23:58.693097 13140 rpc_server.cc:307] RPC server started. Bound to: 127.12.213.62:41651
I20260630 12:23:58.693171 13206 acceptor_pool.cc:272] collecting diagnostics on the listening RPC socket 127.12.213.62:41651 every 8 connection(s)
I20260630 12:23:58.699312 13140 file_cache.cc:492] Constructed file cache file cache with capacity 419430
I20260630 12:23:58.700961 13207 data_dirs.cc:400] Could only allocate 1 dirs of requested 3 for tablet 00000000000000000000000000000000. 1 dirs total, 0 dirs full, 0 dirs failed
W20260630 12:23:58.705933 13209 instance_detector.cc:116] could not retrieve AWS instance metadata: Network error: curl error: HTTP response code said error: The requested URL returned error: 404
W20260630 12:23:58.707038 13210 instance_detector.cc:116] could not retrieve Azure instance metadata: Network error: curl error: HTTP response code said error: The requested URL returned error: 404
I20260630 12:23:58.711206 13140 server_base.cc:1061] running on GCE node
W20260630 12:23:58.711474 13212 instance_detector.cc:116] could not retrieve OpenStack instance metadata: Network error: curl error: HTTP response code said error: The requested URL returned error: 404
I20260630 12:23:58.712313 13140 hybrid_clock.cc:584] initializing the hybrid clock with 'system_unsync' time source
W20260630 12:23:58.712544 13140 system_unsync_time.cc:38] NTP support is disabled. Clock error bounds will not be accurate. This configuration is not suitable for distributed clusters.
I20260630 12:23:58.712761 13140 hybrid_clock.cc:648] HybridClock initialized: now 1782822238712727 us; error 0 us; skew 500 ppm
I20260630 12:23:58.713323 13140 server_base.cc:861] Flag tcmalloc_max_total_thread_cache_bytes is not working since tcmalloc is not enabled.
I20260630 12:23:58.716967 13140 webserver.cc:533] Webserver started at http://127.12.213.61:39521/ using document root <none> and password file <none>
I20260630 12:23:58.717514 13140 fs_manager.cc:362] Metadata directory not provided
I20260630 12:23:58.717728 13140 fs_manager.cc:368] Using write-ahead log directory (fs_wal_dir) as metadata directory
I20260630 12:23:58.718019 13140 server_base.cc:909] This appears to be a new deployment of Kudu; creating new FS layout
I20260630 12:23:58.719141 13140 fs_manager.cc:1068] Generated new instance metadata in path /tmp/dist-test-taskSk_Tt_/test-tmp/auto_rebalancer-test.0.AutoRebalancerTest.OnlyLeaderDoesAutoRebalancing.1782822237130653-13140-0/minicluster-data/master-1-root/instance:
uuid: "2a9f01262a3149ed811740ff63d60310"
format_stamp: "Formatted at 2026-06-30 12:23:58 on dist-test-slave-zz34"
I20260630 12:23:58.724484 13140 fs_manager.cc:696] Time spent creating directory manager: real 0.005s	user 0.001s	sys 0.004s
I20260630 12:23:58.723294 13207 sys_catalog.cc:422] member_type: VOTER last_known_addr { host: "127.12.213.62" port: 41651 } has no permanent_uuid. Determining permanent_uuid...
I20260630 12:23:58.729312 13217 log_block_manager.cc:4031] Time spent loading block containers with low live blocks: real 0.000s	user 0.000s	sys 0.000s
I20260630 12:23:58.730363 13140 fs_manager.cc:730] Time spent opening block manager: real 0.004s	user 0.003s	sys 0.000s
I20260630 12:23:58.730826 13140 fs_manager.cc:647] Opened local filesystem: /tmp/dist-test-taskSk_Tt_/test-tmp/auto_rebalancer-test.0.AutoRebalancerTest.OnlyLeaderDoesAutoRebalancing.1782822237130653-13140-0/minicluster-data/master-1-root
uuid: "2a9f01262a3149ed811740ff63d60310"
format_stamp: "Formatted at 2026-06-30 12:23:58 on dist-test-slave-zz34"
I20260630 12:23:58.731339 13140 fs_report.cc:389] FS layout report
--------------------
wal directory: /tmp/dist-test-taskSk_Tt_/test-tmp/auto_rebalancer-test.0.AutoRebalancerTest.OnlyLeaderDoesAutoRebalancing.1782822237130653-13140-0/minicluster-data/master-1-root
metadata directory: /tmp/dist-test-taskSk_Tt_/test-tmp/auto_rebalancer-test.0.AutoRebalancerTest.OnlyLeaderDoesAutoRebalancing.1782822237130653-13140-0/minicluster-data/master-1-root
1 data directories: /tmp/dist-test-taskSk_Tt_/test-tmp/auto_rebalancer-test.0.AutoRebalancerTest.OnlyLeaderDoesAutoRebalancing.1782822237130653-13140-0/minicluster-data/master-1-root/data
Total live blocks: 0
Total live bytes: 0
Total live bytes (after alignment): 0
Total number of LBM containers: 0 (0 full)
Did not check for missing blocks
Did not check for orphaned blocks
Total full LBM containers with extra space: 0 (0 repaired)
Total full LBM container extra space in bytes: 0 (0 repaired)
Total incomplete LBM containers: 0 (0 repaired)
Total LBM partial records: 0 (0 repaired)
Total corrupted LBM metadata records in RocksDB: 0 (0 repaired)
I20260630 12:23:58.750967 13140 rpc_server.cc:225] running with OpenSSL 1.1.1  11 Sep 2018
I20260630 12:23:58.752205 13140 kserver.cc:163] Server-wide thread pool size limit: 3276
I20260630 12:23:58.765189 13207 sys_catalog.cc:422] member_type: VOTER last_known_addr { host: "127.12.213.61" port: 38437 } has no permanent_uuid. Determining permanent_uuid...
W20260630 12:23:58.768687 13157 proxy.cc:239] Call had error, refreshing address and retrying: Network error: Client connection negotiation failed: client connection to 127.12.213.61:38437: connect: Connection refused (error 111)
W20260630 12:23:58.773945 13207 consensus_peers.cc:760] Error getting permanent uuid from config peer 127.12.213.61:38437: Network error: Client connection negotiation failed: client connection to 127.12.213.61:38437: connect: Connection refused (error 111)
I20260630 12:23:58.822830 13140 rpc_server.cc:307] RPC server started. Bound to: 127.12.213.61:38437
I20260630 12:23:58.823037 13271 acceptor_pool.cc:272] collecting diagnostics on the listening RPC socket 127.12.213.61:38437 every 8 connection(s)
I20260630 12:23:58.823484 13207 consensus_peers.cc:770] Retrying to get permanent uuid for remote peer: member_type: VOTER last_known_addr { host: "127.12.213.61" port: 38437 } attempt: 1
I20260630 12:23:58.829478 13140 file_cache.cc:492] Constructed file cache file cache with capacity 419430
I20260630 12:23:58.829470 13272 data_dirs.cc:400] Could only allocate 1 dirs of requested 3 for tablet 00000000000000000000000000000000. 1 dirs total, 0 dirs full, 0 dirs failed
I20260630 12:23:58.837049 13272 sys_catalog.cc:422] member_type: VOTER last_known_addr { host: "127.12.213.62" port: 41651 } has no permanent_uuid. Determining permanent_uuid...
W20260630 12:23:58.840212 13275 instance_detector.cc:116] could not retrieve AWS instance metadata: Network error: curl error: HTTP response code said error: The requested URL returned error: 404
I20260630 12:23:58.841761 13207 sys_catalog.cc:422] member_type: VOTER last_known_addr { host: "127.12.213.60" port: 44993 } has no permanent_uuid. Determining permanent_uuid...
W20260630 12:23:58.843438 13276 instance_detector.cc:116] could not retrieve Azure instance metadata: Network error: curl error: HTTP response code said error: The requested URL returned error: 404
W20260630 12:23:58.850699 13207 consensus_peers.cc:760] Error getting permanent uuid from config peer 127.12.213.60:44993: Network error: Client connection negotiation failed: client connection to 127.12.213.60:44993: connect: Connection refused (error 111)
W20260630 12:23:58.856140 13279 instance_detector.cc:116] could not retrieve OpenStack instance metadata: Network error: curl error: HTTP response code said error: The requested URL returned error: 404
I20260630 12:23:58.856592 13140 server_base.cc:1061] running on GCE node
I20260630 12:23:58.857414 13140 hybrid_clock.cc:584] initializing the hybrid clock with 'system_unsync' time source
I20260630 12:23:58.857414 13272 sys_catalog.cc:422] member_type: VOTER last_known_addr { host: "127.12.213.61" port: 38437 } has no permanent_uuid. Determining permanent_uuid...
W20260630 12:23:58.857756 13140 system_unsync_time.cc:38] NTP support is disabled. Clock error bounds will not be accurate. This configuration is not suitable for distributed clusters.
I20260630 12:23:58.857970 13140 hybrid_clock.cc:648] HybridClock initialized: now 1782822238857952 us; error 0 us; skew 500 ppm
I20260630 12:23:58.858680 13140 server_base.cc:861] Flag tcmalloc_max_total_thread_cache_bytes is not working since tcmalloc is not enabled.
I20260630 12:23:58.862421 13140 webserver.cc:533] Webserver started at http://127.12.213.60:44695/ using document root <none> and password file <none>
I20260630 12:23:58.862938 13140 fs_manager.cc:362] Metadata directory not provided
I20260630 12:23:58.863153 13140 fs_manager.cc:368] Using write-ahead log directory (fs_wal_dir) as metadata directory
I20260630 12:23:58.863430 13140 server_base.cc:909] This appears to be a new deployment of Kudu; creating new FS layout
I20260630 12:23:58.864739 13140 fs_manager.cc:1068] Generated new instance metadata in path /tmp/dist-test-taskSk_Tt_/test-tmp/auto_rebalancer-test.0.AutoRebalancerTest.OnlyLeaderDoesAutoRebalancing.1782822237130653-13140-0/minicluster-data/master-2-root/instance:
uuid: "86df54a59996412bad72759efc81a87c"
format_stamp: "Formatted at 2026-06-30 12:23:58 on dist-test-slave-zz34"
I20260630 12:23:58.867523 13272 sys_catalog.cc:422] member_type: VOTER last_known_addr { host: "127.12.213.60" port: 44993 } has no permanent_uuid. Determining permanent_uuid...
I20260630 12:23:58.870891 13140 fs_manager.cc:696] Time spent creating directory manager: real 0.006s	user 0.007s	sys 0.000s
W20260630 12:23:58.874226 13272 consensus_peers.cc:760] Error getting permanent uuid from config peer 127.12.213.60:44993: Network error: Client connection negotiation failed: client connection to 127.12.213.60:44993: connect: Connection refused (error 111)
I20260630 12:23:58.876518 13285 log_block_manager.cc:4031] Time spent loading block containers with low live blocks: real 0.000s	user 0.000s	sys 0.000s
I20260630 12:23:58.877272 13140 fs_manager.cc:730] Time spent opening block manager: real 0.003s	user 0.003s	sys 0.002s
I20260630 12:23:58.877562 13140 fs_manager.cc:647] Opened local filesystem: /tmp/dist-test-taskSk_Tt_/test-tmp/auto_rebalancer-test.0.AutoRebalancerTest.OnlyLeaderDoesAutoRebalancing.1782822237130653-13140-0/minicluster-data/master-2-root
uuid: "86df54a59996412bad72759efc81a87c"
format_stamp: "Formatted at 2026-06-30 12:23:58 on dist-test-slave-zz34"
I20260630 12:23:58.877862 13140 fs_report.cc:389] FS layout report
--------------------
wal directory: /tmp/dist-test-taskSk_Tt_/test-tmp/auto_rebalancer-test.0.AutoRebalancerTest.OnlyLeaderDoesAutoRebalancing.1782822237130653-13140-0/minicluster-data/master-2-root
metadata directory: /tmp/dist-test-taskSk_Tt_/test-tmp/auto_rebalancer-test.0.AutoRebalancerTest.OnlyLeaderDoesAutoRebalancing.1782822237130653-13140-0/minicluster-data/master-2-root
1 data directories: /tmp/dist-test-taskSk_Tt_/test-tmp/auto_rebalancer-test.0.AutoRebalancerTest.OnlyLeaderDoesAutoRebalancing.1782822237130653-13140-0/minicluster-data/master-2-root/data
Total live blocks: 0
Total live bytes: 0
Total live bytes (after alignment): 0
Total number of LBM containers: 0 (0 full)
Did not check for missing blocks
Did not check for orphaned blocks
Total full LBM containers with extra space: 0 (0 repaired)
Total full LBM container extra space in bytes: 0 (0 repaired)
Total incomplete LBM containers: 0 (0 repaired)
Total LBM partial records: 0 (0 repaired)
Total corrupted LBM metadata records in RocksDB: 0 (0 repaired)
I20260630 12:23:58.892331 13140 rpc_server.cc:225] running with OpenSSL 1.1.1  11 Sep 2018
I20260630 12:23:58.893576 13140 kserver.cc:163] Server-wide thread pool size limit: 3276
I20260630 12:23:58.903260 13207 consensus_peers.cc:770] Retrying to get permanent uuid for remote peer: member_type: VOTER last_known_addr { host: "127.12.213.60" port: 44993 } attempt: 1
W20260630 12:23:58.908094 13207 consensus_peers.cc:760] Error getting permanent uuid from config peer 127.12.213.60:44993: Network error: Client connection negotiation failed: client connection to 127.12.213.60:44993: connect: Connection refused (error 111)
I20260630 12:23:58.917779 13272 consensus_peers.cc:770] Retrying to get permanent uuid for remote peer: member_type: VOTER last_known_addr { host: "127.12.213.60" port: 44993 } attempt: 1
W20260630 12:23:58.924124 13272 consensus_peers.cc:760] Error getting permanent uuid from config peer 127.12.213.60:44993: Network error: Client connection negotiation failed: client connection to 127.12.213.60:44993: connect: Connection refused (error 111)
I20260630 12:23:58.955644 13207 consensus_peers.cc:770] Retrying to get permanent uuid for remote peer: member_type: VOTER last_known_addr { host: "127.12.213.60" port: 44993 } attempt: 2
W20260630 12:23:58.961956 13207 consensus_peers.cc:760] Error getting permanent uuid from config peer 127.12.213.60:44993: Network error: Client connection negotiation failed: client connection to 127.12.213.60:44993: connect: Connection refused (error 111)
I20260630 12:23:58.963516 13140 rpc_server.cc:307] RPC server started. Bound to: 127.12.213.60:44993
I20260630 12:23:58.963630 13336 acceptor_pool.cc:272] collecting diagnostics on the listening RPC socket 127.12.213.60:44993 every 8 connection(s)
I20260630 12:23:58.967725 13337 data_dirs.cc:400] Could only allocate 1 dirs of requested 3 for tablet 00000000000000000000000000000000. 1 dirs total, 0 dirs full, 0 dirs failed
I20260630 12:23:58.967862 13140 internal_mini_cluster.cc:184] Waiting to initialize catalog manager on master 0
I20260630 12:23:58.973299 13337 sys_catalog.cc:422] member_type: VOTER last_known_addr { host: "127.12.213.62" port: 41651 } has no permanent_uuid. Determining permanent_uuid...
I20260630 12:23:58.985759 13337 sys_catalog.cc:422] member_type: VOTER last_known_addr { host: "127.12.213.61" port: 38437 } has no permanent_uuid. Determining permanent_uuid...
I20260630 12:23:58.995744 13337 sys_catalog.cc:422] member_type: VOTER last_known_addr { host: "127.12.213.60" port: 44993 } has no permanent_uuid. Determining permanent_uuid...
I20260630 12:23:58.999693 13272 consensus_peers.cc:770] Retrying to get permanent uuid for remote peer: member_type: VOTER last_known_addr { host: "127.12.213.60" port: 44993 } attempt: 2
I20260630 12:23:59.018347 13337 tablet_bootstrap.cc:492] T 00000000000000000000000000000000 P 86df54a59996412bad72759efc81a87c: Bootstrap starting.
I20260630 12:23:59.020006 13272 tablet_bootstrap.cc:492] T 00000000000000000000000000000000 P 2a9f01262a3149ed811740ff63d60310: Bootstrap starting.
I20260630 12:23:59.027568 13272 tablet_bootstrap.cc:654] T 00000000000000000000000000000000 P 2a9f01262a3149ed811740ff63d60310: Neither blocks nor log segments found. Creating new log.
I20260630 12:23:59.027560 13337 tablet_bootstrap.cc:654] T 00000000000000000000000000000000 P 86df54a59996412bad72759efc81a87c: Neither blocks nor log segments found. Creating new log.
I20260630 12:23:59.030380 13272 log.cc:826] T 00000000000000000000000000000000 P 2a9f01262a3149ed811740ff63d60310: Log is configured to *not* fsync() on all Append() calls
I20260630 12:23:59.037387 13337 tablet_bootstrap.cc:492] T 00000000000000000000000000000000 P 86df54a59996412bad72759efc81a87c: No bootstrap required, opened a new log
I20260630 12:23:59.037387 13272 tablet_bootstrap.cc:492] T 00000000000000000000000000000000 P 2a9f01262a3149ed811740ff63d60310: No bootstrap required, opened a new log
I20260630 12:23:59.057026 13337 raft_consensus.cc:359] T 00000000000000000000000000000000 P 86df54a59996412bad72759efc81a87c [term 0 FOLLOWER]: Replica starting. Triggering 0 pending ops. Active config: opid_index: -1 OBSOLETE_local: false peers { permanent_uuid: "c58e46550aca4492803b9e9b38a3901a" member_type: VOTER last_known_addr { host: "127.12.213.62" port: 41651 } } peers { permanent_uuid: "2a9f01262a3149ed811740ff63d60310" member_type: VOTER last_known_addr { host: "127.12.213.61" port: 38437 } } peers { permanent_uuid: "86df54a59996412bad72759efc81a87c" member_type: VOTER last_known_addr { host: "127.12.213.60" port: 44993 } }
I20260630 12:23:59.057026 13272 raft_consensus.cc:359] T 00000000000000000000000000000000 P 2a9f01262a3149ed811740ff63d60310 [term 0 FOLLOWER]: Replica starting. Triggering 0 pending ops. Active config: opid_index: -1 OBSOLETE_local: false peers { permanent_uuid: "c58e46550aca4492803b9e9b38a3901a" member_type: VOTER last_known_addr { host: "127.12.213.62" port: 41651 } } peers { permanent_uuid: "2a9f01262a3149ed811740ff63d60310" member_type: VOTER last_known_addr { host: "127.12.213.61" port: 38437 } } peers { permanent_uuid: "86df54a59996412bad72759efc81a87c" member_type: VOTER last_known_addr { host: "127.12.213.60" port: 44993 } }
I20260630 12:23:59.058190 13272 raft_consensus.cc:385] T 00000000000000000000000000000000 P 2a9f01262a3149ed811740ff63d60310 [term 0 FOLLOWER]: Consensus starting up: Expiring failure detector timer to make a prompt election more likely
I20260630 12:23:59.058159 13337 raft_consensus.cc:385] T 00000000000000000000000000000000 P 86df54a59996412bad72759efc81a87c [term 0 FOLLOWER]: Consensus starting up: Expiring failure detector timer to make a prompt election more likely
I20260630 12:23:59.058632 13337 raft_consensus.cc:740] T 00000000000000000000000000000000 P 86df54a59996412bad72759efc81a87c [term 0 FOLLOWER]: Becoming Follower/Learner. State: Replica: 86df54a59996412bad72759efc81a87c, State: Initialized, Role: FOLLOWER
I20260630 12:23:59.058614 13272 raft_consensus.cc:740] T 00000000000000000000000000000000 P 2a9f01262a3149ed811740ff63d60310 [term 0 FOLLOWER]: Becoming Follower/Learner. State: Replica: 2a9f01262a3149ed811740ff63d60310, State: Initialized, Role: FOLLOWER
I20260630 12:23:59.059772 13272 consensus_queue.cc:260] T 00000000000000000000000000000000 P 2a9f01262a3149ed811740ff63d60310 [NON_LEADER]: Queue going to NON_LEADER mode. State: All replicated index: 0, Majority replicated index: 0, Committed index: 0, Last appended: 0.0, Last appended by leader: 0, Current term: 0, Majority size: -1, State: 0, Mode: NON_LEADER, active raft config: opid_index: -1 OBSOLETE_local: false peers { permanent_uuid: "c58e46550aca4492803b9e9b38a3901a" member_type: VOTER last_known_addr { host: "127.12.213.62" port: 41651 } } peers { permanent_uuid: "2a9f01262a3149ed811740ff63d60310" member_type: VOTER last_known_addr { host: "127.12.213.61" port: 38437 } } peers { permanent_uuid: "86df54a59996412bad72759efc81a87c" member_type: VOTER last_known_addr { host: "127.12.213.60" port: 44993 } }
I20260630 12:23:59.059772 13337 consensus_queue.cc:260] T 00000000000000000000000000000000 P 86df54a59996412bad72759efc81a87c [NON_LEADER]: Queue going to NON_LEADER mode. State: All replicated index: 0, Majority replicated index: 0, Committed index: 0, Last appended: 0.0, Last appended by leader: 0, Current term: 0, Majority size: -1, State: 0, Mode: NON_LEADER, active raft config: opid_index: -1 OBSOLETE_local: false peers { permanent_uuid: "c58e46550aca4492803b9e9b38a3901a" member_type: VOTER last_known_addr { host: "127.12.213.62" port: 41651 } } peers { permanent_uuid: "2a9f01262a3149ed811740ff63d60310" member_type: VOTER last_known_addr { host: "127.12.213.61" port: 38437 } } peers { permanent_uuid: "86df54a59996412bad72759efc81a87c" member_type: VOTER last_known_addr { host: "127.12.213.60" port: 44993 } }
I20260630 12:23:59.062865 13207 consensus_peers.cc:770] Retrying to get permanent uuid for remote peer: member_type: VOTER last_known_addr { host: "127.12.213.60" port: 44993 } attempt: 3
I20260630 12:23:59.063887 13344 sys_catalog.cc:455] T 00000000000000000000000000000000 P 86df54a59996412bad72759efc81a87c [sys.catalog]: SysCatalogTable state changed. Reason: RaftConsensus started. Latest consensus state: current_term: 0 committed_config { opid_index: -1 OBSOLETE_local: false peers { permanent_uuid: "c58e46550aca4492803b9e9b38a3901a" member_type: VOTER last_known_addr { host: "127.12.213.62" port: 41651 } } peers { permanent_uuid: "2a9f01262a3149ed811740ff63d60310" member_type: VOTER last_known_addr { host: "127.12.213.61" port: 38437 } } peers { permanent_uuid: "86df54a59996412bad72759efc81a87c" member_type: VOTER last_known_addr { host: "127.12.213.60" port: 44993 } } }
I20260630 12:23:59.064780 13344 sys_catalog.cc:458] T 00000000000000000000000000000000 P 86df54a59996412bad72759efc81a87c [sys.catalog]: This master's current role is: FOLLOWER
I20260630 12:23:59.065891 13345 sys_catalog.cc:455] T 00000000000000000000000000000000 P 2a9f01262a3149ed811740ff63d60310 [sys.catalog]: SysCatalogTable state changed. Reason: RaftConsensus started. Latest consensus state: current_term: 0 committed_config { opid_index: -1 OBSOLETE_local: false peers { permanent_uuid: "c58e46550aca4492803b9e9b38a3901a" member_type: VOTER last_known_addr { host: "127.12.213.62" port: 41651 } } peers { permanent_uuid: "2a9f01262a3149ed811740ff63d60310" member_type: VOTER last_known_addr { host: "127.12.213.61" port: 38437 } } peers { permanent_uuid: "86df54a59996412bad72759efc81a87c" member_type: VOTER last_known_addr { host: "127.12.213.60" port: 44993 } } }
I20260630 12:23:59.066602 13345 sys_catalog.cc:458] T 00000000000000000000000000000000 P 2a9f01262a3149ed811740ff63d60310 [sys.catalog]: This master's current role is: FOLLOWER
I20260630 12:23:59.067655 13272 sys_catalog.cc:565] T 00000000000000000000000000000000 P 2a9f01262a3149ed811740ff63d60310 [sys.catalog]: configured and running, proceeding with master startup.
I20260630 12:23:59.068476 13337 sys_catalog.cc:565] T 00000000000000000000000000000000 P 86df54a59996412bad72759efc81a87c [sys.catalog]: configured and running, proceeding with master startup.
I20260630 12:23:59.086557 13207 tablet_bootstrap.cc:492] T 00000000000000000000000000000000 P c58e46550aca4492803b9e9b38a3901a: Bootstrap starting.
I20260630 12:23:59.094445 13207 tablet_bootstrap.cc:654] T 00000000000000000000000000000000 P c58e46550aca4492803b9e9b38a3901a: Neither blocks nor log segments found. Creating new log.
I20260630 12:23:59.105636 13207 tablet_bootstrap.cc:492] T 00000000000000000000000000000000 P c58e46550aca4492803b9e9b38a3901a: No bootstrap required, opened a new log
W20260630 12:23:59.108920 13365 catalog_manager.cc:1594] T 00000000000000000000000000000000 P 2a9f01262a3149ed811740ff63d60310: loading cluster ID for follower catalog manager: Not found: cluster ID entry not found
W20260630 12:23:59.109310 13365 catalog_manager.cc:883] Not found: cluster ID entry not found: failed to prepare follower catalog manager, will retry
W20260630 12:23:59.109539 13368 catalog_manager.cc:1594] T 00000000000000000000000000000000 P 86df54a59996412bad72759efc81a87c: loading cluster ID for follower catalog manager: Not found: cluster ID entry not found
I20260630 12:23:59.109123 13207 raft_consensus.cc:359] T 00000000000000000000000000000000 P c58e46550aca4492803b9e9b38a3901a [term 0 FOLLOWER]: Replica starting. Triggering 0 pending ops. Active config: opid_index: -1 OBSOLETE_local: false peers { permanent_uuid: "c58e46550aca4492803b9e9b38a3901a" member_type: VOTER last_known_addr { host: "127.12.213.62" port: 41651 } } peers { permanent_uuid: "2a9f01262a3149ed811740ff63d60310" member_type: VOTER last_known_addr { host: "127.12.213.61" port: 38437 } } peers { permanent_uuid: "86df54a59996412bad72759efc81a87c" member_type: VOTER last_known_addr { host: "127.12.213.60" port: 44993 } }
W20260630 12:23:59.109860 13368 catalog_manager.cc:883] Not found: cluster ID entry not found: failed to prepare follower catalog manager, will retry
I20260630 12:23:59.109977 13207 raft_consensus.cc:385] T 00000000000000000000000000000000 P c58e46550aca4492803b9e9b38a3901a [term 0 FOLLOWER]: Consensus starting up: Expiring failure detector timer to make a prompt election more likely
I20260630 12:23:59.110329 13207 raft_consensus.cc:740] T 00000000000000000000000000000000 P c58e46550aca4492803b9e9b38a3901a [term 0 FOLLOWER]: Becoming Follower/Learner. State: Replica: c58e46550aca4492803b9e9b38a3901a, State: Initialized, Role: FOLLOWER
I20260630 12:23:59.111037 13207 consensus_queue.cc:260] T 00000000000000000000000000000000 P c58e46550aca4492803b9e9b38a3901a [NON_LEADER]: Queue going to NON_LEADER mode. State: All replicated index: 0, Majority replicated index: 0, Committed index: 0, Last appended: 0.0, Last appended by leader: 0, Current term: 0, Majority size: -1, State: 0, Mode: NON_LEADER, active raft config: opid_index: -1 OBSOLETE_local: false peers { permanent_uuid: "c58e46550aca4492803b9e9b38a3901a" member_type: VOTER last_known_addr { host: "127.12.213.62" port: 41651 } } peers { permanent_uuid: "2a9f01262a3149ed811740ff63d60310" member_type: VOTER last_known_addr { host: "127.12.213.61" port: 38437 } } peers { permanent_uuid: "86df54a59996412bad72759efc81a87c" member_type: VOTER last_known_addr { host: "127.12.213.60" port: 44993 } }
I20260630 12:23:59.113765 13370 sys_catalog.cc:455] T 00000000000000000000000000000000 P c58e46550aca4492803b9e9b38a3901a [sys.catalog]: SysCatalogTable state changed. Reason: RaftConsensus started. Latest consensus state: current_term: 0 committed_config { opid_index: -1 OBSOLETE_local: false peers { permanent_uuid: "c58e46550aca4492803b9e9b38a3901a" member_type: VOTER last_known_addr { host: "127.12.213.62" port: 41651 } } peers { permanent_uuid: "2a9f01262a3149ed811740ff63d60310" member_type: VOTER last_known_addr { host: "127.12.213.61" port: 38437 } } peers { permanent_uuid: "86df54a59996412bad72759efc81a87c" member_type: VOTER last_known_addr { host: "127.12.213.60" port: 44993 } } }
I20260630 12:23:59.114413 13370 sys_catalog.cc:458] T 00000000000000000000000000000000 P c58e46550aca4492803b9e9b38a3901a [sys.catalog]: This master's current role is: FOLLOWER
I20260630 12:23:59.115269 13207 sys_catalog.cc:565] T 00000000000000000000000000000000 P c58e46550aca4492803b9e9b38a3901a [sys.catalog]: configured and running, proceeding with master startup.
W20260630 12:23:59.127763 13161 tablet.cc:2406] T 00000000000000000000000000000000 P c58e46550aca4492803b9e9b38a3901a: Can't schedule compaction. Clean time has not been advanced past its initial value.
I20260630 12:23:59.138208 13140 internal_mini_cluster.cc:184] Waiting to initialize catalog manager on master 1
I20260630 12:23:59.138506 13140 internal_mini_cluster.cc:184] Waiting to initialize catalog manager on master 2
I20260630 12:23:59.140431 13140 file_cache.cc:492] Constructed file cache file cache with capacity 419430
W20260630 12:23:59.143230 13381 catalog_manager.cc:1594] T 00000000000000000000000000000000 P c58e46550aca4492803b9e9b38a3901a: loading cluster ID for follower catalog manager: Not found: cluster ID entry not found
W20260630 12:23:59.143581 13381 catalog_manager.cc:883] Not found: cluster ID entry not found: failed to prepare follower catalog manager, will retry
W20260630 12:23:59.149907 13382 instance_detector.cc:116] could not retrieve AWS instance metadata: Network error: curl error: HTTP response code said error: The requested URL returned error: 404
W20260630 12:23:59.151073 13383 instance_detector.cc:116] could not retrieve Azure instance metadata: Network error: curl error: HTTP response code said error: The requested URL returned error: 404
I20260630 12:23:59.156260 13140 server_base.cc:1061] running on GCE node
W20260630 12:23:59.156836 13385 instance_detector.cc:116] could not retrieve OpenStack instance metadata: Network error: curl error: HTTP response code said error: The requested URL returned error: 404
I20260630 12:23:59.157792 13140 hybrid_clock.cc:584] initializing the hybrid clock with 'system_unsync' time source
W20260630 12:23:59.157995 13140 system_unsync_time.cc:38] NTP support is disabled. Clock error bounds will not be accurate. This configuration is not suitable for distributed clusters.
I20260630 12:23:59.158255 13140 hybrid_clock.cc:648] HybridClock initialized: now 1782822239158234 us; error 0 us; skew 500 ppm
I20260630 12:23:59.158756 13140 server_base.cc:861] Flag tcmalloc_max_total_thread_cache_bytes is not working since tcmalloc is not enabled.
I20260630 12:23:59.161629 13140 webserver.cc:533] Webserver started at http://127.12.213.1:40653/ using document root <none> and password file <none>
I20260630 12:23:59.162122 13140 fs_manager.cc:362] Metadata directory not provided
I20260630 12:23:59.162386 13140 fs_manager.cc:368] Using write-ahead log directory (fs_wal_dir) as metadata directory
I20260630 12:23:59.162686 13140 server_base.cc:909] This appears to be a new deployment of Kudu; creating new FS layout
I20260630 12:23:59.163837 13140 fs_manager.cc:1068] Generated new instance metadata in path /tmp/dist-test-taskSk_Tt_/test-tmp/auto_rebalancer-test.0.AutoRebalancerTest.OnlyLeaderDoesAutoRebalancing.1782822237130653-13140-0/minicluster-data/ts-0-root/instance:
uuid: "4a76c77c313044249bd32a108f74bfcf"
format_stamp: "Formatted at 2026-06-30 12:23:59 on dist-test-slave-zz34"
I20260630 12:23:59.168639 13140 fs_manager.cc:696] Time spent creating directory manager: real 0.004s	user 0.006s	sys 0.000s
I20260630 12:23:59.172353 13390 log_block_manager.cc:4031] Time spent loading block containers with low live blocks: real 0.000s	user 0.000s	sys 0.000s
I20260630 12:23:59.173210 13140 fs_manager.cc:730] Time spent opening block manager: real 0.003s	user 0.002s	sys 0.000s
I20260630 12:23:59.173496 13140 fs_manager.cc:647] Opened local filesystem: /tmp/dist-test-taskSk_Tt_/test-tmp/auto_rebalancer-test.0.AutoRebalancerTest.OnlyLeaderDoesAutoRebalancing.1782822237130653-13140-0/minicluster-data/ts-0-root
uuid: "4a76c77c313044249bd32a108f74bfcf"
format_stamp: "Formatted at 2026-06-30 12:23:59 on dist-test-slave-zz34"
I20260630 12:23:59.173768 13140 fs_report.cc:389] FS layout report
--------------------
wal directory: /tmp/dist-test-taskSk_Tt_/test-tmp/auto_rebalancer-test.0.AutoRebalancerTest.OnlyLeaderDoesAutoRebalancing.1782822237130653-13140-0/minicluster-data/ts-0-root
metadata directory: /tmp/dist-test-taskSk_Tt_/test-tmp/auto_rebalancer-test.0.AutoRebalancerTest.OnlyLeaderDoesAutoRebalancing.1782822237130653-13140-0/minicluster-data/ts-0-root
1 data directories: /tmp/dist-test-taskSk_Tt_/test-tmp/auto_rebalancer-test.0.AutoRebalancerTest.OnlyLeaderDoesAutoRebalancing.1782822237130653-13140-0/minicluster-data/ts-0-root/data
Total live blocks: 0
Total live bytes: 0
Total live bytes (after alignment): 0
Total number of LBM containers: 0 (0 full)
Did not check for missing blocks
Did not check for orphaned blocks
Total full LBM containers with extra space: 0 (0 repaired)
Total full LBM container extra space in bytes: 0 (0 repaired)
Total incomplete LBM containers: 0 (0 repaired)
Total LBM partial records: 0 (0 repaired)
Total corrupted LBM metadata records in RocksDB: 0 (0 repaired)
I20260630 12:23:59.220006 13140 rpc_server.cc:225] running with OpenSSL 1.1.1  11 Sep 2018
I20260630 12:23:59.221364 13140 kserver.cc:163] Server-wide thread pool size limit: 3276
I20260630 12:23:59.224151 13140 txn_system_client.cc:432] TxnSystemClient initialization is disabled...
I20260630 12:23:59.228665 13140 ts_tablet_manager.cc:585] Loaded tablet metadata (0 total tablets, 0 live tablets)
I20260630 12:23:59.228907 13140 ts_tablet_manager.cc:531] Time spent load tablet metadata: real 0.000s	user 0.000s	sys 0.000s
I20260630 12:23:59.229192 13140 ts_tablet_manager.cc:616] Registered 0 tablets
I20260630 12:23:59.229352 13140 ts_tablet_manager.cc:595] Time spent register tablets: real 0.000s	user 0.000s	sys 0.000s
I20260630 12:23:59.230371 13344 raft_consensus.cc:493] T 00000000000000000000000000000000 P 86df54a59996412bad72759efc81a87c [term 0 FOLLOWER]: Starting pre-election (no leader contacted us within the election timeout)
I20260630 12:23:59.231000 13344 raft_consensus.cc:515] T 00000000000000000000000000000000 P 86df54a59996412bad72759efc81a87c [term 0 FOLLOWER]: Starting pre-election with config: opid_index: -1 OBSOLETE_local: false peers { permanent_uuid: "c58e46550aca4492803b9e9b38a3901a" member_type: VOTER last_known_addr { host: "127.12.213.62" port: 41651 } } peers { permanent_uuid: "2a9f01262a3149ed811740ff63d60310" member_type: VOTER last_known_addr { host: "127.12.213.61" port: 38437 } } peers { permanent_uuid: "86df54a59996412bad72759efc81a87c" member_type: VOTER last_known_addr { host: "127.12.213.60" port: 44993 } }
I20260630 12:23:59.235031 13182 tablet_service.cc:1917] Received RequestConsensusVote() RPC: tablet_id: "00000000000000000000000000000000" candidate_uuid: "86df54a59996412bad72759efc81a87c" candidate_term: 1 candidate_status { last_received { term: 0 index: 0 } } ignore_live_leader: false dest_uuid: "c58e46550aca4492803b9e9b38a3901a" is_pre_election: true
I20260630 12:23:59.235183 13247 tablet_service.cc:1917] Received RequestConsensusVote() RPC: tablet_id: "00000000000000000000000000000000" candidate_uuid: "86df54a59996412bad72759efc81a87c" candidate_term: 1 candidate_status { last_received { term: 0 index: 0 } } ignore_live_leader: false dest_uuid: "2a9f01262a3149ed811740ff63d60310" is_pre_election: true
I20260630 12:23:59.236024 13344 leader_election.cc:290] T 00000000000000000000000000000000 P 86df54a59996412bad72759efc81a87c [CANDIDATE]: Term 1 pre-election: Requested pre-vote from peers c58e46550aca4492803b9e9b38a3901a (127.12.213.62:41651), 2a9f01262a3149ed811740ff63d60310 (127.12.213.61:38437)
I20260630 12:23:59.235948 13182 raft_consensus.cc:2468] T 00000000000000000000000000000000 P c58e46550aca4492803b9e9b38a3901a [term 0 FOLLOWER]: Leader pre-election vote request: Granting yes vote for candidate 86df54a59996412bad72759efc81a87c in term 0.
I20260630 12:23:59.235945 13247 raft_consensus.cc:2468] T 00000000000000000000000000000000 P 2a9f01262a3149ed811740ff63d60310 [term 0 FOLLOWER]: Leader pre-election vote request: Granting yes vote for candidate 86df54a59996412bad72759efc81a87c in term 0.
I20260630 12:23:59.237828 13289 leader_election.cc:304] T 00000000000000000000000000000000 P 86df54a59996412bad72759efc81a87c [CANDIDATE]: Term 1 pre-election: Election decided. Result: candidate won. Election summary: received 2 responses out of 3 voters: 2 yes votes; 0 no votes. yes voters: 86df54a59996412bad72759efc81a87c, c58e46550aca4492803b9e9b38a3901a; no voters: 
I20260630 12:23:59.238837 13344 raft_consensus.cc:2804] T 00000000000000000000000000000000 P 86df54a59996412bad72759efc81a87c [term 0 FOLLOWER]: Leader pre-election won for term 1
I20260630 12:23:59.239225 13344 raft_consensus.cc:493] T 00000000000000000000000000000000 P 86df54a59996412bad72759efc81a87c [term 0 FOLLOWER]: Starting leader election (no leader contacted us within the election timeout)
I20260630 12:23:59.239557 13344 raft_consensus.cc:3060] T 00000000000000000000000000000000 P 86df54a59996412bad72759efc81a87c [term 0 FOLLOWER]: Advancing to term 1
I20260630 12:23:59.247226 13344 raft_consensus.cc:515] T 00000000000000000000000000000000 P 86df54a59996412bad72759efc81a87c [term 1 FOLLOWER]: Starting leader election with config: opid_index: -1 OBSOLETE_local: false peers { permanent_uuid: "c58e46550aca4492803b9e9b38a3901a" member_type: VOTER last_known_addr { host: "127.12.213.62" port: 41651 } } peers { permanent_uuid: "2a9f01262a3149ed811740ff63d60310" member_type: VOTER last_known_addr { host: "127.12.213.61" port: 38437 } } peers { permanent_uuid: "86df54a59996412bad72759efc81a87c" member_type: VOTER last_known_addr { host: "127.12.213.60" port: 44993 } }
I20260630 12:23:59.250334 13182 tablet_service.cc:1917] Received RequestConsensusVote() RPC: tablet_id: "00000000000000000000000000000000" candidate_uuid: "86df54a59996412bad72759efc81a87c" candidate_term: 1 candidate_status { last_received { term: 0 index: 0 } } ignore_live_leader: false dest_uuid: "c58e46550aca4492803b9e9b38a3901a"
I20260630 12:23:59.251107 13182 raft_consensus.cc:3060] T 00000000000000000000000000000000 P c58e46550aca4492803b9e9b38a3901a [term 0 FOLLOWER]: Advancing to term 1
I20260630 12:23:59.251470 13247 tablet_service.cc:1917] Received RequestConsensusVote() RPC: tablet_id: "00000000000000000000000000000000" candidate_uuid: "86df54a59996412bad72759efc81a87c" candidate_term: 1 candidate_status { last_received { term: 0 index: 0 } } ignore_live_leader: false dest_uuid: "2a9f01262a3149ed811740ff63d60310"
I20260630 12:23:59.252079 13247 raft_consensus.cc:3060] T 00000000000000000000000000000000 P 2a9f01262a3149ed811740ff63d60310 [term 0 FOLLOWER]: Advancing to term 1
I20260630 12:23:59.259148 13247 raft_consensus.cc:2468] T 00000000000000000000000000000000 P 2a9f01262a3149ed811740ff63d60310 [term 1 FOLLOWER]: Leader election vote request: Granting yes vote for candidate 86df54a59996412bad72759efc81a87c in term 1.
I20260630 12:23:59.262658 13182 raft_consensus.cc:2468] T 00000000000000000000000000000000 P c58e46550aca4492803b9e9b38a3901a [term 1 FOLLOWER]: Leader election vote request: Granting yes vote for candidate 86df54a59996412bad72759efc81a87c in term 1.
I20260630 12:23:59.263041 13287 leader_election.cc:304] T 00000000000000000000000000000000 P 86df54a59996412bad72759efc81a87c [CANDIDATE]: Term 1 election: Election decided. Result: candidate won. Election summary: received 2 responses out of 3 voters: 2 yes votes; 0 no votes. yes voters: 2a9f01262a3149ed811740ff63d60310, 86df54a59996412bad72759efc81a87c; no voters: 
I20260630 12:23:59.260076 13344 leader_election.cc:290] T 00000000000000000000000000000000 P 86df54a59996412bad72759efc81a87c [CANDIDATE]: Term 1 election: Requested vote from peers c58e46550aca4492803b9e9b38a3901a (127.12.213.62:41651), 2a9f01262a3149ed811740ff63d60310 (127.12.213.61:38437)
I20260630 12:23:59.264357 13344 raft_consensus.cc:2804] T 00000000000000000000000000000000 P 86df54a59996412bad72759efc81a87c [term 1 FOLLOWER]: Leader election won for term 1
I20260630 12:23:59.267059 13344 raft_consensus.cc:697] T 00000000000000000000000000000000 P 86df54a59996412bad72759efc81a87c [term 1 LEADER]: Becoming Leader. State: Replica: 86df54a59996412bad72759efc81a87c, State: Running, Role: LEADER
I20260630 12:23:59.268364 13344 consensus_queue.cc:237] T 00000000000000000000000000000000 P 86df54a59996412bad72759efc81a87c [LEADER]: Queue going to LEADER mode. State: All replicated index: 0, Majority replicated index: 0, Committed index: 0, Last appended: 0.0, Last appended by leader: 0, Current term: 1, Majority size: 2, State: 0, Mode: LEADER, active raft config: opid_index: -1 OBSOLETE_local: false peers { permanent_uuid: "c58e46550aca4492803b9e9b38a3901a" member_type: VOTER last_known_addr { host: "127.12.213.62" port: 41651 } } peers { permanent_uuid: "2a9f01262a3149ed811740ff63d60310" member_type: VOTER last_known_addr { host: "127.12.213.61" port: 38437 } } peers { permanent_uuid: "86df54a59996412bad72759efc81a87c" member_type: VOTER last_known_addr { host: "127.12.213.60" port: 44993 } }
I20260630 12:23:59.283309 13404 sys_catalog.cc:455] T 00000000000000000000000000000000 P 86df54a59996412bad72759efc81a87c [sys.catalog]: SysCatalogTable state changed. Reason: New leader 86df54a59996412bad72759efc81a87c. Latest consensus state: current_term: 1 leader_uuid: "86df54a59996412bad72759efc81a87c" committed_config { opid_index: -1 OBSOLETE_local: false peers { permanent_uuid: "c58e46550aca4492803b9e9b38a3901a" member_type: VOTER last_known_addr { host: "127.12.213.62" port: 41651 } } peers { permanent_uuid: "2a9f01262a3149ed811740ff63d60310" member_type: VOTER last_known_addr { host: "127.12.213.61" port: 38437 } } peers { permanent_uuid: "86df54a59996412bad72759efc81a87c" member_type: VOTER last_known_addr { host: "127.12.213.60" port: 44993 } } }
I20260630 12:23:59.284323 13404 sys_catalog.cc:458] T 00000000000000000000000000000000 P 86df54a59996412bad72759efc81a87c [sys.catalog]: This master's current role is: LEADER
I20260630 12:23:59.293349 13413 catalog_manager.cc:1511] Loading table and tablet metadata into memory...
I20260630 12:23:59.301731 13413 catalog_manager.cc:1520] Initializing Kudu cluster ID...
I20260630 12:23:59.321489 13247 raft_consensus.cc:1275] T 00000000000000000000000000000000 P 2a9f01262a3149ed811740ff63d60310 [term 1 FOLLOWER]: Refusing update from remote peer 86df54a59996412bad72759efc81a87c: Log matching property violated. Preceding OpId in replica: term: 0 index: 0. Preceding OpId from leader: term: 1 index: 2. (index mismatch)
I20260630 12:23:59.324589 13182 raft_consensus.cc:1275] T 00000000000000000000000000000000 P c58e46550aca4492803b9e9b38a3901a [term 1 FOLLOWER]: Refusing update from remote peer 86df54a59996412bad72759efc81a87c: Log matching property violated. Preceding OpId in replica: term: 0 index: 0. Preceding OpId from leader: term: 1 index: 2. (index mismatch)
I20260630 12:23:59.326529 13404 consensus_queue.cc:1048] T 00000000000000000000000000000000 P 86df54a59996412bad72759efc81a87c [LEADER]: Connected to new peer: Peer: permanent_uuid: "2a9f01262a3149ed811740ff63d60310" member_type: VOTER last_known_addr { host: "127.12.213.61" port: 38437 }, Status: LMP_MISMATCH, Last received: 0.0, Next index: 1, Last known committed idx: 0, Time since last communication: 0.000s
I20260630 12:23:59.327325 13344 consensus_queue.cc:1048] T 00000000000000000000000000000000 P 86df54a59996412bad72759efc81a87c [LEADER]: Connected to new peer: Peer: permanent_uuid: "c58e46550aca4492803b9e9b38a3901a" member_type: VOTER last_known_addr { host: "127.12.213.62" port: 41651 }, Status: LMP_MISMATCH, Last received: 0.0, Next index: 1, Last known committed idx: 0, Time since last communication: 0.000s
I20260630 12:23:59.355074 13370 sys_catalog.cc:455] T 00000000000000000000000000000000 P c58e46550aca4492803b9e9b38a3901a [sys.catalog]: SysCatalogTable state changed. Reason: New leader 86df54a59996412bad72759efc81a87c. Latest consensus state: current_term: 1 leader_uuid: "86df54a59996412bad72759efc81a87c" committed_config { opid_index: -1 OBSOLETE_local: false peers { permanent_uuid: "c58e46550aca4492803b9e9b38a3901a" member_type: VOTER last_known_addr { host: "127.12.213.62" port: 41651 } } peers { permanent_uuid: "2a9f01262a3149ed811740ff63d60310" member_type: VOTER last_known_addr { host: "127.12.213.61" port: 38437 } } peers { permanent_uuid: "86df54a59996412bad72759efc81a87c" member_type: VOTER last_known_addr { host: "127.12.213.60" port: 44993 } } }
I20260630 12:23:59.356930 13370 sys_catalog.cc:458] T 00000000000000000000000000000000 P c58e46550aca4492803b9e9b38a3901a [sys.catalog]: This master's current role is: FOLLOWER
I20260630 12:23:59.362035 13425 mvcc.cc:204] Tried to move back new op lower bound from 7302439892240736256 to 7302439892057591808. Current Snapshot: MvccSnapshot[applied={T|T < 7302439892240736256}]
I20260630 12:23:59.370095 13370 sys_catalog.cc:455] T 00000000000000000000000000000000 P c58e46550aca4492803b9e9b38a3901a [sys.catalog]: SysCatalogTable state changed. Reason: Replicated consensus-only round. Latest consensus state: current_term: 1 leader_uuid: "86df54a59996412bad72759efc81a87c" committed_config { opid_index: -1 OBSOLETE_local: false peers { permanent_uuid: "c58e46550aca4492803b9e9b38a3901a" member_type: VOTER last_known_addr { host: "127.12.213.62" port: 41651 } } peers { permanent_uuid: "2a9f01262a3149ed811740ff63d60310" member_type: VOTER last_known_addr { host: "127.12.213.61" port: 38437 } } peers { permanent_uuid: "86df54a59996412bad72759efc81a87c" member_type: VOTER last_known_addr { host: "127.12.213.60" port: 44993 } } }
I20260630 12:23:59.370883 13370 sys_catalog.cc:458] T 00000000000000000000000000000000 P c58e46550aca4492803b9e9b38a3901a [sys.catalog]: This master's current role is: FOLLOWER
I20260630 12:23:59.373337 13345 sys_catalog.cc:455] T 00000000000000000000000000000000 P 2a9f01262a3149ed811740ff63d60310 [sys.catalog]: SysCatalogTable state changed. Reason: New leader 86df54a59996412bad72759efc81a87c. Latest consensus state: current_term: 1 leader_uuid: "86df54a59996412bad72759efc81a87c" committed_config { opid_index: -1 OBSOLETE_local: false peers { permanent_uuid: "c58e46550aca4492803b9e9b38a3901a" member_type: VOTER last_known_addr { host: "127.12.213.62" port: 41651 } } peers { permanent_uuid: "2a9f01262a3149ed811740ff63d60310" member_type: VOTER last_known_addr { host: "127.12.213.61" port: 38437 } } peers { permanent_uuid: "86df54a59996412bad72759efc81a87c" member_type: VOTER last_known_addr { host: "127.12.213.60" port: 44993 } } }
I20260630 12:23:59.374336 13345 sys_catalog.cc:458] T 00000000000000000000000000000000 P 2a9f01262a3149ed811740ff63d60310 [sys.catalog]: This master's current role is: FOLLOWER
I20260630 12:23:59.380927 13413 catalog_manager.cc:1383] Generated new cluster ID: 4e19dc1e54fa4a01af37c1433445f712
I20260630 12:23:59.381376 13413 catalog_manager.cc:1531] Initializing Kudu internal certificate authority...
