I20260630 12:24:39.032099  9422 tablet_copy_service.cc:161] P 34b9a0a9bb13400a8c7e4b563f32ba7d: Beginning new tablet copy session on tablet 5cb66fe7015a4b8b8882e8220e681b02 from peer f20316ac2d6b476ea4020a699d3519c9 at {username='slave'} at 127.0.0.1:45974: session id = f20316ac2d6b476ea4020a699d3519c9-5cb66fe7015a4b8b8882e8220e681b02
I20260630 12:24:39.032601  9670 consensus_queue.cc:1048] T 5c7909c629bf4153a412d9c7d8e59a6c P a58fff6388464261980ea0e9af0f9ac0 [LEADER]: Connected to new peer: Peer: permanent_uuid: "f20316ac2d6b476ea4020a699d3519c9" member_type: VOTER last_known_addr { host: "127.6.21.4" port: 36185 }, Status: LMP_MISMATCH, Last received: 0.0, Next index: 2, Last known committed idx: 1, Time since last communication: 0.001s
I20260630 12:24:39.046849  9422 tablet_copy_source_session.cc:215] T 5cb66fe7015a4b8b8882e8220e681b02 P 34b9a0a9bb13400a8c7e4b563f32ba7d: Tablet Copy: opened 0 blocks and 1 log segments
I20260630 12:24:39.056852  9725 data_dirs.cc:400] Could only allocate 1 dirs of requested 3 for tablet 5cb66fe7015a4b8b8882e8220e681b02. 1 dirs total, 0 dirs full, 0 dirs failed
I20260630 12:24:39.062541  9262 raft_consensus.cc:1275] T 5c7909c629bf4153a412d9c7d8e59a6c P f097d3a149544376b9994d6a4039b091 [term 2 FOLLOWER]: Refusing update from remote peer a58fff6388464261980ea0e9af0f9ac0: Log matching property violated. Preceding OpId in replica: term: 1 index: 1. Preceding OpId from leader: term: 2 index: 2. (index mismatch)
I20260630 12:24:39.074232  9621 consensus_queue.cc:1048] T 5c7909c629bf4153a412d9c7d8e59a6c P a58fff6388464261980ea0e9af0f9ac0 [LEADER]: Connected to new peer: Peer: permanent_uuid: "f097d3a149544376b9994d6a4039b091" member_type: VOTER last_known_addr { host: "127.6.21.1" port: 33699 }, Status: LMP_MISMATCH, Last received: 0.0, Next index: 2, Last known committed idx: 1, Time since last communication: 0.001s
I20260630 12:24:39.104856  9725 tablet_copy_client.cc:806] T 5cb66fe7015a4b8b8882e8220e681b02 P f20316ac2d6b476ea4020a699d3519c9: tablet copy: Starting download of 0 data blocks...
I20260630 12:24:39.105948  9725 tablet_copy_client.cc:670] T 5cb66fe7015a4b8b8882e8220e681b02 P f20316ac2d6b476ea4020a699d3519c9: tablet copy: Starting download of 1 WAL segments...
I20260630 12:24:39.112006  9725 tablet_copy_client.cc:538] T 5cb66fe7015a4b8b8882e8220e681b02 P f20316ac2d6b476ea4020a699d3519c9: tablet copy: Tablet Copy complete. Replacing tablet superblock.
I20260630 12:24:39.135124  9725 tablet_bootstrap.cc:492] T 5cb66fe7015a4b8b8882e8220e681b02 P f20316ac2d6b476ea4020a699d3519c9: Bootstrap starting.
I20260630 12:24:39.172873  9725 tablet_bootstrap.cc:492] T 5cb66fe7015a4b8b8882e8220e681b02 P f20316ac2d6b476ea4020a699d3519c9: Bootstrap replayed 1/1 log segments. Stats: ops{read=2 overwritten=0 applied=2 ignored=0} inserts{seen=0 ignored=0} mutations{seen=0 ignored=0} orphaned_commits=0. Pending: 0 replicates
I20260630 12:24:39.173988  9725 tablet_bootstrap.cc:492] T 5cb66fe7015a4b8b8882e8220e681b02 P f20316ac2d6b476ea4020a699d3519c9: Bootstrap complete.
I20260630 12:24:39.174818  9725 ts_tablet_manager.cc:1403] T 5cb66fe7015a4b8b8882e8220e681b02 P f20316ac2d6b476ea4020a699d3519c9: Time spent bootstrapping tablet: real 0.040s	user 0.031s	sys 0.009s
I20260630 12:24:39.182824  9725 raft_consensus.cc:359] T 5cb66fe7015a4b8b8882e8220e681b02 P f20316ac2d6b476ea4020a699d3519c9 [term 1 LEARNER]: Replica starting. Triggering 0 pending ops. Active config: opid_index: 2 OBSOLETE_local: false peers { permanent_uuid: "f097d3a149544376b9994d6a4039b091" member_type: VOTER last_known_addr { host: "127.6.21.1" port: 33699 } attrs { replace: true } } peers { permanent_uuid: "a58fff6388464261980ea0e9af0f9ac0" member_type: VOTER last_known_addr { host: "127.6.21.2" port: 40379 } } peers { permanent_uuid: "34b9a0a9bb13400a8c7e4b563f32ba7d" member_type: VOTER last_known_addr { host: "127.6.21.3" port: 44693 } } peers { permanent_uuid: "f20316ac2d6b476ea4020a699d3519c9" member_type: NON_VOTER last_known_addr { host: "127.6.21.4" port: 36185 } attrs { promote: true } }
I20260630 12:24:39.185397  9725 raft_consensus.cc:740] T 5cb66fe7015a4b8b8882e8220e681b02 P f20316ac2d6b476ea4020a699d3519c9 [term 1 LEARNER]: Becoming Follower/Learner. State: Replica: f20316ac2d6b476ea4020a699d3519c9, State: Initialized, Role: LEARNER
I20260630 12:24:39.186818  9725 consensus_queue.cc:260] T 5cb66fe7015a4b8b8882e8220e681b02 P f20316ac2d6b476ea4020a699d3519c9 [NON_LEADER]: Queue going to NON_LEADER mode. State: All replicated index: 0, Majority replicated index: 0, Committed index: 2, Last appended: 1.2, Last appended by leader: 2, Current term: 0, Majority size: -1, State: 0, Mode: NON_LEADER, active raft config: opid_index: 2 OBSOLETE_local: false peers { permanent_uuid: "f097d3a149544376b9994d6a4039b091" member_type: VOTER last_known_addr { host: "127.6.21.1" port: 33699 } attrs { replace: true } } peers { permanent_uuid: "a58fff6388464261980ea0e9af0f9ac0" member_type: VOTER last_known_addr { host: "127.6.21.2" port: 40379 } } peers { permanent_uuid: "34b9a0a9bb13400a8c7e4b563f32ba7d" member_type: VOTER last_known_addr { host: "127.6.21.3" port: 44693 } } peers { permanent_uuid: "f20316ac2d6b476ea4020a699d3519c9" member_type: NON_VOTER last_known_addr { host: "127.6.21.4" port: 36185 } attrs { promote: true } }
I20260630 12:24:39.190478  9725 ts_tablet_manager.cc:1434] T 5cb66fe7015a4b8b8882e8220e681b02 P f20316ac2d6b476ea4020a699d3519c9: Time spent starting tablet: real 0.015s	user 0.005s	sys 0.007s
I20260630 12:24:39.193935  9422 tablet_copy_service.cc:342] P 34b9a0a9bb13400a8c7e4b563f32ba7d: Request end of tablet copy session f20316ac2d6b476ea4020a699d3519c9-5cb66fe7015a4b8b8882e8220e681b02 received from {username='slave'} at 127.0.0.1:45974
I20260630 12:24:39.194540  9422 tablet_copy_service.cc:434] P 34b9a0a9bb13400a8c7e4b563f32ba7d: ending tablet copy session f20316ac2d6b476ea4020a699d3519c9-5cb66fe7015a4b8b8882e8220e681b02 on tablet 5cb66fe7015a4b8b8882e8220e681b02 with peer f20316ac2d6b476ea4020a699d3519c9
I20260630 12:24:39.285641  9582 raft_consensus.cc:1217] T c563590ca67044498073a0c428dbda7a P f20316ac2d6b476ea4020a699d3519c9 [term 1 LEARNER]: Deduplicated request from leader. Original: 1.1->[1.2-1.2]   Dedup: 1.2->[]
I20260630 12:24:39.332425  9262 raft_consensus.cc:1275] T 01595082964c4cb29db4fc65009a8e95 P f097d3a149544376b9994d6a4039b091 [term 2 FOLLOWER]: Refusing update from remote peer f20316ac2d6b476ea4020a699d3519c9: Log matching property violated. Preceding OpId in replica: term: 1 index: 1. Preceding OpId from leader: term: 2 index: 2. (index mismatch)
I20260630 12:24:39.335062  9659 consensus_queue.cc:1048] T 01595082964c4cb29db4fc65009a8e95 P f20316ac2d6b476ea4020a699d3519c9 [LEADER]: Connected to new peer: Peer: permanent_uuid: "f097d3a149544376b9994d6a4039b091" member_type: VOTER last_known_addr { host: "127.6.21.1" port: 33699 }, Status: LMP_MISMATCH, Last received: 0.0, Next index: 2, Last known committed idx: 1, Time since last communication: 0.001s
I20260630 12:24:39.366333  9337 raft_consensus.cc:1275] T 01595082964c4cb29db4fc65009a8e95 P a58fff6388464261980ea0e9af0f9ac0 [term 2 FOLLOWER]: Refusing update from remote peer f20316ac2d6b476ea4020a699d3519c9: Log matching property violated. Preceding OpId in replica: term: 1 index: 1. Preceding OpId from leader: term: 2 index: 2. (index mismatch)
I20260630 12:24:39.370790  9742 consensus_queue.cc:1048] T 01595082964c4cb29db4fc65009a8e95 P f20316ac2d6b476ea4020a699d3519c9 [LEADER]: Connected to new peer: Peer: permanent_uuid: "a58fff6388464261980ea0e9af0f9ac0" member_type: VOTER last_known_addr { host: "127.6.21.2" port: 40379 }, Status: LMP_MISMATCH, Last received: 0.0, Next index: 2, Last known committed idx: 1, Time since last communication: 0.002s
I20260630 12:24:39.476332  9582 raft_consensus.cc:1217] T 5d5b9b7ef36443c39ea18cd875fbc68b P f20316ac2d6b476ea4020a699d3519c9 [term 1 LEARNER]: Deduplicated request from leader. Original: 1.1->[1.2-1.2]   Dedup: 1.2->[]
I20260630 12:24:39.499383  9583 raft_consensus.cc:1217] T 5cb66fe7015a4b8b8882e8220e681b02 P f20316ac2d6b476ea4020a699d3519c9 [term 1 LEARNER]: Deduplicated request from leader. Original: 1.1->[1.2-1.2]   Dedup: 1.2->[]
I20260630 12:24:39.692318  9525 raft_consensus.cc:1064] T c563590ca67044498073a0c428dbda7a P 34b9a0a9bb13400a8c7e4b563f32ba7d: attempting to promote NON_VOTER f20316ac2d6b476ea4020a699d3519c9 to VOTER
I20260630 12:24:39.696890  9525 consensus_queue.cc:237] T c563590ca67044498073a0c428dbda7a P 34b9a0a9bb13400a8c7e4b563f32ba7d [LEADER]: Queue going to LEADER mode. State: All replicated index: 0, Majority replicated index: 2, Committed index: 2, Last appended: 1.2, Last appended by leader: 0, Current term: 1, Majority size: 3, State: 0, Mode: LEADER, active raft config: opid_index: 3 OBSOLETE_local: false peers { permanent_uuid: "f097d3a149544376b9994d6a4039b091" member_type: VOTER last_known_addr { host: "127.6.21.1" port: 33699 } attrs { replace: true } } peers { permanent_uuid: "a58fff6388464261980ea0e9af0f9ac0" member_type: VOTER last_known_addr { host: "127.6.21.2" port: 40379 } } peers { permanent_uuid: "34b9a0a9bb13400a8c7e4b563f32ba7d" member_type: VOTER last_known_addr { host: "127.6.21.3" port: 44693 } } peers { permanent_uuid: "f20316ac2d6b476ea4020a699d3519c9" member_type: VOTER last_known_addr { host: "127.6.21.4" port: 36185 } attrs { promote: false } }
I20260630 12:24:39.711042  9582 raft_consensus.cc:1275] T c563590ca67044498073a0c428dbda7a P f20316ac2d6b476ea4020a699d3519c9 [term 1 LEARNER]: Refusing update from remote peer 34b9a0a9bb13400a8c7e4b563f32ba7d: Log matching property violated. Preceding OpId in replica: term: 1 index: 2. Preceding OpId from leader: term: 1 index: 3. (index mismatch)
I20260630 12:24:39.714269  9338 raft_consensus.cc:1275] T c563590ca67044498073a0c428dbda7a P a58fff6388464261980ea0e9af0f9ac0 [term 1 FOLLOWER]: Refusing update from remote peer 34b9a0a9bb13400a8c7e4b563f32ba7d: Log matching property violated. Preceding OpId in replica: term: 1 index: 2. Preceding OpId from leader: term: 1 index: 3. (index mismatch)
I20260630 12:24:39.717020  9525 consensus_queue.cc:1048] T c563590ca67044498073a0c428dbda7a P 34b9a0a9bb13400a8c7e4b563f32ba7d [LEADER]: Connected to new peer: Peer: permanent_uuid: "a58fff6388464261980ea0e9af0f9ac0" member_type: VOTER last_known_addr { host: "127.6.21.2" port: 40379 }, Status: LMP_MISMATCH, Last received: 0.0, Next index: 3, Last known committed idx: 2, Time since last communication: 0.001s
I20260630 12:24:39.717850  9262 raft_consensus.cc:1275] T c563590ca67044498073a0c428dbda7a P f097d3a149544376b9994d6a4039b091 [term 1 FOLLOWER]: Refusing update from remote peer 34b9a0a9bb13400a8c7e4b563f32ba7d: Log matching property violated. Preceding OpId in replica: term: 1 index: 2. Preceding OpId from leader: term: 1 index: 3. (index mismatch)
I20260630 12:24:39.718698  9706 consensus_queue.cc:1048] T c563590ca67044498073a0c428dbda7a P 34b9a0a9bb13400a8c7e4b563f32ba7d [LEADER]: Connected to new peer: Peer: permanent_uuid: "f20316ac2d6b476ea4020a699d3519c9" member_type: VOTER last_known_addr { host: "127.6.21.4" port: 36185 } attrs { promote: false }, Status: LMP_MISMATCH, Last received: 0.0, Next index: 3, Last known committed idx: 2, Time since last communication: 0.001s
I20260630 12:24:39.720518  9679 consensus_queue.cc:1048] T c563590ca67044498073a0c428dbda7a P 34b9a0a9bb13400a8c7e4b563f32ba7d [LEADER]: Connected to new peer: Peer: permanent_uuid: "f097d3a149544376b9994d6a4039b091" member_type: VOTER last_known_addr { host: "127.6.21.1" port: 33699 } attrs { replace: true }, Status: LMP_MISMATCH, Last received: 0.0, Next index: 3, Last known committed idx: 2, Time since last communication: 0.001s
I20260630 12:24:39.748827  9679 raft_consensus.cc:2955] T c563590ca67044498073a0c428dbda7a P 34b9a0a9bb13400a8c7e4b563f32ba7d [term 1 LEADER]: Committing config change with OpId 1.3: config changed from index 2 to 3, f20316ac2d6b476ea4020a699d3519c9 (127.6.21.4) changed from NON_VOTER to VOTER. New config: { opid_index: 3 OBSOLETE_local: false peers { permanent_uuid: "f097d3a149544376b9994d6a4039b091" member_type: VOTER last_known_addr { host: "127.6.21.1" port: 33699 } attrs { replace: true } } peers { permanent_uuid: "a58fff6388464261980ea0e9af0f9ac0" member_type: VOTER last_known_addr { host: "127.6.21.2" port: 40379 } } peers { permanent_uuid: "34b9a0a9bb13400a8c7e4b563f32ba7d" member_type: VOTER last_known_addr { host: "127.6.21.3" port: 44693 } } peers { permanent_uuid: "f20316ac2d6b476ea4020a699d3519c9" member_type: VOTER last_known_addr { host: "127.6.21.4" port: 36185 } attrs { promote: false } } }
I20260630 12:24:39.761859  9338 raft_consensus.cc:2955] T c563590ca67044498073a0c428dbda7a P a58fff6388464261980ea0e9af0f9ac0 [term 1 FOLLOWER]: Committing config change with OpId 1.3: config changed from index 2 to 3, f20316ac2d6b476ea4020a699d3519c9 (127.6.21.4) changed from NON_VOTER to VOTER. New config: { opid_index: 3 OBSOLETE_local: false peers { permanent_uuid: "f097d3a149544376b9994d6a4039b091" member_type: VOTER last_known_addr { host: "127.6.21.1" port: 33699 } attrs { replace: true } } peers { permanent_uuid: "a58fff6388464261980ea0e9af0f9ac0" member_type: VOTER last_known_addr { host: "127.6.21.2" port: 40379 } } peers { permanent_uuid: "34b9a0a9bb13400a8c7e4b563f32ba7d" member_type: VOTER last_known_addr { host: "127.6.21.3" port: 44693 } } peers { permanent_uuid: "f20316ac2d6b476ea4020a699d3519c9" member_type: VOTER last_known_addr { host: "127.6.21.4" port: 36185 } attrs { promote: false } } }
I20260630 12:24:39.779338  9582 raft_consensus.cc:2955] T c563590ca67044498073a0c428dbda7a P f20316ac2d6b476ea4020a699d3519c9 [term 1 FOLLOWER]: Committing config change with OpId 1.3: config changed from index 2 to 3, f20316ac2d6b476ea4020a699d3519c9 (127.6.21.4) changed from NON_VOTER to VOTER. New config: { opid_index: 3 OBSOLETE_local: false peers { permanent_uuid: "f097d3a149544376b9994d6a4039b091" member_type: VOTER last_known_addr { host: "127.6.21.1" port: 33699 } attrs { replace: true } } peers { permanent_uuid: "a58fff6388464261980ea0e9af0f9ac0" member_type: VOTER last_known_addr { host: "127.6.21.2" port: 40379 } } peers { permanent_uuid: "34b9a0a9bb13400a8c7e4b563f32ba7d" member_type: VOTER last_known_addr { host: "127.6.21.3" port: 44693 } } peers { permanent_uuid: "f20316ac2d6b476ea4020a699d3519c9" member_type: VOTER last_known_addr { host: "127.6.21.4" port: 36185 } attrs { promote: false } } }
I20260630 12:24:39.798449  9159 catalog_manager.cc:5697] T c563590ca67044498073a0c428dbda7a P a58fff6388464261980ea0e9af0f9ac0 reported cstate change: config changed from index 2 to 3, f20316ac2d6b476ea4020a699d3519c9 (127.6.21.4) changed from NON_VOTER to VOTER. New cstate: current_term: 1 leader_uuid: "34b9a0a9bb13400a8c7e4b563f32ba7d" committed_config { opid_index: 3 OBSOLETE_local: false peers { permanent_uuid: "f097d3a149544376b9994d6a4039b091" member_type: VOTER last_known_addr { host: "127.6.21.1" port: 33699 } attrs { replace: true } } peers { permanent_uuid: "a58fff6388464261980ea0e9af0f9ac0" member_type: VOTER last_known_addr { host: "127.6.21.2" port: 40379 } } peers { permanent_uuid: "34b9a0a9bb13400a8c7e4b563f32ba7d" member_type: VOTER last_known_addr { host: "127.6.21.3" port: 44693 } } peers { permanent_uuid: "f20316ac2d6b476ea4020a699d3519c9" member_type: VOTER last_known_addr { host: "127.6.21.4" port: 36185 } attrs { promote: false } } }
I20260630 12:24:39.811553  9262 raft_consensus.cc:2955] T c563590ca67044498073a0c428dbda7a P f097d3a149544376b9994d6a4039b091 [term 1 FOLLOWER]: Committing config change with OpId 1.3: config changed from index 2 to 3, f20316ac2d6b476ea4020a699d3519c9 (127.6.21.4) changed from NON_VOTER to VOTER. New config: { opid_index: 3 OBSOLETE_local: false peers { permanent_uuid: "f097d3a149544376b9994d6a4039b091" member_type: VOTER last_known_addr { host: "127.6.21.1" port: 33699 } attrs { replace: true } } peers { permanent_uuid: "a58fff6388464261980ea0e9af0f9ac0" member_type: VOTER last_known_addr { host: "127.6.21.2" port: 40379 } } peers { permanent_uuid: "34b9a0a9bb13400a8c7e4b563f32ba7d" member_type: VOTER last_known_addr { host: "127.6.21.3" port: 44693 } } peers { permanent_uuid: "f20316ac2d6b476ea4020a699d3519c9" member_type: VOTER last_known_addr { host: "127.6.21.4" port: 36185 } attrs { promote: false } } }
I20260630 12:24:39.838600  9412 consensus_queue.cc:237] T c563590ca67044498073a0c428dbda7a P 34b9a0a9bb13400a8c7e4b563f32ba7d [LEADER]: Queue going to LEADER mode. State: All replicated index: 0, Majority replicated index: 3, Committed index: 3, Last appended: 1.3, Last appended by leader: 0, Current term: 1, Majority size: 2, State: 0, Mode: LEADER, active raft config: opid_index: 4 OBSOLETE_local: false peers { permanent_uuid: "a58fff6388464261980ea0e9af0f9ac0" member_type: VOTER last_known_addr { host: "127.6.21.2" port: 40379 } } peers { permanent_uuid: "34b9a0a9bb13400a8c7e4b563f32ba7d" member_type: VOTER last_known_addr { host: "127.6.21.3" port: 44693 } } peers { permanent_uuid: "f20316ac2d6b476ea4020a699d3519c9" member_type: VOTER last_known_addr { host: "127.6.21.4" port: 36185 } attrs { promote: false } }
I20260630 12:24:39.858022  9338 raft_consensus.cc:1275] T c563590ca67044498073a0c428dbda7a P a58fff6388464261980ea0e9af0f9ac0 [term 1 FOLLOWER]: Refusing update from remote peer 34b9a0a9bb13400a8c7e4b563f32ba7d: Log matching property violated. Preceding OpId in replica: term: 1 index: 3. Preceding OpId from leader: term: 1 index: 4. (index mismatch)
I20260630 12:24:39.858783  9583 raft_consensus.cc:1275] T c563590ca67044498073a0c428dbda7a P f20316ac2d6b476ea4020a699d3519c9 [term 1 FOLLOWER]: Refusing update from remote peer 34b9a0a9bb13400a8c7e4b563f32ba7d: Log matching property violated. Preceding OpId in replica: term: 1 index: 3. Preceding OpId from leader: term: 1 index: 4. (index mismatch)
I20260630 12:24:39.860250  9679 consensus_queue.cc:1048] T c563590ca67044498073a0c428dbda7a P 34b9a0a9bb13400a8c7e4b563f32ba7d [LEADER]: Connected to new peer: Peer: permanent_uuid: "a58fff6388464261980ea0e9af0f9ac0" member_type: VOTER last_known_addr { host: "127.6.21.2" port: 40379 }, Status: LMP_MISMATCH, Last received: 0.0, Next index: 4, Last known committed idx: 3, Time since last communication: 0.001s
I20260630 12:24:39.867029  9679 consensus_queue.cc:1048] T c563590ca67044498073a0c428dbda7a P 34b9a0a9bb13400a8c7e4b563f32ba7d [LEADER]: Connected to new peer: Peer: permanent_uuid: "f20316ac2d6b476ea4020a699d3519c9" member_type: VOTER last_known_addr { host: "127.6.21.4" port: 36185 } attrs { promote: false }, Status: LMP_MISMATCH, Last received: 0.0, Next index: 4, Last known committed idx: 3, Time since last communication: 0.001s
I20260630 12:24:39.876382  9525 raft_consensus.cc:2955] T c563590ca67044498073a0c428dbda7a P 34b9a0a9bb13400a8c7e4b563f32ba7d [term 1 LEADER]: Committing config change with OpId 1.4: config changed from index 3 to 4, VOTER f097d3a149544376b9994d6a4039b091 (127.6.21.1) evicted. New config: { opid_index: 4 OBSOLETE_local: false peers { permanent_uuid: "a58fff6388464261980ea0e9af0f9ac0" member_type: VOTER last_known_addr { host: "127.6.21.2" port: 40379 } } peers { permanent_uuid: "34b9a0a9bb13400a8c7e4b563f32ba7d" member_type: VOTER last_known_addr { host: "127.6.21.3" port: 44693 } } peers { permanent_uuid: "f20316ac2d6b476ea4020a699d3519c9" member_type: VOTER last_known_addr { host: "127.6.21.4" port: 36185 } attrs { promote: false } } }
I20260630 12:24:39.904284  9338 raft_consensus.cc:2955] T c563590ca67044498073a0c428dbda7a P a58fff6388464261980ea0e9af0f9ac0 [term 1 FOLLOWER]: Committing config change with OpId 1.4: config changed from index 3 to 4, VOTER f097d3a149544376b9994d6a4039b091 (127.6.21.1) evicted. New config: { opid_index: 4 OBSOLETE_local: false peers { permanent_uuid: "a58fff6388464261980ea0e9af0f9ac0" member_type: VOTER last_known_addr { host: "127.6.21.2" port: 40379 } } peers { permanent_uuid: "34b9a0a9bb13400a8c7e4b563f32ba7d" member_type: VOTER last_known_addr { host: "127.6.21.3" port: 44693 } } peers { permanent_uuid: "f20316ac2d6b476ea4020a699d3519c9" member_type: VOTER last_known_addr { host: "127.6.21.4" port: 36185 } attrs { promote: false } } }
I20260630 12:24:39.911239  9582 raft_consensus.cc:2955] T c563590ca67044498073a0c428dbda7a P f20316ac2d6b476ea4020a699d3519c9 [term 1 FOLLOWER]: Committing config change with OpId 1.4: config changed from index 3 to 4, VOTER f097d3a149544376b9994d6a4039b091 (127.6.21.1) evicted. New config: { opid_index: 4 OBSOLETE_local: false peers { permanent_uuid: "a58fff6388464261980ea0e9af0f9ac0" member_type: VOTER last_known_addr { host: "127.6.21.2" port: 40379 } } peers { permanent_uuid: "34b9a0a9bb13400a8c7e4b563f32ba7d" member_type: VOTER last_known_addr { host: "127.6.21.3" port: 44693 } } peers { permanent_uuid: "f20316ac2d6b476ea4020a699d3519c9" member_type: VOTER last_known_addr { host: "127.6.21.4" port: 36185 } attrs { promote: false } } }
I20260630 12:24:39.920981  9145 catalog_manager.cc:5210] ChangeConfig:REMOVE_PEER RPC for tablet c563590ca67044498073a0c428dbda7a with cas_config_opid_index 3: ChangeConfig:REMOVE_PEER succeeded (attempt 1)
I20260630 12:24:39.926090  9157 catalog_manager.cc:5697] T c563590ca67044498073a0c428dbda7a P 34b9a0a9bb13400a8c7e4b563f32ba7d reported cstate change: config changed from index 3 to 4, VOTER f097d3a149544376b9994d6a4039b091 (127.6.21.1) evicted. New cstate: current_term: 1 leader_uuid: "34b9a0a9bb13400a8c7e4b563f32ba7d" committed_config { opid_index: 4 OBSOLETE_local: false peers { permanent_uuid: "a58fff6388464261980ea0e9af0f9ac0" member_type: VOTER last_known_addr { host: "127.6.21.2" port: 40379 } health_report { overall_health: HEALTHY } } peers { permanent_uuid: "34b9a0a9bb13400a8c7e4b563f32ba7d" member_type: VOTER last_known_addr { host: "127.6.21.3" port: 44693 } health_report { overall_health: HEALTHY } } peers { permanent_uuid: "f20316ac2d6b476ea4020a699d3519c9" member_type: VOTER last_known_addr { host: "127.6.21.4" port: 36185 } attrs { promote: false } health_report { overall_health: HEALTHY } } }
I20260630 12:24:39.952402  9248 tablet_service.cc:1558] Processing DeleteTablet for tablet c563590ca67044498073a0c428dbda7a with delete_type TABLET_DATA_TOMBSTONED (TS f097d3a149544376b9994d6a4039b091 not found in new config with opid_index 4) from {username='slave'} at 127.0.0.1:41796
I20260630 12:24:39.971354  9756 tablet_replica.cc:333] T c563590ca67044498073a0c428dbda7a P f097d3a149544376b9994d6a4039b091: stopping tablet replica
I20260630 12:24:39.974231  9756 raft_consensus.cc:2243] T c563590ca67044498073a0c428dbda7a P f097d3a149544376b9994d6a4039b091 [term 1 FOLLOWER]: Raft consensus shutting down.
I20260630 12:24:39.975535  9756 raft_consensus.cc:2272] T c563590ca67044498073a0c428dbda7a P f097d3a149544376b9994d6a4039b091 [term 1 FOLLOWER]: Raft consensus is shut down!
I20260630 12:24:39.980723  9756 ts_tablet_manager.cc:1916] T c563590ca67044498073a0c428dbda7a P f097d3a149544376b9994d6a4039b091: Deleting tablet data with delete state TABLET_DATA_TOMBSTONED
I20260630 12:24:40.004695  9756 ts_tablet_manager.cc:1929] T c563590ca67044498073a0c428dbda7a P f097d3a149544376b9994d6a4039b091: tablet deleted with delete type TABLET_DATA_TOMBSTONED: last-logged OpId 1.3
I20260630 12:24:40.005633  9756 log.cc:1199] T c563590ca67044498073a0c428dbda7a P f097d3a149544376b9994d6a4039b091: Deleting WAL directory at /tmp/dist-test-task6FgIK9/test-tmp/auto_rebalancer-test.0.AutoRebalancerTest.RangeAwareRebalancesNewRangeReplicas.1782822182408636-6228-0/minicluster-data/ts-0-root/wals/c563590ca67044498073a0c428dbda7a
I20260630 12:24:40.008272  9148 catalog_manager.cc:5028] TS f097d3a149544376b9994d6a4039b091 (127.6.21.1:33699): tablet c563590ca67044498073a0c428dbda7a (table range_aware_rebalance_new_range [id=a46a36880e834538bb6f419912d7836d]) successfully deleted
I20260630 12:24:40.033596  9745 raft_consensus.cc:1064] T 5d5b9b7ef36443c39ea18cd875fbc68b P f097d3a149544376b9994d6a4039b091: attempting to promote NON_VOTER f20316ac2d6b476ea4020a699d3519c9 to VOTER
I20260630 12:24:40.038259  9745 consensus_queue.cc:237] T 5d5b9b7ef36443c39ea18cd875fbc68b P f097d3a149544376b9994d6a4039b091 [LEADER]: Queue going to LEADER mode. State: All replicated index: 0, Majority replicated index: 2, Committed index: 2, Last appended: 1.2, Last appended by leader: 0, Current term: 1, Majority size: 3, State: 0, Mode: LEADER, active raft config: opid_index: 3 OBSOLETE_local: false peers { permanent_uuid: "f097d3a149544376b9994d6a4039b091" member_type: VOTER last_known_addr { host: "127.6.21.1" port: 33699 } } peers { permanent_uuid: "a58fff6388464261980ea0e9af0f9ac0" member_type: VOTER last_known_addr { host: "127.6.21.2" port: 40379 } } peers { permanent_uuid: "34b9a0a9bb13400a8c7e4b563f32ba7d" member_type: VOTER last_known_addr { host: "127.6.21.3" port: 44693 } attrs { replace: true } } peers { permanent_uuid: "f20316ac2d6b476ea4020a699d3519c9" member_type: VOTER last_known_addr { host: "127.6.21.4" port: 36185 } attrs { promote: false } }
I20260630 12:24:40.054402  9338 raft_consensus.cc:1275] T 5d5b9b7ef36443c39ea18cd875fbc68b P a58fff6388464261980ea0e9af0f9ac0 [term 1 FOLLOWER]: Refusing update from remote peer f097d3a149544376b9994d6a4039b091: Log matching property violated. Preceding OpId in replica: term: 1 index: 2. Preceding OpId from leader: term: 1 index: 3. (index mismatch)
I20260630 12:24:40.055768  9582 raft_consensus.cc:1275] T 5d5b9b7ef36443c39ea18cd875fbc68b P f20316ac2d6b476ea4020a699d3519c9 [term 1 LEARNER]: Refusing update from remote peer f097d3a149544376b9994d6a4039b091: Log matching property violated. Preceding OpId in replica: term: 1 index: 2. Preceding OpId from leader: term: 1 index: 3. (index mismatch)
I20260630 12:24:40.058290  9744 consensus_queue.cc:1048] T 5d5b9b7ef36443c39ea18cd875fbc68b P f097d3a149544376b9994d6a4039b091 [LEADER]: Connected to new peer: Peer: permanent_uuid: "a58fff6388464261980ea0e9af0f9ac0" member_type: VOTER last_known_addr { host: "127.6.21.2" port: 40379 }, Status: LMP_MISMATCH, Last received: 0.0, Next index: 3, Last known committed idx: 2, Time since last communication: 0.001s
I20260630 12:24:40.060838  9744 consensus_queue.cc:1048] T 5d5b9b7ef36443c39ea18cd875fbc68b P f097d3a149544376b9994d6a4039b091 [LEADER]: Connected to new peer: Peer: permanent_uuid: "f20316ac2d6b476ea4020a699d3519c9" member_type: VOTER last_known_addr { host: "127.6.21.4" port: 36185 } attrs { promote: false }, Status: LMP_MISMATCH, Last received: 0.0, Next index: 3, Last known committed idx: 2, Time since last communication: 0.000s
I20260630 12:24:40.061147  9525 raft_consensus.cc:1064] T 5cb66fe7015a4b8b8882e8220e681b02 P 34b9a0a9bb13400a8c7e4b563f32ba7d: attempting to promote NON_VOTER f20316ac2d6b476ea4020a699d3519c9 to VOTER
I20260630 12:24:40.061373  9412 raft_consensus.cc:1275] T 5d5b9b7ef36443c39ea18cd875fbc68b P 34b9a0a9bb13400a8c7e4b563f32ba7d [term 1 FOLLOWER]: Refusing update from remote peer f097d3a149544376b9994d6a4039b091: Log matching property violated. Preceding OpId in replica: term: 1 index: 2. Preceding OpId from leader: term: 1 index: 3. (index mismatch)
I20260630 12:24:40.067780  9525 consensus_queue.cc:237] T 5cb66fe7015a4b8b8882e8220e681b02 P 34b9a0a9bb13400a8c7e4b563f32ba7d [LEADER]: Queue going to LEADER mode. State: All replicated index: 0, Majority replicated index: 2, Committed index: 2, Last appended: 1.2, Last appended by leader: 0, Current term: 1, Majority size: 3, State: 0, Mode: LEADER, active raft config: opid_index: 3 OBSOLETE_local: false peers { permanent_uuid: "f097d3a149544376b9994d6a4039b091" member_type: VOTER last_known_addr { host: "127.6.21.1" port: 33699 } attrs { replace: true } } peers { permanent_uuid: "a58fff6388464261980ea0e9af0f9ac0" member_type: VOTER last_known_addr { host: "127.6.21.2" port: 40379 } } peers { permanent_uuid: "34b9a0a9bb13400a8c7e4b563f32ba7d" member_type: VOTER last_known_addr { host: "127.6.21.3" port: 44693 } } peers { permanent_uuid: "f20316ac2d6b476ea4020a699d3519c9" member_type: VOTER last_known_addr { host: "127.6.21.4" port: 36185 } attrs { promote: false } }
I20260630 12:24:40.076763  9214 auto_leader_rebalancer.cc:141] leader rebalance for table range_aware_rebalance_new_range
I20260630 12:24:40.083988  9745 consensus_queue.cc:1048] T 5d5b9b7ef36443c39ea18cd875fbc68b P f097d3a149544376b9994d6a4039b091 [LEADER]: Connected to new peer: Peer: permanent_uuid: "34b9a0a9bb13400a8c7e4b563f32ba7d" member_type: VOTER last_known_addr { host: "127.6.21.3" port: 44693 } attrs { replace: true }, Status: LMP_MISMATCH, Last received: 0.0, Next index: 3, Last known committed idx: 2, Time since last communication: 0.001s
I20260630 12:24:40.095515  9583 raft_consensus.cc:1275] T 5cb66fe7015a4b8b8882e8220e681b02 P f20316ac2d6b476ea4020a699d3519c9 [term 1 LEARNER]: Refusing update from remote peer 34b9a0a9bb13400a8c7e4b563f32ba7d: Log matching property violated. Preceding OpId in replica: term: 1 index: 2. Preceding OpId from leader: term: 1 index: 3. (index mismatch)
I20260630 12:24:40.102075  9337 raft_consensus.cc:1275] T 5cb66fe7015a4b8b8882e8220e681b02 P a58fff6388464261980ea0e9af0f9ac0 [term 1 FOLLOWER]: Refusing update from remote peer 34b9a0a9bb13400a8c7e4b563f32ba7d: Log matching property violated. Preceding OpId in replica: term: 1 index: 2. Preceding OpId from leader: term: 1 index: 3. (index mismatch)
I20260630 12:24:40.103649  9679 consensus_queue.cc:1048] T 5cb66fe7015a4b8b8882e8220e681b02 P 34b9a0a9bb13400a8c7e4b563f32ba7d [LEADER]: Connected to new peer: Peer: permanent_uuid: "f20316ac2d6b476ea4020a699d3519c9" member_type: VOTER last_known_addr { host: "127.6.21.4" port: 36185 } attrs { promote: false }, Status: LMP_MISMATCH, Last received: 0.0, Next index: 3, Last known committed idx: 2, Time since last communication: 0.001s
I20260630 12:24:40.107717  9706 consensus_queue.cc:1048] T 5cb66fe7015a4b8b8882e8220e681b02 P 34b9a0a9bb13400a8c7e4b563f32ba7d [LEADER]: Connected to new peer: Peer: permanent_uuid: "a58fff6388464261980ea0e9af0f9ac0" member_type: VOTER last_known_addr { host: "127.6.21.2" port: 40379 }, Status: LMP_MISMATCH, Last received: 0.0, Next index: 3, Last known committed idx: 2, Time since last communication: 0.003s
I20260630 12:24:40.117713  9262 raft_consensus.cc:1275] T 5cb66fe7015a4b8b8882e8220e681b02 P f097d3a149544376b9994d6a4039b091 [term 1 FOLLOWER]: Refusing update from remote peer 34b9a0a9bb13400a8c7e4b563f32ba7d: Log matching property violated. Preceding OpId in replica: term: 1 index: 2. Preceding OpId from leader: term: 1 index: 3. (index mismatch)
I20260630 12:24:40.122579  9706 consensus_queue.cc:1048] T 5cb66fe7015a4b8b8882e8220e681b02 P 34b9a0a9bb13400a8c7e4b563f32ba7d [LEADER]: Connected to new peer: Peer: permanent_uuid: "f097d3a149544376b9994d6a4039b091" member_type: VOTER last_known_addr { host: "127.6.21.1" port: 33699 } attrs { replace: true }, Status: LMP_MISMATCH, Last received: 0.0, Next index: 3, Last known committed idx: 2, Time since last communication: 0.001s
I20260630 12:24:40.124379  9758 raft_consensus.cc:2955] T 5d5b9b7ef36443c39ea18cd875fbc68b P f097d3a149544376b9994d6a4039b091 [term 1 LEADER]: Committing config change with OpId 1.3: config changed from index 2 to 3, f20316ac2d6b476ea4020a699d3519c9 (127.6.21.4) changed from NON_VOTER to VOTER. New config: { opid_index: 3 OBSOLETE_local: false peers { permanent_uuid: "f097d3a149544376b9994d6a4039b091" member_type: VOTER last_known_addr { host: "127.6.21.1" port: 33699 } } peers { permanent_uuid: "a58fff6388464261980ea0e9af0f9ac0" member_type: VOTER last_known_addr { host: "127.6.21.2" port: 40379 } } peers { permanent_uuid: "34b9a0a9bb13400a8c7e4b563f32ba7d" member_type: VOTER last_known_addr { host: "127.6.21.3" port: 44693 } attrs { replace: true } } peers { permanent_uuid: "f20316ac2d6b476ea4020a699d3519c9" member_type: VOTER last_known_addr { host: "127.6.21.4" port: 36185 } attrs { promote: false } } }
I20260630 12:24:40.134831  9412 raft_consensus.cc:2955] T 5d5b9b7ef36443c39ea18cd875fbc68b P 34b9a0a9bb13400a8c7e4b563f32ba7d [term 1 FOLLOWER]: Committing config change with OpId 1.3: config changed from index 2 to 3, f20316ac2d6b476ea4020a699d3519c9 (127.6.21.4) changed from NON_VOTER to VOTER. New config: { opid_index: 3 OBSOLETE_local: false peers { permanent_uuid: "f097d3a149544376b9994d6a4039b091" member_type: VOTER last_known_addr { host: "127.6.21.1" port: 33699 } } peers { permanent_uuid: "a58fff6388464261980ea0e9af0f9ac0" member_type: VOTER last_known_addr { host: "127.6.21.2" port: 40379 } } peers { permanent_uuid: "34b9a0a9bb13400a8c7e4b563f32ba7d" member_type: VOTER last_known_addr { host: "127.6.21.3" port: 44693 } attrs { replace: true } } peers { permanent_uuid: "f20316ac2d6b476ea4020a699d3519c9" member_type: VOTER last_known_addr { host: "127.6.21.4" port: 36185 } attrs { promote: false } } }
I20260630 12:24:40.150033  9338 raft_consensus.cc:2955] T 5d5b9b7ef36443c39ea18cd875fbc68b P a58fff6388464261980ea0e9af0f9ac0 [term 1 FOLLOWER]: Committing config change with OpId 1.3: config changed from index 2 to 3, f20316ac2d6b476ea4020a699d3519c9 (127.6.21.4) changed from NON_VOTER to VOTER. New config: { opid_index: 3 OBSOLETE_local: false peers { permanent_uuid: "f097d3a149544376b9994d6a4039b091" member_type: VOTER last_known_addr { host: "127.6.21.1" port: 33699 } } peers { permanent_uuid: "a58fff6388464261980ea0e9af0f9ac0" member_type: VOTER last_known_addr { host: "127.6.21.2" port: 40379 } } peers { permanent_uuid: "34b9a0a9bb13400a8c7e4b563f32ba7d" member_type: VOTER last_known_addr { host: "127.6.21.3" port: 44693 } attrs { replace: true } } peers { permanent_uuid: "f20316ac2d6b476ea4020a699d3519c9" member_type: VOTER last_known_addr { host: "127.6.21.4" port: 36185 } attrs { promote: false } } }
I20260630 12:24:40.197717  9157 catalog_manager.cc:5697] T 5d5b9b7ef36443c39ea18cd875fbc68b P a58fff6388464261980ea0e9af0f9ac0 reported cstate change: config changed from index 2 to 3, f20316ac2d6b476ea4020a699d3519c9 (127.6.21.4) changed from NON_VOTER to VOTER. New cstate: current_term: 1 leader_uuid: "f097d3a149544376b9994d6a4039b091" committed_config { opid_index: 3 OBSOLETE_local: false peers { permanent_uuid: "f097d3a149544376b9994d6a4039b091" member_type: VOTER last_known_addr { host: "127.6.21.1" port: 33699 } } peers { permanent_uuid: "a58fff6388464261980ea0e9af0f9ac0" member_type: VOTER last_known_addr { host: "127.6.21.2" port: 40379 } } peers { permanent_uuid: "34b9a0a9bb13400a8c7e4b563f32ba7d" member_type: VOTER last_known_addr { host: "127.6.21.3" port: 44693 } attrs { replace: true } } peers { permanent_uuid: "f20316ac2d6b476ea4020a699d3519c9" member_type: VOTER last_known_addr { host: "127.6.21.4" port: 36185 } attrs { promote: false } } }
I20260630 12:24:40.223838  9679 raft_consensus.cc:2955] T 5cb66fe7015a4b8b8882e8220e681b02 P 34b9a0a9bb13400a8c7e4b563f32ba7d [term 1 LEADER]: Committing config change with OpId 1.3: config changed from index 2 to 3, f20316ac2d6b476ea4020a699d3519c9 (127.6.21.4) changed from NON_VOTER to VOTER. New config: { opid_index: 3 OBSOLETE_local: false peers { permanent_uuid: "f097d3a149544376b9994d6a4039b091" member_type: VOTER last_known_addr { host: "127.6.21.1" port: 33699 } attrs { replace: true } } peers { permanent_uuid: "a58fff6388464261980ea0e9af0f9ac0" member_type: VOTER last_known_addr { host: "127.6.21.2" port: 40379 } } peers { permanent_uuid: "34b9a0a9bb13400a8c7e4b563f32ba7d" member_type: VOTER last_known_addr { host: "127.6.21.3" port: 44693 } } peers { permanent_uuid: "f20316ac2d6b476ea4020a699d3519c9" member_type: VOTER last_known_addr { host: "127.6.21.4" port: 36185 } attrs { promote: false } } }
I20260630 12:24:40.228482  9583 raft_consensus.cc:2955] T 5cb66fe7015a4b8b8882e8220e681b02 P f20316ac2d6b476ea4020a699d3519c9 [term 1 FOLLOWER]: Committing config change with OpId 1.3: config changed from index 2 to 3, f20316ac2d6b476ea4020a699d3519c9 (127.6.21.4) changed from NON_VOTER to VOTER. New config: { opid_index: 3 OBSOLETE_local: false peers { permanent_uuid: "f097d3a149544376b9994d6a4039b091" member_type: VOTER last_known_addr { host: "127.6.21.1" port: 33699 } attrs { replace: true } } peers { permanent_uuid: "a58fff6388464261980ea0e9af0f9ac0" member_type: VOTER last_known_addr { host: "127.6.21.2" port: 40379 } } peers { permanent_uuid: "34b9a0a9bb13400a8c7e4b563f32ba7d" member_type: VOTER last_known_addr { host: "127.6.21.3" port: 44693 } } peers { permanent_uuid: "f20316ac2d6b476ea4020a699d3519c9" member_type: VOTER last_known_addr { host: "127.6.21.4" port: 36185 } attrs { promote: false } } }
I20260630 12:24:40.221237  9582 raft_consensus.cc:2955] T 5d5b9b7ef36443c39ea18cd875fbc68b P f20316ac2d6b476ea4020a699d3519c9 [term 1 FOLLOWER]: Committing config change with OpId 1.3: config changed from index 2 to 3, f20316ac2d6b476ea4020a699d3519c9 (127.6.21.4) changed from NON_VOTER to VOTER. New config: { opid_index: 3 OBSOLETE_local: false peers { permanent_uuid: "f097d3a149544376b9994d6a4039b091" member_type: VOTER last_known_addr { host: "127.6.21.1" port: 33699 } } peers { permanent_uuid: "a58fff6388464261980ea0e9af0f9ac0" member_type: VOTER last_known_addr { host: "127.6.21.2" port: 40379 } } peers { permanent_uuid: "34b9a0a9bb13400a8c7e4b563f32ba7d" member_type: VOTER last_known_addr { host: "127.6.21.3" port: 44693 } attrs { replace: true } } peers { permanent_uuid: "f20316ac2d6b476ea4020a699d3519c9" member_type: VOTER last_known_addr { host: "127.6.21.4" port: 36185 } attrs { promote: false } } }
I20260630 12:24:40.278858  9263 raft_consensus.cc:2955] T 5cb66fe7015a4b8b8882e8220e681b02 P f097d3a149544376b9994d6a4039b091 [term 1 FOLLOWER]: Committing config change with OpId 1.3: config changed from index 2 to 3, f20316ac2d6b476ea4020a699d3519c9 (127.6.21.4) changed from NON_VOTER to VOTER. New config: { opid_index: 3 OBSOLETE_local: false peers { permanent_uuid: "f097d3a149544376b9994d6a4039b091" member_type: VOTER last_known_addr { host: "127.6.21.1" port: 33699 } attrs { replace: true } } peers { permanent_uuid: "a58fff6388464261980ea0e9af0f9ac0" member_type: VOTER last_known_addr { host: "127.6.21.2" port: 40379 } } peers { permanent_uuid: "34b9a0a9bb13400a8c7e4b563f32ba7d" member_type: VOTER last_known_addr { host: "127.6.21.3" port: 44693 } } peers { permanent_uuid: "f20316ac2d6b476ea4020a699d3519c9" member_type: VOTER last_known_addr { host: "127.6.21.4" port: 36185 } attrs { promote: false } } }
I20260630 12:24:40.293942  9338 raft_consensus.cc:2955] T 5cb66fe7015a4b8b8882e8220e681b02 P a58fff6388464261980ea0e9af0f9ac0 [term 1 FOLLOWER]: Committing config change with OpId 1.3: config changed from index 2 to 3, f20316ac2d6b476ea4020a699d3519c9 (127.6.21.4) changed from NON_VOTER to VOTER. New config: { opid_index: 3 OBSOLETE_local: false peers { permanent_uuid: "f097d3a149544376b9994d6a4039b091" member_type: VOTER last_known_addr { host: "127.6.21.1" port: 33699 } attrs { replace: true } } peers { permanent_uuid: "a58fff6388464261980ea0e9af0f9ac0" member_type: VOTER last_known_addr { host: "127.6.21.2" port: 40379 } } peers { permanent_uuid: "34b9a0a9bb13400a8c7e4b563f32ba7d" member_type: VOTER last_known_addr { host: "127.6.21.3" port: 44693 } } peers { permanent_uuid: "f20316ac2d6b476ea4020a699d3519c9" member_type: VOTER last_known_addr { host: "127.6.21.4" port: 36185 } attrs { promote: false } } }
I20260630 12:24:40.308064  9159 catalog_manager.cc:5697] T 5cb66fe7015a4b8b8882e8220e681b02 P 34b9a0a9bb13400a8c7e4b563f32ba7d reported cstate change: config changed from index 2 to 3, f20316ac2d6b476ea4020a699d3519c9 (127.6.21.4) changed from NON_VOTER to VOTER. New cstate: current_term: 1 leader_uuid: "34b9a0a9bb13400a8c7e4b563f32ba7d" committed_config { opid_index: 3 OBSOLETE_local: false peers { permanent_uuid: "f097d3a149544376b9994d6a4039b091" member_type: VOTER last_known_addr { host: "127.6.21.1" port: 33699 } attrs { replace: true } health_report { overall_health: HEALTHY } } peers { permanent_uuid: "a58fff6388464261980ea0e9af0f9ac0" member_type: VOTER last_known_addr { host: "127.6.21.2" port: 40379 } health_report { overall_health: UNKNOWN } } peers { permanent_uuid: "34b9a0a9bb13400a8c7e4b563f32ba7d" member_type: VOTER last_known_addr { host: "127.6.21.3" port: 44693 } health_report { overall_health: HEALTHY } } peers { permanent_uuid: "f20316ac2d6b476ea4020a699d3519c9" member_type: VOTER last_known_addr { host: "127.6.21.4" port: 36185 } attrs { promote: false } health_report { overall_health: HEALTHY } } }
I20260630 12:24:40.352093  9412 tablet_service.cc:2072] Received LeaderStepDown RPC: tablet_id: "5cb66fe7015a4b8b8882e8220e681b02"
dest_uuid: "34b9a0a9bb13400a8c7e4b563f32ba7d"
mode: GRACEFUL
new_leader_uuid: "a58fff6388464261980ea0e9af0f9ac0"
 from {username='slave'} at 127.0.0.1:53982
I20260630 12:24:40.352883  9412 raft_consensus.cc:606] T 5cb66fe7015a4b8b8882e8220e681b02 P 34b9a0a9bb13400a8c7e4b563f32ba7d [term 1 LEADER]: Received request to transfer leadership to TS a58fff6388464261980ea0e9af0f9ac0
I20260630 12:24:40.355315  9214 auto_leader_rebalancer.cc:440] table: range_aware_rebalance_new_range, leader rebalance finish, leader transfer count: 1
I20260630 12:24:40.358500  9214 auto_leader_rebalancer.cc:515] All tables' leader rebalancing finished this round
I20260630 12:24:40.384564  9263 consensus_queue.cc:237] T 5d5b9b7ef36443c39ea18cd875fbc68b P f097d3a149544376b9994d6a4039b091 [LEADER]: Queue going to LEADER mode. State: All replicated index: 0, Majority replicated index: 3, Committed index: 3, Last appended: 1.3, Last appended by leader: 0, Current term: 1, Majority size: 2, State: 0, Mode: LEADER, active raft config: opid_index: 4 OBSOLETE_local: false peers { permanent_uuid: "f097d3a149544376b9994d6a4039b091" member_type: VOTER last_known_addr { host: "127.6.21.1" port: 33699 } } peers { permanent_uuid: "a58fff6388464261980ea0e9af0f9ac0" member_type: VOTER last_known_addr { host: "127.6.21.2" port: 40379 } } peers { permanent_uuid: "f20316ac2d6b476ea4020a699d3519c9" member_type: VOTER last_known_addr { host: "127.6.21.4" port: 36185 } attrs { promote: false } }
W20260630 12:24:40.382710  9145 proxy.cc:239] Call had error, refreshing address and retrying: Remote error: Service unavailable: leader transfer in progress [suppressed 2 similar messages]
I20260630 12:24:40.402608  9582 raft_consensus.cc:1275] T 5d5b9b7ef36443c39ea18cd875fbc68b P f20316ac2d6b476ea4020a699d3519c9 [term 1 FOLLOWER]: Refusing update from remote peer f097d3a149544376b9994d6a4039b091: Log matching property violated. Preceding OpId in replica: term: 1 index: 3. Preceding OpId from leader: term: 1 index: 4. (index mismatch)
I20260630 12:24:40.405543  9338 raft_consensus.cc:1275] T 5d5b9b7ef36443c39ea18cd875fbc68b P a58fff6388464261980ea0e9af0f9ac0 [term 1 FOLLOWER]: Refusing update from remote peer f097d3a149544376b9994d6a4039b091: Log matching property violated. Preceding OpId in replica: term: 1 index: 3. Preceding OpId from leader: term: 1 index: 4. (index mismatch)
I20260630 12:24:40.406764  9768 consensus_queue.cc:1048] T 5d5b9b7ef36443c39ea18cd875fbc68b P f097d3a149544376b9994d6a4039b091 [LEADER]: Connected to new peer: Peer: permanent_uuid: "f20316ac2d6b476ea4020a699d3519c9" member_type: VOTER last_known_addr { host: "127.6.21.4" port: 36185 } attrs { promote: false }, Status: LMP_MISMATCH, Last received: 0.0, Next index: 4, Last known committed idx: 3, Time since last communication: 0.001s
I20260630 12:24:40.408918  9758 consensus_queue.cc:1048] T 5d5b9b7ef36443c39ea18cd875fbc68b P f097d3a149544376b9994d6a4039b091 [LEADER]: Connected to new peer: Peer: permanent_uuid: "a58fff6388464261980ea0e9af0f9ac0" member_type: VOTER last_known_addr { host: "127.6.21.2" port: 40379 }, Status: LMP_MISMATCH, Last received: 0.0, Next index: 4, Last known committed idx: 3, Time since last communication: 0.001s
W20260630 12:24:40.410799  9145 catalog_manager.cc:4755] TS 34b9a0a9bb13400a8c7e4b563f32ba7d (127.6.21.3:44693): ChangeConfig:REMOVE_PEER RPC failed for tablet 5cb66fe7015a4b8b8882e8220e681b02: Remote error: Service unavailable: leader transfer in progress
I20260630 12:24:40.417532  9768 raft_consensus.cc:2955] T 5d5b9b7ef36443c39ea18cd875fbc68b P f097d3a149544376b9994d6a4039b091 [term 1 LEADER]: Committing config change with OpId 1.4: config changed from index 3 to 4, VOTER 34b9a0a9bb13400a8c7e4b563f32ba7d (127.6.21.3) evicted. New config: { opid_index: 4 OBSOLETE_local: false peers { permanent_uuid: "f097d3a149544376b9994d6a4039b091" member_type: VOTER last_known_addr { host: "127.6.21.1" port: 33699 } } peers { permanent_uuid: "a58fff6388464261980ea0e9af0f9ac0" member_type: VOTER last_known_addr { host: "127.6.21.2" port: 40379 } } peers { permanent_uuid: "f20316ac2d6b476ea4020a699d3519c9" member_type: VOTER last_known_addr { host: "127.6.21.4" port: 36185 } attrs { promote: false } } }
I20260630 12:24:40.420225  9582 raft_consensus.cc:2955] T 5d5b9b7ef36443c39ea18cd875fbc68b P f20316ac2d6b476ea4020a699d3519c9 [term 1 FOLLOWER]: Committing config change with OpId 1.4: config changed from index 3 to 4, VOTER 34b9a0a9bb13400a8c7e4b563f32ba7d (127.6.21.3) evicted. New config: { opid_index: 4 OBSOLETE_local: false peers { permanent_uuid: "f097d3a149544376b9994d6a4039b091" member_type: VOTER last_known_addr { host: "127.6.21.1" port: 33699 } } peers { permanent_uuid: "a58fff6388464261980ea0e9af0f9ac0" member_type: VOTER last_known_addr { host: "127.6.21.2" port: 40379 } } peers { permanent_uuid: "f20316ac2d6b476ea4020a699d3519c9" member_type: VOTER last_known_addr { host: "127.6.21.4" port: 36185 } attrs { promote: false } } }
I20260630 12:24:40.442144  9338 raft_consensus.cc:2955] T 5d5b9b7ef36443c39ea18cd875fbc68b P a58fff6388464261980ea0e9af0f9ac0 [term 1 FOLLOWER]: Committing config change with OpId 1.4: config changed from index 3 to 4, VOTER 34b9a0a9bb13400a8c7e4b563f32ba7d (127.6.21.3) evicted. New config: { opid_index: 4 OBSOLETE_local: false peers { permanent_uuid: "f097d3a149544376b9994d6a4039b091" member_type: VOTER last_known_addr { host: "127.6.21.1" port: 33699 } } peers { permanent_uuid: "a58fff6388464261980ea0e9af0f9ac0" member_type: VOTER last_known_addr { host: "127.6.21.2" port: 40379 } } peers { permanent_uuid: "f20316ac2d6b476ea4020a699d3519c9" member_type: VOTER last_known_addr { host: "127.6.21.4" port: 36185 } attrs { promote: false } } }
I20260630 12:24:40.469583  9148 catalog_manager.cc:5210] ChangeConfig:REMOVE_PEER RPC for tablet 5d5b9b7ef36443c39ea18cd875fbc68b with cas_config_opid_index 3: ChangeConfig:REMOVE_PEER succeeded (attempt 1)
I20260630 12:24:40.466054  9160 catalog_manager.cc:5697] T 5d5b9b7ef36443c39ea18cd875fbc68b P f20316ac2d6b476ea4020a699d3519c9 reported cstate change: config changed from index 3 to 4, VOTER 34b9a0a9bb13400a8c7e4b563f32ba7d (127.6.21.3) evicted. New cstate: current_term: 1 leader_uuid: "f097d3a149544376b9994d6a4039b091" committed_config { opid_index: 4 OBSOLETE_local: false peers { permanent_uuid: "f097d3a149544376b9994d6a4039b091" member_type: VOTER last_known_addr { host: "127.6.21.1" port: 33699 } } peers { permanent_uuid: "a58fff6388464261980ea0e9af0f9ac0" member_type: VOTER last_known_addr { host: "127.6.21.2" port: 40379 } } peers { permanent_uuid: "f20316ac2d6b476ea4020a699d3519c9" member_type: VOTER last_known_addr { host: "127.6.21.4" port: 36185 } attrs { promote: false } } }
I20260630 12:24:40.494297  9402 tablet_service.cc:1558] Processing DeleteTablet for tablet 5d5b9b7ef36443c39ea18cd875fbc68b with delete_type TABLET_DATA_TOMBSTONED (TS 34b9a0a9bb13400a8c7e4b563f32ba7d not found in new config with opid_index 4) from {username='slave'} at 127.0.0.1:45928
I20260630 12:24:40.501528  9771 tablet_replica.cc:333] T 5d5b9b7ef36443c39ea18cd875fbc68b P 34b9a0a9bb13400a8c7e4b563f32ba7d: stopping tablet replica
I20260630 12:24:40.503018  9771 raft_consensus.cc:2243] T 5d5b9b7ef36443c39ea18cd875fbc68b P 34b9a0a9bb13400a8c7e4b563f32ba7d [term 1 FOLLOWER]: Raft consensus shutting down.
I20260630 12:24:40.504876  9771 raft_consensus.cc:2272] T 5d5b9b7ef36443c39ea18cd875fbc68b P 34b9a0a9bb13400a8c7e4b563f32ba7d [term 1 FOLLOWER]: Raft consensus is shut down!
I20260630 12:24:40.512068  9771 ts_tablet_manager.cc:1916] T 5d5b9b7ef36443c39ea18cd875fbc68b P 34b9a0a9bb13400a8c7e4b563f32ba7d: Deleting tablet data with delete state TABLET_DATA_TOMBSTONED
I20260630 12:24:40.545575  9771 ts_tablet_manager.cc:1929] T 5d5b9b7ef36443c39ea18cd875fbc68b P 34b9a0a9bb13400a8c7e4b563f32ba7d: tablet deleted with delete type TABLET_DATA_TOMBSTONED: last-logged OpId 1.3
I20260630 12:24:40.546101  9771 log.cc:1199] T 5d5b9b7ef36443c39ea18cd875fbc68b P 34b9a0a9bb13400a8c7e4b563f32ba7d: Deleting WAL directory at /tmp/dist-test-task6FgIK9/test-tmp/auto_rebalancer-test.0.AutoRebalancerTest.RangeAwareRebalancesNewRangeReplicas.1782822182408636-6228-0/minicluster-data/ts-2-root/wals/5d5b9b7ef36443c39ea18cd875fbc68b
I20260630 12:24:40.548727  9145 catalog_manager.cc:5028] TS 34b9a0a9bb13400a8c7e4b563f32ba7d (127.6.21.3:44693): tablet 5d5b9b7ef36443c39ea18cd875fbc68b (table range_aware_rebalance_new_range [id=a46a36880e834538bb6f419912d7836d]) successfully deleted
I20260630 12:24:40.721055  9679 raft_consensus.cc:993] T 5cb66fe7015a4b8b8882e8220e681b02 P 34b9a0a9bb13400a8c7e4b563f32ba7d: : Instructing follower a58fff6388464261980ea0e9af0f9ac0 to start an election
I20260630 12:24:40.721774  9679 raft_consensus.cc:1081] T 5cb66fe7015a4b8b8882e8220e681b02 P 34b9a0a9bb13400a8c7e4b563f32ba7d [term 1 LEADER]: Signalling peer a58fff6388464261980ea0e9af0f9ac0 to start an election
I20260630 12:24:40.724520  9338 tablet_service.cc:2044] Received Run Leader Election RPC: tablet_id: "5cb66fe7015a4b8b8882e8220e681b02"
dest_uuid: "a58fff6388464261980ea0e9af0f9ac0"
 from {username='slave'} at 127.0.0.1:47770
