W20260630 12:24:36.348619  9304 leader_election.cc:343] T 01595082964c4cb29db4fc65009a8e95 P a58fff6388464261980ea0e9af0f9ac0 [CANDIDATE]: Term 1 pre-election: Tablet error from VoteRequest() call to peer f097d3a149544376b9994d6a4039b091 (127.6.21.1:33699): Illegal state: must be running to vote when last-logged opid is not known
I20260630 12:24:36.363428  9617 tablet_bootstrap.cc:492] T 01595082964c4cb29db4fc65009a8e95 P f097d3a149544376b9994d6a4039b091: No bootstrap required, opened a new log
I20260630 12:24:36.364639  9617 ts_tablet_manager.cc:1403] T 01595082964c4cb29db4fc65009a8e95 P f097d3a149544376b9994d6a4039b091: Time spent bootstrapping tablet: real 0.174s	user 0.023s	sys 0.007s
I20260630 12:24:36.369889  9626 raft_consensus.cc:359] T 61b6bb6c81624df6a2e3e5beab738fbd P f20316ac2d6b476ea4020a699d3519c9 [term 0 FOLLOWER]: Replica starting. Triggering 0 pending ops. Active config: opid_index: -1 OBSOLETE_local: false peers { permanent_uuid: "a58fff6388464261980ea0e9af0f9ac0" member_type: VOTER last_known_addr { host: "127.6.21.2" port: 40379 } } peers { permanent_uuid: "f20316ac2d6b476ea4020a699d3519c9" member_type: VOTER last_known_addr { host: "127.6.21.4" port: 36185 } } peers { permanent_uuid: "34b9a0a9bb13400a8c7e4b563f32ba7d" member_type: VOTER last_known_addr { host: "127.6.21.3" port: 44693 } }
I20260630 12:24:36.377090  9626 raft_consensus.cc:385] T 61b6bb6c81624df6a2e3e5beab738fbd P f20316ac2d6b476ea4020a699d3519c9 [term 0 FOLLOWER]: Consensus starting up: Expiring failure detector timer to make a prompt election more likely
I20260630 12:24:36.378886  9626 raft_consensus.cc:740] T 61b6bb6c81624df6a2e3e5beab738fbd P f20316ac2d6b476ea4020a699d3519c9 [term 0 FOLLOWER]: Becoming Follower/Learner. State: Replica: f20316ac2d6b476ea4020a699d3519c9, State: Initialized, Role: FOLLOWER
I20260630 12:24:36.383409  9618 tablet_bootstrap.cc:492] T 5c7909c629bf4153a412d9c7d8e59a6c P a58fff6388464261980ea0e9af0f9ac0: No bootstrap required, opened a new log
I20260630 12:24:36.384450  9625 tablet_bootstrap.cc:492] T 2388834611e9452eb0bb4cd05b1450d2 P 34b9a0a9bb13400a8c7e4b563f32ba7d: No bootstrap required, opened a new log
I20260630 12:24:36.384374  9626 consensus_queue.cc:260] T 61b6bb6c81624df6a2e3e5beab738fbd P f20316ac2d6b476ea4020a699d3519c9 [NON_LEADER]: Queue going to NON_LEADER mode. State: All replicated index: 0, Majority replicated index: 0, Committed index: 0, Last appended: 0.0, Last appended by leader: 0, Current term: 0, Majority size: -1, State: 0, Mode: NON_LEADER, active raft config: opid_index: -1 OBSOLETE_local: false peers { permanent_uuid: "a58fff6388464261980ea0e9af0f9ac0" member_type: VOTER last_known_addr { host: "127.6.21.2" port: 40379 } } peers { permanent_uuid: "f20316ac2d6b476ea4020a699d3519c9" member_type: VOTER last_known_addr { host: "127.6.21.4" port: 36185 } } peers { permanent_uuid: "34b9a0a9bb13400a8c7e4b563f32ba7d" member_type: VOTER last_known_addr { host: "127.6.21.3" port: 44693 } }
I20260630 12:24:36.385950  9625 ts_tablet_manager.cc:1403] T 2388834611e9452eb0bb4cd05b1450d2 P 34b9a0a9bb13400a8c7e4b563f32ba7d: Time spent bootstrapping tablet: real 0.190s	user 0.021s	sys 0.017s
I20260630 12:24:36.388427  9621 raft_consensus.cc:515] T 2c33847744414415817c78f61e9b1722 P a58fff6388464261980ea0e9af0f9ac0 [term 1 FOLLOWER]: Starting leader election with config: opid_index: -1 OBSOLETE_local: false peers { permanent_uuid: "f20316ac2d6b476ea4020a699d3519c9" member_type: VOTER last_known_addr { host: "127.6.21.4" port: 36185 } } peers { permanent_uuid: "f097d3a149544376b9994d6a4039b091" member_type: VOTER last_known_addr { host: "127.6.21.1" port: 33699 } } peers { permanent_uuid: "a58fff6388464261980ea0e9af0f9ac0" member_type: VOTER last_known_addr { host: "127.6.21.2" port: 40379 } }
I20260630 12:24:36.388689  9618 ts_tablet_manager.cc:1403] T 5c7909c629bf4153a412d9c7d8e59a6c P a58fff6388464261980ea0e9af0f9ac0: Time spent bootstrapping tablet: real 0.186s	user 0.025s	sys 0.024s
I20260630 12:24:36.395879  9625 raft_consensus.cc:359] T 2388834611e9452eb0bb4cd05b1450d2 P 34b9a0a9bb13400a8c7e4b563f32ba7d [term 0 FOLLOWER]: Replica starting. Triggering 0 pending ops. Active config: opid_index: -1 OBSOLETE_local: false peers { permanent_uuid: "34b9a0a9bb13400a8c7e4b563f32ba7d" member_type: VOTER last_known_addr { host: "127.6.21.3" port: 44693 } } peers { permanent_uuid: "f20316ac2d6b476ea4020a699d3519c9" member_type: VOTER last_known_addr { host: "127.6.21.4" port: 36185 } } peers { permanent_uuid: "f097d3a149544376b9994d6a4039b091" member_type: VOTER last_known_addr { host: "127.6.21.1" port: 33699 } }
I20260630 12:24:36.382820  9617 raft_consensus.cc:359] T 01595082964c4cb29db4fc65009a8e95 P f097d3a149544376b9994d6a4039b091 [term 0 FOLLOWER]: Replica starting. Triggering 0 pending ops. Active config: opid_index: -1 OBSOLETE_local: false peers { permanent_uuid: "f097d3a149544376b9994d6a4039b091" member_type: VOTER last_known_addr { host: "127.6.21.1" port: 33699 } } peers { permanent_uuid: "f20316ac2d6b476ea4020a699d3519c9" member_type: VOTER last_known_addr { host: "127.6.21.4" port: 36185 } } peers { permanent_uuid: "a58fff6388464261980ea0e9af0f9ac0" member_type: VOTER last_known_addr { host: "127.6.21.2" port: 40379 } }
I20260630 12:24:36.397780  9617 raft_consensus.cc:385] T 01595082964c4cb29db4fc65009a8e95 P f097d3a149544376b9994d6a4039b091 [term 0 FOLLOWER]: Consensus starting up: Expiring failure detector timer to make a prompt election more likely
I20260630 12:24:36.398510  9582 tablet_service.cc:1917] Received RequestConsensusVote() RPC: tablet_id: "01595082964c4cb29db4fc65009a8e95" candidate_uuid: "a58fff6388464261980ea0e9af0f9ac0" candidate_term: 1 candidate_status { last_received { term: 0 index: 0 } } ignore_live_leader: false dest_uuid: "f20316ac2d6b476ea4020a699d3519c9" is_pre_election: true
I20260630 12:24:36.400825  9621 leader_election.cc:290] T 2c33847744414415817c78f61e9b1722 P a58fff6388464261980ea0e9af0f9ac0 [CANDIDATE]: Term 1 election: Requested vote from peers f20316ac2d6b476ea4020a699d3519c9 (127.6.21.4:36185), f097d3a149544376b9994d6a4039b091 (127.6.21.1:33699)
I20260630 12:24:36.401408  9263 tablet_service.cc:1917] Received RequestConsensusVote() RPC: tablet_id: "2c33847744414415817c78f61e9b1722" candidate_uuid: "a58fff6388464261980ea0e9af0f9ac0" candidate_term: 1 candidate_status { last_received { term: 0 index: 0 } } ignore_live_leader: false dest_uuid: "f097d3a149544376b9994d6a4039b091"
I20260630 12:24:36.401880  9626 ts_tablet_manager.cc:1434] T 61b6bb6c81624df6a2e3e5beab738fbd P f20316ac2d6b476ea4020a699d3519c9: Time spent starting tablet: real 0.097s	user 0.009s	sys 0.007s
I20260630 12:24:36.403628  9263 raft_consensus.cc:3060] T 2c33847744414415817c78f61e9b1722 P f097d3a149544376b9994d6a4039b091 [term 0 FOLLOWER]: Advancing to term 1
I20260630 12:24:36.404629  9626 tablet_bootstrap.cc:492] T 7f54205d51e349c9a816cf25ad3a46ff P f20316ac2d6b476ea4020a699d3519c9: Bootstrap starting.
I20260630 12:24:36.397485  9583 tablet_service.cc:1917] Received RequestConsensusVote() RPC: tablet_id: "2c33847744414415817c78f61e9b1722" candidate_uuid: "a58fff6388464261980ea0e9af0f9ac0" candidate_term: 1 candidate_status { last_received { term: 0 index: 0 } } ignore_live_leader: false dest_uuid: "f20316ac2d6b476ea4020a699d3519c9" is_pre_election: true
I20260630 12:24:36.400574  9617 raft_consensus.cc:740] T 01595082964c4cb29db4fc65009a8e95 P f097d3a149544376b9994d6a4039b091 [term 0 FOLLOWER]: Becoming Follower/Learner. State: Replica: f097d3a149544376b9994d6a4039b091, State: Initialized, Role: FOLLOWER
W20260630 12:24:36.404601  9301 leader_election.cc:343] T 01595082964c4cb29db4fc65009a8e95 P a58fff6388464261980ea0e9af0f9ac0 [CANDIDATE]: Term 1 pre-election: Tablet error from VoteRequest() call to peer f20316ac2d6b476ea4020a699d3519c9 (127.6.21.4:36185): Illegal state: must be running to vote when last-logged opid is not known
I20260630 12:24:36.396934  9625 raft_consensus.cc:385] T 2388834611e9452eb0bb4cd05b1450d2 P 34b9a0a9bb13400a8c7e4b563f32ba7d [term 0 FOLLOWER]: Consensus starting up: Expiring failure detector timer to make a prompt election more likely
I20260630 12:24:36.406359  9301 leader_election.cc:304] T 01595082964c4cb29db4fc65009a8e95 P a58fff6388464261980ea0e9af0f9ac0 [CANDIDATE]: Term 1 pre-election: Election decided. Result: candidate lost. Election summary: received 3 responses out of 3 voters: 1 yes votes; 2 no votes. yes voters: a58fff6388464261980ea0e9af0f9ac0; no voters: f097d3a149544376b9994d6a4039b091, f20316ac2d6b476ea4020a699d3519c9
I20260630 12:24:36.406661  9625 raft_consensus.cc:740] T 2388834611e9452eb0bb4cd05b1450d2 P 34b9a0a9bb13400a8c7e4b563f32ba7d [term 0 FOLLOWER]: Becoming Follower/Learner. State: Replica: 34b9a0a9bb13400a8c7e4b563f32ba7d, State: Initialized, Role: FOLLOWER
I20260630 12:24:36.408775  9625 consensus_queue.cc:260] T 2388834611e9452eb0bb4cd05b1450d2 P 34b9a0a9bb13400a8c7e4b563f32ba7d [NON_LEADER]: Queue going to NON_LEADER mode. State: All replicated index: 0, Majority replicated index: 0, Committed index: 0, Last appended: 0.0, Last appended by leader: 0, Current term: 0, Majority size: -1, State: 0, Mode: NON_LEADER, active raft config: opid_index: -1 OBSOLETE_local: false peers { permanent_uuid: "34b9a0a9bb13400a8c7e4b563f32ba7d" member_type: VOTER last_known_addr { host: "127.6.21.3" port: 44693 } } peers { permanent_uuid: "f20316ac2d6b476ea4020a699d3519c9" member_type: VOTER last_known_addr { host: "127.6.21.4" port: 36185 } } peers { permanent_uuid: "f097d3a149544376b9994d6a4039b091" member_type: VOTER last_known_addr { host: "127.6.21.1" port: 33699 } }
I20260630 12:24:36.409883  9583 tablet_service.cc:1917] Received RequestConsensusVote() RPC: tablet_id: "61b6bb6c81624df6a2e3e5beab738fbd" candidate_uuid: "34b9a0a9bb13400a8c7e4b563f32ba7d" candidate_term: 1 candidate_status { last_received { term: 0 index: 0 } } ignore_live_leader: false dest_uuid: "f20316ac2d6b476ea4020a699d3519c9" is_pre_election: true
W20260630 12:24:36.413718  9301 leader_election.cc:343] T 2c33847744414415817c78f61e9b1722 P a58fff6388464261980ea0e9af0f9ac0 [CANDIDATE]: Term 1 pre-election: Tablet error from VoteRequest() call to peer f20316ac2d6b476ea4020a699d3519c9 (127.6.21.4:36185): Illegal state: must be running to vote when last-logged opid is not known
I20260630 12:24:36.413667  9582 tablet_service.cc:1917] Received RequestConsensusVote() RPC: tablet_id: "2c33847744414415817c78f61e9b1722" candidate_uuid: "a58fff6388464261980ea0e9af0f9ac0" candidate_term: 1 candidate_status { last_received { term: 0 index: 0 } } ignore_live_leader: false dest_uuid: "f20316ac2d6b476ea4020a699d3519c9"
I20260630 12:24:36.414484  9583 raft_consensus.cc:2468] T 61b6bb6c81624df6a2e3e5beab738fbd P f20316ac2d6b476ea4020a699d3519c9 [term 0 FOLLOWER]: Leader pre-election vote request: Granting yes vote for candidate 34b9a0a9bb13400a8c7e4b563f32ba7d in term 0.
I20260630 12:24:36.414564  9617 consensus_queue.cc:260] T 01595082964c4cb29db4fc65009a8e95 P f097d3a149544376b9994d6a4039b091 [NON_LEADER]: Queue going to NON_LEADER mode. State: All replicated index: 0, Majority replicated index: 0, Committed index: 0, Last appended: 0.0, Last appended by leader: 0, Current term: 0, Majority size: -1, State: 0, Mode: NON_LEADER, active raft config: opid_index: -1 OBSOLETE_local: false peers { permanent_uuid: "f097d3a149544376b9994d6a4039b091" member_type: VOTER last_known_addr { host: "127.6.21.1" port: 33699 } } peers { permanent_uuid: "f20316ac2d6b476ea4020a699d3519c9" member_type: VOTER last_known_addr { host: "127.6.21.4" port: 36185 } } peers { permanent_uuid: "a58fff6388464261980ea0e9af0f9ac0" member_type: VOTER last_known_addr { host: "127.6.21.2" port: 40379 } }
I20260630 12:24:36.413341  9618 raft_consensus.cc:359] T 5c7909c629bf4153a412d9c7d8e59a6c P a58fff6388464261980ea0e9af0f9ac0 [term 0 FOLLOWER]: Replica starting. Triggering 0 pending ops. Active config: opid_index: -1 OBSOLETE_local: false peers { permanent_uuid: "f20316ac2d6b476ea4020a699d3519c9" member_type: VOTER last_known_addr { host: "127.6.21.4" port: 36185 } } peers { permanent_uuid: "f097d3a149544376b9994d6a4039b091" member_type: VOTER last_known_addr { host: "127.6.21.1" port: 33699 } } peers { permanent_uuid: "a58fff6388464261980ea0e9af0f9ac0" member_type: VOTER last_known_addr { host: "127.6.21.2" port: 40379 } }
I20260630 12:24:36.417003  9375 leader_election.cc:304] T 61b6bb6c81624df6a2e3e5beab738fbd P 34b9a0a9bb13400a8c7e4b563f32ba7d [CANDIDATE]: Term 1 pre-election: Election decided. Result: candidate won. Election summary: received 3 responses out of 3 voters: 2 yes votes; 1 no votes. yes voters: 34b9a0a9bb13400a8c7e4b563f32ba7d, f20316ac2d6b476ea4020a699d3519c9; no voters: a58fff6388464261980ea0e9af0f9ac0
I20260630 12:24:36.418334  9618 raft_consensus.cc:385] T 5c7909c629bf4153a412d9c7d8e59a6c P a58fff6388464261980ea0e9af0f9ac0 [term 0 FOLLOWER]: Consensus starting up: Expiring failure detector timer to make a prompt election more likely
I20260630 12:24:36.419387  9618 raft_consensus.cc:740] T 5c7909c629bf4153a412d9c7d8e59a6c P a58fff6388464261980ea0e9af0f9ac0 [term 0 FOLLOWER]: Becoming Follower/Learner. State: Replica: a58fff6388464261980ea0e9af0f9ac0, State: Initialized, Role: FOLLOWER
I20260630 12:24:36.420241  9623 raft_consensus.cc:2804] T 61b6bb6c81624df6a2e3e5beab738fbd P 34b9a0a9bb13400a8c7e4b563f32ba7d [term 0 FOLLOWER]: Leader pre-election won for term 1
I20260630 12:24:36.422590  9623 raft_consensus.cc:493] T 61b6bb6c81624df6a2e3e5beab738fbd P 34b9a0a9bb13400a8c7e4b563f32ba7d [term 0 FOLLOWER]: Starting leader election (no leader contacted us within the election timeout)
I20260630 12:24:36.421123  9491 raft_consensus.cc:493] T 01595082964c4cb29db4fc65009a8e95 P f097d3a149544376b9994d6a4039b091 [term 0 FOLLOWER]: Starting pre-election (no leader contacted us within the election timeout)
I20260630 12:24:36.424381  9625 ts_tablet_manager.cc:1434] T 2388834611e9452eb0bb4cd05b1450d2 P 34b9a0a9bb13400a8c7e4b563f32ba7d: Time spent starting tablet: real 0.035s	user 0.012s	sys 0.002s
I20260630 12:24:36.423740  9491 raft_consensus.cc:515] T 01595082964c4cb29db4fc65009a8e95 P f097d3a149544376b9994d6a4039b091 [term 0 FOLLOWER]: Starting pre-election with config: opid_index: -1 OBSOLETE_local: false peers { permanent_uuid: "f097d3a149544376b9994d6a4039b091" member_type: VOTER last_known_addr { host: "127.6.21.1" port: 33699 } } peers { permanent_uuid: "f20316ac2d6b476ea4020a699d3519c9" member_type: VOTER last_known_addr { host: "127.6.21.4" port: 36185 } } peers { permanent_uuid: "a58fff6388464261980ea0e9af0f9ac0" member_type: VOTER last_known_addr { host: "127.6.21.2" port: 40379 } }
I20260630 12:24:36.425944  9618 consensus_queue.cc:260] T 5c7909c629bf4153a412d9c7d8e59a6c P a58fff6388464261980ea0e9af0f9ac0 [NON_LEADER]: Queue going to NON_LEADER mode. State: All replicated index: 0, Majority replicated index: 0, Committed index: 0, Last appended: 0.0, Last appended by leader: 0, Current term: 0, Majority size: -1, State: 0, Mode: NON_LEADER, active raft config: opid_index: -1 OBSOLETE_local: false peers { permanent_uuid: "f20316ac2d6b476ea4020a699d3519c9" member_type: VOTER last_known_addr { host: "127.6.21.4" port: 36185 } } peers { permanent_uuid: "f097d3a149544376b9994d6a4039b091" member_type: VOTER last_known_addr { host: "127.6.21.1" port: 33699 } } peers { permanent_uuid: "a58fff6388464261980ea0e9af0f9ac0" member_type: VOTER last_known_addr { host: "127.6.21.2" port: 40379 } }
I20260630 12:24:36.428277  9263 raft_consensus.cc:2468] T 2c33847744414415817c78f61e9b1722 P f097d3a149544376b9994d6a4039b091 [term 1 FOLLOWER]: Leader election vote request: Granting yes vote for candidate a58fff6388464261980ea0e9af0f9ac0 in term 1.
I20260630 12:24:36.432017  9618 ts_tablet_manager.cc:1434] T 5c7909c629bf4153a412d9c7d8e59a6c P a58fff6388464261980ea0e9af0f9ac0: Time spent starting tablet: real 0.042s	user 0.007s	sys 0.008s
I20260630 12:24:36.433528  9618 tablet_bootstrap.cc:492] T 5cbef4e44dc94cb2851f4e8af2d595f1 P a58fff6388464261980ea0e9af0f9ac0: Bootstrap starting.
I20260630 12:24:36.427392  9623 raft_consensus.cc:3060] T 61b6bb6c81624df6a2e3e5beab738fbd P 34b9a0a9bb13400a8c7e4b563f32ba7d [term 0 FOLLOWER]: Advancing to term 1
I20260630 12:24:36.435812  9625 tablet_bootstrap.cc:492] T f7b3bc6f2f7a4de2984f0e71d25fea4b P 34b9a0a9bb13400a8c7e4b563f32ba7d: Bootstrap starting.
W20260630 12:24:36.420909  9301 leader_election.cc:343] T 2c33847744414415817c78f61e9b1722 P a58fff6388464261980ea0e9af0f9ac0 [CANDIDATE]: Term 1 election: Tablet error from VoteRequest() call to peer f20316ac2d6b476ea4020a699d3519c9 (127.6.21.4:36185): Illegal state: must be running to vote when last-logged opid is not known
I20260630 12:24:36.422158  9617 ts_tablet_manager.cc:1434] T 01595082964c4cb29db4fc65009a8e95 P f097d3a149544376b9994d6a4039b091: Time spent starting tablet: real 0.057s	user 0.005s	sys 0.007s
I20260630 12:24:36.437263  9301 leader_election.cc:304] T 2c33847744414415817c78f61e9b1722 P a58fff6388464261980ea0e9af0f9ac0 [CANDIDATE]: Term 1 election: Election decided. Result: candidate won. Election summary: received 3 responses out of 3 voters: 2 yes votes; 1 no votes. yes voters: a58fff6388464261980ea0e9af0f9ac0, f097d3a149544376b9994d6a4039b091; no voters: f20316ac2d6b476ea4020a699d3519c9
I20260630 12:24:36.438246  9617 tablet_bootstrap.cc:492] T 2388834611e9452eb0bb4cd05b1450d2 P f097d3a149544376b9994d6a4039b091: Bootstrap starting.
I20260630 12:24:36.438373  9466 raft_consensus.cc:2804] T 2c33847744414415817c78f61e9b1722 P a58fff6388464261980ea0e9af0f9ac0 [term 1 FOLLOWER]: Leader election won for term 1
I20260630 12:24:36.439041  9466 raft_consensus.cc:697] T 2c33847744414415817c78f61e9b1722 P a58fff6388464261980ea0e9af0f9ac0 [term 1 LEADER]: Becoming Leader. State: Replica: a58fff6388464261980ea0e9af0f9ac0, State: Running, Role: LEADER
I20260630 12:24:36.433354  9626 tablet_bootstrap.cc:654] T 7f54205d51e349c9a816cf25ad3a46ff P f20316ac2d6b476ea4020a699d3519c9: Neither blocks nor log segments found. Creating new log.
I20260630 12:24:36.441541  9466 consensus_queue.cc:237] T 2c33847744414415817c78f61e9b1722 P a58fff6388464261980ea0e9af0f9ac0 [LEADER]: Queue going to LEADER mode. State: All replicated index: 0, Majority replicated index: 0, Committed index: 0, Last appended: 0.0, Last appended by leader: 0, Current term: 1, Majority size: 2, State: 0, Mode: LEADER, active raft config: opid_index: -1 OBSOLETE_local: false peers { permanent_uuid: "f20316ac2d6b476ea4020a699d3519c9" member_type: VOTER last_known_addr { host: "127.6.21.4" port: 36185 } } peers { permanent_uuid: "f097d3a149544376b9994d6a4039b091" member_type: VOTER last_known_addr { host: "127.6.21.1" port: 33699 } } peers { permanent_uuid: "a58fff6388464261980ea0e9af0f9ac0" member_type: VOTER last_known_addr { host: "127.6.21.2" port: 40379 } }
I20260630 12:24:36.453032  9337 tablet_service.cc:1917] Received RequestConsensusVote() RPC: tablet_id: "01595082964c4cb29db4fc65009a8e95" candidate_uuid: "f097d3a149544376b9994d6a4039b091" candidate_term: 1 candidate_status { last_received { term: 0 index: 0 } } ignore_live_leader: false dest_uuid: "a58fff6388464261980ea0e9af0f9ac0" is_pre_election: true
I20260630 12:24:36.451509  9491 leader_election.cc:290] T 01595082964c4cb29db4fc65009a8e95 P f097d3a149544376b9994d6a4039b091 [CANDIDATE]: Term 1 pre-election: Requested pre-vote from peers f20316ac2d6b476ea4020a699d3519c9 (127.6.21.4:36185), a58fff6388464261980ea0e9af0f9ac0 (127.6.21.2:40379)
I20260630 12:24:36.417636  9621 raft_consensus.cc:2749] T 01595082964c4cb29db4fc65009a8e95 P a58fff6388464261980ea0e9af0f9ac0 [term 0 FOLLOWER]: Leader pre-election lost for term 1. Reason: could not achieve majority
I20260630 12:24:36.456321  9337 raft_consensus.cc:2468] T 01595082964c4cb29db4fc65009a8e95 P a58fff6388464261980ea0e9af0f9ac0 [term 0 FOLLOWER]: Leader pre-election vote request: Granting yes vote for candidate f097d3a149544376b9994d6a4039b091 in term 0.
I20260630 12:24:36.473950  9226 leader_election.cc:304] T 01595082964c4cb29db4fc65009a8e95 P f097d3a149544376b9994d6a4039b091 [CANDIDATE]: Term 1 pre-election: Election decided. Result: candidate won. Election summary: received 2 responses out of 3 voters: 2 yes votes; 0 no votes. yes voters: a58fff6388464261980ea0e9af0f9ac0, f097d3a149544376b9994d6a4039b091; no voters: 
I20260630 12:24:36.477169  9491 raft_consensus.cc:2804] T 01595082964c4cb29db4fc65009a8e95 P f097d3a149544376b9994d6a4039b091 [term 0 FOLLOWER]: Leader pre-election won for term 1
I20260630 12:24:36.477664  9491 raft_consensus.cc:493] T 01595082964c4cb29db4fc65009a8e95 P f097d3a149544376b9994d6a4039b091 [term 0 FOLLOWER]: Starting leader election (no leader contacted us within the election timeout)
I20260630 12:24:36.478120  9491 raft_consensus.cc:3060] T 01595082964c4cb29db4fc65009a8e95 P f097d3a149544376b9994d6a4039b091 [term 0 FOLLOWER]: Advancing to term 1
I20260630 12:24:36.488452  9623 raft_consensus.cc:515] T 61b6bb6c81624df6a2e3e5beab738fbd P 34b9a0a9bb13400a8c7e4b563f32ba7d [term 1 FOLLOWER]: Starting leader election with config: opid_index: -1 OBSOLETE_local: false peers { permanent_uuid: "a58fff6388464261980ea0e9af0f9ac0" member_type: VOTER last_known_addr { host: "127.6.21.2" port: 40379 } } peers { permanent_uuid: "f20316ac2d6b476ea4020a699d3519c9" member_type: VOTER last_known_addr { host: "127.6.21.4" port: 36185 } } peers { permanent_uuid: "34b9a0a9bb13400a8c7e4b563f32ba7d" member_type: VOTER last_known_addr { host: "127.6.21.3" port: 44693 } }
I20260630 12:24:36.498195  9623 leader_election.cc:290] T 61b6bb6c81624df6a2e3e5beab738fbd P 34b9a0a9bb13400a8c7e4b563f32ba7d [CANDIDATE]: Term 1 election: Requested vote from peers a58fff6388464261980ea0e9af0f9ac0 (127.6.21.2:40379), f20316ac2d6b476ea4020a699d3519c9 (127.6.21.4:36185)
I20260630 12:24:36.500502  9583 tablet_service.cc:1917] Received RequestConsensusVote() RPC: tablet_id: "61b6bb6c81624df6a2e3e5beab738fbd" candidate_uuid: "34b9a0a9bb13400a8c7e4b563f32ba7d" candidate_term: 1 candidate_status { last_received { term: 0 index: 0 } } ignore_live_leader: false dest_uuid: "f20316ac2d6b476ea4020a699d3519c9"
I20260630 12:24:36.500958  9617 tablet_bootstrap.cc:654] T 2388834611e9452eb0bb4cd05b1450d2 P f097d3a149544376b9994d6a4039b091: Neither blocks nor log segments found. Creating new log.
I20260630 12:24:36.503805  9625 tablet_bootstrap.cc:654] T f7b3bc6f2f7a4de2984f0e71d25fea4b P 34b9a0a9bb13400a8c7e4b563f32ba7d: Neither blocks nor log segments found. Creating new log.
I20260630 12:24:36.503724  9338 tablet_service.cc:1917] Received RequestConsensusVote() RPC: tablet_id: "61b6bb6c81624df6a2e3e5beab738fbd" candidate_uuid: "34b9a0a9bb13400a8c7e4b563f32ba7d" candidate_term: 1 candidate_status { last_received { term: 0 index: 0 } } ignore_live_leader: false dest_uuid: "a58fff6388464261980ea0e9af0f9ac0"
I20260630 12:24:36.506121  9583 raft_consensus.cc:3060] T 61b6bb6c81624df6a2e3e5beab738fbd P f20316ac2d6b476ea4020a699d3519c9 [term 0 FOLLOWER]: Advancing to term 1
I20260630 12:24:36.513453  9626 tablet_bootstrap.cc:492] T 7f54205d51e349c9a816cf25ad3a46ff P f20316ac2d6b476ea4020a699d3519c9: No bootstrap required, opened a new log
W20260630 12:24:36.515228  9375 leader_election.cc:343] T 61b6bb6c81624df6a2e3e5beab738fbd P 34b9a0a9bb13400a8c7e4b563f32ba7d [CANDIDATE]: Term 1 election: Tablet error from VoteRequest() call to peer a58fff6388464261980ea0e9af0f9ac0 (127.6.21.2:40379): Illegal state: must be running to vote when last-logged opid is not known
I20260630 12:24:36.519471  9626 ts_tablet_manager.cc:1403] T 7f54205d51e349c9a816cf25ad3a46ff P f20316ac2d6b476ea4020a699d3519c9: Time spent bootstrapping tablet: real 0.115s	user 0.020s	sys 0.020s
I20260630 12:24:36.520079  9582 tablet_service.cc:1917] Received RequestConsensusVote() RPC: tablet_id: "01595082964c4cb29db4fc65009a8e95" candidate_uuid: "f097d3a149544376b9994d6a4039b091" candidate_term: 1 candidate_status { last_received { term: 0 index: 0 } } ignore_live_leader: false dest_uuid: "f20316ac2d6b476ea4020a699d3519c9" is_pre_election: true
W20260630 12:24:36.530365  9226 leader_election.cc:343] T 01595082964c4cb29db4fc65009a8e95 P f097d3a149544376b9994d6a4039b091 [CANDIDATE]: Term 1 pre-election: Tablet error from VoteRequest() call to peer f20316ac2d6b476ea4020a699d3519c9 (127.6.21.4:36185): Illegal state: must be running to vote when last-logged opid is not known
I20260630 12:24:36.532208  9626 raft_consensus.cc:359] T 7f54205d51e349c9a816cf25ad3a46ff P f20316ac2d6b476ea4020a699d3519c9 [term 0 FOLLOWER]: Replica starting. Triggering 0 pending ops. Active config: opid_index: -1 OBSOLETE_local: false peers { permanent_uuid: "f20316ac2d6b476ea4020a699d3519c9" member_type: VOTER last_known_addr { host: "127.6.21.4" port: 36185 } } peers { permanent_uuid: "34b9a0a9bb13400a8c7e4b563f32ba7d" member_type: VOTER last_known_addr { host: "127.6.21.3" port: 44693 } } peers { permanent_uuid: "f097d3a149544376b9994d6a4039b091" member_type: VOTER last_known_addr { host: "127.6.21.1" port: 33699 } }
I20260630 12:24:36.539289  9583 raft_consensus.cc:2468] T 61b6bb6c81624df6a2e3e5beab738fbd P f20316ac2d6b476ea4020a699d3519c9 [term 1 FOLLOWER]: Leader election vote request: Granting yes vote for candidate 34b9a0a9bb13400a8c7e4b563f32ba7d in term 1.
I20260630 12:24:36.540663  9375 leader_election.cc:304] T 61b6bb6c81624df6a2e3e5beab738fbd P 34b9a0a9bb13400a8c7e4b563f32ba7d [CANDIDATE]: Term 1 election: Election decided. Result: candidate won. Election summary: received 3 responses out of 3 voters: 2 yes votes; 1 no votes. yes voters: 34b9a0a9bb13400a8c7e4b563f32ba7d, f20316ac2d6b476ea4020a699d3519c9; no voters: a58fff6388464261980ea0e9af0f9ac0
I20260630 12:24:36.540961  9625 tablet_bootstrap.cc:492] T f7b3bc6f2f7a4de2984f0e71d25fea4b P 34b9a0a9bb13400a8c7e4b563f32ba7d: No bootstrap required, opened a new log
I20260630 12:24:36.541704  9625 ts_tablet_manager.cc:1403] T f7b3bc6f2f7a4de2984f0e71d25fea4b P 34b9a0a9bb13400a8c7e4b563f32ba7d: Time spent bootstrapping tablet: real 0.107s	user 0.015s	sys 0.014s
I20260630 12:24:36.539276  9626 raft_consensus.cc:385] T 7f54205d51e349c9a816cf25ad3a46ff P f20316ac2d6b476ea4020a699d3519c9 [term 0 FOLLOWER]: Consensus starting up: Expiring failure detector timer to make a prompt election more likely
I20260630 12:24:36.542465  9618 tablet_bootstrap.cc:654] T 5cbef4e44dc94cb2851f4e8af2d595f1 P a58fff6388464261980ea0e9af0f9ac0: Neither blocks nor log segments found. Creating new log.
I20260630 12:24:36.542564  9623 raft_consensus.cc:2804] T 61b6bb6c81624df6a2e3e5beab738fbd P 34b9a0a9bb13400a8c7e4b563f32ba7d [term 1 FOLLOWER]: Leader election won for term 1
I20260630 12:24:36.544495  9623 raft_consensus.cc:697] T 61b6bb6c81624df6a2e3e5beab738fbd P 34b9a0a9bb13400a8c7e4b563f32ba7d [term 1 LEADER]: Becoming Leader. State: Replica: 34b9a0a9bb13400a8c7e4b563f32ba7d, State: Running, Role: LEADER
I20260630 12:24:36.535355  9160 catalog_manager.cc:6242] T 00000000000000000000000000000000 P eeaf941c69714f43bac93999049f8807: range_aware_rebalance_new_range [id=a46a36880e834538bb6f419912d7836d] alter complete (version 0)
I20260630 12:24:36.546903  9623 consensus_queue.cc:237] T 61b6bb6c81624df6a2e3e5beab738fbd P 34b9a0a9bb13400a8c7e4b563f32ba7d [LEADER]: Queue going to LEADER mode. State: All replicated index: 0, Majority replicated index: 0, Committed index: 0, Last appended: 0.0, Last appended by leader: 0, Current term: 1, Majority size: 2, State: 0, Mode: LEADER, active raft config: opid_index: -1 OBSOLETE_local: false peers { permanent_uuid: "a58fff6388464261980ea0e9af0f9ac0" member_type: VOTER last_known_addr { host: "127.6.21.2" port: 40379 } } peers { permanent_uuid: "f20316ac2d6b476ea4020a699d3519c9" member_type: VOTER last_known_addr { host: "127.6.21.4" port: 36185 } } peers { permanent_uuid: "34b9a0a9bb13400a8c7e4b563f32ba7d" member_type: VOTER last_known_addr { host: "127.6.21.3" port: 44693 } }
I20260630 12:24:36.553865  9625 raft_consensus.cc:359] T f7b3bc6f2f7a4de2984f0e71d25fea4b P 34b9a0a9bb13400a8c7e4b563f32ba7d [term 0 FOLLOWER]: Replica starting. Triggering 0 pending ops. Active config: opid_index: -1 OBSOLETE_local: false peers { permanent_uuid: "34b9a0a9bb13400a8c7e4b563f32ba7d" member_type: VOTER last_known_addr { host: "127.6.21.3" port: 44693 } } peers { permanent_uuid: "f097d3a149544376b9994d6a4039b091" member_type: VOTER last_known_addr { host: "127.6.21.1" port: 33699 } } peers { permanent_uuid: "f20316ac2d6b476ea4020a699d3519c9" member_type: VOTER last_known_addr { host: "127.6.21.4" port: 36185 } }
I20260630 12:24:36.543516  9626 raft_consensus.cc:740] T 7f54205d51e349c9a816cf25ad3a46ff P f20316ac2d6b476ea4020a699d3519c9 [term 0 FOLLOWER]: Becoming Follower/Learner. State: Replica: f20316ac2d6b476ea4020a699d3519c9, State: Initialized, Role: FOLLOWER
I20260630 12:24:36.555414  9625 raft_consensus.cc:385] T f7b3bc6f2f7a4de2984f0e71d25fea4b P 34b9a0a9bb13400a8c7e4b563f32ba7d [term 0 FOLLOWER]: Consensus starting up: Expiring failure detector timer to make a prompt election more likely
I20260630 12:24:36.560324  9625 raft_consensus.cc:740] T f7b3bc6f2f7a4de2984f0e71d25fea4b P 34b9a0a9bb13400a8c7e4b563f32ba7d [term 0 FOLLOWER]: Becoming Follower/Learner. State: Replica: 34b9a0a9bb13400a8c7e4b563f32ba7d, State: Initialized, Role: FOLLOWER
I20260630 12:24:36.562451  9625 consensus_queue.cc:260] T f7b3bc6f2f7a4de2984f0e71d25fea4b P 34b9a0a9bb13400a8c7e4b563f32ba7d [NON_LEADER]: Queue going to NON_LEADER mode. State: All replicated index: 0, Majority replicated index: 0, Committed index: 0, Last appended: 0.0, Last appended by leader: 0, Current term: 0, Majority size: -1, State: 0, Mode: NON_LEADER, active raft config: opid_index: -1 OBSOLETE_local: false peers { permanent_uuid: "34b9a0a9bb13400a8c7e4b563f32ba7d" member_type: VOTER last_known_addr { host: "127.6.21.3" port: 44693 } } peers { permanent_uuid: "f097d3a149544376b9994d6a4039b091" member_type: VOTER last_known_addr { host: "127.6.21.1" port: 33699 } } peers { permanent_uuid: "f20316ac2d6b476ea4020a699d3519c9" member_type: VOTER last_known_addr { host: "127.6.21.4" port: 36185 } }
I20260630 12:24:36.568116  9625 ts_tablet_manager.cc:1434] T f7b3bc6f2f7a4de2984f0e71d25fea4b P 34b9a0a9bb13400a8c7e4b563f32ba7d: Time spent starting tablet: real 0.026s	user 0.010s	sys 0.004s
I20260630 12:24:36.558749  9626 consensus_queue.cc:260] T 7f54205d51e349c9a816cf25ad3a46ff P f20316ac2d6b476ea4020a699d3519c9 [NON_LEADER]: Queue going to NON_LEADER mode. State: All replicated index: 0, Majority replicated index: 0, Committed index: 0, Last appended: 0.0, Last appended by leader: 0, Current term: 0, Majority size: -1, State: 0, Mode: NON_LEADER, active raft config: opid_index: -1 OBSOLETE_local: false peers { permanent_uuid: "f20316ac2d6b476ea4020a699d3519c9" member_type: VOTER last_known_addr { host: "127.6.21.4" port: 36185 } } peers { permanent_uuid: "34b9a0a9bb13400a8c7e4b563f32ba7d" member_type: VOTER last_known_addr { host: "127.6.21.3" port: 44693 } } peers { permanent_uuid: "f097d3a149544376b9994d6a4039b091" member_type: VOTER last_known_addr { host: "127.6.21.1" port: 33699 } }
I20260630 12:24:36.571033  9525 raft_consensus.cc:493] T 2388834611e9452eb0bb4cd05b1450d2 P 34b9a0a9bb13400a8c7e4b563f32ba7d [term 0 FOLLOWER]: Starting pre-election (no leader contacted us within the election timeout)
I20260630 12:24:36.571435  9626 ts_tablet_manager.cc:1434] T 7f54205d51e349c9a816cf25ad3a46ff P f20316ac2d6b476ea4020a699d3519c9: Time spent starting tablet: real 0.051s	user 0.008s	sys 0.006s
I20260630 12:24:36.572292  9525 raft_consensus.cc:515] T 2388834611e9452eb0bb4cd05b1450d2 P 34b9a0a9bb13400a8c7e4b563f32ba7d [term 0 FOLLOWER]: Starting pre-election with config: opid_index: -1 OBSOLETE_local: false peers { permanent_uuid: "34b9a0a9bb13400a8c7e4b563f32ba7d" member_type: VOTER last_known_addr { host: "127.6.21.3" port: 44693 } } peers { permanent_uuid: "f20316ac2d6b476ea4020a699d3519c9" member_type: VOTER last_known_addr { host: "127.6.21.4" port: 36185 } } peers { permanent_uuid: "f097d3a149544376b9994d6a4039b091" member_type: VOTER last_known_addr { host: "127.6.21.1" port: 33699 } }
I20260630 12:24:36.573536  9626 tablet_bootstrap.cc:492] T 2c33847744414415817c78f61e9b1722 P f20316ac2d6b476ea4020a699d3519c9: Bootstrap starting.
I20260630 12:24:36.581576  9625 tablet_bootstrap.cc:492] T 5cbef4e44dc94cb2851f4e8af2d595f1 P 34b9a0a9bb13400a8c7e4b563f32ba7d: Bootstrap starting.
I20260630 12:24:36.521698  9491 raft_consensus.cc:515] T 01595082964c4cb29db4fc65009a8e95 P f097d3a149544376b9994d6a4039b091 [term 1 FOLLOWER]: Starting leader election with config: opid_index: -1 OBSOLETE_local: false peers { permanent_uuid: "f097d3a149544376b9994d6a4039b091" member_type: VOTER last_known_addr { host: "127.6.21.1" port: 33699 } } peers { permanent_uuid: "f20316ac2d6b476ea4020a699d3519c9" member_type: VOTER last_known_addr { host: "127.6.21.4" port: 36185 } } peers { permanent_uuid: "a58fff6388464261980ea0e9af0f9ac0" member_type: VOTER last_known_addr { host: "127.6.21.2" port: 40379 } }
W20260630 12:24:36.583451  9146 catalog_manager.cc:4810] Async tablet task AlterTable RPC for tablet 5c7909c629bf4153a412d9c7d8e59a6c (table range_aware_rebalance_new_range [id=a46a36880e834538bb6f419912d7836d], current schema version=0) failed: Not found: failed to reset TS proxy: No leader found: Tablet 5c7909c629bf4153a412d9c7d8e59a6c consensus state has no leader
I20260630 12:24:36.585536  9525 leader_election.cc:290] T 2388834611e9452eb0bb4cd05b1450d2 P 34b9a0a9bb13400a8c7e4b563f32ba7d [CANDIDATE]: Term 1 pre-election: Requested pre-vote from peers f20316ac2d6b476ea4020a699d3519c9 (127.6.21.4:36185), f097d3a149544376b9994d6a4039b091 (127.6.21.1:33699)
I20260630 12:24:36.587988  9583 tablet_service.cc:1917] Received RequestConsensusVote() RPC: tablet_id: "2388834611e9452eb0bb4cd05b1450d2" candidate_uuid: "34b9a0a9bb13400a8c7e4b563f32ba7d" candidate_term: 1 candidate_status { last_received { term: 0 index: 0 } } ignore_live_leader: false dest_uuid: "f20316ac2d6b476ea4020a699d3519c9" is_pre_election: true
I20260630 12:24:36.589282  9263 tablet_service.cc:1917] Received RequestConsensusVote() RPC: tablet_id: "2388834611e9452eb0bb4cd05b1450d2" candidate_uuid: "34b9a0a9bb13400a8c7e4b563f32ba7d" candidate_term: 1 candidate_status { last_received { term: 0 index: 0 } } ignore_live_leader: false dest_uuid: "f097d3a149544376b9994d6a4039b091" is_pre_election: true
W20260630 12:24:36.591679  9375 leader_election.cc:343] T 2388834611e9452eb0bb4cd05b1450d2 P 34b9a0a9bb13400a8c7e4b563f32ba7d [CANDIDATE]: Term 1 pre-election: Tablet error from VoteRequest() call to peer f20316ac2d6b476ea4020a699d3519c9 (127.6.21.4:36185): Illegal state: must be running to vote when last-logged opid is not known
W20260630 12:24:36.592626  9378 leader_election.cc:343] T 2388834611e9452eb0bb4cd05b1450d2 P 34b9a0a9bb13400a8c7e4b563f32ba7d [CANDIDATE]: Term 1 pre-election: Tablet error from VoteRequest() call to peer f097d3a149544376b9994d6a4039b091 (127.6.21.1:33699): Illegal state: must be running to vote when last-logged opid is not known
I20260630 12:24:36.593358  9378 leader_election.cc:304] T 2388834611e9452eb0bb4cd05b1450d2 P 34b9a0a9bb13400a8c7e4b563f32ba7d [CANDIDATE]: Term 1 pre-election: Election decided. Result: candidate lost. Election summary: received 3 responses out of 3 voters: 1 yes votes; 2 no votes. yes voters: 34b9a0a9bb13400a8c7e4b563f32ba7d; no voters: f097d3a149544376b9994d6a4039b091, f20316ac2d6b476ea4020a699d3519c9
I20260630 12:24:36.594986  9525 raft_consensus.cc:2749] T 2388834611e9452eb0bb4cd05b1450d2 P 34b9a0a9bb13400a8c7e4b563f32ba7d [term 0 FOLLOWER]: Leader pre-election lost for term 1. Reason: could not achieve majority
I20260630 12:24:36.599062  9631 raft_consensus.cc:493] T 5cbef4e44dc94cb2851f4e8af2d595f1 P f20316ac2d6b476ea4020a699d3519c9 [term 0 FOLLOWER]: Starting pre-election (no leader contacted us within the election timeout)
I20260630 12:24:36.584530  9161 catalog_manager.cc:5697] T 2c33847744414415817c78f61e9b1722 P a58fff6388464261980ea0e9af0f9ac0 reported cstate change: term changed from 0 to 1, leader changed from <none> to a58fff6388464261980ea0e9af0f9ac0 (127.6.21.2). New cstate: current_term: 1 leader_uuid: "a58fff6388464261980ea0e9af0f9ac0" committed_config { opid_index: -1 OBSOLETE_local: false peers { permanent_uuid: "f20316ac2d6b476ea4020a699d3519c9" member_type: VOTER last_known_addr { host: "127.6.21.4" port: 36185 } health_report { overall_health: UNKNOWN } } peers { permanent_uuid: "f097d3a149544376b9994d6a4039b091" member_type: VOTER last_known_addr { host: "127.6.21.1" port: 33699 } health_report { overall_health: UNKNOWN } } peers { permanent_uuid: "a58fff6388464261980ea0e9af0f9ac0" member_type: VOTER last_known_addr { host: "127.6.21.2" port: 40379 } health_report { overall_health: HEALTHY } } }
I20260630 12:24:36.599939  9631 raft_consensus.cc:515] T 5cbef4e44dc94cb2851f4e8af2d595f1 P f20316ac2d6b476ea4020a699d3519c9 [term 0 FOLLOWER]: Starting pre-election with config: opid_index: -1 OBSOLETE_local: false peers { permanent_uuid: "a58fff6388464261980ea0e9af0f9ac0" member_type: VOTER last_known_addr { host: "127.6.21.2" port: 40379 } } peers { permanent_uuid: "f20316ac2d6b476ea4020a699d3519c9" member_type: VOTER last_known_addr { host: "127.6.21.4" port: 36185 } } peers { permanent_uuid: "34b9a0a9bb13400a8c7e4b563f32ba7d" member_type: VOTER last_known_addr { host: "127.6.21.3" port: 44693 } }
I20260630 12:24:36.602128  9583 tablet_service.cc:1917] Received RequestConsensusVote() RPC: tablet_id: "01595082964c4cb29db4fc65009a8e95" candidate_uuid: "f097d3a149544376b9994d6a4039b091" candidate_term: 1 candidate_status { last_received { term: 0 index: 0 } } ignore_live_leader: false dest_uuid: "f20316ac2d6b476ea4020a699d3519c9"
I20260630 12:24:36.606598  9338 tablet_service.cc:1917] Received RequestConsensusVote() RPC: tablet_id: "01595082964c4cb29db4fc65009a8e95" candidate_uuid: "f097d3a149544376b9994d6a4039b091" candidate_term: 1 candidate_status { last_received { term: 0 index: 0 } } ignore_live_leader: false dest_uuid: "a58fff6388464261980ea0e9af0f9ac0"
I20260630 12:24:36.605013  9491 leader_election.cc:290] T 01595082964c4cb29db4fc65009a8e95 P f097d3a149544376b9994d6a4039b091 [CANDIDATE]: Term 1 election: Requested vote from peers f20316ac2d6b476ea4020a699d3519c9 (127.6.21.4:36185), a58fff6388464261980ea0e9af0f9ac0 (127.6.21.2:40379)
I20260630 12:24:36.620674  9338 raft_consensus.cc:3060] T 01595082964c4cb29db4fc65009a8e95 P a58fff6388464261980ea0e9af0f9ac0 [term 0 FOLLOWER]: Advancing to term 1
I20260630 12:24:36.628199  9631 leader_election.cc:290] T 5cbef4e44dc94cb2851f4e8af2d595f1 P f20316ac2d6b476ea4020a699d3519c9 [CANDIDATE]: Term 1 pre-election: Requested pre-vote from peers a58fff6388464261980ea0e9af0f9ac0 (127.6.21.2:40379), 34b9a0a9bb13400a8c7e4b563f32ba7d (127.6.21.3:44693)
W20260630 12:24:36.679180  9226 leader_election.cc:343] T 01595082964c4cb29db4fc65009a8e95 P f097d3a149544376b9994d6a4039b091 [CANDIDATE]: Term 1 election: Tablet error from VoteRequest() call to peer f20316ac2d6b476ea4020a699d3519c9 (127.6.21.4:36185): Illegal state: must be running to vote when last-logged opid is not known
I20260630 12:24:36.693249  9617 tablet_bootstrap.cc:492] T 2388834611e9452eb0bb4cd05b1450d2 P f097d3a149544376b9994d6a4039b091: No bootstrap required, opened a new log
I20260630 12:24:36.694093  9617 ts_tablet_manager.cc:1403] T 2388834611e9452eb0bb4cd05b1450d2 P f097d3a149544376b9994d6a4039b091: Time spent bootstrapping tablet: real 0.256s	user 0.042s	sys 0.055s
W20260630 12:24:36.701120  9226 outbound_call.cc:321] RPC callback for RPC call kudu.consensus.ConsensusService.RequestConsensusVote -> {remote=127.6.21.4:36185, user_credentials={real_user=slave}} blocked reactor thread for 49441.8us
I20260630 12:24:36.706843  9617 raft_consensus.cc:359] T 2388834611e9452eb0bb4cd05b1450d2 P f097d3a149544376b9994d6a4039b091 [term 0 FOLLOWER]: Replica starting. Triggering 0 pending ops. Active config: opid_index: -1 OBSOLETE_local: false peers { permanent_uuid: "34b9a0a9bb13400a8c7e4b563f32ba7d" member_type: VOTER last_known_addr { host: "127.6.21.3" port: 44693 } } peers { permanent_uuid: "f20316ac2d6b476ea4020a699d3519c9" member_type: VOTER last_known_addr { host: "127.6.21.4" port: 36185 } } peers { permanent_uuid: "f097d3a149544376b9994d6a4039b091" member_type: VOTER last_known_addr { host: "127.6.21.1" port: 33699 } }
I20260630 12:24:36.708168  9617 raft_consensus.cc:385] T 2388834611e9452eb0bb4cd05b1450d2 P f097d3a149544376b9994d6a4039b091 [term 0 FOLLOWER]: Consensus starting up: Expiring failure detector timer to make a prompt election more likely
I20260630 12:24:36.709203  9161 catalog_manager.cc:5697] T 61b6bb6c81624df6a2e3e5beab738fbd P 34b9a0a9bb13400a8c7e4b563f32ba7d reported cstate change: term changed from 0 to 1, leader changed from <none> to 34b9a0a9bb13400a8c7e4b563f32ba7d (127.6.21.3). New cstate: current_term: 1 leader_uuid: "34b9a0a9bb13400a8c7e4b563f32ba7d" committed_config { opid_index: -1 OBSOLETE_local: false peers { permanent_uuid: "a58fff6388464261980ea0e9af0f9ac0" member_type: VOTER last_known_addr { host: "127.6.21.2" port: 40379 } health_report { overall_health: UNKNOWN } } peers { permanent_uuid: "f20316ac2d6b476ea4020a699d3519c9" member_type: VOTER last_known_addr { host: "127.6.21.4" port: 36185 } health_report { overall_health: UNKNOWN } } peers { permanent_uuid: "34b9a0a9bb13400a8c7e4b563f32ba7d" member_type: VOTER last_known_addr { host: "127.6.21.3" port: 44693 } health_report { overall_health: HEALTHY } } }
I20260630 12:24:36.705550  9626 tablet_bootstrap.cc:654] T 2c33847744414415817c78f61e9b1722 P f20316ac2d6b476ea4020a699d3519c9: Neither blocks nor log segments found. Creating new log.
I20260630 12:24:36.713563  9625 tablet_bootstrap.cc:654] T 5cbef4e44dc94cb2851f4e8af2d595f1 P 34b9a0a9bb13400a8c7e4b563f32ba7d: Neither blocks nor log segments found. Creating new log.
I20260630 12:24:36.708861  9617 raft_consensus.cc:740] T 2388834611e9452eb0bb4cd05b1450d2 P f097d3a149544376b9994d6a4039b091 [term 0 FOLLOWER]: Becoming Follower/Learner. State: Replica: f097d3a149544376b9994d6a4039b091, State: Initialized, Role: FOLLOWER
I20260630 12:24:36.746562  9617 consensus_queue.cc:260] T 2388834611e9452eb0bb4cd05b1450d2 P f097d3a149544376b9994d6a4039b091 [NON_LEADER]: Queue going to NON_LEADER mode. State: All replicated index: 0, Majority replicated index: 0, Committed index: 0, Last appended: 0.0, Last appended by leader: 0, Current term: 0, Majority size: -1, State: 0, Mode: NON_LEADER, active raft config: opid_index: -1 OBSOLETE_local: false peers { permanent_uuid: "34b9a0a9bb13400a8c7e4b563f32ba7d" member_type: VOTER last_known_addr { host: "127.6.21.3" port: 44693 } } peers { permanent_uuid: "f20316ac2d6b476ea4020a699d3519c9" member_type: VOTER last_known_addr { host: "127.6.21.4" port: 36185 } } peers { permanent_uuid: "f097d3a149544376b9994d6a4039b091" member_type: VOTER last_known_addr { host: "127.6.21.1" port: 33699 } }
I20260630 12:24:36.764058  9338 raft_consensus.cc:2468] T 01595082964c4cb29db4fc65009a8e95 P a58fff6388464261980ea0e9af0f9ac0 [term 1 FOLLOWER]: Leader election vote request: Granting yes vote for candidate f097d3a149544376b9994d6a4039b091 in term 1.
I20260630 12:24:36.782565  9525 raft_consensus.cc:493] T f7b3bc6f2f7a4de2984f0e71d25fea4b P 34b9a0a9bb13400a8c7e4b563f32ba7d [term 0 FOLLOWER]: Starting pre-election (no leader contacted us within the election timeout)
I20260630 12:24:36.783982  9525 raft_consensus.cc:515] T f7b3bc6f2f7a4de2984f0e71d25fea4b P 34b9a0a9bb13400a8c7e4b563f32ba7d [term 0 FOLLOWER]: Starting pre-election with config: opid_index: -1 OBSOLETE_local: false peers { permanent_uuid: "34b9a0a9bb13400a8c7e4b563f32ba7d" member_type: VOTER last_known_addr { host: "127.6.21.3" port: 44693 } } peers { permanent_uuid: "f097d3a149544376b9994d6a4039b091" member_type: VOTER last_known_addr { host: "127.6.21.1" port: 33699 } } peers { permanent_uuid: "f20316ac2d6b476ea4020a699d3519c9" member_type: VOTER last_known_addr { host: "127.6.21.4" port: 36185 } }
I20260630 12:24:36.789867  9525 leader_election.cc:290] T f7b3bc6f2f7a4de2984f0e71d25fea4b P 34b9a0a9bb13400a8c7e4b563f32ba7d [CANDIDATE]: Term 1 pre-election: Requested pre-vote from peers f097d3a149544376b9994d6a4039b091 (127.6.21.1:33699), f20316ac2d6b476ea4020a699d3519c9 (127.6.21.4:36185)
I20260630 12:24:36.792171  9583 tablet_service.cc:1917] Received RequestConsensusVote() RPC: tablet_id: "f7b3bc6f2f7a4de2984f0e71d25fea4b" candidate_uuid: "34b9a0a9bb13400a8c7e4b563f32ba7d" candidate_term: 1 candidate_status { last_received { term: 0 index: 0 } } ignore_live_leader: false dest_uuid: "f20316ac2d6b476ea4020a699d3519c9" is_pre_election: true
I20260630 12:24:36.793361  9618 tablet_bootstrap.cc:492] T 5cbef4e44dc94cb2851f4e8af2d595f1 P a58fff6388464261980ea0e9af0f9ac0: No bootstrap required, opened a new log
W20260630 12:24:36.794358  9375 leader_election.cc:343] T f7b3bc6f2f7a4de2984f0e71d25fea4b P 34b9a0a9bb13400a8c7e4b563f32ba7d [CANDIDATE]: Term 1 pre-election: Tablet error from VoteRequest() call to peer f20316ac2d6b476ea4020a699d3519c9 (127.6.21.4:36185): Illegal state: must be running to vote when last-logged opid is not known
I20260630 12:24:36.794358  9618 ts_tablet_manager.cc:1403] T 5cbef4e44dc94cb2851f4e8af2d595f1 P a58fff6388464261980ea0e9af0f9ac0: Time spent bootstrapping tablet: real 0.361s	user 0.018s	sys 0.018s
I20260630 12:24:36.798756  9263 tablet_service.cc:1917] Received RequestConsensusVote() RPC: tablet_id: "f7b3bc6f2f7a4de2984f0e71d25fea4b" candidate_uuid: "34b9a0a9bb13400a8c7e4b563f32ba7d" candidate_term: 1 candidate_status { last_received { term: 0 index: 0 } } ignore_live_leader: false dest_uuid: "f097d3a149544376b9994d6a4039b091" is_pre_election: true
I20260630 12:24:36.806764  9617 ts_tablet_manager.cc:1434] T 2388834611e9452eb0bb4cd05b1450d2 P f097d3a149544376b9994d6a4039b091: Time spent starting tablet: real 0.112s	user 0.016s	sys 0.000s
W20260630 12:24:36.807520  9226 outbound_call.cc:321] RPC callback for RPC call kudu.consensus.ConsensusService.UpdateConsensus -> {remote=127.6.21.2:40379, user_credentials={real_user=slave}} blocked reactor thread for 49388.3us
I20260630 12:24:36.810956  9466 raft_consensus.cc:493] T 5c7909c629bf4153a412d9c7d8e59a6c P a58fff6388464261980ea0e9af0f9ac0 [term 0 FOLLOWER]: Starting pre-election (no leader contacted us within the election timeout)
I20260630 12:24:36.813601  9466 raft_consensus.cc:515] T 5c7909c629bf4153a412d9c7d8e59a6c P a58fff6388464261980ea0e9af0f9ac0 [term 0 FOLLOWER]: Starting pre-election with config: opid_index: -1 OBSOLETE_local: false peers { permanent_uuid: "f20316ac2d6b476ea4020a699d3519c9" member_type: VOTER last_known_addr { host: "127.6.21.4" port: 36185 } } peers { permanent_uuid: "f097d3a149544376b9994d6a4039b091" member_type: VOTER last_known_addr { host: "127.6.21.1" port: 33699 } } peers { permanent_uuid: "a58fff6388464261980ea0e9af0f9ac0" member_type: VOTER last_known_addr { host: "127.6.21.2" port: 40379 } }
I20260630 12:24:36.816819  9626 tablet_bootstrap.cc:492] T 2c33847744414415817c78f61e9b1722 P f20316ac2d6b476ea4020a699d3519c9: No bootstrap required, opened a new log
I20260630 12:24:36.817345  9466 leader_election.cc:290] T 5c7909c629bf4153a412d9c7d8e59a6c P a58fff6388464261980ea0e9af0f9ac0 [CANDIDATE]: Term 1 pre-election: Requested pre-vote from peers f20316ac2d6b476ea4020a699d3519c9 (127.6.21.4:36185), f097d3a149544376b9994d6a4039b091 (127.6.21.1:33699)
W20260630 12:24:36.808404  9378 leader_election.cc:343] T f7b3bc6f2f7a4de2984f0e71d25fea4b P 34b9a0a9bb13400a8c7e4b563f32ba7d [CANDIDATE]: Term 1 pre-election: Tablet error from VoteRequest() call to peer f097d3a149544376b9994d6a4039b091 (127.6.21.1:33699): Illegal state: must be running to vote when last-logged opid is not known
I20260630 12:24:36.817837  9626 ts_tablet_manager.cc:1403] T 2c33847744414415817c78f61e9b1722 P f20316ac2d6b476ea4020a699d3519c9: Time spent bootstrapping tablet: real 0.245s	user 0.016s	sys 0.016s
I20260630 12:24:36.819382  9617 tablet_bootstrap.cc:492] T 7f54205d51e349c9a816cf25ad3a46ff P f097d3a149544376b9994d6a4039b091: Bootstrap starting.
I20260630 12:24:36.821236  9263 tablet_service.cc:1917] Received RequestConsensusVote() RPC: tablet_id: "5c7909c629bf4153a412d9c7d8e59a6c" candidate_uuid: "a58fff6388464261980ea0e9af0f9ac0" candidate_term: 1 candidate_status { last_received { term: 0 index: 0 } } ignore_live_leader: false dest_uuid: "f097d3a149544376b9994d6a4039b091" is_pre_election: true
I20260630 12:24:36.821225  9378 leader_election.cc:304] T f7b3bc6f2f7a4de2984f0e71d25fea4b P 34b9a0a9bb13400a8c7e4b563f32ba7d [CANDIDATE]: Term 1 pre-election: Election decided. Result: candidate lost. Election summary: received 3 responses out of 3 voters: 1 yes votes; 2 no votes. yes voters: 34b9a0a9bb13400a8c7e4b563f32ba7d; no voters: f097d3a149544376b9994d6a4039b091, f20316ac2d6b476ea4020a699d3519c9
W20260630 12:24:36.831652  9304 leader_election.cc:343] T 5c7909c629bf4153a412d9c7d8e59a6c P a58fff6388464261980ea0e9af0f9ac0 [CANDIDATE]: Term 1 pre-election: Tablet error from VoteRequest() call to peer f097d3a149544376b9994d6a4039b091 (127.6.21.1:33699): Illegal state: must be running to vote when last-logged opid is not known
I20260630 12:24:36.819769  9583 tablet_service.cc:1917] Received RequestConsensusVote() RPC: tablet_id: "5c7909c629bf4153a412d9c7d8e59a6c" candidate_uuid: "a58fff6388464261980ea0e9af0f9ac0" candidate_term: 1 candidate_status { last_received { term: 0 index: 0 } } ignore_live_leader: false dest_uuid: "f20316ac2d6b476ea4020a699d3519c9" is_pre_election: true
I20260630 12:24:36.833104  9625 tablet_bootstrap.cc:492] T 5cbef4e44dc94cb2851f4e8af2d595f1 P 34b9a0a9bb13400a8c7e4b563f32ba7d: No bootstrap required, opened a new log
