I20260630 12:24:00.766577 15302 leader_election.cc:290] T a79de6f879394a13bd709179666fec4c P d7e90e4d51c749b79387c8bf201d1bd1 [CANDIDATE]: Term 1 election: Requested vote from peers ced045eed1234027b885bd029e37c10d (127.11.210.130:38895), 3766fd0d1e4042b79c5dcf2cd826de9b (127.11.210.132:36013)
I20260630 12:24:00.767428 15151 tablet_service.cc:1917] Received RequestConsensusVote() RPC: tablet_id: "a79de6f879394a13bd709179666fec4c" candidate_uuid: "d7e90e4d51c749b79387c8bf201d1bd1" candidate_term: 1 candidate_status { last_received { term: 0 index: 0 } } ignore_live_leader: false dest_uuid: "ced045eed1234027b885bd029e37c10d"
I20260630 12:24:00.768069 15151 raft_consensus.cc:3060] T a79de6f879394a13bd709179666fec4c P ced045eed1234027b885bd029e37c10d [term 0 FOLLOWER]: Advancing to term 1
I20260630 12:24:00.769968 15424 ts_tablet_manager.cc:1434] T 449c70da8ef6464c9b5ae21ff83a7a16 P d7e90e4d51c749b79387c8bf201d1bd1: Time spent starting tablet: real 0.037s	user 0.007s	sys 0.001s
I20260630 12:24:00.775116 15424 tablet_bootstrap.cc:492] T e30aa3c0d0db435a889e7abf41cab8f4 P d7e90e4d51c749b79387c8bf201d1bd1: Bootstrap starting.
I20260630 12:24:00.772548 15392 tablet_service.cc:1917] Received RequestConsensusVote() RPC: tablet_id: "a79de6f879394a13bd709179666fec4c" candidate_uuid: "d7e90e4d51c749b79387c8bf201d1bd1" candidate_term: 1 candidate_status { last_received { term: 0 index: 0 } } ignore_live_leader: false dest_uuid: "3766fd0d1e4042b79c5dcf2cd826de9b"
I20260630 12:24:00.773738 15425 tablet_bootstrap.cc:492] T 6d05b5804974494eb4d409e9b9210c33 P b1b9e5b6f25048f2902dffa79a4ebca6: No bootstrap required, opened a new log
I20260630 12:24:00.776954 15425 ts_tablet_manager.cc:1403] T 6d05b5804974494eb4d409e9b9210c33 P b1b9e5b6f25048f2902dffa79a4ebca6: Time spent bootstrapping tablet: real 0.052s	user 0.018s	sys 0.007s
I20260630 12:24:00.780752 15151 raft_consensus.cc:2468] T a79de6f879394a13bd709179666fec4c P ced045eed1234027b885bd029e37c10d [term 1 FOLLOWER]: Leader election vote request: Granting yes vote for candidate d7e90e4d51c749b79387c8bf201d1bd1 in term 1.
W20260630 12:24:00.781226 15041 leader_election.cc:343] T a79de6f879394a13bd709179666fec4c P d7e90e4d51c749b79387c8bf201d1bd1 [CANDIDATE]: Term 1 election: Tablet error from VoteRequest() call to peer 3766fd0d1e4042b79c5dcf2cd826de9b (127.11.210.132:36013): Illegal state: must be running to vote when last-logged opid is not known
I20260630 12:24:00.782104 15039 leader_election.cc:304] T a79de6f879394a13bd709179666fec4c P d7e90e4d51c749b79387c8bf201d1bd1 [CANDIDATE]: Term 1 election: Election decided. Result: candidate won. Election summary: received 3 responses out of 3 voters: 2 yes votes; 1 no votes. yes voters: ced045eed1234027b885bd029e37c10d, d7e90e4d51c749b79387c8bf201d1bd1; no voters: 3766fd0d1e4042b79c5dcf2cd826de9b
I20260630 12:24:00.782724 15424 tablet_bootstrap.cc:654] T e30aa3c0d0db435a889e7abf41cab8f4 P d7e90e4d51c749b79387c8bf201d1bd1: Neither blocks nor log segments found. Creating new log.
I20260630 12:24:00.783260 15302 raft_consensus.cc:2804] T a79de6f879394a13bd709179666fec4c P d7e90e4d51c749b79387c8bf201d1bd1 [term 1 FOLLOWER]: Leader election won for term 1
I20260630 12:24:00.783821 15302 raft_consensus.cc:697] T a79de6f879394a13bd709179666fec4c P d7e90e4d51c749b79387c8bf201d1bd1 [term 1 LEADER]: Becoming Leader. State: Replica: d7e90e4d51c749b79387c8bf201d1bd1, State: Running, Role: LEADER
I20260630 12:24:00.784817 15425 raft_consensus.cc:359] T 6d05b5804974494eb4d409e9b9210c33 P b1b9e5b6f25048f2902dffa79a4ebca6 [term 0 FOLLOWER]: Replica starting. Triggering 0 pending ops. Active config: opid_index: -1 OBSOLETE_local: false peers { permanent_uuid: "b1b9e5b6f25048f2902dffa79a4ebca6" member_type: VOTER last_known_addr { host: "127.11.210.131" port: 44001 } } peers { permanent_uuid: "ced045eed1234027b885bd029e37c10d" member_type: VOTER last_known_addr { host: "127.11.210.130" port: 38895 } } peers { permanent_uuid: "3766fd0d1e4042b79c5dcf2cd826de9b" member_type: VOTER last_known_addr { host: "127.11.210.132" port: 36013 } }
I20260630 12:24:00.784904 15302 consensus_queue.cc:237] T a79de6f879394a13bd709179666fec4c P d7e90e4d51c749b79387c8bf201d1bd1 [LEADER]: Queue going to LEADER mode. State: All replicated index: 0, Majority replicated index: 0, Committed index: 0, Last appended: 0.0, Last appended by leader: 0, Current term: 1, Majority size: 2, State: 0, Mode: LEADER, active raft config: opid_index: -1 OBSOLETE_local: false peers { permanent_uuid: "ced045eed1234027b885bd029e37c10d" member_type: VOTER last_known_addr { host: "127.11.210.130" port: 38895 } } peers { permanent_uuid: "3766fd0d1e4042b79c5dcf2cd826de9b" member_type: VOTER last_known_addr { host: "127.11.210.132" port: 36013 } } peers { permanent_uuid: "d7e90e4d51c749b79387c8bf201d1bd1" member_type: VOTER last_known_addr { host: "127.11.210.129" port: 42245 } }
I20260630 12:24:00.785722 15425 raft_consensus.cc:385] T 6d05b5804974494eb4d409e9b9210c33 P b1b9e5b6f25048f2902dffa79a4ebca6 [term 0 FOLLOWER]: Consensus starting up: Expiring failure detector timer to make a prompt election more likely
I20260630 12:24:00.786046 15425 raft_consensus.cc:740] T 6d05b5804974494eb4d409e9b9210c33 P b1b9e5b6f25048f2902dffa79a4ebca6 [term 0 FOLLOWER]: Becoming Follower/Learner. State: Replica: b1b9e5b6f25048f2902dffa79a4ebca6, State: Initialized, Role: FOLLOWER
I20260630 12:24:00.786870 15425 consensus_queue.cc:260] T 6d05b5804974494eb4d409e9b9210c33 P b1b9e5b6f25048f2902dffa79a4ebca6 [NON_LEADER]: Queue going to NON_LEADER mode. State: All replicated index: 0, Majority replicated index: 0, Committed index: 0, Last appended: 0.0, Last appended by leader: 0, Current term: 0, Majority size: -1, State: 0, Mode: NON_LEADER, active raft config: opid_index: -1 OBSOLETE_local: false peers { permanent_uuid: "b1b9e5b6f25048f2902dffa79a4ebca6" member_type: VOTER last_known_addr { host: "127.11.210.131" port: 44001 } } peers { permanent_uuid: "ced045eed1234027b885bd029e37c10d" member_type: VOTER last_known_addr { host: "127.11.210.130" port: 38895 } } peers { permanent_uuid: "3766fd0d1e4042b79c5dcf2cd826de9b" member_type: VOTER last_known_addr { host: "127.11.210.132" port: 36013 } }
I20260630 12:24:00.789160 15425 ts_tablet_manager.cc:1434] T 6d05b5804974494eb4d409e9b9210c33 P b1b9e5b6f25048f2902dffa79a4ebca6: Time spent starting tablet: real 0.012s	user 0.006s	sys 0.000s
I20260630 12:24:00.790171 15425 tablet_bootstrap.cc:492] T 5e84968ceee44ed2a07511559d19c818 P b1b9e5b6f25048f2902dffa79a4ebca6: Bootstrap starting.
I20260630 12:24:00.771404 15423 raft_consensus.cc:359] T e30aa3c0d0db435a889e7abf41cab8f4 P ced045eed1234027b885bd029e37c10d [term 0 FOLLOWER]: Replica starting. Triggering 0 pending ops. Active config: opid_index: -1 OBSOLETE_local: false peers { permanent_uuid: "d7e90e4d51c749b79387c8bf201d1bd1" member_type: VOTER last_known_addr { host: "127.11.210.129" port: 42245 } } peers { permanent_uuid: "ced045eed1234027b885bd029e37c10d" member_type: VOTER last_known_addr { host: "127.11.210.130" port: 38895 } } peers { permanent_uuid: "3766fd0d1e4042b79c5dcf2cd826de9b" member_type: VOTER last_known_addr { host: "127.11.210.132" port: 36013 } }
I20260630 12:24:00.794602 15423 raft_consensus.cc:385] T e30aa3c0d0db435a889e7abf41cab8f4 P ced045eed1234027b885bd029e37c10d [term 0 FOLLOWER]: Consensus starting up: Expiring failure detector timer to make a prompt election more likely
I20260630 12:24:00.794932 15423 raft_consensus.cc:740] T e30aa3c0d0db435a889e7abf41cab8f4 P ced045eed1234027b885bd029e37c10d [term 0 FOLLOWER]: Becoming Follower/Learner. State: Replica: ced045eed1234027b885bd029e37c10d, State: Initialized, Role: FOLLOWER
I20260630 12:24:00.795773 15423 consensus_queue.cc:260] T e30aa3c0d0db435a889e7abf41cab8f4 P ced045eed1234027b885bd029e37c10d [NON_LEADER]: Queue going to NON_LEADER mode. State: All replicated index: 0, Majority replicated index: 0, Committed index: 0, Last appended: 0.0, Last appended by leader: 0, Current term: 0, Majority size: -1, State: 0, Mode: NON_LEADER, active raft config: opid_index: -1 OBSOLETE_local: false peers { permanent_uuid: "d7e90e4d51c749b79387c8bf201d1bd1" member_type: VOTER last_known_addr { host: "127.11.210.129" port: 42245 } } peers { permanent_uuid: "ced045eed1234027b885bd029e37c10d" member_type: VOTER last_known_addr { host: "127.11.210.130" port: 38895 } } peers { permanent_uuid: "3766fd0d1e4042b79c5dcf2cd826de9b" member_type: VOTER last_known_addr { host: "127.11.210.132" port: 36013 } }
I20260630 12:24:00.798594 15423 ts_tablet_manager.cc:1434] T e30aa3c0d0db435a889e7abf41cab8f4 P ced045eed1234027b885bd029e37c10d: Time spent starting tablet: real 0.042s	user 0.005s	sys 0.001s
I20260630 12:24:00.799638 15423 tablet_bootstrap.cc:492] T 5e84968ceee44ed2a07511559d19c818 P ced045eed1234027b885bd029e37c10d: Bootstrap starting.
I20260630 12:24:00.808018 15423 tablet_bootstrap.cc:654] T 5e84968ceee44ed2a07511559d19c818 P ced045eed1234027b885bd029e37c10d: Neither blocks nor log segments found. Creating new log.
I20260630 12:24:00.819737 15423 tablet_bootstrap.cc:492] T 5e84968ceee44ed2a07511559d19c818 P ced045eed1234027b885bd029e37c10d: No bootstrap required, opened a new log
I20260630 12:24:00.821663 15423 ts_tablet_manager.cc:1403] T 5e84968ceee44ed2a07511559d19c818 P ced045eed1234027b885bd029e37c10d: Time spent bootstrapping tablet: real 0.022s	user 0.016s	sys 0.002s
I20260630 12:24:00.822445 15426 ts_tablet_manager.cc:1434] T e30aa3c0d0db435a889e7abf41cab8f4 P 3766fd0d1e4042b79c5dcf2cd826de9b: Time spent starting tablet: real 0.126s	user 0.029s	sys 0.049s
I20260630 12:24:00.825621 15423 raft_consensus.cc:359] T 5e84968ceee44ed2a07511559d19c818 P ced045eed1234027b885bd029e37c10d [term 0 FOLLOWER]: Replica starting. Triggering 0 pending ops. Active config: opid_index: -1 OBSOLETE_local: false peers { permanent_uuid: "3766fd0d1e4042b79c5dcf2cd826de9b" member_type: VOTER last_known_addr { host: "127.11.210.132" port: 36013 } } peers { permanent_uuid: "ced045eed1234027b885bd029e37c10d" member_type: VOTER last_known_addr { host: "127.11.210.130" port: 38895 } } peers { permanent_uuid: "b1b9e5b6f25048f2902dffa79a4ebca6" member_type: VOTER last_known_addr { host: "127.11.210.131" port: 44001 } }
I20260630 12:24:00.826215 15423 raft_consensus.cc:385] T 5e84968ceee44ed2a07511559d19c818 P ced045eed1234027b885bd029e37c10d [term 0 FOLLOWER]: Consensus starting up: Expiring failure detector timer to make a prompt election more likely
I20260630 12:24:00.826460 15423 raft_consensus.cc:740] T 5e84968ceee44ed2a07511559d19c818 P ced045eed1234027b885bd029e37c10d [term 0 FOLLOWER]: Becoming Follower/Learner. State: Replica: ced045eed1234027b885bd029e37c10d, State: Initialized, Role: FOLLOWER
I20260630 12:24:00.827426 15417 heartbeater.cc:499] Master 127.11.210.190:46249 was elected leader, sending a full tablet report...
I20260630 12:24:00.827456 15423 consensus_queue.cc:260] T 5e84968ceee44ed2a07511559d19c818 P ced045eed1234027b885bd029e37c10d [NON_LEADER]: Queue going to NON_LEADER mode. State: All replicated index: 0, Majority replicated index: 0, Committed index: 0, Last appended: 0.0, Last appended by leader: 0, Current term: 0, Majority size: -1, State: 0, Mode: NON_LEADER, active raft config: opid_index: -1 OBSOLETE_local: false peers { permanent_uuid: "3766fd0d1e4042b79c5dcf2cd826de9b" member_type: VOTER last_known_addr { host: "127.11.210.132" port: 36013 } } peers { permanent_uuid: "ced045eed1234027b885bd029e37c10d" member_type: VOTER last_known_addr { host: "127.11.210.130" port: 38895 } } peers { permanent_uuid: "b1b9e5b6f25048f2902dffa79a4ebca6" member_type: VOTER last_known_addr { host: "127.11.210.131" port: 44001 } }
I20260630 12:24:00.830159 15423 ts_tablet_manager.cc:1434] T 5e84968ceee44ed2a07511559d19c818 P ced045eed1234027b885bd029e37c10d: Time spent starting tablet: real 0.008s	user 0.004s	sys 0.003s
I20260630 12:24:00.831895 15426 tablet_bootstrap.cc:492] T 449c70da8ef6464c9b5ae21ff83a7a16 P 3766fd0d1e4042b79c5dcf2cd826de9b: Bootstrap starting.
I20260630 12:24:00.833280 15423 tablet_bootstrap.cc:492] T d7ad09db5aaa4d92b6a3048310c11fab P ced045eed1234027b885bd029e37c10d: Bootstrap starting.
I20260630 12:24:00.837039 15425 tablet_bootstrap.cc:654] T 5e84968ceee44ed2a07511559d19c818 P b1b9e5b6f25048f2902dffa79a4ebca6: Neither blocks nor log segments found. Creating new log.
I20260630 12:24:00.838524 15424 tablet_bootstrap.cc:492] T e30aa3c0d0db435a889e7abf41cab8f4 P d7e90e4d51c749b79387c8bf201d1bd1: No bootstrap required, opened a new log
I20260630 12:24:00.839044 15424 ts_tablet_manager.cc:1403] T e30aa3c0d0db435a889e7abf41cab8f4 P d7e90e4d51c749b79387c8bf201d1bd1: Time spent bootstrapping tablet: real 0.064s	user 0.023s	sys 0.033s
I20260630 12:24:00.841607 14972 catalog_manager.cc:5697] T a79de6f879394a13bd709179666fec4c P d7e90e4d51c749b79387c8bf201d1bd1 reported cstate change: term changed from 0 to 1, leader changed from <none> to d7e90e4d51c749b79387c8bf201d1bd1 (127.11.210.129). New cstate: current_term: 1 leader_uuid: "d7e90e4d51c749b79387c8bf201d1bd1" committed_config { opid_index: -1 OBSOLETE_local: false peers { permanent_uuid: "ced045eed1234027b885bd029e37c10d" member_type: VOTER last_known_addr { host: "127.11.210.130" port: 38895 } health_report { overall_health: UNKNOWN } } peers { permanent_uuid: "3766fd0d1e4042b79c5dcf2cd826de9b" member_type: VOTER last_known_addr { host: "127.11.210.132" port: 36013 } health_report { overall_health: UNKNOWN } } peers { permanent_uuid: "d7e90e4d51c749b79387c8bf201d1bd1" member_type: VOTER last_known_addr { host: "127.11.210.129" port: 42245 } health_report { overall_health: HEALTHY } } }
I20260630 12:24:00.847606 15424 raft_consensus.cc:359] T e30aa3c0d0db435a889e7abf41cab8f4 P d7e90e4d51c749b79387c8bf201d1bd1 [term 0 FOLLOWER]: Replica starting. Triggering 0 pending ops. Active config: opid_index: -1 OBSOLETE_local: false peers { permanent_uuid: "d7e90e4d51c749b79387c8bf201d1bd1" member_type: VOTER last_known_addr { host: "127.11.210.129" port: 42245 } } peers { permanent_uuid: "ced045eed1234027b885bd029e37c10d" member_type: VOTER last_known_addr { host: "127.11.210.130" port: 38895 } } peers { permanent_uuid: "3766fd0d1e4042b79c5dcf2cd826de9b" member_type: VOTER last_known_addr { host: "127.11.210.132" port: 36013 } }
I20260630 12:24:00.848443 15424 raft_consensus.cc:385] T e30aa3c0d0db435a889e7abf41cab8f4 P d7e90e4d51c749b79387c8bf201d1bd1 [term 0 FOLLOWER]: Consensus starting up: Expiring failure detector timer to make a prompt election more likely
I20260630 12:24:00.848752 15424 raft_consensus.cc:740] T e30aa3c0d0db435a889e7abf41cab8f4 P d7e90e4d51c749b79387c8bf201d1bd1 [term 0 FOLLOWER]: Becoming Follower/Learner. State: Replica: d7e90e4d51c749b79387c8bf201d1bd1, State: Initialized, Role: FOLLOWER
I20260630 12:24:00.849591 15424 consensus_queue.cc:260] T e30aa3c0d0db435a889e7abf41cab8f4 P d7e90e4d51c749b79387c8bf201d1bd1 [NON_LEADER]: Queue going to NON_LEADER mode. State: All replicated index: 0, Majority replicated index: 0, Committed index: 0, Last appended: 0.0, Last appended by leader: 0, Current term: 0, Majority size: -1, State: 0, Mode: NON_LEADER, active raft config: opid_index: -1 OBSOLETE_local: false peers { permanent_uuid: "d7e90e4d51c749b79387c8bf201d1bd1" member_type: VOTER last_known_addr { host: "127.11.210.129" port: 42245 } } peers { permanent_uuid: "ced045eed1234027b885bd029e37c10d" member_type: VOTER last_known_addr { host: "127.11.210.130" port: 38895 } } peers { permanent_uuid: "3766fd0d1e4042b79c5dcf2cd826de9b" member_type: VOTER last_known_addr { host: "127.11.210.132" port: 36013 } }
I20260630 12:24:00.850785 15423 tablet_bootstrap.cc:654] T d7ad09db5aaa4d92b6a3048310c11fab P ced045eed1234027b885bd029e37c10d: Neither blocks nor log segments found. Creating new log.
I20260630 12:24:00.852073 15424 ts_tablet_manager.cc:1434] T e30aa3c0d0db435a889e7abf41cab8f4 P d7e90e4d51c749b79387c8bf201d1bd1: Time spent starting tablet: real 0.013s	user 0.006s	sys 0.004s
I20260630 12:24:00.847779 15426 tablet_bootstrap.cc:654] T 449c70da8ef6464c9b5ae21ff83a7a16 P 3766fd0d1e4042b79c5dcf2cd826de9b: Neither blocks nor log segments found. Creating new log.
I20260630 12:24:00.852336 15304 raft_consensus.cc:493] T 5973737bd7a8406bb05fee491f27ebc2 P b1b9e5b6f25048f2902dffa79a4ebca6 [term 0 FOLLOWER]: Starting pre-election (no leader contacted us within the election timeout)
I20260630 12:24:00.853149 15424 tablet_bootstrap.cc:492] T 5973737bd7a8406bb05fee491f27ebc2 P d7e90e4d51c749b79387c8bf201d1bd1: Bootstrap starting.
I20260630 12:24:00.853042 15304 raft_consensus.cc:515] T 5973737bd7a8406bb05fee491f27ebc2 P b1b9e5b6f25048f2902dffa79a4ebca6 [term 0 FOLLOWER]: Starting pre-election with config: opid_index: -1 OBSOLETE_local: false peers { permanent_uuid: "3766fd0d1e4042b79c5dcf2cd826de9b" member_type: VOTER last_known_addr { host: "127.11.210.132" port: 36013 } } peers { permanent_uuid: "b1b9e5b6f25048f2902dffa79a4ebca6" member_type: VOTER last_known_addr { host: "127.11.210.131" port: 44001 } } peers { permanent_uuid: "d7e90e4d51c749b79387c8bf201d1bd1" member_type: VOTER last_known_addr { host: "127.11.210.129" port: 42245 } }
I20260630 12:24:00.860492 15075 tablet_service.cc:1917] Received RequestConsensusVote() RPC: tablet_id: "5973737bd7a8406bb05fee491f27ebc2" candidate_uuid: "b1b9e5b6f25048f2902dffa79a4ebca6" candidate_term: 1 candidate_status { last_received { term: 0 index: 0 } } ignore_live_leader: false dest_uuid: "d7e90e4d51c749b79387c8bf201d1bd1" is_pre_election: true
I20260630 12:24:00.861940 15424 tablet_bootstrap.cc:654] T 5973737bd7a8406bb05fee491f27ebc2 P d7e90e4d51c749b79387c8bf201d1bd1: Neither blocks nor log segments found. Creating new log.
W20260630 12:24:00.862490 15191 leader_election.cc:343] T 5973737bd7a8406bb05fee491f27ebc2 P b1b9e5b6f25048f2902dffa79a4ebca6 [CANDIDATE]: Term 1 pre-election: Tablet error from VoteRequest() call to peer d7e90e4d51c749b79387c8bf201d1bd1 (127.11.210.129:42245): Illegal state: must be running to vote when last-logged opid is not known
I20260630 12:24:00.863179 15304 leader_election.cc:290] T 5973737bd7a8406bb05fee491f27ebc2 P b1b9e5b6f25048f2902dffa79a4ebca6 [CANDIDATE]: Term 1 pre-election: Requested pre-vote from peers 3766fd0d1e4042b79c5dcf2cd826de9b (127.11.210.132:36013), d7e90e4d51c749b79387c8bf201d1bd1 (127.11.210.129:42245)
I20260630 12:24:00.866760 15302 raft_consensus.cc:493] T e30aa3c0d0db435a889e7abf41cab8f4 P d7e90e4d51c749b79387c8bf201d1bd1 [term 0 FOLLOWER]: Starting pre-election (no leader contacted us within the election timeout)
I20260630 12:24:00.867326 15302 raft_consensus.cc:515] T e30aa3c0d0db435a889e7abf41cab8f4 P d7e90e4d51c749b79387c8bf201d1bd1 [term 0 FOLLOWER]: Starting pre-election with config: opid_index: -1 OBSOLETE_local: false peers { permanent_uuid: "d7e90e4d51c749b79387c8bf201d1bd1" member_type: VOTER last_known_addr { host: "127.11.210.129" port: 42245 } } peers { permanent_uuid: "ced045eed1234027b885bd029e37c10d" member_type: VOTER last_known_addr { host: "127.11.210.130" port: 38895 } } peers { permanent_uuid: "3766fd0d1e4042b79c5dcf2cd826de9b" member_type: VOTER last_known_addr { host: "127.11.210.132" port: 36013 } }
I20260630 12:24:00.869612 15302 leader_election.cc:290] T e30aa3c0d0db435a889e7abf41cab8f4 P d7e90e4d51c749b79387c8bf201d1bd1 [CANDIDATE]: Term 1 pre-election: Requested pre-vote from peers ced045eed1234027b885bd029e37c10d (127.11.210.130:38895), 3766fd0d1e4042b79c5dcf2cd826de9b (127.11.210.132:36013)
I20260630 12:24:00.872306 15151 tablet_service.cc:1917] Received RequestConsensusVote() RPC: tablet_id: "e30aa3c0d0db435a889e7abf41cab8f4" candidate_uuid: "d7e90e4d51c749b79387c8bf201d1bd1" candidate_term: 1 candidate_status { last_received { term: 0 index: 0 } } ignore_live_leader: false dest_uuid: "ced045eed1234027b885bd029e37c10d" is_pre_election: true
I20260630 12:24:00.873003 15151 raft_consensus.cc:2468] T e30aa3c0d0db435a889e7abf41cab8f4 P ced045eed1234027b885bd029e37c10d [term 0 FOLLOWER]: Leader pre-election vote request: Granting yes vote for candidate d7e90e4d51c749b79387c8bf201d1bd1 in term 0.
I20260630 12:24:00.874060 15392 tablet_service.cc:1917] Received RequestConsensusVote() RPC: tablet_id: "e30aa3c0d0db435a889e7abf41cab8f4" candidate_uuid: "d7e90e4d51c749b79387c8bf201d1bd1" candidate_term: 1 candidate_status { last_received { term: 0 index: 0 } } ignore_live_leader: false dest_uuid: "3766fd0d1e4042b79c5dcf2cd826de9b" is_pre_election: true
I20260630 12:24:00.874749 15304 raft_consensus.cc:493] T 6d05b5804974494eb4d409e9b9210c33 P b1b9e5b6f25048f2902dffa79a4ebca6 [term 0 FOLLOWER]: Starting pre-election (no leader contacted us within the election timeout)
I20260630 12:24:00.875300 15304 raft_consensus.cc:515] T 6d05b5804974494eb4d409e9b9210c33 P b1b9e5b6f25048f2902dffa79a4ebca6 [term 0 FOLLOWER]: Starting pre-election with config: opid_index: -1 OBSOLETE_local: false peers { permanent_uuid: "b1b9e5b6f25048f2902dffa79a4ebca6" member_type: VOTER last_known_addr { host: "127.11.210.131" port: 44001 } } peers { permanent_uuid: "ced045eed1234027b885bd029e37c10d" member_type: VOTER last_known_addr { host: "127.11.210.130" port: 38895 } } peers { permanent_uuid: "3766fd0d1e4042b79c5dcf2cd826de9b" member_type: VOTER last_known_addr { host: "127.11.210.132" port: 36013 } }
I20260630 12:24:00.875603 15039 leader_election.cc:304] T e30aa3c0d0db435a889e7abf41cab8f4 P d7e90e4d51c749b79387c8bf201d1bd1 [CANDIDATE]: Term 1 pre-election: Election decided. Result: candidate won. Election summary: received 2 responses out of 3 voters: 2 yes votes; 0 no votes. yes voters: ced045eed1234027b885bd029e37c10d, d7e90e4d51c749b79387c8bf201d1bd1; no voters: 
I20260630 12:24:00.876483 15302 raft_consensus.cc:2804] T e30aa3c0d0db435a889e7abf41cab8f4 P d7e90e4d51c749b79387c8bf201d1bd1 [term 0 FOLLOWER]: Leader pre-election won for term 1
I20260630 12:24:00.876847 15302 raft_consensus.cc:493] T e30aa3c0d0db435a889e7abf41cab8f4 P d7e90e4d51c749b79387c8bf201d1bd1 [term 0 FOLLOWER]: Starting leader election (no leader contacted us within the election timeout)
I20260630 12:24:00.877171 15302 raft_consensus.cc:3060] T e30aa3c0d0db435a889e7abf41cab8f4 P d7e90e4d51c749b79387c8bf201d1bd1 [term 0 FOLLOWER]: Advancing to term 1
I20260630 12:24:00.878156 15151 tablet_service.cc:1917] Received RequestConsensusVote() RPC: tablet_id: "6d05b5804974494eb4d409e9b9210c33" candidate_uuid: "b1b9e5b6f25048f2902dffa79a4ebca6" candidate_term: 1 candidate_status { last_received { term: 0 index: 0 } } ignore_live_leader: false dest_uuid: "ced045eed1234027b885bd029e37c10d" is_pre_election: true
I20260630 12:24:00.878762 15151 raft_consensus.cc:2468] T 6d05b5804974494eb4d409e9b9210c33 P ced045eed1234027b885bd029e37c10d [term 0 FOLLOWER]: Leader pre-election vote request: Granting yes vote for candidate b1b9e5b6f25048f2902dffa79a4ebca6 in term 0.
I20260630 12:24:00.874716 15392 raft_consensus.cc:2468] T e30aa3c0d0db435a889e7abf41cab8f4 P 3766fd0d1e4042b79c5dcf2cd826de9b [term 0 FOLLOWER]: Leader pre-election vote request: Granting yes vote for candidate d7e90e4d51c749b79387c8bf201d1bd1 in term 0.
I20260630 12:24:00.880092 15188 leader_election.cc:304] T 6d05b5804974494eb4d409e9b9210c33 P b1b9e5b6f25048f2902dffa79a4ebca6 [CANDIDATE]: Term 1 pre-election: Election decided. Result: candidate won. Election summary: received 2 responses out of 3 voters: 2 yes votes; 0 no votes. yes voters: b1b9e5b6f25048f2902dffa79a4ebca6, ced045eed1234027b885bd029e37c10d; no voters: 
I20260630 12:24:00.881294 15306 raft_consensus.cc:2804] T 6d05b5804974494eb4d409e9b9210c33 P b1b9e5b6f25048f2902dffa79a4ebca6 [term 0 FOLLOWER]: Leader pre-election won for term 1
I20260630 12:24:00.881697 15306 raft_consensus.cc:493] T 6d05b5804974494eb4d409e9b9210c33 P b1b9e5b6f25048f2902dffa79a4ebca6 [term 0 FOLLOWER]: Starting leader election (no leader contacted us within the election timeout)
I20260630 12:24:00.881516 15304 leader_election.cc:290] T 6d05b5804974494eb4d409e9b9210c33 P b1b9e5b6f25048f2902dffa79a4ebca6 [CANDIDATE]: Term 1 pre-election: Requested pre-vote from peers ced045eed1234027b885bd029e37c10d (127.11.210.130:38895), 3766fd0d1e4042b79c5dcf2cd826de9b (127.11.210.132:36013)
I20260630 12:24:00.882085 15306 raft_consensus.cc:3060] T 6d05b5804974494eb4d409e9b9210c33 P b1b9e5b6f25048f2902dffa79a4ebca6 [term 0 FOLLOWER]: Advancing to term 1
I20260630 12:24:00.886596 15278 raft_consensus.cc:493] T 5e84968ceee44ed2a07511559d19c818 P ced045eed1234027b885bd029e37c10d [term 0 FOLLOWER]: Starting pre-election (no leader contacted us within the election timeout)
I20260630 12:24:00.887151 15278 raft_consensus.cc:515] T 5e84968ceee44ed2a07511559d19c818 P ced045eed1234027b885bd029e37c10d [term 0 FOLLOWER]: Starting pre-election with config: opid_index: -1 OBSOLETE_local: false peers { permanent_uuid: "3766fd0d1e4042b79c5dcf2cd826de9b" member_type: VOTER last_known_addr { host: "127.11.210.132" port: 36013 } } peers { permanent_uuid: "ced045eed1234027b885bd029e37c10d" member_type: VOTER last_known_addr { host: "127.11.210.130" port: 38895 } } peers { permanent_uuid: "b1b9e5b6f25048f2902dffa79a4ebca6" member_type: VOTER last_known_addr { host: "127.11.210.131" port: 44001 } }
I20260630 12:24:00.894757 15306 raft_consensus.cc:515] T 6d05b5804974494eb4d409e9b9210c33 P b1b9e5b6f25048f2902dffa79a4ebca6 [term 1 FOLLOWER]: Starting leader election with config: opid_index: -1 OBSOLETE_local: false peers { permanent_uuid: "b1b9e5b6f25048f2902dffa79a4ebca6" member_type: VOTER last_known_addr { host: "127.11.210.131" port: 44001 } } peers { permanent_uuid: "ced045eed1234027b885bd029e37c10d" member_type: VOTER last_known_addr { host: "127.11.210.130" port: 38895 } } peers { permanent_uuid: "3766fd0d1e4042b79c5dcf2cd826de9b" member_type: VOTER last_known_addr { host: "127.11.210.132" port: 36013 } }
I20260630 12:24:00.899593 15224 tablet_service.cc:1917] Received RequestConsensusVote() RPC: tablet_id: "5e84968ceee44ed2a07511559d19c818" candidate_uuid: "ced045eed1234027b885bd029e37c10d" candidate_term: 1 candidate_status { last_received { term: 0 index: 0 } } ignore_live_leader: false dest_uuid: "b1b9e5b6f25048f2902dffa79a4ebca6" is_pre_election: true
I20260630 12:24:00.900723 15302 raft_consensus.cc:515] T e30aa3c0d0db435a889e7abf41cab8f4 P d7e90e4d51c749b79387c8bf201d1bd1 [term 1 FOLLOWER]: Starting leader election with config: opid_index: -1 OBSOLETE_local: false peers { permanent_uuid: "d7e90e4d51c749b79387c8bf201d1bd1" member_type: VOTER last_known_addr { host: "127.11.210.129" port: 42245 } } peers { permanent_uuid: "ced045eed1234027b885bd029e37c10d" member_type: VOTER last_known_addr { host: "127.11.210.130" port: 38895 } } peers { permanent_uuid: "3766fd0d1e4042b79c5dcf2cd826de9b" member_type: VOTER last_known_addr { host: "127.11.210.132" port: 36013 } }
W20260630 12:24:00.901315 15117 leader_election.cc:343] T 5e84968ceee44ed2a07511559d19c818 P ced045eed1234027b885bd029e37c10d [CANDIDATE]: Term 1 pre-election: Tablet error from VoteRequest() call to peer b1b9e5b6f25048f2902dffa79a4ebca6 (127.11.210.131:44001): Illegal state: must be running to vote when last-logged opid is not known
I20260630 12:24:00.901551 15425 tablet_bootstrap.cc:492] T 5e84968ceee44ed2a07511559d19c818 P b1b9e5b6f25048f2902dffa79a4ebca6: No bootstrap required, opened a new log
I20260630 12:24:00.902123 15425 ts_tablet_manager.cc:1403] T 5e84968ceee44ed2a07511559d19c818 P b1b9e5b6f25048f2902dffa79a4ebca6: Time spent bootstrapping tablet: real 0.112s	user 0.016s	sys 0.020s
I20260630 12:24:00.903100 15306 leader_election.cc:290] T 6d05b5804974494eb4d409e9b9210c33 P b1b9e5b6f25048f2902dffa79a4ebca6 [CANDIDATE]: Term 1 election: Requested vote from peers ced045eed1234027b885bd029e37c10d (127.11.210.130:38895), 3766fd0d1e4042b79c5dcf2cd826de9b (127.11.210.132:36013)
I20260630 12:24:00.903014 15278 leader_election.cc:290] T 5e84968ceee44ed2a07511559d19c818 P ced045eed1234027b885bd029e37c10d [CANDIDATE]: Term 1 pre-election: Requested pre-vote from peers 3766fd0d1e4042b79c5dcf2cd826de9b (127.11.210.132:36013), b1b9e5b6f25048f2902dffa79a4ebca6 (127.11.210.131:44001)
I20260630 12:24:00.907087 15423 tablet_bootstrap.cc:492] T d7ad09db5aaa4d92b6a3048310c11fab P ced045eed1234027b885bd029e37c10d: No bootstrap required, opened a new log
I20260630 12:24:00.907827 15423 ts_tablet_manager.cc:1403] T d7ad09db5aaa4d92b6a3048310c11fab P ced045eed1234027b885bd029e37c10d: Time spent bootstrapping tablet: real 0.077s	user 0.023s	sys 0.012s
I20260630 12:24:00.909786 15426 tablet_bootstrap.cc:492] T 449c70da8ef6464c9b5ae21ff83a7a16 P 3766fd0d1e4042b79c5dcf2cd826de9b: No bootstrap required, opened a new log
I20260630 12:24:00.910390 15426 ts_tablet_manager.cc:1403] T 449c70da8ef6464c9b5ae21ff83a7a16 P 3766fd0d1e4042b79c5dcf2cd826de9b: Time spent bootstrapping tablet: real 0.079s	user 0.020s	sys 0.016s
I20260630 12:24:00.910591 15151 tablet_service.cc:1917] Received RequestConsensusVote() RPC: tablet_id: "e30aa3c0d0db435a889e7abf41cab8f4" candidate_uuid: "d7e90e4d51c749b79387c8bf201d1bd1" candidate_term: 1 candidate_status { last_received { term: 0 index: 0 } } ignore_live_leader: false dest_uuid: "ced045eed1234027b885bd029e37c10d"
I20260630 12:24:00.911222 15151 raft_consensus.cc:3060] T e30aa3c0d0db435a889e7abf41cab8f4 P ced045eed1234027b885bd029e37c10d [term 0 FOLLOWER]: Advancing to term 1
I20260630 12:24:00.911836 15425 raft_consensus.cc:359] T 5e84968ceee44ed2a07511559d19c818 P b1b9e5b6f25048f2902dffa79a4ebca6 [term 0 FOLLOWER]: Replica starting. Triggering 0 pending ops. Active config: opid_index: -1 OBSOLETE_local: false peers { permanent_uuid: "3766fd0d1e4042b79c5dcf2cd826de9b" member_type: VOTER last_known_addr { host: "127.11.210.132" port: 36013 } } peers { permanent_uuid: "ced045eed1234027b885bd029e37c10d" member_type: VOTER last_known_addr { host: "127.11.210.130" port: 38895 } } peers { permanent_uuid: "b1b9e5b6f25048f2902dffa79a4ebca6" member_type: VOTER last_known_addr { host: "127.11.210.131" port: 44001 } }
I20260630 12:24:00.912602 15425 raft_consensus.cc:385] T 5e84968ceee44ed2a07511559d19c818 P b1b9e5b6f25048f2902dffa79a4ebca6 [term 0 FOLLOWER]: Consensus starting up: Expiring failure detector timer to make a prompt election more likely
I20260630 12:24:00.912951 15425 raft_consensus.cc:740] T 5e84968ceee44ed2a07511559d19c818 P b1b9e5b6f25048f2902dffa79a4ebca6 [term 0 FOLLOWER]: Becoming Follower/Learner. State: Replica: b1b9e5b6f25048f2902dffa79a4ebca6, State: Initialized, Role: FOLLOWER
I20260630 12:24:00.913729 15425 consensus_queue.cc:260] T 5e84968ceee44ed2a07511559d19c818 P b1b9e5b6f25048f2902dffa79a4ebca6 [NON_LEADER]: Queue going to NON_LEADER mode. State: All replicated index: 0, Majority replicated index: 0, Committed index: 0, Last appended: 0.0, Last appended by leader: 0, Current term: 0, Majority size: -1, State: 0, Mode: NON_LEADER, active raft config: opid_index: -1 OBSOLETE_local: false peers { permanent_uuid: "3766fd0d1e4042b79c5dcf2cd826de9b" member_type: VOTER last_known_addr { host: "127.11.210.132" port: 36013 } } peers { permanent_uuid: "ced045eed1234027b885bd029e37c10d" member_type: VOTER last_known_addr { host: "127.11.210.130" port: 38895 } } peers { permanent_uuid: "b1b9e5b6f25048f2902dffa79a4ebca6" member_type: VOTER last_known_addr { host: "127.11.210.131" port: 44001 } }
I20260630 12:24:00.915544 15426 raft_consensus.cc:359] T 449c70da8ef6464c9b5ae21ff83a7a16 P 3766fd0d1e4042b79c5dcf2cd826de9b [term 0 FOLLOWER]: Replica starting. Triggering 0 pending ops. Active config: opid_index: -1 OBSOLETE_local: false peers { permanent_uuid: "3766fd0d1e4042b79c5dcf2cd826de9b" member_type: VOTER last_known_addr { host: "127.11.210.132" port: 36013 } } peers { permanent_uuid: "d7e90e4d51c749b79387c8bf201d1bd1" member_type: VOTER last_known_addr { host: "127.11.210.129" port: 42245 } } peers { permanent_uuid: "b1b9e5b6f25048f2902dffa79a4ebca6" member_type: VOTER last_known_addr { host: "127.11.210.131" port: 44001 } }
I20260630 12:24:00.915814 15392 tablet_service.cc:1917] Received RequestConsensusVote() RPC: tablet_id: "5973737bd7a8406bb05fee491f27ebc2" candidate_uuid: "b1b9e5b6f25048f2902dffa79a4ebca6" candidate_term: 1 candidate_status { last_received { term: 0 index: 0 } } ignore_live_leader: false dest_uuid: "3766fd0d1e4042b79c5dcf2cd826de9b" is_pre_election: true
I20260630 12:24:00.916457 15426 raft_consensus.cc:385] T 449c70da8ef6464c9b5ae21ff83a7a16 P 3766fd0d1e4042b79c5dcf2cd826de9b [term 0 FOLLOWER]: Consensus starting up: Expiring failure detector timer to make a prompt election more likely
I20260630 12:24:00.916066 15425 ts_tablet_manager.cc:1434] T 5e84968ceee44ed2a07511559d19c818 P b1b9e5b6f25048f2902dffa79a4ebca6: Time spent starting tablet: real 0.014s	user 0.003s	sys 0.007s
I20260630 12:24:00.916755 15390 tablet_service.cc:1917] Received RequestConsensusVote() RPC: tablet_id: "6d05b5804974494eb4d409e9b9210c33" candidate_uuid: "b1b9e5b6f25048f2902dffa79a4ebca6" candidate_term: 1 candidate_status { last_received { term: 0 index: 0 } } ignore_live_leader: false dest_uuid: "3766fd0d1e4042b79c5dcf2cd826de9b"
I20260630 12:24:00.919493 15426 raft_consensus.cc:740] T 449c70da8ef6464c9b5ae21ff83a7a16 P 3766fd0d1e4042b79c5dcf2cd826de9b [term 0 FOLLOWER]: Becoming Follower/Learner. State: Replica: 3766fd0d1e4042b79c5dcf2cd826de9b, State: Initialized, Role: FOLLOWER
I20260630 12:24:00.917553 15391 tablet_service.cc:1917] Received RequestConsensusVote() RPC: tablet_id: "6d05b5804974494eb4d409e9b9210c33" candidate_uuid: "b1b9e5b6f25048f2902dffa79a4ebca6" candidate_term: 1 candidate_status { last_received { term: 0 index: 0 } } ignore_live_leader: false dest_uuid: "3766fd0d1e4042b79c5dcf2cd826de9b" is_pre_election: true
I20260630 12:24:00.920439 15425 tablet_bootstrap.cc:492] T a104f0301aec45e4acbe5476002935f7 P b1b9e5b6f25048f2902dffa79a4ebca6: Bootstrap starting.
I20260630 12:24:00.920610 15426 consensus_queue.cc:260] T 449c70da8ef6464c9b5ae21ff83a7a16 P 3766fd0d1e4042b79c5dcf2cd826de9b [NON_LEADER]: Queue going to NON_LEADER mode. State: All replicated index: 0, Majority replicated index: 0, Committed index: 0, Last appended: 0.0, Last appended by leader: 0, Current term: 0, Majority size: -1, State: 0, Mode: NON_LEADER, active raft config: opid_index: -1 OBSOLETE_local: false peers { permanent_uuid: "3766fd0d1e4042b79c5dcf2cd826de9b" member_type: VOTER last_known_addr { host: "127.11.210.132" port: 36013 } } peers { permanent_uuid: "d7e90e4d51c749b79387c8bf201d1bd1" member_type: VOTER last_known_addr { host: "127.11.210.129" port: 42245 } } peers { permanent_uuid: "b1b9e5b6f25048f2902dffa79a4ebca6" member_type: VOTER last_known_addr { host: "127.11.210.131" port: 44001 } }
W20260630 12:24:00.922230 15190 leader_election.cc:343] T 5973737bd7a8406bb05fee491f27ebc2 P b1b9e5b6f25048f2902dffa79a4ebca6 [CANDIDATE]: Term 1 pre-election: Tablet error from VoteRequest() call to peer 3766fd0d1e4042b79c5dcf2cd826de9b (127.11.210.132:36013): Illegal state: must be running to vote when last-logged opid is not known
I20260630 12:24:00.922722 15190 leader_election.cc:304] T 5973737bd7a8406bb05fee491f27ebc2 P b1b9e5b6f25048f2902dffa79a4ebca6 [CANDIDATE]: Term 1 pre-election: Election decided. Result: candidate lost. Election summary: received 3 responses out of 3 voters: 1 yes votes; 2 no votes. yes voters: b1b9e5b6f25048f2902dffa79a4ebca6; no voters: 3766fd0d1e4042b79c5dcf2cd826de9b, d7e90e4d51c749b79387c8bf201d1bd1
I20260630 12:24:00.923677 15426 ts_tablet_manager.cc:1434] T 449c70da8ef6464c9b5ae21ff83a7a16 P 3766fd0d1e4042b79c5dcf2cd826de9b: Time spent starting tablet: real 0.011s	user 0.004s	sys 0.003s
I20260630 12:24:00.923842 15304 raft_consensus.cc:2749] T 5973737bd7a8406bb05fee491f27ebc2 P b1b9e5b6f25048f2902dffa79a4ebca6 [term 0 FOLLOWER]: Leader pre-election lost for term 1. Reason: could not achieve majority
I20260630 12:24:00.924880 15426 tablet_bootstrap.cc:492] T d7ad09db5aaa4d92b6a3048310c11fab P 3766fd0d1e4042b79c5dcf2cd826de9b: Bootstrap starting.
W20260630 12:24:00.926034 15190 leader_election.cc:343] T 6d05b5804974494eb4d409e9b9210c33 P b1b9e5b6f25048f2902dffa79a4ebca6 [CANDIDATE]: Term 1 pre-election: Tablet error from VoteRequest() call to peer 3766fd0d1e4042b79c5dcf2cd826de9b (127.11.210.132:36013): Illegal state: must be running to vote when last-logged opid is not known
W20260630 12:24:00.928290 15190 leader_election.cc:343] T 6d05b5804974494eb4d409e9b9210c33 P b1b9e5b6f25048f2902dffa79a4ebca6 [CANDIDATE]: Term 1 election: Tablet error from VoteRequest() call to peer 3766fd0d1e4042b79c5dcf2cd826de9b (127.11.210.132:36013): Illegal state: must be running to vote when last-logged opid is not known
I20260630 12:24:00.929682 15390 tablet_service.cc:1917] Received RequestConsensusVote() RPC: tablet_id: "e30aa3c0d0db435a889e7abf41cab8f4" candidate_uuid: "d7e90e4d51c749b79387c8bf201d1bd1" candidate_term: 1 candidate_status { last_received { term: 0 index: 0 } } ignore_live_leader: false dest_uuid: "3766fd0d1e4042b79c5dcf2cd826de9b"
I20260630 12:24:00.930310 15390 raft_consensus.cc:3060] T e30aa3c0d0db435a889e7abf41cab8f4 P 3766fd0d1e4042b79c5dcf2cd826de9b [term 0 FOLLOWER]: Advancing to term 1
I20260630 12:24:00.931008 15425 tablet_bootstrap.cc:654] T a104f0301aec45e4acbe5476002935f7 P b1b9e5b6f25048f2902dffa79a4ebca6: Neither blocks nor log segments found. Creating new log.
I20260630 12:24:00.931080 15150 tablet_service.cc:1917] Received RequestConsensusVote() RPC: tablet_id: "6d05b5804974494eb4d409e9b9210c33" candidate_uuid: "b1b9e5b6f25048f2902dffa79a4ebca6" candidate_term: 1 candidate_status { last_received { term: 0 index: 0 } } ignore_live_leader: false dest_uuid: "ced045eed1234027b885bd029e37c10d"
I20260630 12:24:00.931771 15150 raft_consensus.cc:3060] T 6d05b5804974494eb4d409e9b9210c33 P ced045eed1234027b885bd029e37c10d [term 0 FOLLOWER]: Advancing to term 1
I20260630 12:24:00.937014 15302 leader_election.cc:290] T e30aa3c0d0db435a889e7abf41cab8f4 P d7e90e4d51c749b79387c8bf201d1bd1 [CANDIDATE]: Term 1 election: Requested vote from peers ced045eed1234027b885bd029e37c10d (127.11.210.130:38895), 3766fd0d1e4042b79c5dcf2cd826de9b (127.11.210.132:36013)
I20260630 12:24:00.939654 15151 raft_consensus.cc:2468] T e30aa3c0d0db435a889e7abf41cab8f4 P ced045eed1234027b885bd029e37c10d [term 1 FOLLOWER]: Leader election vote request: Granting yes vote for candidate d7e90e4d51c749b79387c8bf201d1bd1 in term 1.
I20260630 12:24:00.918085 15423 raft_consensus.cc:359] T d7ad09db5aaa4d92b6a3048310c11fab P ced045eed1234027b885bd029e37c10d [term 0 FOLLOWER]: Replica starting. Triggering 0 pending ops. Active config: opid_index: -1 OBSOLETE_local: false peers { permanent_uuid: "d7e90e4d51c749b79387c8bf201d1bd1" member_type: VOTER last_known_addr { host: "127.11.210.129" port: 42245 } } peers { permanent_uuid: "3766fd0d1e4042b79c5dcf2cd826de9b" member_type: VOTER last_known_addr { host: "127.11.210.132" port: 36013 } } peers { permanent_uuid: "ced045eed1234027b885bd029e37c10d" member_type: VOTER last_known_addr { host: "127.11.210.130" port: 38895 } }
I20260630 12:24:00.942034 15423 raft_consensus.cc:385] T d7ad09db5aaa4d92b6a3048310c11fab P ced045eed1234027b885bd029e37c10d [term 0 FOLLOWER]: Consensus starting up: Expiring failure detector timer to make a prompt election more likely
I20260630 12:24:00.942368 15423 raft_consensus.cc:740] T d7ad09db5aaa4d92b6a3048310c11fab P ced045eed1234027b885bd029e37c10d [term 0 FOLLOWER]: Becoming Follower/Learner. State: Replica: ced045eed1234027b885bd029e37c10d, State: Initialized, Role: FOLLOWER
I20260630 12:24:00.944595 15426 tablet_bootstrap.cc:654] T d7ad09db5aaa4d92b6a3048310c11fab P 3766fd0d1e4042b79c5dcf2cd826de9b: Neither blocks nor log segments found. Creating new log.
I20260630 12:24:00.945083 15150 raft_consensus.cc:2468] T 6d05b5804974494eb4d409e9b9210c33 P ced045eed1234027b885bd029e37c10d [term 1 FOLLOWER]: Leader election vote request: Granting yes vote for candidate b1b9e5b6f25048f2902dffa79a4ebca6 in term 1.
I20260630 12:24:00.944168 15423 consensus_queue.cc:260] T d7ad09db5aaa4d92b6a3048310c11fab P ced045eed1234027b885bd029e37c10d [NON_LEADER]: Queue going to NON_LEADER mode. State: All replicated index: 0, Majority replicated index: 0, Committed index: 0, Last appended: 0.0, Last appended by leader: 0, Current term: 0, Majority size: -1, State: 0, Mode: NON_LEADER, active raft config: opid_index: -1 OBSOLETE_local: false peers { permanent_uuid: "d7e90e4d51c749b79387c8bf201d1bd1" member_type: VOTER last_known_addr { host: "127.11.210.129" port: 42245 } } peers { permanent_uuid: "3766fd0d1e4042b79c5dcf2cd826de9b" member_type: VOTER last_known_addr { host: "127.11.210.132" port: 36013 } } peers { permanent_uuid: "ced045eed1234027b885bd029e37c10d" member_type: VOTER last_known_addr { host: "127.11.210.130" port: 38895 } }
I20260630 12:24:00.946727 15306 raft_consensus.cc:493] T 449c70da8ef6464c9b5ae21ff83a7a16 P b1b9e5b6f25048f2902dffa79a4ebca6 [term 0 FOLLOWER]: Starting pre-election (no leader contacted us within the election timeout)
I20260630 12:24:00.949096 15306 raft_consensus.cc:515] T 449c70da8ef6464c9b5ae21ff83a7a16 P b1b9e5b6f25048f2902dffa79a4ebca6 [term 0 FOLLOWER]: Starting pre-election with config: opid_index: -1 OBSOLETE_local: false peers { permanent_uuid: "3766fd0d1e4042b79c5dcf2cd826de9b" member_type: VOTER last_known_addr { host: "127.11.210.132" port: 36013 } } peers { permanent_uuid: "d7e90e4d51c749b79387c8bf201d1bd1" member_type: VOTER last_known_addr { host: "127.11.210.129" port: 42245 } } peers { permanent_uuid: "b1b9e5b6f25048f2902dffa79a4ebca6" member_type: VOTER last_known_addr { host: "127.11.210.131" port: 44001 } }
I20260630 12:24:00.951417 15039 leader_election.cc:304] T e30aa3c0d0db435a889e7abf41cab8f4 P d7e90e4d51c749b79387c8bf201d1bd1 [CANDIDATE]: Term 1 election: Election decided. Result: candidate won. Election summary: received 2 responses out of 3 voters: 2 yes votes; 0 no votes. yes voters: ced045eed1234027b885bd029e37c10d, d7e90e4d51c749b79387c8bf201d1bd1; no voters: 
I20260630 12:24:00.954208 15391 tablet_service.cc:1917] Received RequestConsensusVote() RPC: tablet_id: "449c70da8ef6464c9b5ae21ff83a7a16" candidate_uuid: "b1b9e5b6f25048f2902dffa79a4ebca6" candidate_term: 1 candidate_status { last_received { term: 0 index: 0 } } ignore_live_leader: false dest_uuid: "3766fd0d1e4042b79c5dcf2cd826de9b" is_pre_election: true
I20260630 12:24:00.954977 15391 raft_consensus.cc:2468] T 449c70da8ef6464c9b5ae21ff83a7a16 P 3766fd0d1e4042b79c5dcf2cd826de9b [term 0 FOLLOWER]: Leader pre-election vote request: Granting yes vote for candidate b1b9e5b6f25048f2902dffa79a4ebca6 in term 0.
I20260630 12:24:00.957233 15188 leader_election.cc:304] T 6d05b5804974494eb4d409e9b9210c33 P b1b9e5b6f25048f2902dffa79a4ebca6 [CANDIDATE]: Term 1 election: Election decided. Result: candidate won. Election summary: received 3 responses out of 3 voters: 2 yes votes; 1 no votes. yes voters: b1b9e5b6f25048f2902dffa79a4ebca6, ced045eed1234027b885bd029e37c10d; no voters: 3766fd0d1e4042b79c5dcf2cd826de9b
I20260630 12:24:00.957432 15390 raft_consensus.cc:2468] T e30aa3c0d0db435a889e7abf41cab8f4 P 3766fd0d1e4042b79c5dcf2cd826de9b [term 1 FOLLOWER]: Leader election vote request: Granting yes vote for candidate d7e90e4d51c749b79387c8bf201d1bd1 in term 1.
I20260630 12:24:00.958330 15304 raft_consensus.cc:2804] T 6d05b5804974494eb4d409e9b9210c33 P b1b9e5b6f25048f2902dffa79a4ebca6 [term 1 FOLLOWER]: Leader election won for term 1
I20260630 12:24:00.958199 15190 leader_election.cc:304] T 449c70da8ef6464c9b5ae21ff83a7a16 P b1b9e5b6f25048f2902dffa79a4ebca6 [CANDIDATE]: Term 1 pre-election: Election decided. Result: candidate won. Election summary: received 2 responses out of 3 voters: 2 yes votes; 0 no votes. yes voters: 3766fd0d1e4042b79c5dcf2cd826de9b, b1b9e5b6f25048f2902dffa79a4ebca6; no voters: 
I20260630 12:24:00.958781 15304 raft_consensus.cc:697] T 6d05b5804974494eb4d409e9b9210c33 P b1b9e5b6f25048f2902dffa79a4ebca6 [term 1 LEADER]: Becoming Leader. State: Replica: b1b9e5b6f25048f2902dffa79a4ebca6, State: Running, Role: LEADER
I20260630 12:24:00.956867 15302 raft_consensus.cc:2804] T e30aa3c0d0db435a889e7abf41cab8f4 P d7e90e4d51c749b79387c8bf201d1bd1 [term 1 FOLLOWER]: Leader election won for term 1
I20260630 12:24:00.956126 15306 leader_election.cc:290] T 449c70da8ef6464c9b5ae21ff83a7a16 P b1b9e5b6f25048f2902dffa79a4ebca6 [CANDIDATE]: Term 1 pre-election: Requested pre-vote from peers 3766fd0d1e4042b79c5dcf2cd826de9b (127.11.210.132:36013), d7e90e4d51c749b79387c8bf201d1bd1 (127.11.210.129:42245)
I20260630 12:24:00.960642 15336 raft_consensus.cc:2804] T 449c70da8ef6464c9b5ae21ff83a7a16 P b1b9e5b6f25048f2902dffa79a4ebca6 [term 0 FOLLOWER]: Leader pre-election won for term 1
I20260630 12:24:00.964561 15075 tablet_service.cc:1917] Received RequestConsensusVote() RPC: tablet_id: "449c70da8ef6464c9b5ae21ff83a7a16" candidate_uuid: "b1b9e5b6f25048f2902dffa79a4ebca6" candidate_term: 1 candidate_status { last_received { term: 0 index: 0 } } ignore_live_leader: false dest_uuid: "d7e90e4d51c749b79387c8bf201d1bd1" is_pre_election: true
I20260630 12:24:00.965209 15075 raft_consensus.cc:2468] T 449c70da8ef6464c9b5ae21ff83a7a16 P d7e90e4d51c749b79387c8bf201d1bd1 [term 0 FOLLOWER]: Leader pre-election vote request: Granting yes vote for candidate b1b9e5b6f25048f2902dffa79a4ebca6 in term 0.
I20260630 12:24:00.964073 15336 raft_consensus.cc:493] T 449c70da8ef6464c9b5ae21ff83a7a16 P b1b9e5b6f25048f2902dffa79a4ebca6 [term 0 FOLLOWER]: Starting leader election (no leader contacted us within the election timeout)
I20260630 12:24:00.970691 15336 raft_consensus.cc:3060] T 449c70da8ef6464c9b5ae21ff83a7a16 P b1b9e5b6f25048f2902dffa79a4ebca6 [term 0 FOLLOWER]: Advancing to term 1
I20260630 12:24:00.959914 15304 consensus_queue.cc:237] T 6d05b5804974494eb4d409e9b9210c33 P b1b9e5b6f25048f2902dffa79a4ebca6 [LEADER]: Queue going to LEADER mode. State: All replicated index: 0, Majority replicated index: 0, Committed index: 0, Last appended: 0.0, Last appended by leader: 0, Current term: 1, Majority size: 2, State: 0, Mode: LEADER, active raft config: opid_index: -1 OBSOLETE_local: false peers { permanent_uuid: "b1b9e5b6f25048f2902dffa79a4ebca6" member_type: VOTER last_known_addr { host: "127.11.210.131" port: 44001 } } peers { permanent_uuid: "ced045eed1234027b885bd029e37c10d" member_type: VOTER last_known_addr { host: "127.11.210.130" port: 38895 } } peers { permanent_uuid: "3766fd0d1e4042b79c5dcf2cd826de9b" member_type: VOTER last_known_addr { host: "127.11.210.132" port: 36013 } }
I20260630 12:24:00.964252 15302 raft_consensus.cc:697] T e30aa3c0d0db435a889e7abf41cab8f4 P d7e90e4d51c749b79387c8bf201d1bd1 [term 1 LEADER]: Becoming Leader. State: Replica: d7e90e4d51c749b79387c8bf201d1bd1, State: Running, Role: LEADER
I20260630 12:24:00.980300 15302 consensus_queue.cc:237] T e30aa3c0d0db435a889e7abf41cab8f4 P d7e90e4d51c749b79387c8bf201d1bd1 [LEADER]: Queue going to LEADER mode. State: All replicated index: 0, Majority replicated index: 0, Committed index: 0, Last appended: 0.0, Last appended by leader: 0, Current term: 1, Majority size: 2, State: 0, Mode: LEADER, active raft config: opid_index: -1 OBSOLETE_local: false peers { permanent_uuid: "d7e90e4d51c749b79387c8bf201d1bd1" member_type: VOTER last_known_addr { host: "127.11.210.129" port: 42245 } } peers { permanent_uuid: "ced045eed1234027b885bd029e37c10d" member_type: VOTER last_known_addr { host: "127.11.210.130" port: 38895 } } peers { permanent_uuid: "3766fd0d1e4042b79c5dcf2cd826de9b" member_type: VOTER last_known_addr { host: "127.11.210.132" port: 36013 } }
I20260630 12:24:00.977551 15390 tablet_service.cc:1917] Received RequestConsensusVote() RPC: tablet_id: "5e84968ceee44ed2a07511559d19c818" candidate_uuid: "ced045eed1234027b885bd029e37c10d" candidate_term: 1 candidate_status { last_received { term: 0 index: 0 } } ignore_live_leader: false dest_uuid: "3766fd0d1e4042b79c5dcf2cd826de9b" is_pre_election: true
I20260630 12:24:00.981786 15425 tablet_bootstrap.cc:492] T a104f0301aec45e4acbe5476002935f7 P b1b9e5b6f25048f2902dffa79a4ebca6: No bootstrap required, opened a new log
I20260630 12:24:00.982985 15425 ts_tablet_manager.cc:1403] T a104f0301aec45e4acbe5476002935f7 P b1b9e5b6f25048f2902dffa79a4ebca6: Time spent bootstrapping tablet: real 0.062s	user 0.009s	sys 0.025s
W20260630 12:24:00.983332 15116 leader_election.cc:343] T 5e84968ceee44ed2a07511559d19c818 P ced045eed1234027b885bd029e37c10d [CANDIDATE]: Term 1 pre-election: Tablet error from VoteRequest() call to peer 3766fd0d1e4042b79c5dcf2cd826de9b (127.11.210.132:36013): Illegal state: must be running to vote when last-logged opid is not known
I20260630 12:24:00.983790 15116 leader_election.cc:304] T 5e84968ceee44ed2a07511559d19c818 P ced045eed1234027b885bd029e37c10d [CANDIDATE]: Term 1 pre-election: Election decided. Result: candidate lost. Election summary: received 3 responses out of 3 voters: 1 yes votes; 2 no votes. yes voters: ced045eed1234027b885bd029e37c10d; no voters: 3766fd0d1e4042b79c5dcf2cd826de9b, b1b9e5b6f25048f2902dffa79a4ebca6
I20260630 12:24:00.980870 15424 tablet_bootstrap.cc:492] T 5973737bd7a8406bb05fee491f27ebc2 P d7e90e4d51c749b79387c8bf201d1bd1: No bootstrap required, opened a new log
I20260630 12:24:00.985232 15424 ts_tablet_manager.cc:1403] T 5973737bd7a8406bb05fee491f27ebc2 P d7e90e4d51c749b79387c8bf201d1bd1: Time spent bootstrapping tablet: real 0.132s	user 0.024s	sys 0.016s
I20260630 12:24:00.985288 15278 raft_consensus.cc:2749] T 5e84968ceee44ed2a07511559d19c818 P ced045eed1234027b885bd029e37c10d [term 0 FOLLOWER]: Leader pre-election lost for term 1. Reason: could not achieve majority
