I20260630 12:13:07.779903   431 tablet_server.cc:196] TabletServer@127.0.107.193:0 shutdown complete.
I20260630 12:13:07.792253   431 tablet_server.cc:179] TabletServer@127.0.107.194:0 shutting down...
I20260630 12:13:07.820286   431 ts_tablet_manager.cc:1507] Shutting down tablet manager...
I20260630 12:13:07.821159   431 tablet_replica.cc:333] T a7418c54c1c342668e6b8d114ba6d365 P 9724bd3abf244e32a0334c2b64c7c744: stopping tablet replica
I20260630 12:13:07.821779   431 raft_consensus.cc:2243] T a7418c54c1c342668e6b8d114ba6d365 P 9724bd3abf244e32a0334c2b64c7c744 [term 1 FOLLOWER]: Raft consensus shutting down.
I20260630 12:13:07.822307   431 raft_consensus.cc:2272] T a7418c54c1c342668e6b8d114ba6d365 P 9724bd3abf244e32a0334c2b64c7c744 [term 1 FOLLOWER]: Raft consensus is shut down!
I20260630 12:13:07.842130   431 tablet_server.cc:196] TabletServer@127.0.107.194:0 shutdown complete.
I20260630 12:13:07.853921   431 tablet_server.cc:179] TabletServer@127.0.107.195:0 shutting down...
I20260630 12:13:07.874511   431 ts_tablet_manager.cc:1507] Shutting down tablet manager...
I20260630 12:13:07.875295   431 tablet_replica.cc:333] T a7418c54c1c342668e6b8d114ba6d365 P aa102d289f4845218ded3762970e6b0c: stopping tablet replica
I20260630 12:13:07.875833   431 raft_consensus.cc:2243] T a7418c54c1c342668e6b8d114ba6d365 P aa102d289f4845218ded3762970e6b0c [term 1 FOLLOWER]: Raft consensus shutting down.
I20260630 12:13:07.876348   431 raft_consensus.cc:2272] T a7418c54c1c342668e6b8d114ba6d365 P aa102d289f4845218ded3762970e6b0c [term 1 FOLLOWER]: Raft consensus is shut down!
I20260630 12:13:07.895995   431 tablet_server.cc:196] TabletServer@127.0.107.195:0 shutdown complete.
I20260630 12:13:07.907560   431 master.cc:562] Master@127.0.107.254:44921 shutting down...
I20260630 12:13:07.929003   431 raft_consensus.cc:2243] T 00000000000000000000000000000000 P 5876afa457784f60b0420c244fbf062c [term 1 LEADER]: Raft consensus shutting down.
I20260630 12:13:07.929706   431 raft_consensus.cc:2272] T 00000000000000000000000000000000 P 5876afa457784f60b0420c244fbf062c [term 1 FOLLOWER]: Raft consensus is shut down!
I20260630 12:13:07.930058   431 tablet_replica.cc:333] T 00000000000000000000000000000000 P 5876afa457784f60b0420c244fbf062c: stopping tablet replica
I20260630 12:13:07.948868   431 master.cc:584] Master@127.0.107.254:44921 shutdown complete.
[       OK ] AutoRebalancerTest.NoReplicaMovesIfCannotFixPlacementPolicy (13050 ms)
[ RUN      ] AutoRebalancerTest.TestMaxMovesPerServer
I20260630 12:13:07.984740   431 internal_mini_cluster.cc:156] Creating distributed mini masters. Addrs: 127.0.107.254:34061
I20260630 12:13:07.985958   431 file_cache.cc:492] Constructed file cache file cache with capacity 419430
W20260630 12:13:07.991427  4801 instance_detector.cc:116] could not retrieve Azure instance metadata: Network error: curl error: HTTP response code said error: The requested URL returned error: 404
W20260630 12:13:07.991528  4800 instance_detector.cc:116] could not retrieve AWS instance metadata: Network error: curl error: HTTP response code said error: The requested URL returned error: 404
W20260630 12:13:07.992762  4803 instance_detector.cc:116] could not retrieve OpenStack instance metadata: Network error: curl error: HTTP response code said error: The requested URL returned error: 404
I20260630 12:13:07.993907   431 server_base.cc:1061] running on GCE node
I20260630 12:13:07.994761   431 hybrid_clock.cc:584] initializing the hybrid clock with 'system_unsync' time source
W20260630 12:13:07.994968   431 system_unsync_time.cc:38] NTP support is disabled. Clock error bounds will not be accurate. This configuration is not suitable for distributed clusters.
I20260630 12:13:07.995085   431 hybrid_clock.cc:648] HybridClock initialized: now 1782821587995074 us; error 0 us; skew 500 ppm
I20260630 12:13:07.995517   431 server_base.cc:861] Flag tcmalloc_max_total_thread_cache_bytes is not working since tcmalloc is not enabled.
I20260630 12:13:07.997931   431 webserver.cc:533] Webserver started at http://127.0.107.254:45773/ using document root <none> and password file <none>
I20260630 12:13:07.998347   431 fs_manager.cc:362] Metadata directory not provided
I20260630 12:13:07.998507   431 fs_manager.cc:368] Using write-ahead log directory (fs_wal_dir) as metadata directory
I20260630 12:13:07.998739   431 server_base.cc:909] This appears to be a new deployment of Kudu; creating new FS layout
I20260630 12:13:07.999886   431 fs_manager.cc:1068] Generated new instance metadata in path /tmp/dist-test-taskRYTGi9/test-tmp/auto_rebalancer-test.0.AutoRebalancerTest.TestMaxMovesPerServer.1782821461855766-431-0/minicluster-data/master-0-root/instance:
uuid: "d18b18e5a7ef40a3a9f92160b108a195"
format_stamp: "Formatted at 2026-06-30 12:13:07 on dist-test-slave-92rj"
I20260630 12:13:08.004818   431 fs_manager.cc:696] Time spent creating directory manager: real 0.004s	user 0.006s	sys 0.000s
I20260630 12:13:08.008309  4808 log_block_manager.cc:4031] Time spent loading block containers with low live blocks: real 0.000s	user 0.000s	sys 0.000s
I20260630 12:13:08.009120   431 fs_manager.cc:730] Time spent opening block manager: real 0.002s	user 0.003s	sys 0.000s
I20260630 12:13:08.009361   431 fs_manager.cc:647] Opened local filesystem: /tmp/dist-test-taskRYTGi9/test-tmp/auto_rebalancer-test.0.AutoRebalancerTest.TestMaxMovesPerServer.1782821461855766-431-0/minicluster-data/master-0-root
uuid: "d18b18e5a7ef40a3a9f92160b108a195"
format_stamp: "Formatted at 2026-06-30 12:13:07 on dist-test-slave-92rj"
I20260630 12:13:08.009632   431 fs_report.cc:389] FS layout report
--------------------
wal directory: /tmp/dist-test-taskRYTGi9/test-tmp/auto_rebalancer-test.0.AutoRebalancerTest.TestMaxMovesPerServer.1782821461855766-431-0/minicluster-data/master-0-root
metadata directory: /tmp/dist-test-taskRYTGi9/test-tmp/auto_rebalancer-test.0.AutoRebalancerTest.TestMaxMovesPerServer.1782821461855766-431-0/minicluster-data/master-0-root
1 data directories: /tmp/dist-test-taskRYTGi9/test-tmp/auto_rebalancer-test.0.AutoRebalancerTest.TestMaxMovesPerServer.1782821461855766-431-0/minicluster-data/master-0-root/data
Total live blocks: 0
Total live bytes: 0
Total live bytes (after alignment): 0
Total number of LBM containers: 0 (0 full)
Did not check for missing blocks
Did not check for orphaned blocks
Total full LBM containers with extra space: 0 (0 repaired)
Total full LBM container extra space in bytes: 0 (0 repaired)
Total incomplete LBM containers: 0 (0 repaired)
Total LBM partial records: 0 (0 repaired)
Total corrupted LBM metadata records in RocksDB: 0 (0 repaired)
I20260630 12:13:08.021291   431 rpc_server.cc:225] running with OpenSSL 1.1.1  11 Sep 2018
I20260630 12:13:08.022503   431 kserver.cc:163] Server-wide thread pool size limit: 3276
I20260630 12:13:08.061580   431 rpc_server.cc:307] RPC server started. Bound to: 127.0.107.254:34061
I20260630 12:13:08.061690  4859 acceptor_pool.cc:272] collecting diagnostics on the listening RPC socket 127.0.107.254:34061 every 8 connection(s)
I20260630 12:13:08.065506  4860 data_dirs.cc:400] Could only allocate 1 dirs of requested 3 for tablet 00000000000000000000000000000000. 1 dirs total, 0 dirs full, 0 dirs failed
I20260630 12:13:08.076256  4860 tablet_bootstrap.cc:492] T 00000000000000000000000000000000 P d18b18e5a7ef40a3a9f92160b108a195: Bootstrap starting.
I20260630 12:13:08.081219  4860 tablet_bootstrap.cc:654] T 00000000000000000000000000000000 P d18b18e5a7ef40a3a9f92160b108a195: Neither blocks nor log segments found. Creating new log.
I20260630 12:13:08.085234  4860 tablet_bootstrap.cc:492] T 00000000000000000000000000000000 P d18b18e5a7ef40a3a9f92160b108a195: No bootstrap required, opened a new log
I20260630 12:13:08.087352  4860 raft_consensus.cc:359] T 00000000000000000000000000000000 P d18b18e5a7ef40a3a9f92160b108a195 [term 0 FOLLOWER]: Replica starting. Triggering 0 pending ops. Active config: opid_index: -1 OBSOLETE_local: true peers { permanent_uuid: "d18b18e5a7ef40a3a9f92160b108a195" member_type: VOTER }
I20260630 12:13:08.087779  4860 raft_consensus.cc:385] T 00000000000000000000000000000000 P d18b18e5a7ef40a3a9f92160b108a195 [term 0 FOLLOWER]: Consensus starting up: Expiring failure detector timer to make a prompt election more likely
I20260630 12:13:08.088001  4860 raft_consensus.cc:740] T 00000000000000000000000000000000 P d18b18e5a7ef40a3a9f92160b108a195 [term 0 FOLLOWER]: Becoming Follower/Learner. State: Replica: d18b18e5a7ef40a3a9f92160b108a195, State: Initialized, Role: FOLLOWER
I20260630 12:13:08.088639  4860 consensus_queue.cc:260] T 00000000000000000000000000000000 P d18b18e5a7ef40a3a9f92160b108a195 [NON_LEADER]: Queue going to NON_LEADER mode. State: All replicated index: 0, Majority replicated index: 0, Committed index: 0, Last appended: 0.0, Last appended by leader: 0, Current term: 0, Majority size: -1, State: 0, Mode: NON_LEADER, active raft config: opid_index: -1 OBSOLETE_local: true peers { permanent_uuid: "d18b18e5a7ef40a3a9f92160b108a195" member_type: VOTER }
I20260630 12:13:08.089121  4860 raft_consensus.cc:399] T 00000000000000000000000000000000 P d18b18e5a7ef40a3a9f92160b108a195 [term 0 FOLLOWER]: Only one voter in the Raft config. Triggering election immediately
I20260630 12:13:08.089354  4860 raft_consensus.cc:493] T 00000000000000000000000000000000 P d18b18e5a7ef40a3a9f92160b108a195 [term 0 FOLLOWER]: Starting leader election (initial election of a single-replica configuration)
I20260630 12:13:08.089636  4860 raft_consensus.cc:3060] T 00000000000000000000000000000000 P d18b18e5a7ef40a3a9f92160b108a195 [term 0 FOLLOWER]: Advancing to term 1
I20260630 12:13:08.094002  4860 raft_consensus.cc:515] T 00000000000000000000000000000000 P d18b18e5a7ef40a3a9f92160b108a195 [term 1 FOLLOWER]: Starting leader election with config: opid_index: -1 OBSOLETE_local: true peers { permanent_uuid: "d18b18e5a7ef40a3a9f92160b108a195" member_type: VOTER }
I20260630 12:13:08.094498  4860 leader_election.cc:304] T 00000000000000000000000000000000 P d18b18e5a7ef40a3a9f92160b108a195 [CANDIDATE]: Term 1 election: Election decided. Result: candidate won. Election summary: received 1 responses out of 1 voters: 1 yes votes; 0 no votes. yes voters: d18b18e5a7ef40a3a9f92160b108a195; no voters: 
I20260630 12:13:08.095579  4860 leader_election.cc:290] T 00000000000000000000000000000000 P d18b18e5a7ef40a3a9f92160b108a195 [CANDIDATE]: Term 1 election: Requested vote from peers 
I20260630 12:13:08.095913  4863 raft_consensus.cc:2804] T 00000000000000000000000000000000 P d18b18e5a7ef40a3a9f92160b108a195 [term 1 FOLLOWER]: Leader election won for term 1
I20260630 12:13:08.097193  4863 raft_consensus.cc:697] T 00000000000000000000000000000000 P d18b18e5a7ef40a3a9f92160b108a195 [term 1 LEADER]: Becoming Leader. State: Replica: d18b18e5a7ef40a3a9f92160b108a195, State: Running, Role: LEADER
I20260630 12:13:08.097855  4863 consensus_queue.cc:237] T 00000000000000000000000000000000 P d18b18e5a7ef40a3a9f92160b108a195 [LEADER]: Queue going to LEADER mode. State: All replicated index: 0, Majority replicated index: 0, Committed index: 0, Last appended: 0.0, Last appended by leader: 0, Current term: 1, Majority size: 1, State: 0, Mode: LEADER, active raft config: opid_index: -1 OBSOLETE_local: true peers { permanent_uuid: "d18b18e5a7ef40a3a9f92160b108a195" member_type: VOTER }
I20260630 12:13:08.098435  4860 sys_catalog.cc:565] T 00000000000000000000000000000000 P d18b18e5a7ef40a3a9f92160b108a195 [sys.catalog]: configured and running, proceeding with master startup.
I20260630 12:13:08.100828  4864 sys_catalog.cc:455] T 00000000000000000000000000000000 P d18b18e5a7ef40a3a9f92160b108a195 [sys.catalog]: SysCatalogTable state changed. Reason: RaftConsensus started. Latest consensus state: current_term: 1 leader_uuid: "d18b18e5a7ef40a3a9f92160b108a195" committed_config { opid_index: -1 OBSOLETE_local: true peers { permanent_uuid: "d18b18e5a7ef40a3a9f92160b108a195" member_type: VOTER } }
I20260630 12:13:08.100828  4865 sys_catalog.cc:455] T 00000000000000000000000000000000 P d18b18e5a7ef40a3a9f92160b108a195 [sys.catalog]: SysCatalogTable state changed. Reason: New leader d18b18e5a7ef40a3a9f92160b108a195. Latest consensus state: current_term: 1 leader_uuid: "d18b18e5a7ef40a3a9f92160b108a195" committed_config { opid_index: -1 OBSOLETE_local: true peers { permanent_uuid: "d18b18e5a7ef40a3a9f92160b108a195" member_type: VOTER } }
I20260630 12:13:08.101585  4864 sys_catalog.cc:458] T 00000000000000000000000000000000 P d18b18e5a7ef40a3a9f92160b108a195 [sys.catalog]: This master's current role is: LEADER
I20260630 12:13:08.101689  4865 sys_catalog.cc:458] T 00000000000000000000000000000000 P d18b18e5a7ef40a3a9f92160b108a195 [sys.catalog]: This master's current role is: LEADER
I20260630 12:13:08.109608  4868 catalog_manager.cc:1511] Loading table and tablet metadata into memory...
I20260630 12:13:08.117868  4868 catalog_manager.cc:1520] Initializing Kudu cluster ID...
I20260630 12:13:08.118822   431 internal_mini_cluster.cc:184] Waiting to initialize catalog manager on master 0
I20260630 12:13:08.127295  4868 catalog_manager.cc:1383] Generated new cluster ID: e22570c374224fbb8b221e4d05887015
I20260630 12:13:08.127674  4868 catalog_manager.cc:1531] Initializing Kudu internal certificate authority...
I20260630 12:13:08.157858  4868 catalog_manager.cc:1406] Generated new certificate authority record
I20260630 12:13:08.159161  4868 catalog_manager.cc:1540] Loading token signing keys...
I20260630 12:13:08.173260  4868 catalog_manager.cc:6070] T 00000000000000000000000000000000 P d18b18e5a7ef40a3a9f92160b108a195: Generated new TSK 0
I20260630 12:13:08.174022  4868 catalog_manager.cc:1550] Initializing in-progress tserver states...
I20260630 12:13:08.185230   431 file_cache.cc:492] Constructed file cache file cache with capacity 419430
W20260630 12:13:08.191058  4881 instance_detector.cc:116] could not retrieve AWS instance metadata: Network error: curl error: HTTP response code said error: The requested URL returned error: 404
W20260630 12:13:08.192219  4882 instance_detector.cc:116] could not retrieve Azure instance metadata: Network error: curl error: HTTP response code said error: The requested URL returned error: 404
W20260630 12:13:08.193706  4884 instance_detector.cc:116] could not retrieve OpenStack instance metadata: Network error: curl error: HTTP response code said error: The requested URL returned error: 404
I20260630 12:13:08.194211   431 server_base.cc:1061] running on GCE node
I20260630 12:13:08.194988   431 hybrid_clock.cc:584] initializing the hybrid clock with 'system_unsync' time source
W20260630 12:13:08.195179   431 system_unsync_time.cc:38] NTP support is disabled. Clock error bounds will not be accurate. This configuration is not suitable for distributed clusters.
I20260630 12:13:08.195341   431 hybrid_clock.cc:648] HybridClock initialized: now 1782821588195324 us; error 0 us; skew 500 ppm
I20260630 12:13:08.195827   431 server_base.cc:861] Flag tcmalloc_max_total_thread_cache_bytes is not working since tcmalloc is not enabled.
I20260630 12:13:08.198171   431 webserver.cc:533] Webserver started at http://127.0.107.193:44363/ using document root <none> and password file <none>
I20260630 12:13:08.198619   431 fs_manager.cc:362] Metadata directory not provided
I20260630 12:13:08.198796   431 fs_manager.cc:368] Using write-ahead log directory (fs_wal_dir) as metadata directory
I20260630 12:13:08.199064   431 server_base.cc:909] This appears to be a new deployment of Kudu; creating new FS layout
I20260630 12:13:08.200409   431 fs_manager.cc:1068] Generated new instance metadata in path /tmp/dist-test-taskRYTGi9/test-tmp/auto_rebalancer-test.0.AutoRebalancerTest.TestMaxMovesPerServer.1782821461855766-431-0/minicluster-data/ts-0-root/instance:
uuid: "176029bc06474a96a7b97c08f83e79ca"
format_stamp: "Formatted at 2026-06-30 12:13:08 on dist-test-slave-92rj"
I20260630 12:13:08.204741   431 fs_manager.cc:696] Time spent creating directory manager: real 0.004s	user 0.003s	sys 0.000s
I20260630 12:13:08.207967  4889 log_block_manager.cc:4031] Time spent loading block containers with low live blocks: real 0.000s	user 0.000s	sys 0.000s
I20260630 12:13:08.208810   431 fs_manager.cc:730] Time spent opening block manager: real 0.002s	user 0.003s	sys 0.000s
I20260630 12:13:08.209156   431 fs_manager.cc:647] Opened local filesystem: /tmp/dist-test-taskRYTGi9/test-tmp/auto_rebalancer-test.0.AutoRebalancerTest.TestMaxMovesPerServer.1782821461855766-431-0/minicluster-data/ts-0-root
uuid: "176029bc06474a96a7b97c08f83e79ca"
format_stamp: "Formatted at 2026-06-30 12:13:08 on dist-test-slave-92rj"
I20260630 12:13:08.209409   431 fs_report.cc:389] FS layout report
--------------------
wal directory: /tmp/dist-test-taskRYTGi9/test-tmp/auto_rebalancer-test.0.AutoRebalancerTest.TestMaxMovesPerServer.1782821461855766-431-0/minicluster-data/ts-0-root
metadata directory: /tmp/dist-test-taskRYTGi9/test-tmp/auto_rebalancer-test.0.AutoRebalancerTest.TestMaxMovesPerServer.1782821461855766-431-0/minicluster-data/ts-0-root
1 data directories: /tmp/dist-test-taskRYTGi9/test-tmp/auto_rebalancer-test.0.AutoRebalancerTest.TestMaxMovesPerServer.1782821461855766-431-0/minicluster-data/ts-0-root/data
Total live blocks: 0
Total live bytes: 0
Total live bytes (after alignment): 0
Total number of LBM containers: 0 (0 full)
Did not check for missing blocks
Did not check for orphaned blocks
Total full LBM containers with extra space: 0 (0 repaired)
Total full LBM container extra space in bytes: 0 (0 repaired)
Total incomplete LBM containers: 0 (0 repaired)
Total LBM partial records: 0 (0 repaired)
Total corrupted LBM metadata records in RocksDB: 0 (0 repaired)
I20260630 12:13:08.244479   431 rpc_server.cc:225] running with OpenSSL 1.1.1  11 Sep 2018
I20260630 12:13:08.245697   431 kserver.cc:163] Server-wide thread pool size limit: 3276
I20260630 12:13:08.247148   431 txn_system_client.cc:432] TxnSystemClient initialization is disabled...
I20260630 12:13:08.249429   431 ts_tablet_manager.cc:585] Loaded tablet metadata (0 total tablets, 0 live tablets)
I20260630 12:13:08.249653   431 ts_tablet_manager.cc:531] Time spent load tablet metadata: real 0.000s	user 0.000s	sys 0.000s
I20260630 12:13:08.249879   431 ts_tablet_manager.cc:616] Registered 0 tablets
I20260630 12:13:08.250061   431 ts_tablet_manager.cc:595] Time spent register tablets: real 0.000s	user 0.000s	sys 0.000s
I20260630 12:13:08.288965   431 rpc_server.cc:307] RPC server started. Bound to: 127.0.107.193:46261
I20260630 12:13:08.289093  4951 acceptor_pool.cc:272] collecting diagnostics on the listening RPC socket 127.0.107.193:46261 every 8 connection(s)
I20260630 12:13:08.293787   431 file_cache.cc:492] Constructed file cache file cache with capacity 419430
W20260630 12:13:08.301332  4956 instance_detector.cc:116] could not retrieve AWS instance metadata: Network error: curl error: HTTP response code said error: The requested URL returned error: 404
W20260630 12:13:08.302389  4957 instance_detector.cc:116] could not retrieve Azure instance metadata: Network error: curl error: HTTP response code said error: The requested URL returned error: 404
I20260630 12:13:08.306017   431 server_base.cc:1061] running on GCE node
W20260630 12:13:08.306250  4959 instance_detector.cc:116] could not retrieve OpenStack instance metadata: Network error: curl error: HTTP response code said error: The requested URL returned error: 404
I20260630 12:13:08.307076   431 hybrid_clock.cc:584] initializing the hybrid clock with 'system_unsync' time source
W20260630 12:13:08.307291   431 system_unsync_time.cc:38] NTP support is disabled. Clock error bounds will not be accurate. This configuration is not suitable for distributed clusters.
I20260630 12:13:08.307477   431 hybrid_clock.cc:648] HybridClock initialized: now 1782821588307459 us; error 0 us; skew 500 ppm
I20260630 12:13:08.308105   431 server_base.cc:861] Flag tcmalloc_max_total_thread_cache_bytes is not working since tcmalloc is not enabled.
I20260630 12:13:08.310794   431 webserver.cc:533] Webserver started at http://127.0.107.194:45063/ using document root <none> and password file <none>
I20260630 12:13:08.311444   431 fs_manager.cc:362] Metadata directory not provided
I20260630 12:13:08.311630  4952 heartbeater.cc:344] Connected to a master server at 127.0.107.254:34061
I20260630 12:13:08.311707   431 fs_manager.cc:368] Using write-ahead log directory (fs_wal_dir) as metadata directory
I20260630 12:13:08.312105  4952 heartbeater.cc:461] Registering TS with master...
I20260630 12:13:08.312139   431 server_base.cc:909] This appears to be a new deployment of Kudu; creating new FS layout
I20260630 12:13:08.312942  4952 heartbeater.cc:507] Master 127.0.107.254:34061 requested a full tablet report, sending...
I20260630 12:13:08.313535   431 fs_manager.cc:1068] Generated new instance metadata in path /tmp/dist-test-taskRYTGi9/test-tmp/auto_rebalancer-test.0.AutoRebalancerTest.TestMaxMovesPerServer.1782821461855766-431-0/minicluster-data/ts-1-root/instance:
uuid: "35f1e411d3874241844aaaa1124e8a3a"
format_stamp: "Formatted at 2026-06-30 12:13:08 on dist-test-slave-92rj"
I20260630 12:13:08.314975  4825 ts_manager.cc:194] Registered new tserver with Master: 176029bc06474a96a7b97c08f83e79ca (127.0.107.193:46261)
I20260630 12:13:08.316689  4825 master_service.cc:502] Signed X509 certificate for tserver {username='slave'} at 127.0.0.1:55264
I20260630 12:13:08.318454   431 fs_manager.cc:696] Time spent creating directory manager: real 0.004s	user 0.004s	sys 0.000s
I20260630 12:13:08.321942  4964 log_block_manager.cc:4031] Time spent loading block containers with low live blocks: real 0.000s	user 0.000s	sys 0.000s
I20260630 12:13:08.322680   431 fs_manager.cc:730] Time spent opening block manager: real 0.002s	user 0.003s	sys 0.000s
I20260630 12:13:08.322955   431 fs_manager.cc:647] Opened local filesystem: /tmp/dist-test-taskRYTGi9/test-tmp/auto_rebalancer-test.0.AutoRebalancerTest.TestMaxMovesPerServer.1782821461855766-431-0/minicluster-data/ts-1-root
uuid: "35f1e411d3874241844aaaa1124e8a3a"
format_stamp: "Formatted at 2026-06-30 12:13:08 on dist-test-slave-92rj"
I20260630 12:13:08.323222   431 fs_report.cc:389] FS layout report
--------------------
wal directory: /tmp/dist-test-taskRYTGi9/test-tmp/auto_rebalancer-test.0.AutoRebalancerTest.TestMaxMovesPerServer.1782821461855766-431-0/minicluster-data/ts-1-root
metadata directory: /tmp/dist-test-taskRYTGi9/test-tmp/auto_rebalancer-test.0.AutoRebalancerTest.TestMaxMovesPerServer.1782821461855766-431-0/minicluster-data/ts-1-root
1 data directories: /tmp/dist-test-taskRYTGi9/test-tmp/auto_rebalancer-test.0.AutoRebalancerTest.TestMaxMovesPerServer.1782821461855766-431-0/minicluster-data/ts-1-root/data
Total live blocks: 0
Total live bytes: 0
Total live bytes (after alignment): 0
Total number of LBM containers: 0 (0 full)
Did not check for missing blocks
Did not check for orphaned blocks
Total full LBM containers with extra space: 0 (0 repaired)
Total full LBM container extra space in bytes: 0 (0 repaired)
Total incomplete LBM containers: 0 (0 repaired)
Total LBM partial records: 0 (0 repaired)
Total corrupted LBM metadata records in RocksDB: 0 (0 repaired)
I20260630 12:13:08.350936   431 rpc_server.cc:225] running with OpenSSL 1.1.1  11 Sep 2018
I20260630 12:13:08.352109   431 kserver.cc:163] Server-wide thread pool size limit: 3276
I20260630 12:13:08.353785   431 txn_system_client.cc:432] TxnSystemClient initialization is disabled...
I20260630 12:13:08.356045   431 ts_tablet_manager.cc:585] Loaded tablet metadata (0 total tablets, 0 live tablets)
I20260630 12:13:08.356267   431 ts_tablet_manager.cc:531] Time spent load tablet metadata: real 0.000s	user 0.000s	sys 0.000s
I20260630 12:13:08.356498   431 ts_tablet_manager.cc:616] Registered 0 tablets
I20260630 12:13:08.356670   431 ts_tablet_manager.cc:595] Time spent register tablets: real 0.000s	user 0.000s	sys 0.000s
I20260630 12:13:08.395027   431 rpc_server.cc:307] RPC server started. Bound to: 127.0.107.194:32907
I20260630 12:13:08.395147  5026 acceptor_pool.cc:272] collecting diagnostics on the listening RPC socket 127.0.107.194:32907 every 8 connection(s)
I20260630 12:13:08.399860   431 file_cache.cc:492] Constructed file cache file cache with capacity 419430
W20260630 12:13:08.406797  5030 instance_detector.cc:116] could not retrieve AWS instance metadata: Network error: curl error: HTTP response code said error: The requested URL returned error: 404
W20260630 12:13:08.408181  5031 instance_detector.cc:116] could not retrieve Azure instance metadata: Network error: curl error: HTTP response code said error: The requested URL returned error: 404
W20260630 12:13:08.411384  5033 instance_detector.cc:116] could not retrieve OpenStack instance metadata: Network error: curl error: HTTP response code said error: The requested URL returned error: 404
I20260630 12:13:08.411837   431 server_base.cc:1061] running on GCE node
I20260630 12:13:08.412254  5027 heartbeater.cc:344] Connected to a master server at 127.0.107.254:34061
I20260630 12:13:08.412711  5027 heartbeater.cc:461] Registering TS with master...
I20260630 12:13:08.413082   431 hybrid_clock.cc:584] initializing the hybrid clock with 'system_unsync' time source
W20260630 12:13:08.413324   431 system_unsync_time.cc:38] NTP support is disabled. Clock error bounds will not be accurate. This configuration is not suitable for distributed clusters.
I20260630 12:13:08.413496   431 hybrid_clock.cc:648] HybridClock initialized: now 1782821588413483 us; error 0 us; skew 500 ppm
I20260630 12:13:08.413441  5027 heartbeater.cc:507] Master 127.0.107.254:34061 requested a full tablet report, sending...
I20260630 12:13:08.414206   431 server_base.cc:861] Flag tcmalloc_max_total_thread_cache_bytes is not working since tcmalloc is not enabled.
I20260630 12:13:08.415670  4825 ts_manager.cc:194] Registered new tserver with Master: 35f1e411d3874241844aaaa1124e8a3a (127.0.107.194:32907)
I20260630 12:13:08.417171   431 webserver.cc:533] Webserver started at http://127.0.107.195:46569/ using document root <none> and password file <none>
I20260630 12:13:08.417197  4825 master_service.cc:502] Signed X509 certificate for tserver {username='slave'} at 127.0.0.1:55272
I20260630 12:13:08.417881   431 fs_manager.cc:362] Metadata directory not provided
I20260630 12:13:08.418156   431 fs_manager.cc:368] Using write-ahead log directory (fs_wal_dir) as metadata directory
I20260630 12:13:08.418514   431 server_base.cc:909] This appears to be a new deployment of Kudu; creating new FS layout
I20260630 12:13:08.420094   431 fs_manager.cc:1068] Generated new instance metadata in path /tmp/dist-test-taskRYTGi9/test-tmp/auto_rebalancer-test.0.AutoRebalancerTest.TestMaxMovesPerServer.1782821461855766-431-0/minicluster-data/ts-2-root/instance:
uuid: "76ae20a5ae4b4c489cc4529b6dbe5917"
format_stamp: "Formatted at 2026-06-30 12:13:08 on dist-test-slave-92rj"
I20260630 12:13:08.425794   431 fs_manager.cc:696] Time spent creating directory manager: real 0.005s	user 0.005s	sys 0.003s
I20260630 12:13:08.429112  5038 log_block_manager.cc:4031] Time spent loading block containers with low live blocks: real 0.000s	user 0.000s	sys 0.000s
I20260630 12:13:08.429948   431 fs_manager.cc:730] Time spent opening block manager: real 0.002s	user 0.002s	sys 0.001s
I20260630 12:13:08.430222   431 fs_manager.cc:647] Opened local filesystem: /tmp/dist-test-taskRYTGi9/test-tmp/auto_rebalancer-test.0.AutoRebalancerTest.TestMaxMovesPerServer.1782821461855766-431-0/minicluster-data/ts-2-root
uuid: "76ae20a5ae4b4c489cc4529b6dbe5917"
format_stamp: "Formatted at 2026-06-30 12:13:08 on dist-test-slave-92rj"
I20260630 12:13:08.430450   431 fs_report.cc:389] FS layout report
--------------------
wal directory: /tmp/dist-test-taskRYTGi9/test-tmp/auto_rebalancer-test.0.AutoRebalancerTest.TestMaxMovesPerServer.1782821461855766-431-0/minicluster-data/ts-2-root
metadata directory: /tmp/dist-test-taskRYTGi9/test-tmp/auto_rebalancer-test.0.AutoRebalancerTest.TestMaxMovesPerServer.1782821461855766-431-0/minicluster-data/ts-2-root
1 data directories: /tmp/dist-test-taskRYTGi9/test-tmp/auto_rebalancer-test.0.AutoRebalancerTest.TestMaxMovesPerServer.1782821461855766-431-0/minicluster-data/ts-2-root/data
Total live blocks: 0
Total live bytes: 0
Total live bytes (after alignment): 0
Total number of LBM containers: 0 (0 full)
Did not check for missing blocks
Did not check for orphaned blocks
Total full LBM containers with extra space: 0 (0 repaired)
Total full LBM container extra space in bytes: 0 (0 repaired)
Total incomplete LBM containers: 0 (0 repaired)
Total LBM partial records: 0 (0 repaired)
Total corrupted LBM metadata records in RocksDB: 0 (0 repaired)
I20260630 12:13:08.455298   431 rpc_server.cc:225] running with OpenSSL 1.1.1  11 Sep 2018
I20260630 12:13:08.456504   431 kserver.cc:163] Server-wide thread pool size limit: 3276
I20260630 12:13:08.458076   431 txn_system_client.cc:432] TxnSystemClient initialization is disabled...
I20260630 12:13:08.460270   431 ts_tablet_manager.cc:585] Loaded tablet metadata (0 total tablets, 0 live tablets)
I20260630 12:13:08.460469   431 ts_tablet_manager.cc:531] Time spent load tablet metadata: real 0.000s	user 0.000s	sys 0.000s
I20260630 12:13:08.460713   431 ts_tablet_manager.cc:616] Registered 0 tablets
I20260630 12:13:08.460858   431 ts_tablet_manager.cc:595] Time spent register tablets: real 0.000s	user 0.000s	sys 0.000s
I20260630 12:13:08.501086   431 rpc_server.cc:307] RPC server started. Bound to: 127.0.107.195:43975
I20260630 12:13:08.501207  5100 acceptor_pool.cc:272] collecting diagnostics on the listening RPC socket 127.0.107.195:43975 every 8 connection(s)
I20260630 12:13:08.515398  5101 heartbeater.cc:344] Connected to a master server at 127.0.107.254:34061
I20260630 12:13:08.515753  5101 heartbeater.cc:461] Registering TS with master...
I20260630 12:13:08.516371  5101 heartbeater.cc:507] Master 127.0.107.254:34061 requested a full tablet report, sending...
I20260630 12:13:08.518218  4825 ts_manager.cc:194] Registered new tserver with Master: 76ae20a5ae4b4c489cc4529b6dbe5917 (127.0.107.195:43975)
I20260630 12:13:08.519152   431 internal_mini_cluster.cc:371] 3 TS(s) registered with all masters after 0.014910827s
I20260630 12:13:08.519441  4825 master_service.cc:502] Signed X509 certificate for tserver {username='slave'} at 127.0.0.1:55278
I20260630 12:13:09.319531  4952 heartbeater.cc:499] Master 127.0.107.254:34061 was elected leader, sending a full tablet report...
I20260630 12:13:09.420137  5027 heartbeater.cc:499] Master 127.0.107.254:34061 was elected leader, sending a full tablet report...
I20260630 12:13:09.521831  5101 heartbeater.cc:499] Master 127.0.107.254:34061 was elected leader, sending a full tablet report...
I20260630 12:13:09.575278  4825 catalog_manager.cc:2283] Servicing CreateTable request from {username='slave'} at 127.0.0.1:55290:
name: "test-workload"
schema {
  columns {
    name: "key"
    type: INT32
    is_key: true
    is_nullable: false
    encoding: AUTO_ENCODING
    compression: DEFAULT_COMPRESSION
    cfile_block_size: 0
    immutable: false
  }
  columns {
    name: "int_val"
    type: INT32
    is_key: false
    is_nullable: false
    encoding: AUTO_ENCODING
    compression: DEFAULT_COMPRESSION
    cfile_block_size: 0
    immutable: false
  }
  columns {
    name: "string_val"
    type: STRING
    is_key: false
    is_nullable: true
    encoding: AUTO_ENCODING
    compression: DEFAULT_COMPRESSION
    cfile_block_size: 0
    immutable: false
  }
}
num_replicas: 3
split_rows_range_bounds {
  rows: "\004\001\000\252\252\252\n\004\001\000TUU\025\004\001\000\376\377\377\037\004\001\000\250\252\252*\004\001\000RUU5\004\001\000\374\377\377?\004\001\000\246\252\252J\004\001\000PUUU\004\001\000\372\377\377_\004\001\000\244\252\252j\004\001\000NUUu""\004\001\000\252\252\252\n\004\001\000TUU\025\004\001\000\376\377\377\037\004\001\000\250\252\252*\004\001\000RUU5\004\001\000\374\377\377?\004\001\000\246\252\252J\004\001\000PUUU\004\001\000\372\377\377_\004\001\000\244\252\252j\004\001\000NUUu"
  indirect_data: """"
}
partition_schema {
  range_schema {
    columns {
      name: "key"
    }
  }
}
W20260630 12:13:09.578224  4825 catalog_manager.cc:7077] The number of live tablet servers is not enough to re-replicate a tablet replica of the newly created table test-workload in case of a server failure: 4 tablet servers would be needed, 3 are available. Consider bringing up more tablet servers.
I20260630 12:13:09.659478  4992 tablet_service.cc:1511] Processing CreateTablet for tablet e798106c468e4d3db6c62726fd684a45 (DEFAULT_TABLE table=test-workload [id=832491991d33435c8020fcf3ad4a8c6e]), partition=RANGE (key) PARTITION VALUES < 178956970
I20260630 12:13:09.661361  4992 data_dirs.cc:400] Could only allocate 1 dirs of requested 3 for tablet e798106c468e4d3db6c62726fd684a45. 1 dirs total, 0 dirs full, 0 dirs failed
I20260630 12:13:09.667093  4991 tablet_service.cc:1511] Processing CreateTablet for tablet 937dbbba1a66403f9cf48d9d74fe2e21 (DEFAULT_TABLE table=test-workload [id=832491991d33435c8020fcf3ad4a8c6e]), partition=RANGE (key) PARTITION 178956970 <= VALUES < 357913940
I20260630 12:13:09.669486  4991 data_dirs.cc:400] Could only allocate 1 dirs of requested 3 for tablet 937dbbba1a66403f9cf48d9d74fe2e21. 1 dirs total, 0 dirs full, 0 dirs failed
I20260630 12:13:09.675146  5066 tablet_service.cc:1511] Processing CreateTablet for tablet e798106c468e4d3db6c62726fd684a45 (DEFAULT_TABLE table=test-workload [id=832491991d33435c8020fcf3ad4a8c6e]), partition=RANGE (key) PARTITION VALUES < 178956970
I20260630 12:13:09.676515  5066 data_dirs.cc:400] Could only allocate 1 dirs of requested 3 for tablet e798106c468e4d3db6c62726fd684a45. 1 dirs total, 0 dirs full, 0 dirs failed
I20260630 12:13:09.680711  4990 tablet_service.cc:1511] Processing CreateTablet for tablet e84ee6586fe446ef93bcacde3e1d0f71 (DEFAULT_TABLE table=test-workload [id=832491991d33435c8020fcf3ad4a8c6e]), partition=RANGE (key) PARTITION 357913940 <= VALUES < 536870910
I20260630 12:13:09.682132  4990 data_dirs.cc:400] Could only allocate 1 dirs of requested 3 for tablet e84ee6586fe446ef93bcacde3e1d0f71. 1 dirs total, 0 dirs full, 0 dirs failed
I20260630 12:13:09.682402  5065 tablet_service.cc:1511] Processing CreateTablet for tablet 937dbbba1a66403f9cf48d9d74fe2e21 (DEFAULT_TABLE table=test-workload [id=832491991d33435c8020fcf3ad4a8c6e]), partition=RANGE (key) PARTITION 178956970 <= VALUES < 357913940
I20260630 12:13:09.683660  5065 data_dirs.cc:400] Could only allocate 1 dirs of requested 3 for tablet 937dbbba1a66403f9cf48d9d74fe2e21. 1 dirs total, 0 dirs full, 0 dirs failed
I20260630 12:13:09.686655  5064 tablet_service.cc:1511] Processing CreateTablet for tablet e84ee6586fe446ef93bcacde3e1d0f71 (DEFAULT_TABLE table=test-workload [id=832491991d33435c8020fcf3ad4a8c6e]), partition=RANGE (key) PARTITION 357913940 <= VALUES < 536870910
I20260630 12:13:09.687987  5064 data_dirs.cc:400] Could only allocate 1 dirs of requested 3 for tablet e84ee6586fe446ef93bcacde3e1d0f71. 1 dirs total, 0 dirs full, 0 dirs failed
I20260630 12:13:09.689481  4989 tablet_service.cc:1511] Processing CreateTablet for tablet 056e67f592e44356a0af6f4e1c3f9f50 (DEFAULT_TABLE table=test-workload [id=832491991d33435c8020fcf3ad4a8c6e]), partition=RANGE (key) PARTITION 536870910 <= VALUES < 715827880
I20260630 12:13:09.690819  4989 data_dirs.cc:400] Could only allocate 1 dirs of requested 3 for tablet 056e67f592e44356a0af6f4e1c3f9f50. 1 dirs total, 0 dirs full, 0 dirs failed
I20260630 12:13:09.694609  5063 tablet_service.cc:1511] Processing CreateTablet for tablet 056e67f592e44356a0af6f4e1c3f9f50 (DEFAULT_TABLE table=test-workload [id=832491991d33435c8020fcf3ad4a8c6e]), partition=RANGE (key) PARTITION 536870910 <= VALUES < 715827880
I20260630 12:13:09.695720  4988 tablet_service.cc:1511] Processing CreateTablet for tablet 8472d0c01e0949dbb7191ab2d3c674bb (DEFAULT_TABLE table=test-workload [id=832491991d33435c8020fcf3ad4a8c6e]), partition=RANGE (key) PARTITION 715827880 <= VALUES < 894784850
I20260630 12:13:09.697078  4988 data_dirs.cc:400] Could only allocate 1 dirs of requested 3 for tablet 8472d0c01e0949dbb7191ab2d3c674bb. 1 dirs total, 0 dirs full, 0 dirs failed
I20260630 12:13:09.698060  5062 tablet_service.cc:1511] Processing CreateTablet for tablet 8472d0c01e0949dbb7191ab2d3c674bb (DEFAULT_TABLE table=test-workload [id=832491991d33435c8020fcf3ad4a8c6e]), partition=RANGE (key) PARTITION 715827880 <= VALUES < 894784850
I20260630 12:13:09.696158  5063 data_dirs.cc:400] Could only allocate 1 dirs of requested 3 for tablet 056e67f592e44356a0af6f4e1c3f9f50. 1 dirs total, 0 dirs full, 0 dirs failed
I20260630 12:13:09.705354  5062 data_dirs.cc:400] Could only allocate 1 dirs of requested 3 for tablet 8472d0c01e0949dbb7191ab2d3c674bb. 1 dirs total, 0 dirs full, 0 dirs failed
I20260630 12:13:09.707032  4987 tablet_service.cc:1511] Processing CreateTablet for tablet 23314e7aced84e17a29215ed6c7baee8 (DEFAULT_TABLE table=test-workload [id=832491991d33435c8020fcf3ad4a8c6e]), partition=RANGE (key) PARTITION 894784850 <= VALUES < 1073741820
I20260630 12:13:09.708616  4987 data_dirs.cc:400] Could only allocate 1 dirs of requested 3 for tablet 23314e7aced84e17a29215ed6c7baee8. 1 dirs total, 0 dirs full, 0 dirs failed
I20260630 12:13:09.710819  5061 tablet_service.cc:1511] Processing CreateTablet for tablet 23314e7aced84e17a29215ed6c7baee8 (DEFAULT_TABLE table=test-workload [id=832491991d33435c8020fcf3ad4a8c6e]), partition=RANGE (key) PARTITION 894784850 <= VALUES < 1073741820
I20260630 12:13:09.712311  5061 data_dirs.cc:400] Could only allocate 1 dirs of requested 3 for tablet 23314e7aced84e17a29215ed6c7baee8. 1 dirs total, 0 dirs full, 0 dirs failed
I20260630 12:13:09.713670  4986 tablet_service.cc:1511] Processing CreateTablet for tablet 140262680e384ac99a224434a3f6b280 (DEFAULT_TABLE table=test-workload [id=832491991d33435c8020fcf3ad4a8c6e]), partition=RANGE (key) PARTITION 1073741820 <= VALUES < 1252698790
I20260630 12:13:09.715399  4986 data_dirs.cc:400] Could only allocate 1 dirs of requested 3 for tablet 140262680e384ac99a224434a3f6b280. 1 dirs total, 0 dirs full, 0 dirs failed
I20260630 12:13:09.717200  5060 tablet_service.cc:1511] Processing CreateTablet for tablet 140262680e384ac99a224434a3f6b280 (DEFAULT_TABLE table=test-workload [id=832491991d33435c8020fcf3ad4a8c6e]), partition=RANGE (key) PARTITION 1073741820 <= VALUES < 1252698790
I20260630 12:13:09.718662  5060 data_dirs.cc:400] Could only allocate 1 dirs of requested 3 for tablet 140262680e384ac99a224434a3f6b280. 1 dirs total, 0 dirs full, 0 dirs failed
I20260630 12:13:09.721434  4985 tablet_service.cc:1511] Processing CreateTablet for tablet 34cebe82bd2f413b9c6b043162df8cf3 (DEFAULT_TABLE table=test-workload [id=832491991d33435c8020fcf3ad4a8c6e]), partition=RANGE (key) PARTITION 1252698790 <= VALUES < 1431655760
I20260630 12:13:09.722908  4985 data_dirs.cc:400] Could only allocate 1 dirs of requested 3 for tablet 34cebe82bd2f413b9c6b043162df8cf3. 1 dirs total, 0 dirs full, 0 dirs failed
I20260630 12:13:09.730726  5059 tablet_service.cc:1511] Processing CreateTablet for tablet 34cebe82bd2f413b9c6b043162df8cf3 (DEFAULT_TABLE table=test-workload [id=832491991d33435c8020fcf3ad4a8c6e]), partition=RANGE (key) PARTITION 1252698790 <= VALUES < 1431655760
I20260630 12:13:09.732205  5059 data_dirs.cc:400] Could only allocate 1 dirs of requested 3 for tablet 34cebe82bd2f413b9c6b043162df8cf3. 1 dirs total, 0 dirs full, 0 dirs failed
I20260630 12:13:09.732620  4984 tablet_service.cc:1511] Processing CreateTablet for tablet 2aa85cff2fc44d61badfdcb09b6f5630 (DEFAULT_TABLE table=test-workload [id=832491991d33435c8020fcf3ad4a8c6e]), partition=RANGE (key) PARTITION 1431655760 <= VALUES < 1610612730
I20260630 12:13:09.734076  4984 data_dirs.cc:400] Could only allocate 1 dirs of requested 3 for tablet 2aa85cff2fc44d61badfdcb09b6f5630. 1 dirs total, 0 dirs full, 0 dirs failed
I20260630 12:13:09.734972  5058 tablet_service.cc:1511] Processing CreateTablet for tablet 2aa85cff2fc44d61badfdcb09b6f5630 (DEFAULT_TABLE table=test-workload [id=832491991d33435c8020fcf3ad4a8c6e]), partition=RANGE (key) PARTITION 1431655760 <= VALUES < 1610612730
I20260630 12:13:09.736452  5058 data_dirs.cc:400] Could only allocate 1 dirs of requested 3 for tablet 2aa85cff2fc44d61badfdcb09b6f5630. 1 dirs total, 0 dirs full, 0 dirs failed
I20260630 12:13:09.739215  4983 tablet_service.cc:1511] Processing CreateTablet for tablet 6c4f389f68de47cf98055ba1a5518127 (DEFAULT_TABLE table=test-workload [id=832491991d33435c8020fcf3ad4a8c6e]), partition=RANGE (key) PARTITION 1610612730 <= VALUES < 1789569700
I20260630 12:13:09.740661  4983 data_dirs.cc:400] Could only allocate 1 dirs of requested 3 for tablet 6c4f389f68de47cf98055ba1a5518127. 1 dirs total, 0 dirs full, 0 dirs failed
I20260630 12:13:09.750645  5057 tablet_service.cc:1511] Processing CreateTablet for tablet 6c4f389f68de47cf98055ba1a5518127 (DEFAULT_TABLE table=test-workload [id=832491991d33435c8020fcf3ad4a8c6e]), partition=RANGE (key) PARTITION 1610612730 <= VALUES < 1789569700
I20260630 12:13:09.752156  5057 data_dirs.cc:400] Could only allocate 1 dirs of requested 3 for tablet 6c4f389f68de47cf98055ba1a5518127. 1 dirs total, 0 dirs full, 0 dirs failed
I20260630 12:13:09.769349  4986 tablet_service.cc:1511] Processing CreateTablet for tablet 19c96bd562784c58a64c09eb749b206d (DEFAULT_TABLE table=test-workload [id=832491991d33435c8020fcf3ad4a8c6e]), partition=RANGE (key) PARTITION 1789569700 <= VALUES < 1968526670
I20260630 12:13:09.770850  4986 data_dirs.cc:400] Could only allocate 1 dirs of requested 3 for tablet 19c96bd562784c58a64c09eb749b206d. 1 dirs total, 0 dirs full, 0 dirs failed
I20260630 12:13:09.785964  4917 tablet_service.cc:1511] Processing CreateTablet for tablet e798106c468e4d3db6c62726fd684a45 (DEFAULT_TABLE table=test-workload [id=832491991d33435c8020fcf3ad4a8c6e]), partition=RANGE (key) PARTITION VALUES < 178956970
I20260630 12:13:09.787892  4917 data_dirs.cc:400] Could only allocate 1 dirs of requested 3 for tablet e798106c468e4d3db6c62726fd684a45. 1 dirs total, 0 dirs full, 0 dirs failed
I20260630 12:13:09.795228  4986 tablet_service.cc:1511] Processing CreateTablet for tablet a62ad784a89246aea8bcf3868060c39c (DEFAULT_TABLE table=test-workload [id=832491991d33435c8020fcf3ad4a8c6e]), partition=RANGE (key) PARTITION 1968526670 <= VALUES
I20260630 12:13:09.796706  4986 data_dirs.cc:400] Could only allocate 1 dirs of requested 3 for tablet a62ad784a89246aea8bcf3868060c39c. 1 dirs total, 0 dirs full, 0 dirs failed
I20260630 12:13:09.799211  4916 tablet_service.cc:1511] Processing CreateTablet for tablet 937dbbba1a66403f9cf48d9d74fe2e21 (DEFAULT_TABLE table=test-workload [id=832491991d33435c8020fcf3ad4a8c6e]), partition=RANGE (key) PARTITION 178956970 <= VALUES < 357913940
I20260630 12:13:09.800835  4916 data_dirs.cc:400] Could only allocate 1 dirs of requested 3 for tablet 937dbbba1a66403f9cf48d9d74fe2e21. 1 dirs total, 0 dirs full, 0 dirs failed
I20260630 12:13:09.811901  4915 tablet_service.cc:1511] Processing CreateTablet for tablet e84ee6586fe446ef93bcacde3e1d0f71 (DEFAULT_TABLE table=test-workload [id=832491991d33435c8020fcf3ad4a8c6e]), partition=RANGE (key) PARTITION 357913940 <= VALUES < 536870910
I20260630 12:13:09.819375  4915 data_dirs.cc:400] Could only allocate 1 dirs of requested 3 for tablet e84ee6586fe446ef93bcacde3e1d0f71. 1 dirs total, 0 dirs full, 0 dirs failed
I20260630 12:13:09.858763  4914 tablet_service.cc:1511] Processing CreateTablet for tablet 056e67f592e44356a0af6f4e1c3f9f50 (DEFAULT_TABLE table=test-workload [id=832491991d33435c8020fcf3ad4a8c6e]), partition=RANGE (key) PARTITION 536870910 <= VALUES < 715827880
I20260630 12:13:09.860165  4914 data_dirs.cc:400] Could only allocate 1 dirs of requested 3 for tablet 056e67f592e44356a0af6f4e1c3f9f50. 1 dirs total, 0 dirs full, 0 dirs failed
I20260630 12:13:09.866222  4913 tablet_service.cc:1511] Processing CreateTablet for tablet 8472d0c01e0949dbb7191ab2d3c674bb (DEFAULT_TABLE table=test-workload [id=832491991d33435c8020fcf3ad4a8c6e]), partition=RANGE (key) PARTITION 715827880 <= VALUES < 894784850
I20260630 12:13:09.867547  4913 data_dirs.cc:400] Could only allocate 1 dirs of requested 3 for tablet 8472d0c01e0949dbb7191ab2d3c674bb. 1 dirs total, 0 dirs full, 0 dirs failed
I20260630 12:13:09.868235  5064 tablet_service.cc:1511] Processing CreateTablet for tablet 19c96bd562784c58a64c09eb749b206d (DEFAULT_TABLE table=test-workload [id=832491991d33435c8020fcf3ad4a8c6e]), partition=RANGE (key) PARTITION 1789569700 <= VALUES < 1968526670
I20260630 12:13:09.869587  5064 data_dirs.cc:400] Could only allocate 1 dirs of requested 3 for tablet 19c96bd562784c58a64c09eb749b206d. 1 dirs total, 0 dirs full, 0 dirs failed
I20260630 12:13:09.886076  5122 tablet_bootstrap.cc:492] T 056e67f592e44356a0af6f4e1c3f9f50 P 76ae20a5ae4b4c489cc4529b6dbe5917: Bootstrap starting.
I20260630 12:13:09.876437  5062 tablet_service.cc:1511] Processing CreateTablet for tablet a62ad784a89246aea8bcf3868060c39c (DEFAULT_TABLE table=test-workload [id=832491991d33435c8020fcf3ad4a8c6e]), partition=RANGE (key) PARTITION 1968526670 <= VALUES
I20260630 12:13:09.887652  4912 tablet_service.cc:1511] Processing CreateTablet for tablet 23314e7aced84e17a29215ed6c7baee8 (DEFAULT_TABLE table=test-workload [id=832491991d33435c8020fcf3ad4a8c6e]), partition=RANGE (key) PARTITION 894784850 <= VALUES < 1073741820
I20260630 12:13:09.888550  5062 data_dirs.cc:400] Could only allocate 1 dirs of requested 3 for tablet a62ad784a89246aea8bcf3868060c39c. 1 dirs total, 0 dirs full, 0 dirs failed
I20260630 12:13:09.888962  4912 data_dirs.cc:400] Could only allocate 1 dirs of requested 3 for tablet 23314e7aced84e17a29215ed6c7baee8. 1 dirs total, 0 dirs full, 0 dirs failed
I20260630 12:13:09.890406  4910 tablet_service.cc:1511] Processing CreateTablet for tablet 34cebe82bd2f413b9c6b043162df8cf3 (DEFAULT_TABLE table=test-workload [id=832491991d33435c8020fcf3ad4a8c6e]), partition=RANGE (key) PARTITION 1252698790 <= VALUES < 1431655760
I20260630 12:13:09.891754  4910 data_dirs.cc:400] Could only allocate 1 dirs of requested 3 for tablet 34cebe82bd2f413b9c6b043162df8cf3. 1 dirs total, 0 dirs full, 0 dirs failed
I20260630 12:13:09.892539  5122 tablet_bootstrap.cc:654] T 056e67f592e44356a0af6f4e1c3f9f50 P 76ae20a5ae4b4c489cc4529b6dbe5917: Neither blocks nor log segments found. Creating new log.
I20260630 12:13:09.891387  4911 tablet_service.cc:1511] Processing CreateTablet for tablet 140262680e384ac99a224434a3f6b280 (DEFAULT_TABLE table=test-workload [id=832491991d33435c8020fcf3ad4a8c6e]), partition=RANGE (key) PARTITION 1073741820 <= VALUES < 1252698790
I20260630 12:13:09.897307  4911 data_dirs.cc:400] Could only allocate 1 dirs of requested 3 for tablet 140262680e384ac99a224434a3f6b280. 1 dirs total, 0 dirs full, 0 dirs failed
I20260630 12:13:09.902794  4909 tablet_service.cc:1511] Processing CreateTablet for tablet 2aa85cff2fc44d61badfdcb09b6f5630 (DEFAULT_TABLE table=test-workload [id=832491991d33435c8020fcf3ad4a8c6e]), partition=RANGE (key) PARTITION 1431655760 <= VALUES < 1610612730
I20260630 12:13:09.904062  4909 data_dirs.cc:400] Could only allocate 1 dirs of requested 3 for tablet 2aa85cff2fc44d61badfdcb09b6f5630. 1 dirs total, 0 dirs full, 0 dirs failed
I20260630 12:13:09.906296  5121 tablet_bootstrap.cc:492] T e798106c468e4d3db6c62726fd684a45 P 35f1e411d3874241844aaaa1124e8a3a: Bootstrap starting.
I20260630 12:13:09.907567  4908 tablet_service.cc:1511] Processing CreateTablet for tablet 19c96bd562784c58a64c09eb749b206d (DEFAULT_TABLE table=test-workload [id=832491991d33435c8020fcf3ad4a8c6e]), partition=RANGE (key) PARTITION 1789569700 <= VALUES < 1968526670
I20260630 12:13:09.908854  4908 data_dirs.cc:400] Could only allocate 1 dirs of requested 3 for tablet 19c96bd562784c58a64c09eb749b206d. 1 dirs total, 0 dirs full, 0 dirs failed
I20260630 12:13:09.921928  5123 tablet_bootstrap.cc:492] T 937dbbba1a66403f9cf48d9d74fe2e21 P 176029bc06474a96a7b97c08f83e79ca: Bootstrap starting.
I20260630 12:13:09.925393  5121 tablet_bootstrap.cc:654] T e798106c468e4d3db6c62726fd684a45 P 35f1e411d3874241844aaaa1124e8a3a: Neither blocks nor log segments found. Creating new log.
I20260630 12:13:09.925154  4909 tablet_service.cc:1511] Processing CreateTablet for tablet a62ad784a89246aea8bcf3868060c39c (DEFAULT_TABLE table=test-workload [id=832491991d33435c8020fcf3ad4a8c6e]), partition=RANGE (key) PARTITION 1968526670 <= VALUES
I20260630 12:13:09.930172  4913 tablet_service.cc:1511] Processing CreateTablet for tablet 6c4f389f68de47cf98055ba1a5518127 (DEFAULT_TABLE table=test-workload [id=832491991d33435c8020fcf3ad4a8c6e]), partition=RANGE (key) PARTITION 1610612730 <= VALUES < 1789569700
I20260630 12:13:09.941398  4909 data_dirs.cc:400] Could only allocate 1 dirs of requested 3 for tablet a62ad784a89246aea8bcf3868060c39c. 1 dirs total, 0 dirs full, 0 dirs failed
I20260630 12:13:09.942096  4913 data_dirs.cc:400] Could only allocate 1 dirs of requested 3 for tablet 6c4f389f68de47cf98055ba1a5518127. 1 dirs total, 0 dirs full, 0 dirs failed
I20260630 12:13:09.946312  5123 tablet_bootstrap.cc:654] T 937dbbba1a66403f9cf48d9d74fe2e21 P 176029bc06474a96a7b97c08f83e79ca: Neither blocks nor log segments found. Creating new log.
I20260630 12:13:09.964792  5122 tablet_bootstrap.cc:492] T 056e67f592e44356a0af6f4e1c3f9f50 P 76ae20a5ae4b4c489cc4529b6dbe5917: No bootstrap required, opened a new log
I20260630 12:13:09.965494  5122 ts_tablet_manager.cc:1403] T 056e67f592e44356a0af6f4e1c3f9f50 P 76ae20a5ae4b4c489cc4529b6dbe5917: Time spent bootstrapping tablet: real 0.080s	user 0.022s	sys 0.012s
I20260630 12:13:09.966444  5121 tablet_bootstrap.cc:492] T e798106c468e4d3db6c62726fd684a45 P 35f1e411d3874241844aaaa1124e8a3a: No bootstrap required, opened a new log
