I20260630 12:23:17.433955 13682 raft_consensus.cc:2955] T abd384f92c3a435ba6d7dbed7e938062 P 5319bd4470254170b3b5e65951d712c8 [term 1 FOLLOWER]: Committing config change with OpId 1.2: config changed from index -1 to 2, NON_VOTER 685565340e79428da7b5bca1518f0057 (127.10.70.130) added. New config: { opid_index: 2 OBSOLETE_local: false peers { permanent_uuid: "7e48b28c9db84bb6be71ad8c2f7f9840" member_type: VOTER last_known_addr { host: "127.10.70.132" port: 33001 } attrs { replace: true } } peers { permanent_uuid: "5319bd4470254170b3b5e65951d712c8" member_type: VOTER last_known_addr { host: "127.10.70.131" port: 45377 } } peers { permanent_uuid: "3f9a3f1228d5466cab7e6ca03f0a5ac0" member_type: VOTER last_known_addr { host: "127.10.70.129" port: 43411 } } peers { permanent_uuid: "685565340e79428da7b5bca1518f0057" member_type: NON_VOTER last_known_addr { host: "127.10.70.130" port: 41805 } attrs { promote: true } } }
I20260630 12:23:17.434087 13532 raft_consensus.cc:2955] T abd384f92c3a435ba6d7dbed7e938062 P 3f9a3f1228d5466cab7e6ca03f0a5ac0 [term 1 FOLLOWER]: Committing config change with OpId 1.2: config changed from index -1 to 2, NON_VOTER 685565340e79428da7b5bca1518f0057 (127.10.70.130) added. New config: { opid_index: 2 OBSOLETE_local: false peers { permanent_uuid: "7e48b28c9db84bb6be71ad8c2f7f9840" member_type: VOTER last_known_addr { host: "127.10.70.132" port: 33001 } attrs { replace: true } } peers { permanent_uuid: "5319bd4470254170b3b5e65951d712c8" member_type: VOTER last_known_addr { host: "127.10.70.131" port: 45377 } } peers { permanent_uuid: "3f9a3f1228d5466cab7e6ca03f0a5ac0" member_type: VOTER last_known_addr { host: "127.10.70.129" port: 43411 } } peers { permanent_uuid: "685565340e79428da7b5bca1518f0057" member_type: NON_VOTER last_known_addr { host: "127.10.70.130" port: 41805 } attrs { promote: true } } }
I20260630 12:23:17.446455 13428 catalog_manager.cc:5697] T abd384f92c3a435ba6d7dbed7e938062 P 5319bd4470254170b3b5e65951d712c8 reported cstate change: config changed from index -1 to 2, NON_VOTER 685565340e79428da7b5bca1518f0057 (127.10.70.130) added. New cstate: current_term: 1 leader_uuid: "7e48b28c9db84bb6be71ad8c2f7f9840" committed_config { opid_index: 2 OBSOLETE_local: false peers { permanent_uuid: "7e48b28c9db84bb6be71ad8c2f7f9840" member_type: VOTER last_known_addr { host: "127.10.70.132" port: 33001 } attrs { replace: true } } peers { permanent_uuid: "5319bd4470254170b3b5e65951d712c8" member_type: VOTER last_known_addr { host: "127.10.70.131" port: 45377 } } peers { permanent_uuid: "3f9a3f1228d5466cab7e6ca03f0a5ac0" member_type: VOTER last_known_addr { host: "127.10.70.129" port: 43411 } } peers { permanent_uuid: "685565340e79428da7b5bca1518f0057" member_type: NON_VOTER last_known_addr { host: "127.10.70.130" port: 41805 } attrs { promote: true } } }
I20260630 12:23:17.462728 13532 consensus_queue.cc:237] T a75a08ca9e334b76a563113be99725f9 P 3f9a3f1228d5466cab7e6ca03f0a5ac0 [LEADER]: Queue going to LEADER mode. State: All replicated index: 0, Majority replicated index: 1, Committed index: 1, Last appended: 1.1, Last appended by leader: 0, Current term: 1, Majority size: 2, State: 0, Mode: LEADER, active raft config: opid_index: 2 OBSOLETE_local: false peers { permanent_uuid: "685565340e79428da7b5bca1518f0057" member_type: VOTER last_known_addr { host: "127.10.70.130" port: 41805 } attrs { replace: true } } peers { permanent_uuid: "3f9a3f1228d5466cab7e6ca03f0a5ac0" member_type: VOTER last_known_addr { host: "127.10.70.129" port: 43411 } } peers { permanent_uuid: "5319bd4470254170b3b5e65951d712c8" member_type: VOTER last_known_addr { host: "127.10.70.131" port: 45377 } } peers { permanent_uuid: "7e48b28c9db84bb6be71ad8c2f7f9840" member_type: NON_VOTER last_known_addr { host: "127.10.70.132" port: 33001 } attrs { promote: true } }
I20260630 12:23:17.470281 13682 raft_consensus.cc:1275] T a75a08ca9e334b76a563113be99725f9 P 5319bd4470254170b3b5e65951d712c8 [term 1 FOLLOWER]: Refusing update from remote peer 3f9a3f1228d5466cab7e6ca03f0a5ac0: Log matching property violated. Preceding OpId in replica: term: 1 index: 1. Preceding OpId from leader: term: 1 index: 2. (index mismatch)
W20260630 12:23:17.470608 13499 consensus_peers.cc:597] T a75a08ca9e334b76a563113be99725f9 P 3f9a3f1228d5466cab7e6ca03f0a5ac0 -> Peer 7e48b28c9db84bb6be71ad8c2f7f9840 (127.10.70.132:33001): Couldn't send request to peer 7e48b28c9db84bb6be71ad8c2f7f9840. Error code: TABLET_NOT_FOUND (6). Status: Not found: Tablet not found: a75a08ca9e334b76a563113be99725f9. This is attempt 1: this message will repeat every 5th retry.
I20260630 12:23:17.471562 14049 consensus_queue.cc:1048] T a75a08ca9e334b76a563113be99725f9 P 3f9a3f1228d5466cab7e6ca03f0a5ac0 [LEADER]: Connected to new peer: Peer: permanent_uuid: "5319bd4470254170b3b5e65951d712c8" member_type: VOTER last_known_addr { host: "127.10.70.131" port: 45377 }, Status: LMP_MISMATCH, Last received: 0.0, Next index: 2, Last known committed idx: 1, Time since last communication: 0.001s
I20260630 12:23:17.472502 13608 raft_consensus.cc:1275] T a75a08ca9e334b76a563113be99725f9 P 685565340e79428da7b5bca1518f0057 [term 1 FOLLOWER]: Refusing update from remote peer 3f9a3f1228d5466cab7e6ca03f0a5ac0: Log matching property violated. Preceding OpId in replica: term: 1 index: 1. Preceding OpId from leader: term: 1 index: 2. (index mismatch)
I20260630 12:23:17.473652 14049 consensus_queue.cc:1048] T a75a08ca9e334b76a563113be99725f9 P 3f9a3f1228d5466cab7e6ca03f0a5ac0 [LEADER]: Connected to new peer: Peer: permanent_uuid: "685565340e79428da7b5bca1518f0057" member_type: VOTER last_known_addr { host: "127.10.70.130" port: 41805 } attrs { replace: true }, Status: LMP_MISMATCH, Last received: 0.0, Next index: 2, Last known committed idx: 1, Time since last communication: 0.000s
I20260630 12:23:17.478860 13882 raft_consensus.cc:2955] T a75a08ca9e334b76a563113be99725f9 P 3f9a3f1228d5466cab7e6ca03f0a5ac0 [term 1 LEADER]: Committing config change with OpId 1.2: config changed from index -1 to 2, NON_VOTER 7e48b28c9db84bb6be71ad8c2f7f9840 (127.10.70.132) added. New config: { opid_index: 2 OBSOLETE_local: false peers { permanent_uuid: "685565340e79428da7b5bca1518f0057" member_type: VOTER last_known_addr { host: "127.10.70.130" port: 41805 } attrs { replace: true } } peers { permanent_uuid: "3f9a3f1228d5466cab7e6ca03f0a5ac0" member_type: VOTER last_known_addr { host: "127.10.70.129" port: 43411 } } peers { permanent_uuid: "5319bd4470254170b3b5e65951d712c8" member_type: VOTER last_known_addr { host: "127.10.70.131" port: 45377 } } peers { permanent_uuid: "7e48b28c9db84bb6be71ad8c2f7f9840" member_type: NON_VOTER last_known_addr { host: "127.10.70.132" port: 33001 } attrs { promote: true } } }
I20260630 12:23:17.480449 13682 raft_consensus.cc:2955] T a75a08ca9e334b76a563113be99725f9 P 5319bd4470254170b3b5e65951d712c8 [term 1 FOLLOWER]: Committing config change with OpId 1.2: config changed from index -1 to 2, NON_VOTER 7e48b28c9db84bb6be71ad8c2f7f9840 (127.10.70.132) added. New config: { opid_index: 2 OBSOLETE_local: false peers { permanent_uuid: "685565340e79428da7b5bca1518f0057" member_type: VOTER last_known_addr { host: "127.10.70.130" port: 41805 } attrs { replace: true } } peers { permanent_uuid: "3f9a3f1228d5466cab7e6ca03f0a5ac0" member_type: VOTER last_known_addr { host: "127.10.70.129" port: 43411 } } peers { permanent_uuid: "5319bd4470254170b3b5e65951d712c8" member_type: VOTER last_known_addr { host: "127.10.70.131" port: 45377 } } peers { permanent_uuid: "7e48b28c9db84bb6be71ad8c2f7f9840" member_type: NON_VOTER last_known_addr { host: "127.10.70.132" port: 33001 } attrs { promote: true } } }
I20260630 12:23:17.483780 13608 raft_consensus.cc:2955] T a75a08ca9e334b76a563113be99725f9 P 685565340e79428da7b5bca1518f0057 [term 1 FOLLOWER]: Committing config change with OpId 1.2: config changed from index -1 to 2, NON_VOTER 7e48b28c9db84bb6be71ad8c2f7f9840 (127.10.70.132) added. New config: { opid_index: 2 OBSOLETE_local: false peers { permanent_uuid: "685565340e79428da7b5bca1518f0057" member_type: VOTER last_known_addr { host: "127.10.70.130" port: 41805 } attrs { replace: true } } peers { permanent_uuid: "3f9a3f1228d5466cab7e6ca03f0a5ac0" member_type: VOTER last_known_addr { host: "127.10.70.129" port: 43411 } } peers { permanent_uuid: "5319bd4470254170b3b5e65951d712c8" member_type: VOTER last_known_addr { host: "127.10.70.131" port: 45377 } } peers { permanent_uuid: "7e48b28c9db84bb6be71ad8c2f7f9840" member_type: NON_VOTER last_known_addr { host: "127.10.70.132" port: 33001 } attrs { promote: true } } }
I20260630 12:23:17.492798 13429 catalog_manager.cc:5697] T a75a08ca9e334b76a563113be99725f9 P 5319bd4470254170b3b5e65951d712c8 reported cstate change: config changed from index -1 to 2, NON_VOTER 7e48b28c9db84bb6be71ad8c2f7f9840 (127.10.70.132) added. New cstate: current_term: 1 leader_uuid: "3f9a3f1228d5466cab7e6ca03f0a5ac0" committed_config { opid_index: 2 OBSOLETE_local: false peers { permanent_uuid: "685565340e79428da7b5bca1518f0057" member_type: VOTER last_known_addr { host: "127.10.70.130" port: 41805 } attrs { replace: true } } peers { permanent_uuid: "3f9a3f1228d5466cab7e6ca03f0a5ac0" member_type: VOTER last_known_addr { host: "127.10.70.129" port: 43411 } } peers { permanent_uuid: "5319bd4470254170b3b5e65951d712c8" member_type: VOTER last_known_addr { host: "127.10.70.131" port: 45377 } } peers { permanent_uuid: "7e48b28c9db84bb6be71ad8c2f7f9840" member_type: NON_VOTER last_known_addr { host: "127.10.70.132" port: 33001 } attrs { promote: true } } }
I20260630 12:23:17.496414 13532 consensus_queue.cc:237] T 71e0b4be191245809b534b797a379de4 P 3f9a3f1228d5466cab7e6ca03f0a5ac0 [LEADER]: Queue going to LEADER mode. State: All replicated index: 0, Majority replicated index: 1, Committed index: 1, Last appended: 1.1, Last appended by leader: 0, Current term: 1, Majority size: 2, State: 0, Mode: LEADER, active raft config: opid_index: 2 OBSOLETE_local: false peers { permanent_uuid: "3f9a3f1228d5466cab7e6ca03f0a5ac0" member_type: VOTER last_known_addr { host: "127.10.70.129" port: 43411 } } peers { permanent_uuid: "685565340e79428da7b5bca1518f0057" member_type: VOTER last_known_addr { host: "127.10.70.130" port: 41805 } } peers { permanent_uuid: "7e48b28c9db84bb6be71ad8c2f7f9840" member_type: VOTER last_known_addr { host: "127.10.70.132" port: 33001 } attrs { replace: true } } peers { permanent_uuid: "5319bd4470254170b3b5e65951d712c8" member_type: NON_VOTER last_known_addr { host: "127.10.70.131" port: 45377 } attrs { promote: true } }
W20260630 12:23:17.503679 13497 consensus_peers.cc:597] T 71e0b4be191245809b534b797a379de4 P 3f9a3f1228d5466cab7e6ca03f0a5ac0 -> Peer 5319bd4470254170b3b5e65951d712c8 (127.10.70.131:45377): Couldn't send request to peer 5319bd4470254170b3b5e65951d712c8. Error code: TABLET_NOT_FOUND (6). Status: Not found: Tablet not found: 71e0b4be191245809b534b797a379de4. This is attempt 1: this message will repeat every 5th retry.
I20260630 12:23:17.503890 13839 raft_consensus.cc:1275] T 71e0b4be191245809b534b797a379de4 P 7e48b28c9db84bb6be71ad8c2f7f9840 [term 1 FOLLOWER]: Refusing update from remote peer 3f9a3f1228d5466cab7e6ca03f0a5ac0: Log matching property violated. Preceding OpId in replica: term: 1 index: 1. Preceding OpId from leader: term: 1 index: 2. (index mismatch)
I20260630 12:23:17.504122 13608 raft_consensus.cc:1275] T 71e0b4be191245809b534b797a379de4 P 685565340e79428da7b5bca1518f0057 [term 1 FOLLOWER]: Refusing update from remote peer 3f9a3f1228d5466cab7e6ca03f0a5ac0: Log matching property violated. Preceding OpId in replica: term: 1 index: 1. Preceding OpId from leader: term: 1 index: 2. (index mismatch)
I20260630 12:23:17.505766 14049 consensus_queue.cc:1048] T 71e0b4be191245809b534b797a379de4 P 3f9a3f1228d5466cab7e6ca03f0a5ac0 [LEADER]: Connected to new peer: Peer: permanent_uuid: "685565340e79428da7b5bca1518f0057" member_type: VOTER last_known_addr { host: "127.10.70.130" port: 41805 }, Status: LMP_MISMATCH, Last received: 0.0, Next index: 2, Last known committed idx: 1, Time since last communication: 0.000s
I20260630 12:23:17.518134 13882 consensus_queue.cc:1048] T 71e0b4be191245809b534b797a379de4 P 3f9a3f1228d5466cab7e6ca03f0a5ac0 [LEADER]: Connected to new peer: Peer: permanent_uuid: "7e48b28c9db84bb6be71ad8c2f7f9840" member_type: VOTER last_known_addr { host: "127.10.70.132" port: 33001 } attrs { replace: true }, Status: LMP_MISMATCH, Last received: 0.0, Next index: 2, Last known committed idx: 1, Time since last communication: 0.000s
I20260630 12:23:17.519975 14049 raft_consensus.cc:2955] T 71e0b4be191245809b534b797a379de4 P 3f9a3f1228d5466cab7e6ca03f0a5ac0 [term 1 LEADER]: Committing config change with OpId 1.2: config changed from index -1 to 2, NON_VOTER 5319bd4470254170b3b5e65951d712c8 (127.10.70.131) added. New config: { opid_index: 2 OBSOLETE_local: false peers { permanent_uuid: "3f9a3f1228d5466cab7e6ca03f0a5ac0" member_type: VOTER last_known_addr { host: "127.10.70.129" port: 43411 } } peers { permanent_uuid: "685565340e79428da7b5bca1518f0057" member_type: VOTER last_known_addr { host: "127.10.70.130" port: 41805 } } peers { permanent_uuid: "7e48b28c9db84bb6be71ad8c2f7f9840" member_type: VOTER last_known_addr { host: "127.10.70.132" port: 33001 } attrs { replace: true } } peers { permanent_uuid: "5319bd4470254170b3b5e65951d712c8" member_type: NON_VOTER last_known_addr { host: "127.10.70.131" port: 45377 } attrs { promote: true } } }
I20260630 12:23:17.521747 13608 raft_consensus.cc:2955] T 71e0b4be191245809b534b797a379de4 P 685565340e79428da7b5bca1518f0057 [term 1 FOLLOWER]: Committing config change with OpId 1.2: config changed from index -1 to 2, NON_VOTER 5319bd4470254170b3b5e65951d712c8 (127.10.70.131) added. New config: { opid_index: 2 OBSOLETE_local: false peers { permanent_uuid: "3f9a3f1228d5466cab7e6ca03f0a5ac0" member_type: VOTER last_known_addr { host: "127.10.70.129" port: 43411 } } peers { permanent_uuid: "685565340e79428da7b5bca1518f0057" member_type: VOTER last_known_addr { host: "127.10.70.130" port: 41805 } } peers { permanent_uuid: "7e48b28c9db84bb6be71ad8c2f7f9840" member_type: VOTER last_known_addr { host: "127.10.70.132" port: 33001 } attrs { replace: true } } peers { permanent_uuid: "5319bd4470254170b3b5e65951d712c8" member_type: NON_VOTER last_known_addr { host: "127.10.70.131" port: 45377 } attrs { promote: true } } }
I20260630 12:23:17.523948 13839 raft_consensus.cc:2955] T 71e0b4be191245809b534b797a379de4 P 7e48b28c9db84bb6be71ad8c2f7f9840 [term 1 FOLLOWER]: Committing config change with OpId 1.2: config changed from index -1 to 2, NON_VOTER 5319bd4470254170b3b5e65951d712c8 (127.10.70.131) added. New config: { opid_index: 2 OBSOLETE_local: false peers { permanent_uuid: "3f9a3f1228d5466cab7e6ca03f0a5ac0" member_type: VOTER last_known_addr { host: "127.10.70.129" port: 43411 } } peers { permanent_uuid: "685565340e79428da7b5bca1518f0057" member_type: VOTER last_known_addr { host: "127.10.70.130" port: 41805 } } peers { permanent_uuid: "7e48b28c9db84bb6be71ad8c2f7f9840" member_type: VOTER last_known_addr { host: "127.10.70.132" port: 33001 } attrs { replace: true } } peers { permanent_uuid: "5319bd4470254170b3b5e65951d712c8" member_type: NON_VOTER last_known_addr { host: "127.10.70.131" port: 45377 } attrs { promote: true } } }
I20260630 12:23:17.534822 13428 catalog_manager.cc:5697] T 71e0b4be191245809b534b797a379de4 P 685565340e79428da7b5bca1518f0057 reported cstate change: config changed from index -1 to 2, NON_VOTER 5319bd4470254170b3b5e65951d712c8 (127.10.70.131) added. New cstate: current_term: 1 leader_uuid: "3f9a3f1228d5466cab7e6ca03f0a5ac0" committed_config { opid_index: 2 OBSOLETE_local: false peers { permanent_uuid: "3f9a3f1228d5466cab7e6ca03f0a5ac0" member_type: VOTER last_known_addr { host: "127.10.70.129" port: 43411 } } peers { permanent_uuid: "685565340e79428da7b5bca1518f0057" member_type: VOTER last_known_addr { host: "127.10.70.130" port: 41805 } } peers { permanent_uuid: "7e48b28c9db84bb6be71ad8c2f7f9840" member_type: VOTER last_known_addr { host: "127.10.70.132" port: 33001 } attrs { replace: true } } peers { permanent_uuid: "5319bd4470254170b3b5e65951d712c8" member_type: NON_VOTER last_known_addr { host: "127.10.70.131" port: 45377 } attrs { promote: true } } }
I20260630 12:23:17.536964 13532 consensus_queue.cc:237] T bc2e94e5dba0462ca8b5d6346f92bec2 P 3f9a3f1228d5466cab7e6ca03f0a5ac0 [LEADER]: Queue going to LEADER mode. State: All replicated index: 0, Majority replicated index: 1, Committed index: 1, Last appended: 1.1, Last appended by leader: 0, Current term: 1, Majority size: 2, State: 0, Mode: LEADER, active raft config: opid_index: 2 OBSOLETE_local: false peers { permanent_uuid: "685565340e79428da7b5bca1518f0057" member_type: VOTER last_known_addr { host: "127.10.70.130" port: 41805 } } peers { permanent_uuid: "3f9a3f1228d5466cab7e6ca03f0a5ac0" member_type: VOTER last_known_addr { host: "127.10.70.129" port: 43411 } } peers { permanent_uuid: "5319bd4470254170b3b5e65951d712c8" member_type: VOTER last_known_addr { host: "127.10.70.131" port: 45377 } attrs { replace: true } } peers { permanent_uuid: "7e48b28c9db84bb6be71ad8c2f7f9840" member_type: NON_VOTER last_known_addr { host: "127.10.70.132" port: 33001 } attrs { promote: true } }
I20260630 12:23:17.543680 13608 raft_consensus.cc:1275] T bc2e94e5dba0462ca8b5d6346f92bec2 P 685565340e79428da7b5bca1518f0057 [term 1 FOLLOWER]: Refusing update from remote peer 3f9a3f1228d5466cab7e6ca03f0a5ac0: Log matching property violated. Preceding OpId in replica: term: 1 index: 1. Preceding OpId from leader: term: 1 index: 2. (index mismatch)
I20260630 12:23:17.544132 13682 raft_consensus.cc:1275] T bc2e94e5dba0462ca8b5d6346f92bec2 P 5319bd4470254170b3b5e65951d712c8 [term 1 FOLLOWER]: Refusing update from remote peer 3f9a3f1228d5466cab7e6ca03f0a5ac0: Log matching property violated. Preceding OpId in replica: term: 1 index: 1. Preceding OpId from leader: term: 1 index: 2. (index mismatch)
W20260630 12:23:17.544335 13499 consensus_peers.cc:597] T bc2e94e5dba0462ca8b5d6346f92bec2 P 3f9a3f1228d5466cab7e6ca03f0a5ac0 -> Peer 7e48b28c9db84bb6be71ad8c2f7f9840 (127.10.70.132:33001): Couldn't send request to peer 7e48b28c9db84bb6be71ad8c2f7f9840. Error code: TABLET_NOT_FOUND (6). Status: Not found: Tablet not found: bc2e94e5dba0462ca8b5d6346f92bec2. This is attempt 1: this message will repeat every 5th retry.
I20260630 12:23:17.545478 14053 consensus_queue.cc:1048] T bc2e94e5dba0462ca8b5d6346f92bec2 P 3f9a3f1228d5466cab7e6ca03f0a5ac0 [LEADER]: Connected to new peer: Peer: permanent_uuid: "685565340e79428da7b5bca1518f0057" member_type: VOTER last_known_addr { host: "127.10.70.130" port: 41805 }, Status: LMP_MISMATCH, Last received: 0.0, Next index: 2, Last known committed idx: 1, Time since last communication: 0.000s
I20260630 12:23:17.546203 13882 consensus_queue.cc:1048] T bc2e94e5dba0462ca8b5d6346f92bec2 P 3f9a3f1228d5466cab7e6ca03f0a5ac0 [LEADER]: Connected to new peer: Peer: permanent_uuid: "5319bd4470254170b3b5e65951d712c8" member_type: VOTER last_known_addr { host: "127.10.70.131" port: 45377 } attrs { replace: true }, Status: LMP_MISMATCH, Last received: 0.0, Next index: 2, Last known committed idx: 1, Time since last communication: 0.000s
I20260630 12:23:17.554044 14049 raft_consensus.cc:2955] T bc2e94e5dba0462ca8b5d6346f92bec2 P 3f9a3f1228d5466cab7e6ca03f0a5ac0 [term 1 LEADER]: Committing config change with OpId 1.2: config changed from index -1 to 2, NON_VOTER 7e48b28c9db84bb6be71ad8c2f7f9840 (127.10.70.132) added. New config: { opid_index: 2 OBSOLETE_local: false peers { permanent_uuid: "685565340e79428da7b5bca1518f0057" member_type: VOTER last_known_addr { host: "127.10.70.130" port: 41805 } } peers { permanent_uuid: "3f9a3f1228d5466cab7e6ca03f0a5ac0" member_type: VOTER last_known_addr { host: "127.10.70.129" port: 43411 } } peers { permanent_uuid: "5319bd4470254170b3b5e65951d712c8" member_type: VOTER last_known_addr { host: "127.10.70.131" port: 45377 } attrs { replace: true } } peers { permanent_uuid: "7e48b28c9db84bb6be71ad8c2f7f9840" member_type: NON_VOTER last_known_addr { host: "127.10.70.132" port: 33001 } attrs { promote: true } } }
I20260630 12:23:17.555768 13682 raft_consensus.cc:2955] T bc2e94e5dba0462ca8b5d6346f92bec2 P 5319bd4470254170b3b5e65951d712c8 [term 1 FOLLOWER]: Committing config change with OpId 1.2: config changed from index -1 to 2, NON_VOTER 7e48b28c9db84bb6be71ad8c2f7f9840 (127.10.70.132) added. New config: { opid_index: 2 OBSOLETE_local: false peers { permanent_uuid: "685565340e79428da7b5bca1518f0057" member_type: VOTER last_known_addr { host: "127.10.70.130" port: 41805 } } peers { permanent_uuid: "3f9a3f1228d5466cab7e6ca03f0a5ac0" member_type: VOTER last_known_addr { host: "127.10.70.129" port: 43411 } } peers { permanent_uuid: "5319bd4470254170b3b5e65951d712c8" member_type: VOTER last_known_addr { host: "127.10.70.131" port: 45377 } attrs { replace: true } } peers { permanent_uuid: "7e48b28c9db84bb6be71ad8c2f7f9840" member_type: NON_VOTER last_known_addr { host: "127.10.70.132" port: 33001 } attrs { promote: true } } }
I20260630 12:23:17.555646 13608 raft_consensus.cc:2955] T bc2e94e5dba0462ca8b5d6346f92bec2 P 685565340e79428da7b5bca1518f0057 [term 1 FOLLOWER]: Committing config change with OpId 1.2: config changed from index -1 to 2, NON_VOTER 7e48b28c9db84bb6be71ad8c2f7f9840 (127.10.70.132) added. New config: { opid_index: 2 OBSOLETE_local: false peers { permanent_uuid: "685565340e79428da7b5bca1518f0057" member_type: VOTER last_known_addr { host: "127.10.70.130" port: 41805 } } peers { permanent_uuid: "3f9a3f1228d5466cab7e6ca03f0a5ac0" member_type: VOTER last_known_addr { host: "127.10.70.129" port: 43411 } } peers { permanent_uuid: "5319bd4470254170b3b5e65951d712c8" member_type: VOTER last_known_addr { host: "127.10.70.131" port: 45377 } attrs { replace: true } } peers { permanent_uuid: "7e48b28c9db84bb6be71ad8c2f7f9840" member_type: NON_VOTER last_known_addr { host: "127.10.70.132" port: 33001 } attrs { promote: true } } }
I20260630 12:23:17.564805 13428 catalog_manager.cc:5697] T bc2e94e5dba0462ca8b5d6346f92bec2 P 5319bd4470254170b3b5e65951d712c8 reported cstate change: config changed from index -1 to 2, NON_VOTER 7e48b28c9db84bb6be71ad8c2f7f9840 (127.10.70.132) added. New cstate: current_term: 1 leader_uuid: "3f9a3f1228d5466cab7e6ca03f0a5ac0" committed_config { opid_index: 2 OBSOLETE_local: false peers { permanent_uuid: "685565340e79428da7b5bca1518f0057" member_type: VOTER last_known_addr { host: "127.10.70.130" port: 41805 } } peers { permanent_uuid: "3f9a3f1228d5466cab7e6ca03f0a5ac0" member_type: VOTER last_known_addr { host: "127.10.70.129" port: 43411 } } peers { permanent_uuid: "5319bd4470254170b3b5e65951d712c8" member_type: VOTER last_known_addr { host: "127.10.70.131" port: 45377 } attrs { replace: true } } peers { permanent_uuid: "7e48b28c9db84bb6be71ad8c2f7f9840" member_type: NON_VOTER last_known_addr { host: "127.10.70.132" port: 33001 } attrs { promote: true } } }
I20260630 12:23:17.567029 13839 tablet_service.cc:2072] Received LeaderStepDown RPC: tablet_id: "abd384f92c3a435ba6d7dbed7e938062"
dest_uuid: "7e48b28c9db84bb6be71ad8c2f7f9840"
mode: GRACEFUL
 from {username='slave'} at 127.0.0.1:33306
I20260630 12:23:17.567699 13839 raft_consensus.cc:606] T abd384f92c3a435ba6d7dbed7e938062 P 7e48b28c9db84bb6be71ad8c2f7f9840 [term 1 LEADER]: Received request to transfer leadership
I20260630 12:23:17.575080 13839 tablet_service.cc:2072] Received LeaderStepDown RPC: tablet_id: "abd384f92c3a435ba6d7dbed7e938062"
dest_uuid: "7e48b28c9db84bb6be71ad8c2f7f9840"
mode: GRACEFUL
 from {username='slave'} at 127.0.0.1:33306
I20260630 12:23:17.575562 13839 raft_consensus.cc:606] T abd384f92c3a435ba6d7dbed7e938062 P 7e48b28c9db84bb6be71ad8c2f7f9840 [term 1 LEADER]: Received request to transfer leadership
W20260630 12:23:17.576586 13418 proxy.cc:239] Call had error, refreshing address and retrying: Remote error: Service unavailable: leadership transfer for abd384f92c3a435ba6d7dbed7e938062 already in progress
I20260630 12:23:17.579656 13839 tablet_service.cc:2072] Received LeaderStepDown RPC: tablet_id: "abd384f92c3a435ba6d7dbed7e938062"
dest_uuid: "7e48b28c9db84bb6be71ad8c2f7f9840"
mode: GRACEFUL
 from {username='slave'} at 127.0.0.1:33306
I20260630 12:23:17.580050 13839 raft_consensus.cc:606] T abd384f92c3a435ba6d7dbed7e938062 P 7e48b28c9db84bb6be71ad8c2f7f9840 [term 1 LEADER]: Received request to transfer leadership
W20260630 12:23:17.889382 13479 auto_rebalancer.cc:911] Removing replace marker failed after 3 inline attempts; will retry on next rebalancer loop iteration: Service unavailable: leader transfer in progress
W20260630 12:23:17.889859 13479 auto_rebalancer.cc:920] Could not move replica: Remote error: Service unavailable: leadership transfer for abd384f92c3a435ba6d7dbed7e938062 already in progress
W20260630 12:23:17.890053 13479 auto_rebalancer.cc:340] scheduled replica move failed to complete: Remote error: Service unavailable: leadership transfer for abd384f92c3a435ba6d7dbed7e938062 already in progress
I20260630 12:23:17.989876 14041 raft_consensus.cc:993] T abd384f92c3a435ba6d7dbed7e938062 P 7e48b28c9db84bb6be71ad8c2f7f9840: : Instructing follower 3f9a3f1228d5466cab7e6ca03f0a5ac0 to start an election
I20260630 12:23:17.990398 14041 raft_consensus.cc:1081] T abd384f92c3a435ba6d7dbed7e938062 P 7e48b28c9db84bb6be71ad8c2f7f9840 [term 1 LEADER]: Signalling peer 3f9a3f1228d5466cab7e6ca03f0a5ac0 to start an election
I20260630 12:23:17.992862 13532 tablet_service.cc:2044] Received Run Leader Election RPC: tablet_id: "abd384f92c3a435ba6d7dbed7e938062"
dest_uuid: "3f9a3f1228d5466cab7e6ca03f0a5ac0"
 from {username='slave'} at 127.0.0.1:52710
I20260630 12:23:17.993577 13532 raft_consensus.cc:493] T abd384f92c3a435ba6d7dbed7e938062 P 3f9a3f1228d5466cab7e6ca03f0a5ac0 [term 1 FOLLOWER]: Starting forced leader election (received explicit request)
I20260630 12:23:17.993973 13532 raft_consensus.cc:3060] T abd384f92c3a435ba6d7dbed7e938062 P 3f9a3f1228d5466cab7e6ca03f0a5ac0 [term 1 FOLLOWER]: Advancing to term 2
I20260630 12:23:17.997799 14060 ts_tablet_manager.cc:933] T bc2e94e5dba0462ca8b5d6346f92bec2 P 7e48b28c9db84bb6be71ad8c2f7f9840: Initiating tablet copy from peer 3f9a3f1228d5466cab7e6ca03f0a5ac0 (127.10.70.129:43411)
I20260630 12:23:18.003530 13532 raft_consensus.cc:515] T abd384f92c3a435ba6d7dbed7e938062 P 3f9a3f1228d5466cab7e6ca03f0a5ac0 [term 2 FOLLOWER]: Starting forced leader election with config: opid_index: 2 OBSOLETE_local: false peers { permanent_uuid: "7e48b28c9db84bb6be71ad8c2f7f9840" member_type: VOTER last_known_addr { host: "127.10.70.132" port: 33001 } attrs { replace: true } } peers { permanent_uuid: "5319bd4470254170b3b5e65951d712c8" member_type: VOTER last_known_addr { host: "127.10.70.131" port: 45377 } } peers { permanent_uuid: "3f9a3f1228d5466cab7e6ca03f0a5ac0" member_type: VOTER last_known_addr { host: "127.10.70.129" port: 43411 } } peers { permanent_uuid: "685565340e79428da7b5bca1518f0057" member_type: NON_VOTER last_known_addr { host: "127.10.70.130" port: 41805 } attrs { promote: true } }
I20260630 12:23:18.006949 13839 tablet_service.cc:1917] Received RequestConsensusVote() RPC: tablet_id: "abd384f92c3a435ba6d7dbed7e938062" candidate_uuid: "3f9a3f1228d5466cab7e6ca03f0a5ac0" candidate_term: 2 candidate_status { last_received { term: 1 index: 2 } } ignore_live_leader: true dest_uuid: "7e48b28c9db84bb6be71ad8c2f7f9840"
I20260630 12:23:18.007303 13532 leader_election.cc:290] T abd384f92c3a435ba6d7dbed7e938062 P 3f9a3f1228d5466cab7e6ca03f0a5ac0 [CANDIDATE]: Term 2 election: Requested vote from peers 7e48b28c9db84bb6be71ad8c2f7f9840 (127.10.70.132:33001), 5319bd4470254170b3b5e65951d712c8 (127.10.70.131:45377)
I20260630 12:23:18.007555 13839 raft_consensus.cc:3055] T abd384f92c3a435ba6d7dbed7e938062 P 7e48b28c9db84bb6be71ad8c2f7f9840 [term 1 LEADER]: Stepping down as leader of term 1
I20260630 12:23:18.007840 13839 raft_consensus.cc:740] T abd384f92c3a435ba6d7dbed7e938062 P 7e48b28c9db84bb6be71ad8c2f7f9840 [term 1 LEADER]: Becoming Follower/Learner. State: Replica: 7e48b28c9db84bb6be71ad8c2f7f9840, State: Running, Role: LEADER
I20260630 12:23:18.008577 13839 consensus_queue.cc:260] T abd384f92c3a435ba6d7dbed7e938062 P 7e48b28c9db84bb6be71ad8c2f7f9840 [NON_LEADER]: Queue going to NON_LEADER mode. State: All replicated index: 0, Majority replicated index: 2, Committed index: 2, Last appended: 1.2, Last appended by leader: 2, Current term: 1, Majority size: -1, State: 0, Mode: NON_LEADER, active raft config: opid_index: 2 OBSOLETE_local: false peers { permanent_uuid: "7e48b28c9db84bb6be71ad8c2f7f9840" member_type: VOTER last_known_addr { host: "127.10.70.132" port: 33001 } attrs { replace: true } } peers { permanent_uuid: "5319bd4470254170b3b5e65951d712c8" member_type: VOTER last_known_addr { host: "127.10.70.131" port: 45377 } } peers { permanent_uuid: "3f9a3f1228d5466cab7e6ca03f0a5ac0" member_type: VOTER last_known_addr { host: "127.10.70.129" port: 43411 } } peers { permanent_uuid: "685565340e79428da7b5bca1518f0057" member_type: NON_VOTER last_known_addr { host: "127.10.70.130" port: 41805 } attrs { promote: true } }
I20260630 12:23:18.009697 13682 tablet_service.cc:1917] Received RequestConsensusVote() RPC: tablet_id: "abd384f92c3a435ba6d7dbed7e938062" candidate_uuid: "3f9a3f1228d5466cab7e6ca03f0a5ac0" candidate_term: 2 candidate_status { last_received { term: 1 index: 2 } } ignore_live_leader: true dest_uuid: "5319bd4470254170b3b5e65951d712c8"
I20260630 12:23:18.009852 13839 raft_consensus.cc:3060] T abd384f92c3a435ba6d7dbed7e938062 P 7e48b28c9db84bb6be71ad8c2f7f9840 [term 1 FOLLOWER]: Advancing to term 2
W20260630 12:23:18.009783 14035 consensus_queue.cc:1175] T abd384f92c3a435ba6d7dbed7e938062 P 7e48b28c9db84bb6be71ad8c2f7f9840 [NON_LEADER]: Queue is closed or peer was untracked, disregarding peer response. Response: responder_uuid: "5319bd4470254170b3b5e65951d712c8" responder_term: 1 status { last_received { term: 1 index: 2 } last_committed_idx: 2 last_received_current_leader { term: 1 index: 2 } }
I20260630 12:23:18.009722 14060 tablet_copy_client.cc:323] T bc2e94e5dba0462ca8b5d6346f92bec2 P 7e48b28c9db84bb6be71ad8c2f7f9840: tablet copy: Beginning tablet copy session from remote peer at address 127.10.70.129:43411
I20260630 12:23:18.012251 13543 tablet_copy_service.cc:140] P 3f9a3f1228d5466cab7e6ca03f0a5ac0: Received BeginTabletCopySession request for tablet bc2e94e5dba0462ca8b5d6346f92bec2 from peer 7e48b28c9db84bb6be71ad8c2f7f9840 ({username='slave'} at 127.0.0.1:52710)
I20260630 12:23:18.012764 13543 tablet_copy_service.cc:161] P 3f9a3f1228d5466cab7e6ca03f0a5ac0: Beginning new tablet copy session on tablet bc2e94e5dba0462ca8b5d6346f92bec2 from peer 7e48b28c9db84bb6be71ad8c2f7f9840 at {username='slave'} at 127.0.0.1:52710: session id = 7e48b28c9db84bb6be71ad8c2f7f9840-bc2e94e5dba0462ca8b5d6346f92bec2
I20260630 12:23:18.016158 13839 raft_consensus.cc:2468] T abd384f92c3a435ba6d7dbed7e938062 P 7e48b28c9db84bb6be71ad8c2f7f9840 [term 2 FOLLOWER]: Leader election vote request: Granting yes vote for candidate 3f9a3f1228d5466cab7e6ca03f0a5ac0 in term 2.
I20260630 12:23:18.017795 13499 leader_election.cc:304] T abd384f92c3a435ba6d7dbed7e938062 P 3f9a3f1228d5466cab7e6ca03f0a5ac0 [CANDIDATE]: Term 2 election: Election decided. Result: candidate won. Election summary: received 2 responses out of 3 voters: 2 yes votes; 0 no votes. yes voters: 3f9a3f1228d5466cab7e6ca03f0a5ac0, 7e48b28c9db84bb6be71ad8c2f7f9840; no voters: 
I20260630 12:23:18.018908 14049 raft_consensus.cc:2804] T abd384f92c3a435ba6d7dbed7e938062 P 3f9a3f1228d5466cab7e6ca03f0a5ac0 [term 2 FOLLOWER]: Leader election won for term 2
I20260630 12:23:18.019361 14049 raft_consensus.cc:697] T abd384f92c3a435ba6d7dbed7e938062 P 3f9a3f1228d5466cab7e6ca03f0a5ac0 [term 2 LEADER]: Becoming Leader. State: Replica: 3f9a3f1228d5466cab7e6ca03f0a5ac0, State: Running, Role: LEADER
I20260630 12:23:18.021559 13543 tablet_copy_source_session.cc:215] T bc2e94e5dba0462ca8b5d6346f92bec2 P 3f9a3f1228d5466cab7e6ca03f0a5ac0: Tablet Copy: opened 0 blocks and 1 log segments
I20260630 12:23:18.023916 14062 ts_tablet_manager.cc:933] T 71e0b4be191245809b534b797a379de4 P 5319bd4470254170b3b5e65951d712c8: Initiating tablet copy from peer 3f9a3f1228d5466cab7e6ca03f0a5ac0 (127.10.70.129:43411)
I20260630 12:23:18.024858 14060 data_dirs.cc:400] Could only allocate 1 dirs of requested 3 for tablet bc2e94e5dba0462ca8b5d6346f92bec2. 1 dirs total, 0 dirs full, 0 dirs failed
I20260630 12:23:18.020192 14049 consensus_queue.cc:237] T abd384f92c3a435ba6d7dbed7e938062 P 3f9a3f1228d5466cab7e6ca03f0a5ac0 [LEADER]: Queue going to LEADER mode. State: All replicated index: 0, Majority replicated index: 2, Committed index: 2, Last appended: 1.2, Last appended by leader: 2, Current term: 2, Majority size: 2, State: 0, Mode: LEADER, active raft config: opid_index: 2 OBSOLETE_local: false peers { permanent_uuid: "7e48b28c9db84bb6be71ad8c2f7f9840" member_type: VOTER last_known_addr { host: "127.10.70.132" port: 33001 } attrs { replace: true } } peers { permanent_uuid: "5319bd4470254170b3b5e65951d712c8" member_type: VOTER last_known_addr { host: "127.10.70.131" port: 45377 } } peers { permanent_uuid: "3f9a3f1228d5466cab7e6ca03f0a5ac0" member_type: VOTER last_known_addr { host: "127.10.70.129" port: 43411 } } peers { permanent_uuid: "685565340e79428da7b5bca1518f0057" member_type: NON_VOTER last_known_addr { host: "127.10.70.130" port: 41805 } attrs { promote: true } }
I20260630 12:23:18.016649 13682 raft_consensus.cc:3060] T abd384f92c3a435ba6d7dbed7e938062 P 5319bd4470254170b3b5e65951d712c8 [term 1 FOLLOWER]: Advancing to term 2
I20260630 12:23:18.034801 13430 catalog_manager.cc:5697] T abd384f92c3a435ba6d7dbed7e938062 P 3f9a3f1228d5466cab7e6ca03f0a5ac0 reported cstate change: term changed from 1 to 2, leader changed from 7e48b28c9db84bb6be71ad8c2f7f9840 (127.10.70.132) to 3f9a3f1228d5466cab7e6ca03f0a5ac0 (127.10.70.129). New cstate: current_term: 2 leader_uuid: "3f9a3f1228d5466cab7e6ca03f0a5ac0" committed_config { opid_index: 2 OBSOLETE_local: false peers { permanent_uuid: "7e48b28c9db84bb6be71ad8c2f7f9840" member_type: VOTER last_known_addr { host: "127.10.70.132" port: 33001 } attrs { replace: true } health_report { overall_health: UNKNOWN } } peers { permanent_uuid: "5319bd4470254170b3b5e65951d712c8" member_type: VOTER last_known_addr { host: "127.10.70.131" port: 45377 } health_report { overall_health: UNKNOWN } } peers { permanent_uuid: "3f9a3f1228d5466cab7e6ca03f0a5ac0" member_type: VOTER last_known_addr { host: "127.10.70.129" port: 43411 } health_report { overall_health: HEALTHY } } peers { permanent_uuid: "685565340e79428da7b5bca1518f0057" member_type: NON_VOTER last_known_addr { host: "127.10.70.130" port: 41805 } attrs { promote: true } health_report { overall_health: UNKNOWN } } }
I20260630 12:23:18.040683 14062 tablet_copy_client.cc:323] T 71e0b4be191245809b534b797a379de4 P 5319bd4470254170b3b5e65951d712c8: tablet copy: Beginning tablet copy session from remote peer at address 127.10.70.129:43411
I20260630 12:23:18.040087 13682 raft_consensus.cc:2468] T abd384f92c3a435ba6d7dbed7e938062 P 5319bd4470254170b3b5e65951d712c8 [term 2 FOLLOWER]: Leader election vote request: Granting yes vote for candidate 3f9a3f1228d5466cab7e6ca03f0a5ac0 in term 2.
I20260630 12:23:18.042593 13543 tablet_copy_service.cc:140] P 3f9a3f1228d5466cab7e6ca03f0a5ac0: Received BeginTabletCopySession request for tablet 71e0b4be191245809b534b797a379de4 from peer 5319bd4470254170b3b5e65951d712c8 ({username='slave'} at 127.0.0.1:52702)
I20260630 12:23:18.043197 13543 tablet_copy_service.cc:161] P 3f9a3f1228d5466cab7e6ca03f0a5ac0: Beginning new tablet copy session on tablet 71e0b4be191245809b534b797a379de4 from peer 5319bd4470254170b3b5e65951d712c8 at {username='slave'} at 127.0.0.1:52702: session id = 5319bd4470254170b3b5e65951d712c8-71e0b4be191245809b534b797a379de4
I20260630 12:23:18.049000 14060 tablet_copy_client.cc:806] T bc2e94e5dba0462ca8b5d6346f92bec2 P 7e48b28c9db84bb6be71ad8c2f7f9840: tablet copy: Starting download of 0 data blocks...
I20260630 12:23:18.049598 14060 tablet_copy_client.cc:670] T bc2e94e5dba0462ca8b5d6346f92bec2 P 7e48b28c9db84bb6be71ad8c2f7f9840: tablet copy: Starting download of 1 WAL segments...
I20260630 12:23:18.049858 13543 tablet_copy_source_session.cc:215] T 71e0b4be191245809b534b797a379de4 P 3f9a3f1228d5466cab7e6ca03f0a5ac0: Tablet Copy: opened 0 blocks and 1 log segments
I20260630 12:23:18.053694 14060 tablet_copy_client.cc:538] T bc2e94e5dba0462ca8b5d6346f92bec2 P 7e48b28c9db84bb6be71ad8c2f7f9840: tablet copy: Tablet Copy complete. Replacing tablet superblock.
I20260630 12:23:18.054823 14062 data_dirs.cc:400] Could only allocate 1 dirs of requested 3 for tablet 71e0b4be191245809b534b797a379de4. 1 dirs total, 0 dirs full, 0 dirs failed
I20260630 12:23:18.059445 14060 tablet_bootstrap.cc:492] T bc2e94e5dba0462ca8b5d6346f92bec2 P 7e48b28c9db84bb6be71ad8c2f7f9840: Bootstrap starting.
I20260630 12:23:18.069077 14062 tablet_copy_client.cc:806] T 71e0b4be191245809b534b797a379de4 P 5319bd4470254170b3b5e65951d712c8: tablet copy: Starting download of 0 data blocks...
I20260630 12:23:18.069619 14062 tablet_copy_client.cc:670] T 71e0b4be191245809b534b797a379de4 P 5319bd4470254170b3b5e65951d712c8: tablet copy: Starting download of 1 WAL segments...
I20260630 12:23:18.073035 14062 tablet_copy_client.cc:538] T 71e0b4be191245809b534b797a379de4 P 5319bd4470254170b3b5e65951d712c8: tablet copy: Tablet Copy complete. Replacing tablet superblock.
I20260630 12:23:18.075476 14060 tablet_bootstrap.cc:492] T bc2e94e5dba0462ca8b5d6346f92bec2 P 7e48b28c9db84bb6be71ad8c2f7f9840: Bootstrap replayed 1/1 log segments. Stats: ops{read=2 overwritten=0 applied=2 ignored=0} inserts{seen=0 ignored=0} mutations{seen=0 ignored=0} orphaned_commits=0. Pending: 0 replicates
I20260630 12:23:18.076156 14060 tablet_bootstrap.cc:492] T bc2e94e5dba0462ca8b5d6346f92bec2 P 7e48b28c9db84bb6be71ad8c2f7f9840: Bootstrap complete.
I20260630 12:23:18.076809 14060 ts_tablet_manager.cc:1403] T bc2e94e5dba0462ca8b5d6346f92bec2 P 7e48b28c9db84bb6be71ad8c2f7f9840: Time spent bootstrapping tablet: real 0.018s	user 0.012s	sys 0.005s
I20260630 12:23:18.080909 14062 tablet_bootstrap.cc:492] T 71e0b4be191245809b534b797a379de4 P 5319bd4470254170b3b5e65951d712c8: Bootstrap starting.
I20260630 12:23:18.082067 14060 raft_consensus.cc:359] T bc2e94e5dba0462ca8b5d6346f92bec2 P 7e48b28c9db84bb6be71ad8c2f7f9840 [term 1 LEARNER]: Replica starting. Triggering 0 pending ops. Active config: opid_index: 2 OBSOLETE_local: false peers { permanent_uuid: "685565340e79428da7b5bca1518f0057" member_type: VOTER last_known_addr { host: "127.10.70.130" port: 41805 } } peers { permanent_uuid: "3f9a3f1228d5466cab7e6ca03f0a5ac0" member_type: VOTER last_known_addr { host: "127.10.70.129" port: 43411 } } peers { permanent_uuid: "5319bd4470254170b3b5e65951d712c8" member_type: VOTER last_known_addr { host: "127.10.70.131" port: 45377 } attrs { replace: true } } peers { permanent_uuid: "7e48b28c9db84bb6be71ad8c2f7f9840" member_type: NON_VOTER last_known_addr { host: "127.10.70.132" port: 33001 } attrs { promote: true } }
I20260630 12:23:18.083261 14060 raft_consensus.cc:740] T bc2e94e5dba0462ca8b5d6346f92bec2 P 7e48b28c9db84bb6be71ad8c2f7f9840 [term 1 LEARNER]: Becoming Follower/Learner. State: Replica: 7e48b28c9db84bb6be71ad8c2f7f9840, State: Initialized, Role: LEARNER
I20260630 12:23:18.084113 14060 consensus_queue.cc:260] T bc2e94e5dba0462ca8b5d6346f92bec2 P 7e48b28c9db84bb6be71ad8c2f7f9840 [NON_LEADER]: Queue going to NON_LEADER mode. State: All replicated index: 0, Majority replicated index: 0, Committed index: 2, Last appended: 1.2, Last appended by leader: 2, Current term: 0, Majority size: -1, State: 0, Mode: NON_LEADER, active raft config: opid_index: 2 OBSOLETE_local: false peers { permanent_uuid: "685565340e79428da7b5bca1518f0057" member_type: VOTER last_known_addr { host: "127.10.70.130" port: 41805 } } peers { permanent_uuid: "3f9a3f1228d5466cab7e6ca03f0a5ac0" member_type: VOTER last_known_addr { host: "127.10.70.129" port: 43411 } } peers { permanent_uuid: "5319bd4470254170b3b5e65951d712c8" member_type: VOTER last_known_addr { host: "127.10.70.131" port: 45377 } attrs { replace: true } } peers { permanent_uuid: "7e48b28c9db84bb6be71ad8c2f7f9840" member_type: NON_VOTER last_known_addr { host: "127.10.70.132" port: 33001 } attrs { promote: true } }
I20260630 12:23:18.092002 14060 ts_tablet_manager.cc:1434] T bc2e94e5dba0462ca8b5d6346f92bec2 P 7e48b28c9db84bb6be71ad8c2f7f9840: Time spent starting tablet: real 0.015s	user 0.006s	sys 0.001s
I20260630 12:23:18.093708 13543 tablet_copy_service.cc:342] P 3f9a3f1228d5466cab7e6ca03f0a5ac0: Request end of tablet copy session 7e48b28c9db84bb6be71ad8c2f7f9840-bc2e94e5dba0462ca8b5d6346f92bec2 received from {username='slave'} at 127.0.0.1:52710
I20260630 12:23:18.094151 13543 tablet_copy_service.cc:434] P 3f9a3f1228d5466cab7e6ca03f0a5ac0: ending tablet copy session 7e48b28c9db84bb6be71ad8c2f7f9840-bc2e94e5dba0462ca8b5d6346f92bec2 on tablet bc2e94e5dba0462ca8b5d6346f92bec2 with peer 7e48b28c9db84bb6be71ad8c2f7f9840
I20260630 12:23:18.095417 14065 ts_tablet_manager.cc:933] T a75a08ca9e334b76a563113be99725f9 P 7e48b28c9db84bb6be71ad8c2f7f9840: Initiating tablet copy from peer 3f9a3f1228d5466cab7e6ca03f0a5ac0 (127.10.70.129:43411)
I20260630 12:23:18.109181 14062 tablet_bootstrap.cc:492] T 71e0b4be191245809b534b797a379de4 P 5319bd4470254170b3b5e65951d712c8: Bootstrap replayed 1/1 log segments. Stats: ops{read=2 overwritten=0 applied=2 ignored=0} inserts{seen=0 ignored=0} mutations{seen=0 ignored=0} orphaned_commits=0. Pending: 0 replicates
I20260630 12:23:18.110718 14062 tablet_bootstrap.cc:492] T 71e0b4be191245809b534b797a379de4 P 5319bd4470254170b3b5e65951d712c8: Bootstrap complete.
I20260630 12:23:18.111373 14062 ts_tablet_manager.cc:1403] T 71e0b4be191245809b534b797a379de4 P 5319bd4470254170b3b5e65951d712c8: Time spent bootstrapping tablet: real 0.031s	user 0.020s	sys 0.007s
I20260630 12:23:18.112089 14065 tablet_copy_client.cc:323] T a75a08ca9e334b76a563113be99725f9 P 7e48b28c9db84bb6be71ad8c2f7f9840: tablet copy: Beginning tablet copy session from remote peer at address 127.10.70.129:43411
I20260630 12:23:18.114480 13543 tablet_copy_service.cc:140] P 3f9a3f1228d5466cab7e6ca03f0a5ac0: Received BeginTabletCopySession request for tablet a75a08ca9e334b76a563113be99725f9 from peer 7e48b28c9db84bb6be71ad8c2f7f9840 ({username='slave'} at 127.0.0.1:52710)
I20260630 12:23:18.114964 13543 tablet_copy_service.cc:161] P 3f9a3f1228d5466cab7e6ca03f0a5ac0: Beginning new tablet copy session on tablet a75a08ca9e334b76a563113be99725f9 from peer 7e48b28c9db84bb6be71ad8c2f7f9840 at {username='slave'} at 127.0.0.1:52710: session id = 7e48b28c9db84bb6be71ad8c2f7f9840-a75a08ca9e334b76a563113be99725f9
I20260630 12:23:18.116597 14062 raft_consensus.cc:359] T 71e0b4be191245809b534b797a379de4 P 5319bd4470254170b3b5e65951d712c8 [term 1 LEARNER]: Replica starting. Triggering 0 pending ops. Active config: opid_index: 2 OBSOLETE_local: false peers { permanent_uuid: "3f9a3f1228d5466cab7e6ca03f0a5ac0" member_type: VOTER last_known_addr { host: "127.10.70.129" port: 43411 } } peers { permanent_uuid: "685565340e79428da7b5bca1518f0057" member_type: VOTER last_known_addr { host: "127.10.70.130" port: 41805 } } peers { permanent_uuid: "7e48b28c9db84bb6be71ad8c2f7f9840" member_type: VOTER last_known_addr { host: "127.10.70.132" port: 33001 } attrs { replace: true } } peers { permanent_uuid: "5319bd4470254170b3b5e65951d712c8" member_type: NON_VOTER last_known_addr { host: "127.10.70.131" port: 45377 } attrs { promote: true } }
I20260630 12:23:18.117564 14062 raft_consensus.cc:740] T 71e0b4be191245809b534b797a379de4 P 5319bd4470254170b3b5e65951d712c8 [term 1 LEARNER]: Becoming Follower/Learner. State: Replica: 5319bd4470254170b3b5e65951d712c8, State: Initialized, Role: LEARNER
I20260630 12:23:18.122099 13543 tablet_copy_source_session.cc:215] T a75a08ca9e334b76a563113be99725f9 P 3f9a3f1228d5466cab7e6ca03f0a5ac0: Tablet Copy: opened 0 blocks and 1 log segments
I20260630 12:23:18.125310 14065 data_dirs.cc:400] Could only allocate 1 dirs of requested 3 for tablet a75a08ca9e334b76a563113be99725f9. 1 dirs total, 0 dirs full, 0 dirs failed
I20260630 12:23:18.118194 14062 consensus_queue.cc:260] T 71e0b4be191245809b534b797a379de4 P 5319bd4470254170b3b5e65951d712c8 [NON_LEADER]: Queue going to NON_LEADER mode. State: All replicated index: 0, Majority replicated index: 0, Committed index: 2, Last appended: 1.2, Last appended by leader: 2, Current term: 0, Majority size: -1, State: 0, Mode: NON_LEADER, active raft config: opid_index: 2 OBSOLETE_local: false peers { permanent_uuid: "3f9a3f1228d5466cab7e6ca03f0a5ac0" member_type: VOTER last_known_addr { host: "127.10.70.129" port: 43411 } } peers { permanent_uuid: "685565340e79428da7b5bca1518f0057" member_type: VOTER last_known_addr { host: "127.10.70.130" port: 41805 } } peers { permanent_uuid: "7e48b28c9db84bb6be71ad8c2f7f9840" member_type: VOTER last_known_addr { host: "127.10.70.132" port: 33001 } attrs { replace: true } } peers { permanent_uuid: "5319bd4470254170b3b5e65951d712c8" member_type: NON_VOTER last_known_addr { host: "127.10.70.131" port: 45377 } attrs { promote: true } }
I20260630 12:23:18.132933 14062 ts_tablet_manager.cc:1434] T 71e0b4be191245809b534b797a379de4 P 5319bd4470254170b3b5e65951d712c8: Time spent starting tablet: real 0.021s	user 0.005s	sys 0.001s
I20260630 12:23:18.135349 13543 tablet_copy_service.cc:342] P 3f9a3f1228d5466cab7e6ca03f0a5ac0: Request end of tablet copy session 5319bd4470254170b3b5e65951d712c8-71e0b4be191245809b534b797a379de4 received from {username='slave'} at 127.0.0.1:52702
I20260630 12:23:18.135769 13543 tablet_copy_service.cc:434] P 3f9a3f1228d5466cab7e6ca03f0a5ac0: ending tablet copy session 5319bd4470254170b3b5e65951d712c8-71e0b4be191245809b534b797a379de4 on tablet 71e0b4be191245809b534b797a379de4 with peer 5319bd4470254170b3b5e65951d712c8
I20260630 12:23:18.141202 14065 tablet_copy_client.cc:806] T a75a08ca9e334b76a563113be99725f9 P 7e48b28c9db84bb6be71ad8c2f7f9840: tablet copy: Starting download of 0 data blocks...
I20260630 12:23:18.141742 14065 tablet_copy_client.cc:670] T a75a08ca9e334b76a563113be99725f9 P 7e48b28c9db84bb6be71ad8c2f7f9840: tablet copy: Starting download of 1 WAL segments...
I20260630 12:23:18.144992 14065 tablet_copy_client.cc:538] T a75a08ca9e334b76a563113be99725f9 P 7e48b28c9db84bb6be71ad8c2f7f9840: tablet copy: Tablet Copy complete. Replacing tablet superblock.
I20260630 12:23:18.151187 14065 tablet_bootstrap.cc:492] T a75a08ca9e334b76a563113be99725f9 P 7e48b28c9db84bb6be71ad8c2f7f9840: Bootstrap starting.
I20260630 12:23:18.168280 14065 tablet_bootstrap.cc:492] T a75a08ca9e334b76a563113be99725f9 P 7e48b28c9db84bb6be71ad8c2f7f9840: Bootstrap replayed 1/1 log segments. Stats: ops{read=2 overwritten=0 applied=2 ignored=0} inserts{seen=0 ignored=0} mutations{seen=0 ignored=0} orphaned_commits=0. Pending: 0 replicates
I20260630 12:23:18.168944 14065 tablet_bootstrap.cc:492] T a75a08ca9e334b76a563113be99725f9 P 7e48b28c9db84bb6be71ad8c2f7f9840: Bootstrap complete.
I20260630 12:23:18.169493 14065 ts_tablet_manager.cc:1403] T a75a08ca9e334b76a563113be99725f9 P 7e48b28c9db84bb6be71ad8c2f7f9840: Time spent bootstrapping tablet: real 0.019s	user 0.015s	sys 0.000s
I20260630 12:23:18.171748 14065 raft_consensus.cc:359] T a75a08ca9e334b76a563113be99725f9 P 7e48b28c9db84bb6be71ad8c2f7f9840 [term 1 LEARNER]: Replica starting. Triggering 0 pending ops. Active config: opid_index: 2 OBSOLETE_local: false peers { permanent_uuid: "685565340e79428da7b5bca1518f0057" member_type: VOTER last_known_addr { host: "127.10.70.130" port: 41805 } attrs { replace: true } } peers { permanent_uuid: "3f9a3f1228d5466cab7e6ca03f0a5ac0" member_type: VOTER last_known_addr { host: "127.10.70.129" port: 43411 } } peers { permanent_uuid: "5319bd4470254170b3b5e65951d712c8" member_type: VOTER last_known_addr { host: "127.10.70.131" port: 45377 } } peers { permanent_uuid: "7e48b28c9db84bb6be71ad8c2f7f9840" member_type: NON_VOTER last_known_addr { host: "127.10.70.132" port: 33001 } attrs { promote: true } }
I20260630 12:23:18.172394 14065 raft_consensus.cc:740] T a75a08ca9e334b76a563113be99725f9 P 7e48b28c9db84bb6be71ad8c2f7f9840 [term 1 LEARNER]: Becoming Follower/Learner. State: Replica: 7e48b28c9db84bb6be71ad8c2f7f9840, State: Initialized, Role: LEARNER
I20260630 12:23:18.172899 14065 consensus_queue.cc:260] T a75a08ca9e334b76a563113be99725f9 P 7e48b28c9db84bb6be71ad8c2f7f9840 [NON_LEADER]: Queue going to NON_LEADER mode. State: All replicated index: 0, Majority replicated index: 0, Committed index: 2, Last appended: 1.2, Last appended by leader: 2, Current term: 0, Majority size: -1, State: 0, Mode: NON_LEADER, active raft config: opid_index: 2 OBSOLETE_local: false peers { permanent_uuid: "685565340e79428da7b5bca1518f0057" member_type: VOTER last_known_addr { host: "127.10.70.130" port: 41805 } attrs { replace: true } } peers { permanent_uuid: "3f9a3f1228d5466cab7e6ca03f0a5ac0" member_type: VOTER last_known_addr { host: "127.10.70.129" port: 43411 } } peers { permanent_uuid: "5319bd4470254170b3b5e65951d712c8" member_type: VOTER last_known_addr { host: "127.10.70.131" port: 45377 } } peers { permanent_uuid: "7e48b28c9db84bb6be71ad8c2f7f9840" member_type: NON_VOTER last_known_addr { host: "127.10.70.132" port: 33001 } attrs { promote: true } }
I20260630 12:23:18.174829 14065 ts_tablet_manager.cc:1434] T a75a08ca9e334b76a563113be99725f9 P 7e48b28c9db84bb6be71ad8c2f7f9840: Time spent starting tablet: real 0.005s	user 0.004s	sys 0.004s
I20260630 12:23:18.176658 13543 tablet_copy_service.cc:342] P 3f9a3f1228d5466cab7e6ca03f0a5ac0: Request end of tablet copy session 7e48b28c9db84bb6be71ad8c2f7f9840-a75a08ca9e334b76a563113be99725f9 received from {username='slave'} at 127.0.0.1:52710
