I20260630 12:21:56.583595 18899 raft_consensus.cc:3060] T bd70968b8e3441f1a78fd5b0e9f91730 P 0f52db98559f4e06a5c61409f4ffa93a [term 0 FOLLOWER]: Advancing to term 1
I20260630 12:21:56.590011 18885 leader_election.cc:290] T bd70968b8e3441f1a78fd5b0e9f91730 P bc467928a69a4180922ab6e8cea52652 [CANDIDATE]: Term 1 election: Requested vote from peers 0f52db98559f4e06a5c61409f4ffa93a (127.17.151.1:40513), 66fcf70a7ec44058bbaeb07cb71b235a (127.17.151.3:35043)
I20260630 12:21:56.590955 18829 tablet_service.cc:1917] Received RequestConsensusVote() RPC: tablet_id: "bd70968b8e3441f1a78fd5b0e9f91730" candidate_uuid: "bc467928a69a4180922ab6e8cea52652" candidate_term: 1 candidate_status { last_received { term: 0 index: 0 } } ignore_live_leader: false dest_uuid: "66fcf70a7ec44058bbaeb07cb71b235a"
I20260630 12:21:56.591107 18648 leader_election.cc:304] T fdb76cc109594df69ec3af9715b34dec P 0f52db98559f4e06a5c61409f4ffa93a [CANDIDATE]: Term 1 pre-election: Election decided. Result: candidate won. Election summary: received 2 responses out of 3 voters: 2 yes votes; 0 no votes. yes voters: 0f52db98559f4e06a5c61409f4ffa93a, 66fcf70a7ec44058bbaeb07cb71b235a; no voters: 
I20260630 12:21:56.591557 18829 raft_consensus.cc:3060] T bd70968b8e3441f1a78fd5b0e9f91730 P 66fcf70a7ec44058bbaeb07cb71b235a [term 0 FOLLOWER]: Advancing to term 1
W20260630 12:21:56.591946 18648 leader_election.cc:343] T e48e0eee657947b0bb91d9d77103a9bd P 0f52db98559f4e06a5c61409f4ffa93a [CANDIDATE]: Term 1 pre-election: Tablet error from VoteRequest() call to peer bc467928a69a4180922ab6e8cea52652 (127.17.151.2:42459): Illegal state: must be running to vote when last-logged opid is not known
I20260630 12:21:56.592139 18901 leader_election.cc:290] T e48e0eee657947b0bb91d9d77103a9bd P 0f52db98559f4e06a5c61409f4ffa93a [CANDIDATE]: Term 1 election: Requested vote from peers bc467928a69a4180922ab6e8cea52652 (127.17.151.2:42459), 66fcf70a7ec44058bbaeb07cb71b235a (127.17.151.3:35043)
I20260630 12:21:56.593490 18923 raft_consensus.cc:2804] T fdb76cc109594df69ec3af9715b34dec P 0f52db98559f4e06a5c61409f4ffa93a [term 0 FOLLOWER]: Leader pre-election won for term 1
I20260630 12:21:56.593904 18923 raft_consensus.cc:493] T fdb76cc109594df69ec3af9715b34dec P 0f52db98559f4e06a5c61409f4ffa93a [term 0 FOLLOWER]: Starting leader election (no leader contacted us within the election timeout)
I20260630 12:21:56.594229 18923 raft_consensus.cc:3060] T fdb76cc109594df69ec3af9715b34dec P 0f52db98559f4e06a5c61409f4ffa93a [term 0 FOLLOWER]: Advancing to term 1
I20260630 12:21:56.590889 18881 raft_consensus.cc:2804] T dd97303340874f7f88767c14e6ea3e32 P 0f52db98559f4e06a5c61409f4ffa93a [term 0 FOLLOWER]: Leader pre-election won for term 1
W20260630 12:21:56.595850 18648 leader_election.cc:343] T 802385d26f7a4c54b442e730ad3fb2a0 P 0f52db98559f4e06a5c61409f4ffa93a [CANDIDATE]: Term 1 pre-election: Tablet error from VoteRequest() call to peer bc467928a69a4180922ab6e8cea52652 (127.17.151.2:42459): Illegal state: must be running to vote when last-logged opid is not known
I20260630 12:21:56.598043 18879 tablet_bootstrap.cc:492] T 802385d26f7a4c54b442e730ad3fb2a0 P bc467928a69a4180922ab6e8cea52652: Bootstrap starting.
I20260630 12:21:56.595705 18881 raft_consensus.cc:493] T dd97303340874f7f88767c14e6ea3e32 P 0f52db98559f4e06a5c61409f4ffa93a [term 0 FOLLOWER]: Starting leader election (no leader contacted us within the election timeout)
I20260630 12:21:56.604090 18755 tablet_service.cc:1917] Received RequestConsensusVote() RPC: tablet_id: "802385d26f7a4c54b442e730ad3fb2a0" candidate_uuid: "0f52db98559f4e06a5c61409f4ffa93a" candidate_term: 1 candidate_status { last_received { term: 0 index: 0 } } ignore_live_leader: false dest_uuid: "bc467928a69a4180922ab6e8cea52652"
I20260630 12:21:56.604247 18881 raft_consensus.cc:3060] T dd97303340874f7f88767c14e6ea3e32 P 0f52db98559f4e06a5c61409f4ffa93a [term 0 FOLLOWER]: Advancing to term 1
I20260630 12:21:56.602174 18918 raft_consensus.cc:515] T fdb76cc109594df69ec3af9715b34dec P 66fcf70a7ec44058bbaeb07cb71b235a [term 1 FOLLOWER]: Starting leader election with config: opid_index: -1 OBSOLETE_local: false peers { permanent_uuid: "66fcf70a7ec44058bbaeb07cb71b235a" member_type: VOTER last_known_addr { host: "127.17.151.3" port: 35043 } } peers { permanent_uuid: "0f52db98559f4e06a5c61409f4ffa93a" member_type: VOTER last_known_addr { host: "127.17.151.1" port: 40513 } } peers { permanent_uuid: "bc467928a69a4180922ab6e8cea52652" member_type: VOTER last_known_addr { host: "127.17.151.2" port: 42459 } }
I20260630 12:21:56.604084 18829 raft_consensus.cc:2468] T bd70968b8e3441f1a78fd5b0e9f91730 P 66fcf70a7ec44058bbaeb07cb71b235a [term 1 FOLLOWER]: Leader election vote request: Granting yes vote for candidate bc467928a69a4180922ab6e8cea52652 in term 1.
I20260630 12:21:56.605674 18923 raft_consensus.cc:515] T fdb76cc109594df69ec3af9715b34dec P 0f52db98559f4e06a5c61409f4ffa93a [term 1 FOLLOWER]: Starting leader election with config: opid_index: -1 OBSOLETE_local: false peers { permanent_uuid: "66fcf70a7ec44058bbaeb07cb71b235a" member_type: VOTER last_known_addr { host: "127.17.151.3" port: 35043 } } peers { permanent_uuid: "0f52db98559f4e06a5c61409f4ffa93a" member_type: VOTER last_known_addr { host: "127.17.151.1" port: 40513 } } peers { permanent_uuid: "bc467928a69a4180922ab6e8cea52652" member_type: VOTER last_known_addr { host: "127.17.151.2" port: 42459 } }
I20260630 12:21:56.606408 18723 leader_election.cc:304] T bd70968b8e3441f1a78fd5b0e9f91730 P bc467928a69a4180922ab6e8cea52652 [CANDIDATE]: Term 1 election: Election decided. Result: candidate won. Election summary: received 2 responses out of 3 voters: 2 yes votes; 0 no votes. yes voters: 66fcf70a7ec44058bbaeb07cb71b235a, bc467928a69a4180922ab6e8cea52652; no voters: 
I20260630 12:21:56.608614 18755 tablet_service.cc:1917] Received RequestConsensusVote() RPC: tablet_id: "9c76b4f5f277424f92591b5bb33673c6" candidate_uuid: "0f52db98559f4e06a5c61409f4ffa93a" candidate_term: 1 candidate_status { last_received { term: 0 index: 0 } } ignore_live_leader: false dest_uuid: "bc467928a69a4180922ab6e8cea52652"
I20260630 12:21:56.609434 18828 tablet_service.cc:1917] Received RequestConsensusVote() RPC: tablet_id: "9c76b4f5f277424f92591b5bb33673c6" candidate_uuid: "0f52db98559f4e06a5c61409f4ffa93a" candidate_term: 1 candidate_status { last_received { term: 0 index: 0 } } ignore_live_leader: false dest_uuid: "66fcf70a7ec44058bbaeb07cb71b235a"
I20260630 12:21:56.607321 18829 tablet_service.cc:1917] Received RequestConsensusVote() RPC: tablet_id: "802385d26f7a4c54b442e730ad3fb2a0" candidate_uuid: "0f52db98559f4e06a5c61409f4ffa93a" candidate_term: 1 candidate_status { last_received { term: 0 index: 0 } } ignore_live_leader: false dest_uuid: "66fcf70a7ec44058bbaeb07cb71b235a"
I20260630 12:21:56.606390 18899 raft_consensus.cc:515] T bd70968b8e3441f1a78fd5b0e9f91730 P 0f52db98559f4e06a5c61409f4ffa93a [term 1 FOLLOWER]: Starting leader election with config: opid_index: -1 OBSOLETE_local: false peers { permanent_uuid: "0f52db98559f4e06a5c61409f4ffa93a" member_type: VOTER last_known_addr { host: "127.17.151.1" port: 40513 } } peers { permanent_uuid: "bc467928a69a4180922ab6e8cea52652" member_type: VOTER last_known_addr { host: "127.17.151.2" port: 42459 } } peers { permanent_uuid: "66fcf70a7ec44058bbaeb07cb71b235a" member_type: VOTER last_known_addr { host: "127.17.151.3" port: 35043 } }
I20260630 12:21:56.610386 18828 raft_consensus.cc:3060] T 9c76b4f5f277424f92591b5bb33673c6 P 66fcf70a7ec44058bbaeb07cb71b235a [term 0 FOLLOWER]: Advancing to term 1
I20260630 12:21:56.613065 18681 tablet_service.cc:1917] Received RequestConsensusVote() RPC: tablet_id: "fdb76cc109594df69ec3af9715b34dec" candidate_uuid: "66fcf70a7ec44058bbaeb07cb71b235a" candidate_term: 1 candidate_status { last_received { term: 0 index: 0 } } ignore_live_leader: false dest_uuid: "0f52db98559f4e06a5c61409f4ffa93a"
I20260630 12:21:56.613170 18752 tablet_service.cc:1917] Received RequestConsensusVote() RPC: tablet_id: "e48e0eee657947b0bb91d9d77103a9bd" candidate_uuid: "0f52db98559f4e06a5c61409f4ffa93a" candidate_term: 1 candidate_status { last_received { term: 0 index: 0 } } ignore_live_leader: false dest_uuid: "bc467928a69a4180922ab6e8cea52652"
I20260630 12:21:56.613824 18752 raft_consensus.cc:3060] T e48e0eee657947b0bb91d9d77103a9bd P bc467928a69a4180922ab6e8cea52652 [term 0 FOLLOWER]: Advancing to term 1
I20260630 12:21:56.613945 18681 raft_consensus.cc:2393] T fdb76cc109594df69ec3af9715b34dec P 0f52db98559f4e06a5c61409f4ffa93a [term 1 FOLLOWER]: Leader election vote request: Denying vote to candidate 66fcf70a7ec44058bbaeb07cb71b235a in current term 1: Already voted for candidate 0f52db98559f4e06a5c61409f4ffa93a in this term.
I20260630 12:21:56.610800 18885 raft_consensus.cc:2804] T bd70968b8e3441f1a78fd5b0e9f91730 P bc467928a69a4180922ab6e8cea52652 [term 1 FOLLOWER]: Leader election won for term 1
I20260630 12:21:56.611562 18829 raft_consensus.cc:3060] T 802385d26f7a4c54b442e730ad3fb2a0 P 66fcf70a7ec44058bbaeb07cb71b235a [term 0 FOLLOWER]: Advancing to term 1
I20260630 12:21:56.615116 18682 raft_consensus.cc:2393] T bd70968b8e3441f1a78fd5b0e9f91730 P 0f52db98559f4e06a5c61409f4ffa93a [term 1 FOLLOWER]: Leader election vote request: Denying vote to candidate bc467928a69a4180922ab6e8cea52652 in current term 1: Already voted for candidate 0f52db98559f4e06a5c61409f4ffa93a in this term.
W20260630 12:21:56.616712 18648 leader_election.cc:343] T 802385d26f7a4c54b442e730ad3fb2a0 P 0f52db98559f4e06a5c61409f4ffa93a [CANDIDATE]: Term 1 election: Tablet error from VoteRequest() call to peer bc467928a69a4180922ab6e8cea52652 (127.17.151.2:42459): Illegal state: must be running to vote when last-logged opid is not known
I20260630 12:21:56.617369 18830 tablet_service.cc:1917] Received RequestConsensusVote() RPC: tablet_id: "e48e0eee657947b0bb91d9d77103a9bd" candidate_uuid: "0f52db98559f4e06a5c61409f4ffa93a" candidate_term: 1 candidate_status { last_received { term: 0 index: 0 } } ignore_live_leader: false dest_uuid: "66fcf70a7ec44058bbaeb07cb71b235a"
I20260630 12:21:56.618163 18923 leader_election.cc:290] T fdb76cc109594df69ec3af9715b34dec P 0f52db98559f4e06a5c61409f4ffa93a [CANDIDATE]: Term 1 election: Requested vote from peers 66fcf70a7ec44058bbaeb07cb71b235a (127.17.151.3:35043), bc467928a69a4180922ab6e8cea52652 (127.17.151.2:42459)
I20260630 12:21:56.618309 18830 raft_consensus.cc:3060] T e48e0eee657947b0bb91d9d77103a9bd P 66fcf70a7ec44058bbaeb07cb71b235a [term 0 FOLLOWER]: Advancing to term 1
I20260630 12:21:56.616604 18753 tablet_service.cc:1917] Received RequestConsensusVote() RPC: tablet_id: "fdb76cc109594df69ec3af9715b34dec" candidate_uuid: "66fcf70a7ec44058bbaeb07cb71b235a" candidate_term: 1 candidate_status { last_received { term: 0 index: 0 } } ignore_live_leader: false dest_uuid: "bc467928a69a4180922ab6e8cea52652"
I20260630 12:21:56.620877 18753 raft_consensus.cc:3060] T fdb76cc109594df69ec3af9715b34dec P bc467928a69a4180922ab6e8cea52652 [term 0 FOLLOWER]: Advancing to term 1
I20260630 12:21:56.615381 18918 leader_election.cc:290] T fdb76cc109594df69ec3af9715b34dec P 66fcf70a7ec44058bbaeb07cb71b235a [CANDIDATE]: Term 1 election: Requested vote from peers 0f52db98559f4e06a5c61409f4ffa93a (127.17.151.1:40513), bc467928a69a4180922ab6e8cea52652 (127.17.151.2:42459)
I20260630 12:21:56.617959 18885 raft_consensus.cc:697] T bd70968b8e3441f1a78fd5b0e9f91730 P bc467928a69a4180922ab6e8cea52652 [term 1 LEADER]: Becoming Leader. State: Replica: bc467928a69a4180922ab6e8cea52652, State: Running, Role: LEADER
I20260630 12:21:56.620759 18899 leader_election.cc:290] T bd70968b8e3441f1a78fd5b0e9f91730 P 0f52db98559f4e06a5c61409f4ffa93a [CANDIDATE]: Term 1 election: Requested vote from peers bc467928a69a4180922ab6e8cea52652 (127.17.151.2:42459), 66fcf70a7ec44058bbaeb07cb71b235a (127.17.151.3:35043)
I20260630 12:21:56.624008 18831 tablet_service.cc:1917] Received RequestConsensusVote() RPC: tablet_id: "fdb76cc109594df69ec3af9715b34dec" candidate_uuid: "0f52db98559f4e06a5c61409f4ffa93a" candidate_term: 1 candidate_status { last_received { term: 0 index: 0 } } ignore_live_leader: false dest_uuid: "66fcf70a7ec44058bbaeb07cb71b235a"
I20260630 12:21:56.625427 18831 raft_consensus.cc:2393] T fdb76cc109594df69ec3af9715b34dec P 66fcf70a7ec44058bbaeb07cb71b235a [term 1 FOLLOWER]: Leader election vote request: Denying vote to candidate 0f52db98559f4e06a5c61409f4ffa93a in current term 1: Already voted for candidate 66fcf70a7ec44058bbaeb07cb71b235a in this term.
I20260630 12:21:56.625639 18881 raft_consensus.cc:515] T dd97303340874f7f88767c14e6ea3e32 P 0f52db98559f4e06a5c61409f4ffa93a [term 1 FOLLOWER]: Starting leader election with config: opid_index: -1 OBSOLETE_local: false peers { permanent_uuid: "0f52db98559f4e06a5c61409f4ffa93a" member_type: VOTER last_known_addr { host: "127.17.151.1" port: 40513 } } peers { permanent_uuid: "bc467928a69a4180922ab6e8cea52652" member_type: VOTER last_known_addr { host: "127.17.151.2" port: 42459 } } peers { permanent_uuid: "66fcf70a7ec44058bbaeb07cb71b235a" member_type: VOTER last_known_addr { host: "127.17.151.3" port: 35043 } }
I20260630 12:21:56.626345 18752 raft_consensus.cc:2468] T e48e0eee657947b0bb91d9d77103a9bd P bc467928a69a4180922ab6e8cea52652 [term 1 FOLLOWER]: Leader election vote request: Granting yes vote for candidate 0f52db98559f4e06a5c61409f4ffa93a in term 1.
I20260630 12:21:56.627928 18881 leader_election.cc:290] T dd97303340874f7f88767c14e6ea3e32 P 0f52db98559f4e06a5c61409f4ffa93a [CANDIDATE]: Term 1 election: Requested vote from peers bc467928a69a4180922ab6e8cea52652 (127.17.151.2:42459), 66fcf70a7ec44058bbaeb07cb71b235a (127.17.151.3:35043)
I20260630 12:21:56.632133 18828 raft_consensus.cc:2468] T 9c76b4f5f277424f92591b5bb33673c6 P 66fcf70a7ec44058bbaeb07cb71b235a [term 1 FOLLOWER]: Leader election vote request: Granting yes vote for candidate 0f52db98559f4e06a5c61409f4ffa93a in term 1.
I20260630 12:21:56.632366 18830 raft_consensus.cc:2468] T e48e0eee657947b0bb91d9d77103a9bd P 66fcf70a7ec44058bbaeb07cb71b235a [term 1 FOLLOWER]: Leader election vote request: Granting yes vote for candidate 0f52db98559f4e06a5c61409f4ffa93a in term 1.
I20260630 12:21:56.628844 18885 consensus_queue.cc:237] T bd70968b8e3441f1a78fd5b0e9f91730 P bc467928a69a4180922ab6e8cea52652 [LEADER]: Queue going to LEADER mode. State: All replicated index: 0, Majority replicated index: 0, Committed index: 0, Last appended: 0.0, Last appended by leader: 0, Current term: 1, Majority size: 2, State: 0, Mode: LEADER, active raft config: opid_index: -1 OBSOLETE_local: false peers { permanent_uuid: "0f52db98559f4e06a5c61409f4ffa93a" member_type: VOTER last_known_addr { host: "127.17.151.1" port: 40513 } } peers { permanent_uuid: "bc467928a69a4180922ab6e8cea52652" member_type: VOTER last_known_addr { host: "127.17.151.2" port: 42459 } } peers { permanent_uuid: "66fcf70a7ec44058bbaeb07cb71b235a" member_type: VOTER last_known_addr { host: "127.17.151.3" port: 35043 } }
I20260630 12:21:56.633323 18753 raft_consensus.cc:2468] T fdb76cc109594df69ec3af9715b34dec P bc467928a69a4180922ab6e8cea52652 [term 1 FOLLOWER]: Leader election vote request: Granting yes vote for candidate 66fcf70a7ec44058bbaeb07cb71b235a in term 1.
I20260630 12:21:56.634654 18797 leader_election.cc:304] T fdb76cc109594df69ec3af9715b34dec P 66fcf70a7ec44058bbaeb07cb71b235a [CANDIDATE]: Term 1 election: Election decided. Result: candidate won. Election summary: received 3 responses out of 3 voters: 2 yes votes; 1 no votes. yes voters: 66fcf70a7ec44058bbaeb07cb71b235a, bc467928a69a4180922ab6e8cea52652; no voters: 0f52db98559f4e06a5c61409f4ffa93a
I20260630 12:21:56.635689 18918 raft_consensus.cc:2804] T fdb76cc109594df69ec3af9715b34dec P 66fcf70a7ec44058bbaeb07cb71b235a [term 1 FOLLOWER]: Leader election won for term 1
I20260630 12:21:56.635468 18921 raft_consensus.cc:515] T 9c76b4f5f277424f92591b5bb33673c6 P bc467928a69a4180922ab6e8cea52652 [term 1 FOLLOWER]: Starting leader election with config: opid_index: -1 OBSOLETE_local: false peers { permanent_uuid: "0f52db98559f4e06a5c61409f4ffa93a" member_type: VOTER last_known_addr { host: "127.17.151.1" port: 40513 } } peers { permanent_uuid: "bc467928a69a4180922ab6e8cea52652" member_type: VOTER last_known_addr { host: "127.17.151.2" port: 42459 } } peers { permanent_uuid: "66fcf70a7ec44058bbaeb07cb71b235a" member_type: VOTER last_known_addr { host: "127.17.151.3" port: 35043 } }
I20260630 12:21:56.636317 18918 raft_consensus.cc:697] T fdb76cc109594df69ec3af9715b34dec P 66fcf70a7ec44058bbaeb07cb71b235a [term 1 LEADER]: Becoming Leader. State: Replica: 66fcf70a7ec44058bbaeb07cb71b235a, State: Running, Role: LEADER
I20260630 12:21:56.637568 18755 raft_consensus.cc:2393] T 9c76b4f5f277424f92591b5bb33673c6 P bc467928a69a4180922ab6e8cea52652 [term 1 FOLLOWER]: Leader election vote request: Denying vote to candidate 0f52db98559f4e06a5c61409f4ffa93a in current term 1: Already voted for candidate bc467928a69a4180922ab6e8cea52652 in this term.
I20260630 12:21:56.636991 18752 tablet_service.cc:1917] Received RequestConsensusVote() RPC: tablet_id: "bd70968b8e3441f1a78fd5b0e9f91730" candidate_uuid: "0f52db98559f4e06a5c61409f4ffa93a" candidate_term: 1 candidate_status { last_received { term: 0 index: 0 } } ignore_live_leader: false dest_uuid: "bc467928a69a4180922ab6e8cea52652"
I20260630 12:21:56.636335 18753 tablet_service.cc:1917] Received RequestConsensusVote() RPC: tablet_id: "fdb76cc109594df69ec3af9715b34dec" candidate_uuid: "0f52db98559f4e06a5c61409f4ffa93a" candidate_term: 1 candidate_status { last_received { term: 0 index: 0 } } ignore_live_leader: false dest_uuid: "bc467928a69a4180922ab6e8cea52652"
I20260630 12:21:56.639884 18753 raft_consensus.cc:2393] T fdb76cc109594df69ec3af9715b34dec P bc467928a69a4180922ab6e8cea52652 [term 1 FOLLOWER]: Leader election vote request: Denying vote to candidate 0f52db98559f4e06a5c61409f4ffa93a in current term 1: Already voted for candidate 66fcf70a7ec44058bbaeb07cb71b235a in this term.
I20260630 12:21:56.640697 18829 raft_consensus.cc:2468] T 802385d26f7a4c54b442e730ad3fb2a0 P 66fcf70a7ec44058bbaeb07cb71b235a [term 1 FOLLOWER]: Leader election vote request: Granting yes vote for candidate 0f52db98559f4e06a5c61409f4ffa93a in term 1.
I20260630 12:21:56.643236 18682 tablet_service.cc:1917] Received RequestConsensusVote() RPC: tablet_id: "9c76b4f5f277424f92591b5bb33673c6" candidate_uuid: "bc467928a69a4180922ab6e8cea52652" candidate_term: 1 candidate_status { last_received { term: 0 index: 0 } } ignore_live_leader: false dest_uuid: "0f52db98559f4e06a5c61409f4ffa93a"
I20260630 12:21:56.643965 18682 raft_consensus.cc:2393] T 9c76b4f5f277424f92591b5bb33673c6 P 0f52db98559f4e06a5c61409f4ffa93a [term 1 FOLLOWER]: Leader election vote request: Denying vote to candidate bc467928a69a4180922ab6e8cea52652 in current term 1: Already voted for candidate 0f52db98559f4e06a5c61409f4ffa93a in this term.
I20260630 12:21:56.644533 18648 leader_election.cc:304] T e48e0eee657947b0bb91d9d77103a9bd P 0f52db98559f4e06a5c61409f4ffa93a [CANDIDATE]: Term 1 election: Election decided. Result: candidate won. Election summary: received 2 responses out of 3 voters: 2 yes votes; 0 no votes. yes voters: 0f52db98559f4e06a5c61409f4ffa93a, bc467928a69a4180922ab6e8cea52652; no voters: 
I20260630 12:21:56.645505 18881 raft_consensus.cc:2804] T e48e0eee657947b0bb91d9d77103a9bd P 0f52db98559f4e06a5c61409f4ffa93a [term 1 FOLLOWER]: Leader election won for term 1
I20260630 12:21:56.647266 18753 tablet_service.cc:1917] Received RequestConsensusVote() RPC: tablet_id: "dd97303340874f7f88767c14e6ea3e32" candidate_uuid: "0f52db98559f4e06a5c61409f4ffa93a" candidate_term: 1 candidate_status { last_received { term: 0 index: 0 } } ignore_live_leader: false dest_uuid: "bc467928a69a4180922ab6e8cea52652"
I20260630 12:21:56.646656 18829 tablet_service.cc:1917] Received RequestConsensusVote() RPC: tablet_id: "bd70968b8e3441f1a78fd5b0e9f91730" candidate_uuid: "0f52db98559f4e06a5c61409f4ffa93a" candidate_term: 1 candidate_status { last_received { term: 0 index: 0 } } ignore_live_leader: false dest_uuid: "66fcf70a7ec44058bbaeb07cb71b235a"
I20260630 12:21:56.647729 18881 raft_consensus.cc:697] T e48e0eee657947b0bb91d9d77103a9bd P 0f52db98559f4e06a5c61409f4ffa93a [term 1 LEADER]: Becoming Leader. State: Replica: 0f52db98559f4e06a5c61409f4ffa93a, State: Running, Role: LEADER
I20260630 12:21:56.647712 18830 tablet_service.cc:1917] Received RequestConsensusVote() RPC: tablet_id: "9c76b4f5f277424f92591b5bb33673c6" candidate_uuid: "bc467928a69a4180922ab6e8cea52652" candidate_term: 1 candidate_status { last_received { term: 0 index: 0 } } ignore_live_leader: false dest_uuid: "66fcf70a7ec44058bbaeb07cb71b235a"
I20260630 12:21:56.649291 18830 raft_consensus.cc:2393] T 9c76b4f5f277424f92591b5bb33673c6 P 66fcf70a7ec44058bbaeb07cb71b235a [term 1 FOLLOWER]: Leader election vote request: Denying vote to candidate bc467928a69a4180922ab6e8cea52652 in current term 1: Already voted for candidate 0f52db98559f4e06a5c61409f4ffa93a in this term.
I20260630 12:21:56.647846 18753 raft_consensus.cc:3060] T dd97303340874f7f88767c14e6ea3e32 P bc467928a69a4180922ab6e8cea52652 [term 0 FOLLOWER]: Advancing to term 1
I20260630 12:21:56.648398 18828 tablet_service.cc:1917] Received RequestConsensusVote() RPC: tablet_id: "dd97303340874f7f88767c14e6ea3e32" candidate_uuid: "0f52db98559f4e06a5c61409f4ffa93a" candidate_term: 1 candidate_status { last_received { term: 0 index: 0 } } ignore_live_leader: false dest_uuid: "66fcf70a7ec44058bbaeb07cb71b235a"
I20260630 12:21:56.648206 18829 raft_consensus.cc:2393] T bd70968b8e3441f1a78fd5b0e9f91730 P 66fcf70a7ec44058bbaeb07cb71b235a [term 1 FOLLOWER]: Leader election vote request: Denying vote to candidate 0f52db98559f4e06a5c61409f4ffa93a in current term 1: Already voted for candidate bc467928a69a4180922ab6e8cea52652 in this term.
I20260630 12:21:56.641922 18921 leader_election.cc:290] T 9c76b4f5f277424f92591b5bb33673c6 P bc467928a69a4180922ab6e8cea52652 [CANDIDATE]: Term 1 election: Requested vote from peers 0f52db98559f4e06a5c61409f4ffa93a (127.17.151.1:40513), 66fcf70a7ec44058bbaeb07cb71b235a (127.17.151.3:35043)
I20260630 12:21:56.649358 18881 consensus_queue.cc:237] T e48e0eee657947b0bb91d9d77103a9bd P 0f52db98559f4e06a5c61409f4ffa93a [LEADER]: Queue going to LEADER mode. State: All replicated index: 0, Majority replicated index: 0, Committed index: 0, Last appended: 0.0, Last appended by leader: 0, Current term: 1, Majority size: 2, State: 0, Mode: LEADER, active raft config: opid_index: -1 OBSOLETE_local: false peers { permanent_uuid: "0f52db98559f4e06a5c61409f4ffa93a" member_type: VOTER last_known_addr { host: "127.17.151.1" port: 40513 } } peers { permanent_uuid: "bc467928a69a4180922ab6e8cea52652" member_type: VOTER last_known_addr { host: "127.17.151.2" port: 42459 } } peers { permanent_uuid: "66fcf70a7ec44058bbaeb07cb71b235a" member_type: VOTER last_known_addr { host: "127.17.151.3" port: 35043 } }
I20260630 12:21:56.648669 18918 consensus_queue.cc:237] T fdb76cc109594df69ec3af9715b34dec P 66fcf70a7ec44058bbaeb07cb71b235a [LEADER]: Queue going to LEADER mode. State: All replicated index: 0, Majority replicated index: 0, Committed index: 0, Last appended: 0.0, Last appended by leader: 0, Current term: 1, Majority size: 2, State: 0, Mode: LEADER, active raft config: opid_index: -1 OBSOLETE_local: false peers { permanent_uuid: "66fcf70a7ec44058bbaeb07cb71b235a" member_type: VOTER last_known_addr { host: "127.17.151.3" port: 35043 } } peers { permanent_uuid: "0f52db98559f4e06a5c61409f4ffa93a" member_type: VOTER last_known_addr { host: "127.17.151.1" port: 40513 } } peers { permanent_uuid: "bc467928a69a4180922ab6e8cea52652" member_type: VOTER last_known_addr { host: "127.17.151.2" port: 42459 } }
I20260630 12:21:56.651650 18648 leader_election.cc:304] T fdb76cc109594df69ec3af9715b34dec P 0f52db98559f4e06a5c61409f4ffa93a [CANDIDATE]: Term 1 election: Election decided. Result: candidate lost. Election summary: received 3 responses out of 3 voters: 1 yes votes; 2 no votes. yes voters: 0f52db98559f4e06a5c61409f4ffa93a; no voters: 66fcf70a7ec44058bbaeb07cb71b235a, bc467928a69a4180922ab6e8cea52652
I20260630 12:21:56.651871 18723 leader_election.cc:304] T 9c76b4f5f277424f92591b5bb33673c6 P bc467928a69a4180922ab6e8cea52652 [CANDIDATE]: Term 1 election: Election decided. Result: candidate lost. Election summary: received 3 responses out of 3 voters: 1 yes votes; 2 no votes. yes voters: bc467928a69a4180922ab6e8cea52652; no voters: 0f52db98559f4e06a5c61409f4ffa93a, 66fcf70a7ec44058bbaeb07cb71b235a
I20260630 12:21:56.652750 18899 raft_consensus.cc:2749] T fdb76cc109594df69ec3af9715b34dec P 0f52db98559f4e06a5c61409f4ffa93a [term 1 FOLLOWER]: Leader election lost for term 1. Reason: could not achieve majority
I20260630 12:21:56.653468 18921 raft_consensus.cc:2749] T 9c76b4f5f277424f92591b5bb33673c6 P bc467928a69a4180922ab6e8cea52652 [term 1 FOLLOWER]: Leader election lost for term 1. Reason: could not achieve majority
I20260630 12:21:56.652288 18828 raft_consensus.cc:3060] T dd97303340874f7f88767c14e6ea3e32 P 66fcf70a7ec44058bbaeb07cb71b235a [term 0 FOLLOWER]: Advancing to term 1
I20260630 12:21:56.656342 18879 tablet_bootstrap.cc:654] T 802385d26f7a4c54b442e730ad3fb2a0 P bc467928a69a4180922ab6e8cea52652: Neither blocks nor log segments found. Creating new log.
I20260630 12:21:56.663695 18753 raft_consensus.cc:2468] T dd97303340874f7f88767c14e6ea3e32 P bc467928a69a4180922ab6e8cea52652 [term 1 FOLLOWER]: Leader election vote request: Granting yes vote for candidate 0f52db98559f4e06a5c61409f4ffa93a in term 1.
I20260630 12:21:56.665855 18580 catalog_manager.cc:5697] T bd70968b8e3441f1a78fd5b0e9f91730 P bc467928a69a4180922ab6e8cea52652 reported cstate change: term changed from 0 to 1, leader changed from <none> to bc467928a69a4180922ab6e8cea52652 (127.17.151.2). New cstate: current_term: 1 leader_uuid: "bc467928a69a4180922ab6e8cea52652" committed_config { opid_index: -1 OBSOLETE_local: false peers { permanent_uuid: "0f52db98559f4e06a5c61409f4ffa93a" member_type: VOTER last_known_addr { host: "127.17.151.1" port: 40513 } health_report { overall_health: UNKNOWN } } peers { permanent_uuid: "bc467928a69a4180922ab6e8cea52652" member_type: VOTER last_known_addr { host: "127.17.151.2" port: 42459 } health_report { overall_health: HEALTHY } } peers { permanent_uuid: "66fcf70a7ec44058bbaeb07cb71b235a" member_type: VOTER last_known_addr { host: "127.17.151.3" port: 35043 } health_report { overall_health: UNKNOWN } } }
I20260630 12:21:56.667685 18828 raft_consensus.cc:2468] T dd97303340874f7f88767c14e6ea3e32 P 66fcf70a7ec44058bbaeb07cb71b235a [term 1 FOLLOWER]: Leader election vote request: Granting yes vote for candidate 0f52db98559f4e06a5c61409f4ffa93a in term 1.
I20260630 12:21:56.654762 18648 leader_election.cc:304] T 9c76b4f5f277424f92591b5bb33673c6 P 0f52db98559f4e06a5c61409f4ffa93a [CANDIDATE]: Term 1 election: Election decided. Result: candidate won. Election summary: received 3 responses out of 3 voters: 2 yes votes; 1 no votes. yes voters: 0f52db98559f4e06a5c61409f4ffa93a, 66fcf70a7ec44058bbaeb07cb71b235a; no voters: bc467928a69a4180922ab6e8cea52652
I20260630 12:21:56.669430 18648 leader_election.cc:304] T 802385d26f7a4c54b442e730ad3fb2a0 P 0f52db98559f4e06a5c61409f4ffa93a [CANDIDATE]: Term 1 election: Election decided. Result: candidate won. Election summary: received 3 responses out of 3 voters: 2 yes votes; 1 no votes. yes voters: 0f52db98559f4e06a5c61409f4ffa93a, 66fcf70a7ec44058bbaeb07cb71b235a; no voters: bc467928a69a4180922ab6e8cea52652
I20260630 12:21:56.671000 18648 leader_election.cc:304] T bd70968b8e3441f1a78fd5b0e9f91730 P 0f52db98559f4e06a5c61409f4ffa93a [CANDIDATE]: Term 1 election: Election decided. Result: candidate lost. Election summary: received 3 responses out of 3 voters: 1 yes votes; 2 no votes. yes voters: 0f52db98559f4e06a5c61409f4ffa93a; no voters: 66fcf70a7ec44058bbaeb07cb71b235a, bc467928a69a4180922ab6e8cea52652
I20260630 12:21:56.672055 18648 leader_election.cc:304] T dd97303340874f7f88767c14e6ea3e32 P 0f52db98559f4e06a5c61409f4ffa93a [CANDIDATE]: Term 1 election: Election decided. Result: candidate won. Election summary: received 2 responses out of 3 voters: 2 yes votes; 0 no votes. yes voters: 0f52db98559f4e06a5c61409f4ffa93a, 66fcf70a7ec44058bbaeb07cb71b235a; no voters: 
I20260630 12:21:56.672750 18923 raft_consensus.cc:2804] T 9c76b4f5f277424f92591b5bb33673c6 P 0f52db98559f4e06a5c61409f4ffa93a [term 1 FOLLOWER]: Leader election won for term 1
I20260630 12:21:56.673477 18901 raft_consensus.cc:2804] T 802385d26f7a4c54b442e730ad3fb2a0 P 0f52db98559f4e06a5c61409f4ffa93a [term 1 FOLLOWER]: Leader election won for term 1
I20260630 12:21:56.674703 18899 raft_consensus.cc:2749] T bd70968b8e3441f1a78fd5b0e9f91730 P 0f52db98559f4e06a5c61409f4ffa93a [term 1 FOLLOWER]: Leader election lost for term 1. Reason: could not achieve majority
I20260630 12:21:56.680758 18881 raft_consensus.cc:2804] T dd97303340874f7f88767c14e6ea3e32 P 0f52db98559f4e06a5c61409f4ffa93a [term 1 FOLLOWER]: Leader election won for term 1
I20260630 12:21:56.680629 18901 raft_consensus.cc:697] T 802385d26f7a4c54b442e730ad3fb2a0 P 0f52db98559f4e06a5c61409f4ffa93a [term 1 LEADER]: Becoming Leader. State: Replica: 0f52db98559f4e06a5c61409f4ffa93a, State: Running, Role: LEADER
I20260630 12:21:56.685456 18901 consensus_queue.cc:237] T 802385d26f7a4c54b442e730ad3fb2a0 P 0f52db98559f4e06a5c61409f4ffa93a [LEADER]: Queue going to LEADER mode. State: All replicated index: 0, Majority replicated index: 0, Committed index: 0, Last appended: 0.0, Last appended by leader: 0, Current term: 1, Majority size: 2, State: 0, Mode: LEADER, active raft config: opid_index: -1 OBSOLETE_local: false peers { permanent_uuid: "0f52db98559f4e06a5c61409f4ffa93a" member_type: VOTER last_known_addr { host: "127.17.151.1" port: 40513 } } peers { permanent_uuid: "bc467928a69a4180922ab6e8cea52652" member_type: VOTER last_known_addr { host: "127.17.151.2" port: 42459 } } peers { permanent_uuid: "66fcf70a7ec44058bbaeb07cb71b235a" member_type: VOTER last_known_addr { host: "127.17.151.3" port: 35043 } }
I20260630 12:21:56.685351 18578 catalog_manager.cc:5697] T e48e0eee657947b0bb91d9d77103a9bd P 0f52db98559f4e06a5c61409f4ffa93a reported cstate change: term changed from 0 to 1, leader changed from <none> to 0f52db98559f4e06a5c61409f4ffa93a (127.17.151.1). New cstate: current_term: 1 leader_uuid: "0f52db98559f4e06a5c61409f4ffa93a" committed_config { opid_index: -1 OBSOLETE_local: false peers { permanent_uuid: "0f52db98559f4e06a5c61409f4ffa93a" member_type: VOTER last_known_addr { host: "127.17.151.1" port: 40513 } health_report { overall_health: HEALTHY } } peers { permanent_uuid: "bc467928a69a4180922ab6e8cea52652" member_type: VOTER last_known_addr { host: "127.17.151.2" port: 42459 } health_report { overall_health: UNKNOWN } } peers { permanent_uuid: "66fcf70a7ec44058bbaeb07cb71b235a" member_type: VOTER last_known_addr { host: "127.17.151.3" port: 35043 } health_report { overall_health: UNKNOWN } } }
I20260630 12:21:56.697968 18881 raft_consensus.cc:697] T dd97303340874f7f88767c14e6ea3e32 P 0f52db98559f4e06a5c61409f4ffa93a [term 1 LEADER]: Becoming Leader. State: Replica: 0f52db98559f4e06a5c61409f4ffa93a, State: Running, Role: LEADER
I20260630 12:21:56.698844 18881 consensus_queue.cc:237] T dd97303340874f7f88767c14e6ea3e32 P 0f52db98559f4e06a5c61409f4ffa93a [LEADER]: Queue going to LEADER mode. State: All replicated index: 0, Majority replicated index: 0, Committed index: 0, Last appended: 0.0, Last appended by leader: 0, Current term: 1, Majority size: 2, State: 0, Mode: LEADER, active raft config: opid_index: -1 OBSOLETE_local: false peers { permanent_uuid: "0f52db98559f4e06a5c61409f4ffa93a" member_type: VOTER last_known_addr { host: "127.17.151.1" port: 40513 } } peers { permanent_uuid: "bc467928a69a4180922ab6e8cea52652" member_type: VOTER last_known_addr { host: "127.17.151.2" port: 42459 } } peers { permanent_uuid: "66fcf70a7ec44058bbaeb07cb71b235a" member_type: VOTER last_known_addr { host: "127.17.151.3" port: 35043 } }
I20260630 12:21:56.696900 18923 raft_consensus.cc:697] T 9c76b4f5f277424f92591b5bb33673c6 P 0f52db98559f4e06a5c61409f4ffa93a [term 1 LEADER]: Becoming Leader. State: Replica: 0f52db98559f4e06a5c61409f4ffa93a, State: Running, Role: LEADER
I20260630 12:21:56.700203 18923 consensus_queue.cc:237] T 9c76b4f5f277424f92591b5bb33673c6 P 0f52db98559f4e06a5c61409f4ffa93a [LEADER]: Queue going to LEADER mode. State: All replicated index: 0, Majority replicated index: 0, Committed index: 0, Last appended: 0.0, Last appended by leader: 0, Current term: 1, Majority size: 2, State: 0, Mode: LEADER, active raft config: opid_index: -1 OBSOLETE_local: false peers { permanent_uuid: "0f52db98559f4e06a5c61409f4ffa93a" member_type: VOTER last_known_addr { host: "127.17.151.1" port: 40513 } } peers { permanent_uuid: "bc467928a69a4180922ab6e8cea52652" member_type: VOTER last_known_addr { host: "127.17.151.2" port: 42459 } } peers { permanent_uuid: "66fcf70a7ec44058bbaeb07cb71b235a" member_type: VOTER last_known_addr { host: "127.17.151.3" port: 35043 } }
I20260630 12:21:56.705021 18879 tablet_bootstrap.cc:492] T 802385d26f7a4c54b442e730ad3fb2a0 P bc467928a69a4180922ab6e8cea52652: No bootstrap required, opened a new log
I20260630 12:21:56.705458 18879 ts_tablet_manager.cc:1403] T 802385d26f7a4c54b442e730ad3fb2a0 P bc467928a69a4180922ab6e8cea52652: Time spent bootstrapping tablet: real 0.110s	user 0.016s	sys 0.006s
I20260630 12:21:56.707957 18879 raft_consensus.cc:359] T 802385d26f7a4c54b442e730ad3fb2a0 P bc467928a69a4180922ab6e8cea52652 [term 0 FOLLOWER]: Replica starting. Triggering 0 pending ops. Active config: opid_index: -1 OBSOLETE_local: false peers { permanent_uuid: "0f52db98559f4e06a5c61409f4ffa93a" member_type: VOTER last_known_addr { host: "127.17.151.1" port: 40513 } } peers { permanent_uuid: "bc467928a69a4180922ab6e8cea52652" member_type: VOTER last_known_addr { host: "127.17.151.2" port: 42459 } } peers { permanent_uuid: "66fcf70a7ec44058bbaeb07cb71b235a" member_type: VOTER last_known_addr { host: "127.17.151.3" port: 35043 } }
I20260630 12:21:56.707532 18578 catalog_manager.cc:5697] T fdb76cc109594df69ec3af9715b34dec P 66fcf70a7ec44058bbaeb07cb71b235a reported cstate change: term changed from 0 to 1, leader changed from <none> to 66fcf70a7ec44058bbaeb07cb71b235a (127.17.151.3). New cstate: current_term: 1 leader_uuid: "66fcf70a7ec44058bbaeb07cb71b235a" committed_config { opid_index: -1 OBSOLETE_local: false peers { permanent_uuid: "66fcf70a7ec44058bbaeb07cb71b235a" member_type: VOTER last_known_addr { host: "127.17.151.3" port: 35043 } health_report { overall_health: HEALTHY } } peers { permanent_uuid: "0f52db98559f4e06a5c61409f4ffa93a" member_type: VOTER last_known_addr { host: "127.17.151.1" port: 40513 } health_report { overall_health: UNKNOWN } } peers { permanent_uuid: "bc467928a69a4180922ab6e8cea52652" member_type: VOTER last_known_addr { host: "127.17.151.2" port: 42459 } health_report { overall_health: UNKNOWN } } }
I20260630 12:21:56.708694 18879 raft_consensus.cc:385] T 802385d26f7a4c54b442e730ad3fb2a0 P bc467928a69a4180922ab6e8cea52652 [term 0 FOLLOWER]: Consensus starting up: Expiring failure detector timer to make a prompt election more likely
I20260630 12:21:56.709019 18879 raft_consensus.cc:740] T 802385d26f7a4c54b442e730ad3fb2a0 P bc467928a69a4180922ab6e8cea52652 [term 0 FOLLOWER]: Becoming Follower/Learner. State: Replica: bc467928a69a4180922ab6e8cea52652, State: Initialized, Role: FOLLOWER
I20260630 12:21:56.709887 18879 consensus_queue.cc:260] T 802385d26f7a4c54b442e730ad3fb2a0 P bc467928a69a4180922ab6e8cea52652 [NON_LEADER]: Queue going to NON_LEADER mode. State: All replicated index: 0, Majority replicated index: 0, Committed index: 0, Last appended: 0.0, Last appended by leader: 0, Current term: 0, Majority size: -1, State: 0, Mode: NON_LEADER, active raft config: opid_index: -1 OBSOLETE_local: false peers { permanent_uuid: "0f52db98559f4e06a5c61409f4ffa93a" member_type: VOTER last_known_addr { host: "127.17.151.1" port: 40513 } } peers { permanent_uuid: "bc467928a69a4180922ab6e8cea52652" member_type: VOTER last_known_addr { host: "127.17.151.2" port: 42459 } } peers { permanent_uuid: "66fcf70a7ec44058bbaeb07cb71b235a" member_type: VOTER last_known_addr { host: "127.17.151.3" port: 35043 } }
I20260630 12:21:56.711751 18879 ts_tablet_manager.cc:1434] T 802385d26f7a4c54b442e730ad3fb2a0 P bc467928a69a4180922ab6e8cea52652: Time spent starting tablet: real 0.006s	user 0.005s	sys 0.000s
I20260630 12:21:56.717897 18579 catalog_manager.cc:5697] T 802385d26f7a4c54b442e730ad3fb2a0 P 0f52db98559f4e06a5c61409f4ffa93a reported cstate change: term changed from 0 to 1, leader changed from <none> to 0f52db98559f4e06a5c61409f4ffa93a (127.17.151.1). New cstate: current_term: 1 leader_uuid: "0f52db98559f4e06a5c61409f4ffa93a" committed_config { opid_index: -1 OBSOLETE_local: false peers { permanent_uuid: "0f52db98559f4e06a5c61409f4ffa93a" member_type: VOTER last_known_addr { host: "127.17.151.1" port: 40513 } health_report { overall_health: HEALTHY } } peers { permanent_uuid: "bc467928a69a4180922ab6e8cea52652" member_type: VOTER last_known_addr { host: "127.17.151.2" port: 42459 } health_report { overall_health: UNKNOWN } } peers { permanent_uuid: "66fcf70a7ec44058bbaeb07cb71b235a" member_type: VOTER last_known_addr { host: "127.17.151.3" port: 35043 } health_report { overall_health: UNKNOWN } } }
I20260630 12:21:56.719648 18579 catalog_manager.cc:5697] T 9c76b4f5f277424f92591b5bb33673c6 P 0f52db98559f4e06a5c61409f4ffa93a reported cstate change: term changed from 0 to 1, leader changed from <none> to 0f52db98559f4e06a5c61409f4ffa93a (127.17.151.1). New cstate: current_term: 1 leader_uuid: "0f52db98559f4e06a5c61409f4ffa93a" committed_config { opid_index: -1 OBSOLETE_local: false peers { permanent_uuid: "0f52db98559f4e06a5c61409f4ffa93a" member_type: VOTER last_known_addr { host: "127.17.151.1" port: 40513 } health_report { overall_health: HEALTHY } } peers { permanent_uuid: "bc467928a69a4180922ab6e8cea52652" member_type: VOTER last_known_addr { host: "127.17.151.2" port: 42459 } health_report { overall_health: UNKNOWN } } peers { permanent_uuid: "66fcf70a7ec44058bbaeb07cb71b235a" member_type: VOTER last_known_addr { host: "127.17.151.3" port: 35043 } health_report { overall_health: UNKNOWN } } }
I20260630 12:21:56.720896 18579 catalog_manager.cc:5697] T dd97303340874f7f88767c14e6ea3e32 P 0f52db98559f4e06a5c61409f4ffa93a reported cstate change: term changed from 0 to 1, leader changed from <none> to 0f52db98559f4e06a5c61409f4ffa93a (127.17.151.1). New cstate: current_term: 1 leader_uuid: "0f52db98559f4e06a5c61409f4ffa93a" committed_config { opid_index: -1 OBSOLETE_local: false peers { permanent_uuid: "0f52db98559f4e06a5c61409f4ffa93a" member_type: VOTER last_known_addr { host: "127.17.151.1" port: 40513 } health_report { overall_health: HEALTHY } } peers { permanent_uuid: "bc467928a69a4180922ab6e8cea52652" member_type: VOTER last_known_addr { host: "127.17.151.2" port: 42459 } health_report { overall_health: UNKNOWN } } peers { permanent_uuid: "66fcf70a7ec44058bbaeb07cb71b235a" member_type: VOTER last_known_addr { host: "127.17.151.3" port: 35043 } health_report { overall_health: UNKNOWN } } }
I20260630 12:21:56.730388 18918 raft_consensus.cc:493] T 3b109068794a4398b7c23b4dc23668d7 P 66fcf70a7ec44058bbaeb07cb71b235a [term 0 FOLLOWER]: Starting pre-election (no leader contacted us within the election timeout)
I20260630 12:21:56.730918 18918 raft_consensus.cc:515] T 3b109068794a4398b7c23b4dc23668d7 P 66fcf70a7ec44058bbaeb07cb71b235a [term 0 FOLLOWER]: Starting pre-election with config: opid_index: -1 OBSOLETE_local: false peers { permanent_uuid: "0f52db98559f4e06a5c61409f4ffa93a" member_type: VOTER last_known_addr { host: "127.17.151.1" port: 40513 } } peers { permanent_uuid: "bc467928a69a4180922ab6e8cea52652" member_type: VOTER last_known_addr { host: "127.17.151.2" port: 42459 } } peers { permanent_uuid: "66fcf70a7ec44058bbaeb07cb71b235a" member_type: VOTER last_known_addr { host: "127.17.151.3" port: 35043 } }
I20260630 12:21:56.732568 18918 leader_election.cc:290] T 3b109068794a4398b7c23b4dc23668d7 P 66fcf70a7ec44058bbaeb07cb71b235a [CANDIDATE]: Term 1 pre-election: Requested pre-vote from peers 0f52db98559f4e06a5c61409f4ffa93a (127.17.151.1:40513), bc467928a69a4180922ab6e8cea52652 (127.17.151.2:42459)
I20260630 12:21:56.733206 18682 tablet_service.cc:1917] Received RequestConsensusVote() RPC: tablet_id: "3b109068794a4398b7c23b4dc23668d7" candidate_uuid: "66fcf70a7ec44058bbaeb07cb71b235a" candidate_term: 1 candidate_status { last_received { term: 0 index: 0 } } ignore_live_leader: false dest_uuid: "0f52db98559f4e06a5c61409f4ffa93a" is_pre_election: true
I20260630 12:21:56.733609 18753 tablet_service.cc:1917] Received RequestConsensusVote() RPC: tablet_id: "3b109068794a4398b7c23b4dc23668d7" candidate_uuid: "66fcf70a7ec44058bbaeb07cb71b235a" candidate_term: 1 candidate_status { last_received { term: 0 index: 0 } } ignore_live_leader: false dest_uuid: "bc467928a69a4180922ab6e8cea52652" is_pre_election: true
I20260630 12:21:56.733841 18682 raft_consensus.cc:2468] T 3b109068794a4398b7c23b4dc23668d7 P 0f52db98559f4e06a5c61409f4ffa93a [term 0 FOLLOWER]: Leader pre-election vote request: Granting yes vote for candidate 66fcf70a7ec44058bbaeb07cb71b235a in term 0.
I20260630 12:21:56.734210 18753 raft_consensus.cc:2468] T 3b109068794a4398b7c23b4dc23668d7 P bc467928a69a4180922ab6e8cea52652 [term 0 FOLLOWER]: Leader pre-election vote request: Granting yes vote for candidate 66fcf70a7ec44058bbaeb07cb71b235a in term 0.
I20260630 12:21:56.734988 18795 leader_election.cc:304] T 3b109068794a4398b7c23b4dc23668d7 P 66fcf70a7ec44058bbaeb07cb71b235a [CANDIDATE]: Term 1 pre-election: Election decided. Result: candidate won. Election summary: received 2 responses out of 3 voters: 2 yes votes; 0 no votes. yes voters: 0f52db98559f4e06a5c61409f4ffa93a, 66fcf70a7ec44058bbaeb07cb71b235a; no voters: 
I20260630 12:21:56.735669 18918 raft_consensus.cc:2804] T 3b109068794a4398b7c23b4dc23668d7 P 66fcf70a7ec44058bbaeb07cb71b235a [term 0 FOLLOWER]: Leader pre-election won for term 1
I20260630 12:21:56.735917 18918 raft_consensus.cc:493] T 3b109068794a4398b7c23b4dc23668d7 P 66fcf70a7ec44058bbaeb07cb71b235a [term 0 FOLLOWER]: Starting leader election (no leader contacted us within the election timeout)
I20260630 12:21:56.736127 18918 raft_consensus.cc:3060] T 3b109068794a4398b7c23b4dc23668d7 P 66fcf70a7ec44058bbaeb07cb71b235a [term 0 FOLLOWER]: Advancing to term 1
I20260630 12:21:56.740438 18918 raft_consensus.cc:515] T 3b109068794a4398b7c23b4dc23668d7 P 66fcf70a7ec44058bbaeb07cb71b235a [term 1 FOLLOWER]: Starting leader election with config: opid_index: -1 OBSOLETE_local: false peers { permanent_uuid: "0f52db98559f4e06a5c61409f4ffa93a" member_type: VOTER last_known_addr { host: "127.17.151.1" port: 40513 } } peers { permanent_uuid: "bc467928a69a4180922ab6e8cea52652" member_type: VOTER last_known_addr { host: "127.17.151.2" port: 42459 } } peers { permanent_uuid: "66fcf70a7ec44058bbaeb07cb71b235a" member_type: VOTER last_known_addr { host: "127.17.151.3" port: 35043 } }
I20260630 12:21:56.741864 18918 leader_election.cc:290] T 3b109068794a4398b7c23b4dc23668d7 P 66fcf70a7ec44058bbaeb07cb71b235a [CANDIDATE]: Term 1 election: Requested vote from peers 0f52db98559f4e06a5c61409f4ffa93a (127.17.151.1:40513), bc467928a69a4180922ab6e8cea52652 (127.17.151.2:42459)
I20260630 12:21:56.742713 18682 tablet_service.cc:1917] Received RequestConsensusVote() RPC: tablet_id: "3b109068794a4398b7c23b4dc23668d7" candidate_uuid: "66fcf70a7ec44058bbaeb07cb71b235a" candidate_term: 1 candidate_status { last_received { term: 0 index: 0 } } ignore_live_leader: false dest_uuid: "0f52db98559f4e06a5c61409f4ffa93a"
I20260630 12:21:56.742992 18753 tablet_service.cc:1917] Received RequestConsensusVote() RPC: tablet_id: "3b109068794a4398b7c23b4dc23668d7" candidate_uuid: "66fcf70a7ec44058bbaeb07cb71b235a" candidate_term: 1 candidate_status { last_received { term: 0 index: 0 } } ignore_live_leader: false dest_uuid: "bc467928a69a4180922ab6e8cea52652"
I20260630 12:21:56.743180 18682 raft_consensus.cc:3060] T 3b109068794a4398b7c23b4dc23668d7 P 0f52db98559f4e06a5c61409f4ffa93a [term 0 FOLLOWER]: Advancing to term 1
I20260630 12:21:56.743468 18753 raft_consensus.cc:3060] T 3b109068794a4398b7c23b4dc23668d7 P bc467928a69a4180922ab6e8cea52652 [term 0 FOLLOWER]: Advancing to term 1
I20260630 12:21:56.747411 18753 raft_consensus.cc:2468] T 3b109068794a4398b7c23b4dc23668d7 P bc467928a69a4180922ab6e8cea52652 [term 1 FOLLOWER]: Leader election vote request: Granting yes vote for candidate 66fcf70a7ec44058bbaeb07cb71b235a in term 1.
I20260630 12:21:56.747432 18682 raft_consensus.cc:2468] T 3b109068794a4398b7c23b4dc23668d7 P 0f52db98559f4e06a5c61409f4ffa93a [term 1 FOLLOWER]: Leader election vote request: Granting yes vote for candidate 66fcf70a7ec44058bbaeb07cb71b235a in term 1.
I20260630 12:21:56.748411 18797 leader_election.cc:304] T 3b109068794a4398b7c23b4dc23668d7 P 66fcf70a7ec44058bbaeb07cb71b235a [CANDIDATE]: Term 1 election: Election decided. Result: candidate won. Election summary: received 2 responses out of 3 voters: 2 yes votes; 0 no votes. yes voters: 66fcf70a7ec44058bbaeb07cb71b235a, bc467928a69a4180922ab6e8cea52652; no voters: 
I20260630 12:21:56.749027 18918 raft_consensus.cc:2804] T 3b109068794a4398b7c23b4dc23668d7 P 66fcf70a7ec44058bbaeb07cb71b235a [term 1 FOLLOWER]: Leader election won for term 1
I20260630 12:21:56.749468 18918 raft_consensus.cc:697] T 3b109068794a4398b7c23b4dc23668d7 P 66fcf70a7ec44058bbaeb07cb71b235a [term 1 LEADER]: Becoming Leader. State: Replica: 66fcf70a7ec44058bbaeb07cb71b235a, State: Running, Role: LEADER
I20260630 12:21:56.750056 18918 consensus_queue.cc:237] T 3b109068794a4398b7c23b4dc23668d7 P 66fcf70a7ec44058bbaeb07cb71b235a [LEADER]: Queue going to LEADER mode. State: All replicated index: 0, Majority replicated index: 0, Committed index: 0, Last appended: 0.0, Last appended by leader: 0, Current term: 1, Majority size: 2, State: 0, Mode: LEADER, active raft config: opid_index: -1 OBSOLETE_local: false peers { permanent_uuid: "0f52db98559f4e06a5c61409f4ffa93a" member_type: VOTER last_known_addr { host: "127.17.151.1" port: 40513 } } peers { permanent_uuid: "bc467928a69a4180922ab6e8cea52652" member_type: VOTER last_known_addr { host: "127.17.151.2" port: 42459 } } peers { permanent_uuid: "66fcf70a7ec44058bbaeb07cb71b235a" member_type: VOTER last_known_addr { host: "127.17.151.3" port: 35043 } }
I20260630 12:21:56.756575 18578 catalog_manager.cc:5697] T 3b109068794a4398b7c23b4dc23668d7 P 66fcf70a7ec44058bbaeb07cb71b235a reported cstate change: term changed from 0 to 1, leader changed from <none> to 66fcf70a7ec44058bbaeb07cb71b235a (127.17.151.3). New cstate: current_term: 1 leader_uuid: "66fcf70a7ec44058bbaeb07cb71b235a" committed_config { opid_index: -1 OBSOLETE_local: false peers { permanent_uuid: "0f52db98559f4e06a5c61409f4ffa93a" member_type: VOTER last_known_addr { host: "127.17.151.1" port: 40513 } health_report { overall_health: UNKNOWN } } peers { permanent_uuid: "bc467928a69a4180922ab6e8cea52652" member_type: VOTER last_known_addr { host: "127.17.151.2" port: 42459 } health_report { overall_health: UNKNOWN } } peers { permanent_uuid: "66fcf70a7ec44058bbaeb07cb71b235a" member_type: VOTER last_known_addr { host: "127.17.151.3" port: 35043 } health_report { overall_health: HEALTHY } } }
I20260630 12:21:56.844871 18012 file_cache.cc:492] Constructed file cache file cache with capacity 419430
W20260630 12:21:56.850440 18937 instance_detector.cc:116] could not retrieve AWS instance metadata: Network error: curl error: HTTP response code said error: The requested URL returned error: 404
W20260630 12:21:56.851349 18938 instance_detector.cc:116] could not retrieve Azure instance metadata: Network error: curl error: HTTP response code said error: The requested URL returned error: 404
W20260630 12:21:56.851935 18940 instance_detector.cc:116] could not retrieve OpenStack instance metadata: Network error: curl error: HTTP response code said error: The requested URL returned error: 404
I20260630 12:21:56.852443 18012 server_base.cc:1061] running on GCE node
I20260630 12:21:56.853269 18012 hybrid_clock.cc:584] initializing the hybrid clock with 'system_unsync' time source
W20260630 12:21:56.853466 18012 system_unsync_time.cc:38] NTP support is disabled. Clock error bounds will not be accurate. This configuration is not suitable for distributed clusters.
I20260630 12:21:56.853641 18012 hybrid_clock.cc:648] HybridClock initialized: now 1782822116853627 us; error 0 us; skew 500 ppm
I20260630 12:21:56.854141 18012 server_base.cc:861] Flag tcmalloc_max_total_thread_cache_bytes is not working since tcmalloc is not enabled.
I20260630 12:21:56.856380 18012 webserver.cc:533] Webserver started at http://127.17.151.4:39775/ using document root <none> and password file <none>
I20260630 12:21:56.856909 18012 fs_manager.cc:362] Metadata directory not provided
I20260630 12:21:56.857173 18012 fs_manager.cc:368] Using write-ahead log directory (fs_wal_dir) as metadata directory
I20260630 12:21:56.857440 18012 server_base.cc:909] This appears to be a new deployment of Kudu; creating new FS layout
I20260630 12:21:56.858440 18012 fs_manager.cc:1068] Generated new instance metadata in path /tmp/dist-test-taskiTH7cI/test-tmp/auto_rebalancer-test.0.AutoRebalancerTest.AutoRebalancingTurnOffAndOn.1782822103669802-18012-0/minicluster-data/ts-3-root/instance:
uuid: "7e9b867daa774366bbb49de93a1af978"
format_stamp: "Formatted at 2026-06-30 12:21:56 on dist-test-slave-5llb"
I20260630 12:21:56.862717 18012 fs_manager.cc:696] Time spent creating directory manager: real 0.004s	user 0.005s	sys 0.000s
I20260630 12:21:56.866094 18945 log_block_manager.cc:4031] Time spent loading block containers with low live blocks: real 0.000s	user 0.000s	sys 0.000s
