I20260630 12:23:13.236497 20881 catalog_manager.cc:5697] T 80a9937fc4c745aa98175d9aed73f69f P 626e77ba98934661857afd5a11ff8f1c reported cstate change: config changed from index 3 to 4, VOTER ccf5e2e949724dc0895dbca8bd047da3 (127.17.151.4) evicted. New cstate: current_term: 1 leader_uuid: "626e77ba98934661857afd5a11ff8f1c" committed_config { opid_index: 4 OBSOLETE_local: false peers { permanent_uuid: "b1bda0c8258d465abd4b60ae92b26089" member_type: VOTER last_known_addr { host: "127.17.151.1" port: 35405 } health_report { overall_health: UNKNOWN } } peers { permanent_uuid: "626e77ba98934661857afd5a11ff8f1c" member_type: VOTER last_known_addr { host: "127.17.151.2" port: 40309 } health_report { overall_health: HEALTHY } } peers { permanent_uuid: "e03ee19d935c45f6b64fd6bf1dbc448b" member_type: VOTER last_known_addr { host: "127.17.151.3" port: 37975 } attrs { promote: false } health_report { overall_health: HEALTHY } } }
I20260630 12:23:13.237983 21059 raft_consensus.cc:1275] T 89da3bd8549041dd9fbf1c745c20eef1 P 626e77ba98934661857afd5a11ff8f1c [term 1 FOLLOWER]: Refusing update from remote peer b1bda0c8258d465abd4b60ae92b26089: Log matching property violated. Preceding OpId in replica: term: 1 index: 2. Preceding OpId from leader: term: 1 index: 3. (index mismatch)
I20260630 12:23:13.238308 21547 consensus_queue.cc:1048] T 89da3bd8549041dd9fbf1c745c20eef1 P b1bda0c8258d465abd4b60ae92b26089 [LEADER]: Connected to new peer: Peer: permanent_uuid: "ccf5e2e949724dc0895dbca8bd047da3" member_type: VOTER last_known_addr { host: "127.17.151.4" port: 45249 } attrs { promote: false }, Status: LMP_MISMATCH, Last received: 0.0, Next index: 3, Last known committed idx: 2, Time since last communication: 0.000s
I20260630 12:23:13.239928 21547 consensus_queue.cc:1048] T 89da3bd8549041dd9fbf1c745c20eef1 P b1bda0c8258d465abd4b60ae92b26089 [LEADER]: Connected to new peer: Peer: permanent_uuid: "626e77ba98934661857afd5a11ff8f1c" member_type: VOTER last_known_addr { host: "127.17.151.2" port: 40309 }, Status: LMP_MISMATCH, Last received: 0.0, Next index: 3, Last known committed idx: 2, Time since last communication: 0.000s
I20260630 12:23:13.245388 20987 raft_consensus.cc:2955] T 80a9937fc4c745aa98175d9aed73f69f P b1bda0c8258d465abd4b60ae92b26089 [term 1 FOLLOWER]: Committing config change with OpId 1.4: config changed from index 3 to 4, VOTER ccf5e2e949724dc0895dbca8bd047da3 (127.17.151.4) evicted. New config: { opid_index: 4 OBSOLETE_local: false peers { permanent_uuid: "b1bda0c8258d465abd4b60ae92b26089" member_type: VOTER last_known_addr { host: "127.17.151.1" port: 35405 } } peers { permanent_uuid: "626e77ba98934661857afd5a11ff8f1c" member_type: VOTER last_known_addr { host: "127.17.151.2" port: 40309 } } peers { permanent_uuid: "e03ee19d935c45f6b64fd6bf1dbc448b" member_type: VOTER last_known_addr { host: "127.17.151.3" port: 37975 } attrs { promote: false } } }
I20260630 12:23:13.251214 21276 tablet_service.cc:1558] Processing DeleteTablet for tablet 80a9937fc4c745aa98175d9aed73f69f with delete_type TABLET_DATA_TOMBSTONED (TS ccf5e2e949724dc0895dbca8bd047da3 not found in new config with opid_index 4) from {username='slave'} at 127.0.0.1:41300
I20260630 12:23:13.253758 21542 ts_tablet_manager.cc:1929] T 770d584540c449fd92de2477c80b7ced P ccf5e2e949724dc0895dbca8bd047da3: tablet deleted with delete type TABLET_DATA_TOMBSTONED: last-logged OpId 1.3
I20260630 12:23:13.254208 21542 log.cc:1199] T 770d584540c449fd92de2477c80b7ced P ccf5e2e949724dc0895dbca8bd047da3: Deleting WAL directory at /tmp/dist-test-taskiTH7cI/test-tmp/auto_rebalancer-test.0.AutoRebalancerTest.RangeAwareRebalancesNewRangeReplicas.1782822103669802-18012-0/minicluster-data/ts-3-root/wals/770d584540c449fd92de2477c80b7ced
I20260630 12:23:13.255786 20872 catalog_manager.cc:5028] TS ccf5e2e949724dc0895dbca8bd047da3 (127.17.151.4:45249): tablet 770d584540c449fd92de2477c80b7ced (table range_aware_rebalance_new_range [id=6e9916958b1343129f1aa8d029461cee]) successfully deleted
I20260630 12:23:13.258620 21542 tablet_replica.cc:333] T 80a9937fc4c745aa98175d9aed73f69f P ccf5e2e949724dc0895dbca8bd047da3: stopping tablet replica
I20260630 12:23:13.262545 21542 raft_consensus.cc:2243] T 80a9937fc4c745aa98175d9aed73f69f P ccf5e2e949724dc0895dbca8bd047da3 [term 1 FOLLOWER]: Raft consensus shutting down.
I20260630 12:23:13.263195 21542 raft_consensus.cc:2272] T 80a9937fc4c745aa98175d9aed73f69f P ccf5e2e949724dc0895dbca8bd047da3 [term 1 FOLLOWER]: Raft consensus is shut down!
I20260630 12:23:13.263877 21543 raft_consensus.cc:2955] T 89da3bd8549041dd9fbf1c745c20eef1 P b1bda0c8258d465abd4b60ae92b26089 [term 1 LEADER]: Committing config change with OpId 1.3: config changed from index 2 to 3, ccf5e2e949724dc0895dbca8bd047da3 (127.17.151.4) changed from NON_VOTER to VOTER. New config: { opid_index: 3 OBSOLETE_local: false peers { permanent_uuid: "b1bda0c8258d465abd4b60ae92b26089" member_type: VOTER last_known_addr { host: "127.17.151.1" port: 35405 } } peers { permanent_uuid: "626e77ba98934661857afd5a11ff8f1c" member_type: VOTER last_known_addr { host: "127.17.151.2" port: 40309 } } peers { permanent_uuid: "e03ee19d935c45f6b64fd6bf1dbc448b" member_type: VOTER last_known_addr { host: "127.17.151.3" port: 37975 } attrs { replace: true } } peers { permanent_uuid: "ccf5e2e949724dc0895dbca8bd047da3" member_type: VOTER last_known_addr { host: "127.17.151.4" port: 45249 } attrs { promote: false } } }
I20260630 12:23:13.266656 21542 ts_tablet_manager.cc:1916] T 80a9937fc4c745aa98175d9aed73f69f P ccf5e2e949724dc0895dbca8bd047da3: Deleting tablet data with delete state TABLET_DATA_TOMBSTONED
I20260630 12:23:13.278862 21527 raft_consensus.cc:1064] T 38933710091f47068348018b8dc57331 P e03ee19d935c45f6b64fd6bf1dbc448b: attempting to promote NON_VOTER ccf5e2e949724dc0895dbca8bd047da3 to VOTER
I20260630 12:23:13.281076 21542 ts_tablet_manager.cc:1929] T 80a9937fc4c745aa98175d9aed73f69f P ccf5e2e949724dc0895dbca8bd047da3: tablet deleted with delete type TABLET_DATA_TOMBSTONED: last-logged OpId 1.3
I20260630 12:23:13.281564 21542 log.cc:1199] T 80a9937fc4c745aa98175d9aed73f69f P ccf5e2e949724dc0895dbca8bd047da3: Deleting WAL directory at /tmp/dist-test-taskiTH7cI/test-tmp/auto_rebalancer-test.0.AutoRebalancerTest.RangeAwareRebalancesNewRangeReplicas.1782822103669802-18012-0/minicluster-data/ts-3-root/wals/80a9937fc4c745aa98175d9aed73f69f
I20260630 12:23:13.282490 21062 raft_consensus.cc:2955] T 89da3bd8549041dd9fbf1c745c20eef1 P 626e77ba98934661857afd5a11ff8f1c [term 1 FOLLOWER]: Committing config change with OpId 1.3: config changed from index 2 to 3, ccf5e2e949724dc0895dbca8bd047da3 (127.17.151.4) changed from NON_VOTER to VOTER. New config: { opid_index: 3 OBSOLETE_local: false peers { permanent_uuid: "b1bda0c8258d465abd4b60ae92b26089" member_type: VOTER last_known_addr { host: "127.17.151.1" port: 35405 } } peers { permanent_uuid: "626e77ba98934661857afd5a11ff8f1c" member_type: VOTER last_known_addr { host: "127.17.151.2" port: 40309 } } peers { permanent_uuid: "e03ee19d935c45f6b64fd6bf1dbc448b" member_type: VOTER last_known_addr { host: "127.17.151.3" port: 37975 } attrs { replace: true } } peers { permanent_uuid: "ccf5e2e949724dc0895dbca8bd047da3" member_type: VOTER last_known_addr { host: "127.17.151.4" port: 45249 } attrs { promote: false } } }
I20260630 12:23:13.285926 21527 consensus_queue.cc:237] T 38933710091f47068348018b8dc57331 P e03ee19d935c45f6b64fd6bf1dbc448b [LEADER]: Queue going to LEADER mode. State: All replicated index: 0, Majority replicated index: 2, Committed index: 2, Last appended: 1.2, Last appended by leader: 0, Current term: 1, Majority size: 3, State: 0, Mode: LEADER, active raft config: opid_index: 3 OBSOLETE_local: false peers { permanent_uuid: "b1bda0c8258d465abd4b60ae92b26089" member_type: VOTER last_known_addr { host: "127.17.151.1" port: 35405 } } peers { permanent_uuid: "626e77ba98934661857afd5a11ff8f1c" member_type: VOTER last_known_addr { host: "127.17.151.2" port: 40309 } attrs { replace: true } } peers { permanent_uuid: "e03ee19d935c45f6b64fd6bf1dbc448b" member_type: VOTER last_known_addr { host: "127.17.151.3" port: 37975 } } peers { permanent_uuid: "ccf5e2e949724dc0895dbca8bd047da3" member_type: VOTER last_known_addr { host: "127.17.151.4" port: 45249 } attrs { promote: false } }
I20260630 12:23:13.286409 20881 catalog_manager.cc:5697] T 89da3bd8549041dd9fbf1c745c20eef1 P b1bda0c8258d465abd4b60ae92b26089 reported cstate change: config changed from index 2 to 3, ccf5e2e949724dc0895dbca8bd047da3 (127.17.151.4) changed from NON_VOTER to VOTER. New cstate: current_term: 1 leader_uuid: "b1bda0c8258d465abd4b60ae92b26089" committed_config { opid_index: 3 OBSOLETE_local: false peers { permanent_uuid: "b1bda0c8258d465abd4b60ae92b26089" member_type: VOTER last_known_addr { host: "127.17.151.1" port: 35405 } health_report { overall_health: HEALTHY } } peers { permanent_uuid: "626e77ba98934661857afd5a11ff8f1c" member_type: VOTER last_known_addr { host: "127.17.151.2" port: 40309 } health_report { overall_health: HEALTHY } } peers { permanent_uuid: "e03ee19d935c45f6b64fd6bf1dbc448b" member_type: VOTER last_known_addr { host: "127.17.151.3" port: 37975 } attrs { replace: true } health_report { overall_health: HEALTHY } } peers { permanent_uuid: "ccf5e2e949724dc0895dbca8bd047da3" member_type: VOTER last_known_addr { host: "127.17.151.4" port: 45249 } attrs { promote: false } health_report { overall_health: HEALTHY } } }
I20260630 12:23:13.272516 21135 raft_consensus.cc:2955] T 89da3bd8549041dd9fbf1c745c20eef1 P e03ee19d935c45f6b64fd6bf1dbc448b [term 1 FOLLOWER]: Committing config change with OpId 1.3: config changed from index 2 to 3, ccf5e2e949724dc0895dbca8bd047da3 (127.17.151.4) changed from NON_VOTER to VOTER. New config: { opid_index: 3 OBSOLETE_local: false peers { permanent_uuid: "b1bda0c8258d465abd4b60ae92b26089" member_type: VOTER last_known_addr { host: "127.17.151.1" port: 35405 } } peers { permanent_uuid: "626e77ba98934661857afd5a11ff8f1c" member_type: VOTER last_known_addr { host: "127.17.151.2" port: 40309 } } peers { permanent_uuid: "e03ee19d935c45f6b64fd6bf1dbc448b" member_type: VOTER last_known_addr { host: "127.17.151.3" port: 37975 } attrs { replace: true } } peers { permanent_uuid: "ccf5e2e949724dc0895dbca8bd047da3" member_type: VOTER last_known_addr { host: "127.17.151.4" port: 45249 } attrs { promote: false } } }
I20260630 12:23:13.273962 21289 raft_consensus.cc:2955] T 89da3bd8549041dd9fbf1c745c20eef1 P ccf5e2e949724dc0895dbca8bd047da3 [term 1 FOLLOWER]: Committing config change with OpId 1.3: config changed from index 2 to 3, ccf5e2e949724dc0895dbca8bd047da3 (127.17.151.4) changed from NON_VOTER to VOTER. New config: { opid_index: 3 OBSOLETE_local: false peers { permanent_uuid: "b1bda0c8258d465abd4b60ae92b26089" member_type: VOTER last_known_addr { host: "127.17.151.1" port: 35405 } } peers { permanent_uuid: "626e77ba98934661857afd5a11ff8f1c" member_type: VOTER last_known_addr { host: "127.17.151.2" port: 40309 } } peers { permanent_uuid: "e03ee19d935c45f6b64fd6bf1dbc448b" member_type: VOTER last_known_addr { host: "127.17.151.3" port: 37975 } attrs { replace: true } } peers { permanent_uuid: "ccf5e2e949724dc0895dbca8bd047da3" member_type: VOTER last_known_addr { host: "127.17.151.4" port: 45249 } attrs { promote: false } } }
I20260630 12:23:13.295981 20872 catalog_manager.cc:5028] TS ccf5e2e949724dc0895dbca8bd047da3 (127.17.151.4:45249): tablet 80a9937fc4c745aa98175d9aed73f69f (table range_aware_rebalance_new_range [id=6e9916958b1343129f1aa8d029461cee]) successfully deleted
I20260630 12:23:13.298754 21288 raft_consensus.cc:1275] T 38933710091f47068348018b8dc57331 P ccf5e2e949724dc0895dbca8bd047da3 [term 1 LEARNER]: Refusing update from remote peer e03ee19d935c45f6b64fd6bf1dbc448b: Log matching property violated. Preceding OpId in replica: term: 1 index: 2. Preceding OpId from leader: term: 1 index: 3. (index mismatch)
I20260630 12:23:13.300366 21523 consensus_queue.cc:1048] T 38933710091f47068348018b8dc57331 P e03ee19d935c45f6b64fd6bf1dbc448b [LEADER]: Connected to new peer: Peer: permanent_uuid: "ccf5e2e949724dc0895dbca8bd047da3" member_type: VOTER last_known_addr { host: "127.17.151.4" port: 45249 } attrs { promote: false }, Status: LMP_MISMATCH, Last received: 0.0, Next index: 3, Last known committed idx: 2, Time since last communication: 0.000s
I20260630 12:23:13.309396 20987 raft_consensus.cc:1275] T 38933710091f47068348018b8dc57331 P b1bda0c8258d465abd4b60ae92b26089 [term 1 FOLLOWER]: Refusing update from remote peer e03ee19d935c45f6b64fd6bf1dbc448b: Log matching property violated. Preceding OpId in replica: term: 1 index: 2. Preceding OpId from leader: term: 1 index: 3. (index mismatch)
I20260630 12:23:13.311905 20985 consensus_queue.cc:237] T 89da3bd8549041dd9fbf1c745c20eef1 P b1bda0c8258d465abd4b60ae92b26089 [LEADER]: Queue going to LEADER mode. State: All replicated index: 0, Majority replicated index: 3, Committed index: 3, Last appended: 1.3, Last appended by leader: 0, Current term: 1, Majority size: 2, State: 0, Mode: LEADER, active raft config: opid_index: 4 OBSOLETE_local: false peers { permanent_uuid: "b1bda0c8258d465abd4b60ae92b26089" member_type: VOTER last_known_addr { host: "127.17.151.1" port: 35405 } } peers { permanent_uuid: "626e77ba98934661857afd5a11ff8f1c" member_type: VOTER last_known_addr { host: "127.17.151.2" port: 40309 } } peers { permanent_uuid: "ccf5e2e949724dc0895dbca8bd047da3" member_type: VOTER last_known_addr { host: "127.17.151.4" port: 45249 } attrs { promote: false } }
I20260630 12:23:13.313611 21062 raft_consensus.cc:1275] T 38933710091f47068348018b8dc57331 P 626e77ba98934661857afd5a11ff8f1c [term 1 FOLLOWER]: Refusing update from remote peer e03ee19d935c45f6b64fd6bf1dbc448b: Log matching property violated. Preceding OpId in replica: term: 1 index: 2. Preceding OpId from leader: term: 1 index: 3. (index mismatch)
I20260630 12:23:13.317512 21518 consensus_queue.cc:1048] T 38933710091f47068348018b8dc57331 P e03ee19d935c45f6b64fd6bf1dbc448b [LEADER]: Connected to new peer: Peer: permanent_uuid: "626e77ba98934661857afd5a11ff8f1c" member_type: VOTER last_known_addr { host: "127.17.151.2" port: 40309 } attrs { replace: true }, Status: LMP_MISMATCH, Last received: 0.0, Next index: 3, Last known committed idx: 2, Time since last communication: 0.000s
I20260630 12:23:13.321056 21518 consensus_queue.cc:1048] T 38933710091f47068348018b8dc57331 P e03ee19d935c45f6b64fd6bf1dbc448b [LEADER]: Connected to new peer: Peer: permanent_uuid: "b1bda0c8258d465abd4b60ae92b26089" member_type: VOTER last_known_addr { host: "127.17.151.1" port: 35405 }, Status: LMP_MISMATCH, Last received: 0.0, Next index: 3, Last known committed idx: 2, Time since last communication: 0.000s
I20260630 12:23:13.330996 21062 raft_consensus.cc:1275] T 89da3bd8549041dd9fbf1c745c20eef1 P 626e77ba98934661857afd5a11ff8f1c [term 1 FOLLOWER]: Refusing update from remote peer b1bda0c8258d465abd4b60ae92b26089: Log matching property violated. Preceding OpId in replica: term: 1 index: 3. Preceding OpId from leader: term: 1 index: 4. (index mismatch)
I20260630 12:23:13.331787 21289 raft_consensus.cc:1275] T 89da3bd8549041dd9fbf1c745c20eef1 P ccf5e2e949724dc0895dbca8bd047da3 [term 1 FOLLOWER]: Refusing update from remote peer b1bda0c8258d465abd4b60ae92b26089: Log matching property violated. Preceding OpId in replica: term: 1 index: 3. Preceding OpId from leader: term: 1 index: 4. (index mismatch)
I20260630 12:23:13.332564 21547 consensus_queue.cc:1048] T 89da3bd8549041dd9fbf1c745c20eef1 P b1bda0c8258d465abd4b60ae92b26089 [LEADER]: Connected to new peer: Peer: permanent_uuid: "626e77ba98934661857afd5a11ff8f1c" member_type: VOTER last_known_addr { host: "127.17.151.2" port: 40309 }, Status: LMP_MISMATCH, Last received: 0.0, Next index: 4, Last known committed idx: 3, Time since last communication: 0.000s
I20260630 12:23:13.332446 21059 raft_consensus.cc:2955] T 38933710091f47068348018b8dc57331 P 626e77ba98934661857afd5a11ff8f1c [term 1 FOLLOWER]: Committing config change with OpId 1.3: config changed from index 2 to 3, ccf5e2e949724dc0895dbca8bd047da3 (127.17.151.4) changed from NON_VOTER to VOTER. New config: { opid_index: 3 OBSOLETE_local: false peers { permanent_uuid: "b1bda0c8258d465abd4b60ae92b26089" member_type: VOTER last_known_addr { host: "127.17.151.1" port: 35405 } } peers { permanent_uuid: "626e77ba98934661857afd5a11ff8f1c" member_type: VOTER last_known_addr { host: "127.17.151.2" port: 40309 } attrs { replace: true } } peers { permanent_uuid: "e03ee19d935c45f6b64fd6bf1dbc448b" member_type: VOTER last_known_addr { host: "127.17.151.3" port: 37975 } } peers { permanent_uuid: "ccf5e2e949724dc0895dbca8bd047da3" member_type: VOTER last_known_addr { host: "127.17.151.4" port: 45249 } attrs { promote: false } } }
I20260630 12:23:13.337543 21547 consensus_queue.cc:1048] T 89da3bd8549041dd9fbf1c745c20eef1 P b1bda0c8258d465abd4b60ae92b26089 [LEADER]: Connected to new peer: Peer: permanent_uuid: "ccf5e2e949724dc0895dbca8bd047da3" member_type: VOTER last_known_addr { host: "127.17.151.4" port: 45249 } attrs { promote: false }, Status: LMP_MISMATCH, Last received: 0.0, Next index: 4, Last known committed idx: 3, Time since last communication: 0.000s
I20260630 12:23:13.330953 21518 raft_consensus.cc:2955] T 38933710091f47068348018b8dc57331 P e03ee19d935c45f6b64fd6bf1dbc448b [term 1 LEADER]: Committing config change with OpId 1.3: config changed from index 2 to 3, ccf5e2e949724dc0895dbca8bd047da3 (127.17.151.4) changed from NON_VOTER to VOTER. New config: { opid_index: 3 OBSOLETE_local: false peers { permanent_uuid: "b1bda0c8258d465abd4b60ae92b26089" member_type: VOTER last_known_addr { host: "127.17.151.1" port: 35405 } } peers { permanent_uuid: "626e77ba98934661857afd5a11ff8f1c" member_type: VOTER last_known_addr { host: "127.17.151.2" port: 40309 } attrs { replace: true } } peers { permanent_uuid: "e03ee19d935c45f6b64fd6bf1dbc448b" member_type: VOTER last_known_addr { host: "127.17.151.3" port: 37975 } } peers { permanent_uuid: "ccf5e2e949724dc0895dbca8bd047da3" member_type: VOTER last_known_addr { host: "127.17.151.4" port: 45249 } attrs { promote: false } } }
I20260630 12:23:13.340039 21546 raft_consensus.cc:2955] T 89da3bd8549041dd9fbf1c745c20eef1 P b1bda0c8258d465abd4b60ae92b26089 [term 1 LEADER]: Committing config change with OpId 1.4: config changed from index 3 to 4, VOTER e03ee19d935c45f6b64fd6bf1dbc448b (127.17.151.3) evicted. New config: { opid_index: 4 OBSOLETE_local: false peers { permanent_uuid: "b1bda0c8258d465abd4b60ae92b26089" member_type: VOTER last_known_addr { host: "127.17.151.1" port: 35405 } } peers { permanent_uuid: "626e77ba98934661857afd5a11ff8f1c" member_type: VOTER last_known_addr { host: "127.17.151.2" port: 40309 } } peers { permanent_uuid: "ccf5e2e949724dc0895dbca8bd047da3" member_type: VOTER last_known_addr { host: "127.17.151.4" port: 45249 } attrs { promote: false } } }
I20260630 12:23:13.346454 21061 raft_consensus.cc:2955] T 89da3bd8549041dd9fbf1c745c20eef1 P 626e77ba98934661857afd5a11ff8f1c [term 1 FOLLOWER]: Committing config change with OpId 1.4: config changed from index 3 to 4, VOTER e03ee19d935c45f6b64fd6bf1dbc448b (127.17.151.3) evicted. New config: { opid_index: 4 OBSOLETE_local: false peers { permanent_uuid: "b1bda0c8258d465abd4b60ae92b26089" member_type: VOTER last_known_addr { host: "127.17.151.1" port: 35405 } } peers { permanent_uuid: "626e77ba98934661857afd5a11ff8f1c" member_type: VOTER last_known_addr { host: "127.17.151.2" port: 40309 } } peers { permanent_uuid: "ccf5e2e949724dc0895dbca8bd047da3" member_type: VOTER last_known_addr { host: "127.17.151.4" port: 45249 } attrs { promote: false } } }
I20260630 12:23:13.349182 20869 catalog_manager.cc:5210] ChangeConfig:REMOVE_PEER RPC for tablet 89da3bd8549041dd9fbf1c745c20eef1 with cas_config_opid_index 3: ChangeConfig:REMOVE_PEER succeeded (attempt 1)
I20260630 12:23:13.354892 20881 catalog_manager.cc:5697] T 89da3bd8549041dd9fbf1c745c20eef1 P b1bda0c8258d465abd4b60ae92b26089 reported cstate change: config changed from index 3 to 4, VOTER e03ee19d935c45f6b64fd6bf1dbc448b (127.17.151.3) evicted. New cstate: current_term: 1 leader_uuid: "b1bda0c8258d465abd4b60ae92b26089" committed_config { opid_index: 4 OBSOLETE_local: false peers { permanent_uuid: "b1bda0c8258d465abd4b60ae92b26089" member_type: VOTER last_known_addr { host: "127.17.151.1" port: 35405 } health_report { overall_health: HEALTHY } } peers { permanent_uuid: "626e77ba98934661857afd5a11ff8f1c" member_type: VOTER last_known_addr { host: "127.17.151.2" port: 40309 } health_report { overall_health: HEALTHY } } peers { permanent_uuid: "ccf5e2e949724dc0895dbca8bd047da3" member_type: VOTER last_known_addr { host: "127.17.151.4" port: 45249 } attrs { promote: false } health_report { overall_health: UNKNOWN } } }
I20260630 12:23:13.361168 20884 catalog_manager.cc:5697] T 38933710091f47068348018b8dc57331 P 626e77ba98934661857afd5a11ff8f1c reported cstate change: config changed from index 2 to 3, ccf5e2e949724dc0895dbca8bd047da3 (127.17.151.4) changed from NON_VOTER to VOTER. New cstate: current_term: 1 leader_uuid: "e03ee19d935c45f6b64fd6bf1dbc448b" committed_config { opid_index: 3 OBSOLETE_local: false peers { permanent_uuid: "b1bda0c8258d465abd4b60ae92b26089" member_type: VOTER last_known_addr { host: "127.17.151.1" port: 35405 } } peers { permanent_uuid: "626e77ba98934661857afd5a11ff8f1c" member_type: VOTER last_known_addr { host: "127.17.151.2" port: 40309 } attrs { replace: true } } peers { permanent_uuid: "e03ee19d935c45f6b64fd6bf1dbc448b" member_type: VOTER last_known_addr { host: "127.17.151.3" port: 37975 } } peers { permanent_uuid: "ccf5e2e949724dc0895dbca8bd047da3" member_type: VOTER last_known_addr { host: "127.17.151.4" port: 45249 } attrs { promote: false } } }
I20260630 12:23:13.358397 20987 raft_consensus.cc:2955] T 38933710091f47068348018b8dc57331 P b1bda0c8258d465abd4b60ae92b26089 [term 1 FOLLOWER]: Committing config change with OpId 1.3: config changed from index 2 to 3, ccf5e2e949724dc0895dbca8bd047da3 (127.17.151.4) changed from NON_VOTER to VOTER. New config: { opid_index: 3 OBSOLETE_local: false peers { permanent_uuid: "b1bda0c8258d465abd4b60ae92b26089" member_type: VOTER last_known_addr { host: "127.17.151.1" port: 35405 } } peers { permanent_uuid: "626e77ba98934661857afd5a11ff8f1c" member_type: VOTER last_known_addr { host: "127.17.151.2" port: 40309 } attrs { replace: true } } peers { permanent_uuid: "e03ee19d935c45f6b64fd6bf1dbc448b" member_type: VOTER last_known_addr { host: "127.17.151.3" port: 37975 } } peers { permanent_uuid: "ccf5e2e949724dc0895dbca8bd047da3" member_type: VOTER last_known_addr { host: "127.17.151.4" port: 45249 } attrs { promote: false } } }
I20260630 12:23:13.365442 21288 raft_consensus.cc:2955] T 89da3bd8549041dd9fbf1c745c20eef1 P ccf5e2e949724dc0895dbca8bd047da3 [term 1 FOLLOWER]: Committing config change with OpId 1.4: config changed from index 3 to 4, VOTER e03ee19d935c45f6b64fd6bf1dbc448b (127.17.151.3) evicted. New config: { opid_index: 4 OBSOLETE_local: false peers { permanent_uuid: "b1bda0c8258d465abd4b60ae92b26089" member_type: VOTER last_known_addr { host: "127.17.151.1" port: 35405 } } peers { permanent_uuid: "626e77ba98934661857afd5a11ff8f1c" member_type: VOTER last_known_addr { host: "127.17.151.2" port: 40309 } } peers { permanent_uuid: "ccf5e2e949724dc0895dbca8bd047da3" member_type: VOTER last_known_addr { host: "127.17.151.4" port: 45249 } attrs { promote: false } } }
I20260630 12:23:13.361755 21289 raft_consensus.cc:2955] T 38933710091f47068348018b8dc57331 P ccf5e2e949724dc0895dbca8bd047da3 [term 1 FOLLOWER]: Committing config change with OpId 1.3: config changed from index 2 to 3, ccf5e2e949724dc0895dbca8bd047da3 (127.17.151.4) changed from NON_VOTER to VOTER. New config: { opid_index: 3 OBSOLETE_local: false peers { permanent_uuid: "b1bda0c8258d465abd4b60ae92b26089" member_type: VOTER last_known_addr { host: "127.17.151.1" port: 35405 } } peers { permanent_uuid: "626e77ba98934661857afd5a11ff8f1c" member_type: VOTER last_known_addr { host: "127.17.151.2" port: 40309 } attrs { replace: true } } peers { permanent_uuid: "e03ee19d935c45f6b64fd6bf1dbc448b" member_type: VOTER last_known_addr { host: "127.17.151.3" port: 37975 } } peers { permanent_uuid: "ccf5e2e949724dc0895dbca8bd047da3" member_type: VOTER last_known_addr { host: "127.17.151.4" port: 45249 } attrs { promote: false } } }
I20260630 12:23:13.372799 21120 tablet_service.cc:1558] Processing DeleteTablet for tablet 89da3bd8549041dd9fbf1c745c20eef1 with delete_type TABLET_DATA_TOMBSTONED (TS e03ee19d935c45f6b64fd6bf1dbc448b not found in new config with opid_index 4) from {username='slave'} at 127.0.0.1:38984
I20260630 12:23:13.383673 21135 consensus_queue.cc:237] T 38933710091f47068348018b8dc57331 P e03ee19d935c45f6b64fd6bf1dbc448b [LEADER]: Queue going to LEADER mode. State: All replicated index: 0, Majority replicated index: 3, Committed index: 3, Last appended: 1.3, Last appended by leader: 0, Current term: 1, Majority size: 2, State: 0, Mode: LEADER, active raft config: opid_index: 4 OBSOLETE_local: false peers { permanent_uuid: "b1bda0c8258d465abd4b60ae92b26089" member_type: VOTER last_known_addr { host: "127.17.151.1" port: 35405 } } peers { permanent_uuid: "e03ee19d935c45f6b64fd6bf1dbc448b" member_type: VOTER last_known_addr { host: "127.17.151.3" port: 37975 } } peers { permanent_uuid: "ccf5e2e949724dc0895dbca8bd047da3" member_type: VOTER last_known_addr { host: "127.17.151.4" port: 45249 } attrs { promote: false } }
I20260630 12:23:13.392537 20987 raft_consensus.cc:1275] T 38933710091f47068348018b8dc57331 P b1bda0c8258d465abd4b60ae92b26089 [term 1 FOLLOWER]: Refusing update from remote peer e03ee19d935c45f6b64fd6bf1dbc448b: Log matching property violated. Preceding OpId in replica: term: 1 index: 3. Preceding OpId from leader: term: 1 index: 4. (index mismatch)
I20260630 12:23:13.393496 21557 tablet_replica.cc:333] T 89da3bd8549041dd9fbf1c745c20eef1 P e03ee19d935c45f6b64fd6bf1dbc448b: stopping tablet replica
I20260630 12:23:13.394485 21557 raft_consensus.cc:2243] T 89da3bd8549041dd9fbf1c745c20eef1 P e03ee19d935c45f6b64fd6bf1dbc448b [term 1 FOLLOWER]: Raft consensus shutting down.
I20260630 12:23:13.395139 21557 raft_consensus.cc:2272] T 89da3bd8549041dd9fbf1c745c20eef1 P e03ee19d935c45f6b64fd6bf1dbc448b [term 1 FOLLOWER]: Raft consensus is shut down!
I20260630 12:23:13.395776 21527 consensus_queue.cc:1048] T 38933710091f47068348018b8dc57331 P e03ee19d935c45f6b64fd6bf1dbc448b [LEADER]: Connected to new peer: Peer: permanent_uuid: "b1bda0c8258d465abd4b60ae92b26089" member_type: VOTER last_known_addr { host: "127.17.151.1" port: 35405 }, Status: LMP_MISMATCH, Last received: 0.0, Next index: 4, Last known committed idx: 3, Time since last communication: 0.000s
I20260630 12:23:13.399323 21557 ts_tablet_manager.cc:1916] T 89da3bd8549041dd9fbf1c745c20eef1 P e03ee19d935c45f6b64fd6bf1dbc448b: Deleting tablet data with delete state TABLET_DATA_TOMBSTONED
I20260630 12:23:13.401789 21518 raft_consensus.cc:2955] T 38933710091f47068348018b8dc57331 P e03ee19d935c45f6b64fd6bf1dbc448b [term 1 LEADER]: Committing config change with OpId 1.4: config changed from index 3 to 4, VOTER 626e77ba98934661857afd5a11ff8f1c (127.17.151.2) evicted. New config: { opid_index: 4 OBSOLETE_local: false peers { permanent_uuid: "b1bda0c8258d465abd4b60ae92b26089" member_type: VOTER last_known_addr { host: "127.17.151.1" port: 35405 } } peers { permanent_uuid: "e03ee19d935c45f6b64fd6bf1dbc448b" member_type: VOTER last_known_addr { host: "127.17.151.3" port: 37975 } } peers { permanent_uuid: "ccf5e2e949724dc0895dbca8bd047da3" member_type: VOTER last_known_addr { host: "127.17.151.4" port: 45249 } attrs { promote: false } } }
I20260630 12:23:13.403882 20987 raft_consensus.cc:2955] T 38933710091f47068348018b8dc57331 P b1bda0c8258d465abd4b60ae92b26089 [term 1 FOLLOWER]: Committing config change with OpId 1.4: config changed from index 3 to 4, VOTER 626e77ba98934661857afd5a11ff8f1c (127.17.151.2) evicted. New config: { opid_index: 4 OBSOLETE_local: false peers { permanent_uuid: "b1bda0c8258d465abd4b60ae92b26089" member_type: VOTER last_known_addr { host: "127.17.151.1" port: 35405 } } peers { permanent_uuid: "e03ee19d935c45f6b64fd6bf1dbc448b" member_type: VOTER last_known_addr { host: "127.17.151.3" port: 37975 } } peers { permanent_uuid: "ccf5e2e949724dc0895dbca8bd047da3" member_type: VOTER last_known_addr { host: "127.17.151.4" port: 45249 } attrs { promote: false } } }
I20260630 12:23:13.405069 21289 raft_consensus.cc:1275] T 38933710091f47068348018b8dc57331 P ccf5e2e949724dc0895dbca8bd047da3 [term 1 FOLLOWER]: Refusing update from remote peer e03ee19d935c45f6b64fd6bf1dbc448b: Log matching property violated. Preceding OpId in replica: term: 1 index: 3. Preceding OpId from leader: term: 1 index: 4. (index mismatch)
I20260630 12:23:13.406433 21527 consensus_queue.cc:1048] T 38933710091f47068348018b8dc57331 P e03ee19d935c45f6b64fd6bf1dbc448b [LEADER]: Connected to new peer: Peer: permanent_uuid: "ccf5e2e949724dc0895dbca8bd047da3" member_type: VOTER last_known_addr { host: "127.17.151.4" port: 45249 } attrs { promote: false }, Status: LMP_MISMATCH, Last received: 0.0, Next index: 4, Last known committed idx: 3, Time since last communication: 0.000s
I20260630 12:23:13.414122 20872 catalog_manager.cc:5210] ChangeConfig:REMOVE_PEER RPC for tablet 38933710091f47068348018b8dc57331 with cas_config_opid_index 3: ChangeConfig:REMOVE_PEER succeeded (attempt 1)
I20260630 12:23:13.419328 20882 catalog_manager.cc:5697] T 38933710091f47068348018b8dc57331 P b1bda0c8258d465abd4b60ae92b26089 reported cstate change: config changed from index 3 to 4, VOTER 626e77ba98934661857afd5a11ff8f1c (127.17.151.2) evicted. New cstate: current_term: 1 leader_uuid: "e03ee19d935c45f6b64fd6bf1dbc448b" committed_config { opid_index: 4 OBSOLETE_local: false peers { permanent_uuid: "b1bda0c8258d465abd4b60ae92b26089" member_type: VOTER last_known_addr { host: "127.17.151.1" port: 35405 } } peers { permanent_uuid: "e03ee19d935c45f6b64fd6bf1dbc448b" member_type: VOTER last_known_addr { host: "127.17.151.3" port: 37975 } } peers { permanent_uuid: "ccf5e2e949724dc0895dbca8bd047da3" member_type: VOTER last_known_addr { host: "127.17.151.4" port: 45249 } attrs { promote: false } } }
I20260630 12:23:13.421546 21287 raft_consensus.cc:2955] T 38933710091f47068348018b8dc57331 P ccf5e2e949724dc0895dbca8bd047da3 [term 1 FOLLOWER]: Committing config change with OpId 1.4: config changed from index 3 to 4, VOTER 626e77ba98934661857afd5a11ff8f1c (127.17.151.2) evicted. New config: { opid_index: 4 OBSOLETE_local: false peers { permanent_uuid: "b1bda0c8258d465abd4b60ae92b26089" member_type: VOTER last_known_addr { host: "127.17.151.1" port: 35405 } } peers { permanent_uuid: "e03ee19d935c45f6b64fd6bf1dbc448b" member_type: VOTER last_known_addr { host: "127.17.151.3" port: 37975 } } peers { permanent_uuid: "ccf5e2e949724dc0895dbca8bd047da3" member_type: VOTER last_known_addr { host: "127.17.151.4" port: 45249 } attrs { promote: false } } }
I20260630 12:23:13.430074 21048 tablet_service.cc:1558] Processing DeleteTablet for tablet 38933710091f47068348018b8dc57331 with delete_type TABLET_DATA_TOMBSTONED (TS 626e77ba98934661857afd5a11ff8f1c not found in new config with opid_index 4) from {username='slave'} at 127.0.0.1:44598
I20260630 12:23:13.438302 21557 ts_tablet_manager.cc:1929] T 89da3bd8549041dd9fbf1c745c20eef1 P e03ee19d935c45f6b64fd6bf1dbc448b: tablet deleted with delete type TABLET_DATA_TOMBSTONED: last-logged OpId 1.3
I20260630 12:23:13.440567 21557 log.cc:1199] T 89da3bd8549041dd9fbf1c745c20eef1 P e03ee19d935c45f6b64fd6bf1dbc448b: Deleting WAL directory at /tmp/dist-test-taskiTH7cI/test-tmp/auto_rebalancer-test.0.AutoRebalancerTest.RangeAwareRebalancesNewRangeReplicas.1782822103669802-18012-0/minicluster-data/ts-2-root/wals/89da3bd8549041dd9fbf1c745c20eef1
I20260630 12:23:13.442029 20872 catalog_manager.cc:5028] TS e03ee19d935c45f6b64fd6bf1dbc448b (127.17.151.3:37975): tablet 89da3bd8549041dd9fbf1c745c20eef1 (table range_aware_rebalance_new_range [id=6e9916958b1343129f1aa8d029461cee]) successfully deleted
I20260630 12:23:13.443162 21558 tablet_replica.cc:333] T 38933710091f47068348018b8dc57331 P 626e77ba98934661857afd5a11ff8f1c: stopping tablet replica
I20260630 12:23:13.443811 21558 raft_consensus.cc:2243] T 38933710091f47068348018b8dc57331 P 626e77ba98934661857afd5a11ff8f1c [term 1 FOLLOWER]: Raft consensus shutting down.
I20260630 12:23:13.444275 21558 raft_consensus.cc:2272] T 38933710091f47068348018b8dc57331 P 626e77ba98934661857afd5a11ff8f1c [term 1 FOLLOWER]: Raft consensus is shut down!
I20260630 12:23:13.446583 21558 ts_tablet_manager.cc:1916] T 38933710091f47068348018b8dc57331 P 626e77ba98934661857afd5a11ff8f1c: Deleting tablet data with delete state TABLET_DATA_TOMBSTONED
I20260630 12:23:13.449024 18012 tablet_server.cc:179] TabletServer@127.17.151.1:0 shutting down...
I20260630 12:23:13.463548 21558 ts_tablet_manager.cc:1929] T 38933710091f47068348018b8dc57331 P 626e77ba98934661857afd5a11ff8f1c: tablet deleted with delete type TABLET_DATA_TOMBSTONED: last-logged OpId 1.3
I20260630 12:23:13.464033 21558 log.cc:1199] T 38933710091f47068348018b8dc57331 P 626e77ba98934661857afd5a11ff8f1c: Deleting WAL directory at /tmp/dist-test-taskiTH7cI/test-tmp/auto_rebalancer-test.0.AutoRebalancerTest.RangeAwareRebalancesNewRangeReplicas.1782822103669802-18012-0/minicluster-data/ts-1-root/wals/38933710091f47068348018b8dc57331
I20260630 12:23:13.466050 20869 catalog_manager.cc:5028] TS 626e77ba98934661857afd5a11ff8f1c (127.17.151.2:40309): tablet 38933710091f47068348018b8dc57331 (table range_aware_rebalance_new_range [id=6e9916958b1343129f1aa8d029461cee]) successfully deleted
I20260630 12:23:13.473488 18012 ts_tablet_manager.cc:1507] Shutting down tablet manager...
I20260630 12:23:13.474102 18012 tablet_replica.cc:333] T 80a9937fc4c745aa98175d9aed73f69f P b1bda0c8258d465abd4b60ae92b26089: stopping tablet replica
I20260630 12:23:13.474673 18012 raft_consensus.cc:2243] T 80a9937fc4c745aa98175d9aed73f69f P b1bda0c8258d465abd4b60ae92b26089 [term 1 FOLLOWER]: Raft consensus shutting down.
I20260630 12:23:13.475418 18012 raft_consensus.cc:2272] T 80a9937fc4c745aa98175d9aed73f69f P b1bda0c8258d465abd4b60ae92b26089 [term 1 FOLLOWER]: Raft consensus is shut down!
I20260630 12:23:13.477761 18012 tablet_replica.cc:333] T b8960c43102a44e4a97c4237d05e780a P b1bda0c8258d465abd4b60ae92b26089: stopping tablet replica
I20260630 12:23:13.478296 18012 raft_consensus.cc:2243] T b8960c43102a44e4a97c4237d05e780a P b1bda0c8258d465abd4b60ae92b26089 [term 2 FOLLOWER]: Raft consensus shutting down.
I20260630 12:23:13.478681 18012 raft_consensus.cc:2272] T b8960c43102a44e4a97c4237d05e780a P b1bda0c8258d465abd4b60ae92b26089 [term 2 FOLLOWER]: Raft consensus is shut down!
I20260630 12:23:13.480271 18012 tablet_replica.cc:333] T e55c49660eaf4532b3f0bd2d27c58043 P b1bda0c8258d465abd4b60ae92b26089: stopping tablet replica
I20260630 12:23:13.480762 18012 raft_consensus.cc:2243] T e55c49660eaf4532b3f0bd2d27c58043 P b1bda0c8258d465abd4b60ae92b26089 [term 2 FOLLOWER]: Raft consensus shutting down.
I20260630 12:23:13.481173 18012 raft_consensus.cc:2272] T e55c49660eaf4532b3f0bd2d27c58043 P b1bda0c8258d465abd4b60ae92b26089 [term 2 FOLLOWER]: Raft consensus is shut down!
I20260630 12:23:13.482703 18012 tablet_replica.cc:333] T a2287e19b0864fd7a22971a108bb5e74 P b1bda0c8258d465abd4b60ae92b26089: stopping tablet replica
I20260630 12:23:13.483213 18012 raft_consensus.cc:2243] T a2287e19b0864fd7a22971a108bb5e74 P b1bda0c8258d465abd4b60ae92b26089 [term 1 FOLLOWER]: Raft consensus shutting down.
I20260630 12:23:13.483567 18012 raft_consensus.cc:2272] T a2287e19b0864fd7a22971a108bb5e74 P b1bda0c8258d465abd4b60ae92b26089 [term 1 FOLLOWER]: Raft consensus is shut down!
I20260630 12:23:13.485145 18012 tablet_replica.cc:333] T 08a4f0e36a0a421d8f87716b10588949 P b1bda0c8258d465abd4b60ae92b26089: stopping tablet replica
I20260630 12:23:13.485630 18012 raft_consensus.cc:2243] T 08a4f0e36a0a421d8f87716b10588949 P b1bda0c8258d465abd4b60ae92b26089 [term 1 FOLLOWER]: Raft consensus shutting down.
I20260630 12:23:13.486042 18012 raft_consensus.cc:2272] T 08a4f0e36a0a421d8f87716b10588949 P b1bda0c8258d465abd4b60ae92b26089 [term 1 FOLLOWER]: Raft consensus is shut down!
I20260630 12:23:13.487581 18012 tablet_replica.cc:333] T b89e173942cf4c3e80fab258b1a79767 P b1bda0c8258d465abd4b60ae92b26089: stopping tablet replica
I20260630 12:23:13.488085 18012 raft_consensus.cc:2243] T b89e173942cf4c3e80fab258b1a79767 P b1bda0c8258d465abd4b60ae92b26089 [term 1 LEADER]: Raft consensus shutting down.
I20260630 12:23:13.488742 18012 raft_consensus.cc:2272] T b89e173942cf4c3e80fab258b1a79767 P b1bda0c8258d465abd4b60ae92b26089 [term 1 FOLLOWER]: Raft consensus is shut down!
I20260630 12:23:13.490350 18012 tablet_replica.cc:333] T 38933710091f47068348018b8dc57331 P b1bda0c8258d465abd4b60ae92b26089: stopping tablet replica
I20260630 12:23:13.490825 18012 raft_consensus.cc:2243] T 38933710091f47068348018b8dc57331 P b1bda0c8258d465abd4b60ae92b26089 [term 1 FOLLOWER]: Raft consensus shutting down.
I20260630 12:23:13.491320 18012 raft_consensus.cc:2272] T 38933710091f47068348018b8dc57331 P b1bda0c8258d465abd4b60ae92b26089 [term 1 FOLLOWER]: Raft consensus is shut down!
I20260630 12:23:13.493913 18012 tablet_replica.cc:333] T 89da3bd8549041dd9fbf1c745c20eef1 P b1bda0c8258d465abd4b60ae92b26089: stopping tablet replica
I20260630 12:23:13.494464 18012 raft_consensus.cc:2243] T 89da3bd8549041dd9fbf1c745c20eef1 P b1bda0c8258d465abd4b60ae92b26089 [term 1 LEADER]: Raft consensus shutting down.
I20260630 12:23:13.495247 18012 raft_consensus.cc:2272] T 89da3bd8549041dd9fbf1c745c20eef1 P b1bda0c8258d465abd4b60ae92b26089 [term 1 FOLLOWER]: Raft consensus is shut down!
I20260630 12:23:13.497115 18012 tablet_replica.cc:333] T 770d584540c449fd92de2477c80b7ced P b1bda0c8258d465abd4b60ae92b26089: stopping tablet replica
I20260630 12:23:13.497583 18012 raft_consensus.cc:2243] T 770d584540c449fd92de2477c80b7ced P b1bda0c8258d465abd4b60ae92b26089 [term 1 FOLLOWER]: Raft consensus shutting down.
I20260630 12:23:13.498039 18012 raft_consensus.cc:2272] T 770d584540c449fd92de2477c80b7ced P b1bda0c8258d465abd4b60ae92b26089 [term 1 FOLLOWER]: Raft consensus is shut down!
I20260630 12:23:13.499814 18012 tablet_replica.cc:333] T 37c3008b13a74f32aa8e758843140637 P b1bda0c8258d465abd4b60ae92b26089: stopping tablet replica
I20260630 12:23:13.500289 18012 raft_consensus.cc:2243] T 37c3008b13a74f32aa8e758843140637 P b1bda0c8258d465abd4b60ae92b26089 [term 2 LEADER]: Raft consensus shutting down.
I20260630 12:23:13.500914 18012 raft_consensus.cc:2272] T 37c3008b13a74f32aa8e758843140637 P b1bda0c8258d465abd4b60ae92b26089 [term 2 FOLLOWER]: Raft consensus is shut down!
I20260630 12:23:13.502507 18012 tablet_replica.cc:333] T 7e6bcd3d1b4441dc80a5a2924256d9bf P b1bda0c8258d465abd4b60ae92b26089: stopping tablet replica
I20260630 12:23:13.502931 18012 raft_consensus.cc:2243] T 7e6bcd3d1b4441dc80a5a2924256d9bf P b1bda0c8258d465abd4b60ae92b26089 [term 1 LEADER]: Raft consensus shutting down.
I20260630 12:23:13.503549 18012 raft_consensus.cc:2272] T 7e6bcd3d1b4441dc80a5a2924256d9bf P b1bda0c8258d465abd4b60ae92b26089 [term 1 FOLLOWER]: Raft consensus is shut down!
I20260630 12:23:13.505211 18012 tablet_replica.cc:333] T 6fb47879a832432c9cbb9dd40f2562b3 P b1bda0c8258d465abd4b60ae92b26089: stopping tablet replica
I20260630 12:23:13.505659 18012 raft_consensus.cc:2243] T 6fb47879a832432c9cbb9dd40f2562b3 P b1bda0c8258d465abd4b60ae92b26089 [term 1 FOLLOWER]: Raft consensus shutting down.
I20260630 12:23:13.506018 18012 raft_consensus.cc:2272] T 6fb47879a832432c9cbb9dd40f2562b3 P b1bda0c8258d465abd4b60ae92b26089 [term 1 FOLLOWER]: Raft consensus is shut down!
I20260630 12:23:13.534983 18012 tablet_server.cc:196] TabletServer@127.17.151.1:0 shutdown complete.
I20260630 12:23:13.553006 18012 tablet_server.cc:179] TabletServer@127.17.151.2:0 shutting down...
W20260630 12:23:13.557909 21099 proxy.cc:239] Call had error, refreshing address and retrying: Remote error: Service unavailable: service kudu.consensus.ConsensusService not registered on TabletServer [suppressed 1 similar messages]
W20260630 12:23:13.561928 21099 consensus_peers.cc:597] T a2287e19b0864fd7a22971a108bb5e74 P e03ee19d935c45f6b64fd6bf1dbc448b -> Peer 626e77ba98934661857afd5a11ff8f1c (127.17.151.2:40309): Couldn't send request to peer 626e77ba98934661857afd5a11ff8f1c. Status: Remote error: Service unavailable: service kudu.consensus.ConsensusService not registered on TabletServer. This is attempt 1: this message will repeat every 5th retry.
I20260630 12:23:13.576181 18012 ts_tablet_manager.cc:1507] Shutting down tablet manager...
I20260630 12:23:13.577013 18012 tablet_replica.cc:333] T 770d584540c449fd92de2477c80b7ced P 626e77ba98934661857afd5a11ff8f1c: stopping tablet replica
I20260630 12:23:13.577859 18012 raft_consensus.cc:2243] T 770d584540c449fd92de2477c80b7ced P 626e77ba98934661857afd5a11ff8f1c [term 1 FOLLOWER]: Raft consensus shutting down.
I20260630 12:23:13.578534 18012 raft_consensus.cc:2272] T 770d584540c449fd92de2477c80b7ced P 626e77ba98934661857afd5a11ff8f1c [term 1 FOLLOWER]: Raft consensus is shut down!
I20260630 12:23:13.580919 18012 tablet_replica.cc:333] T 80a9937fc4c745aa98175d9aed73f69f P 626e77ba98934661857afd5a11ff8f1c: stopping tablet replica
I20260630 12:23:13.581488 18012 raft_consensus.cc:2243] T 80a9937fc4c745aa98175d9aed73f69f P 626e77ba98934661857afd5a11ff8f1c [term 1 LEADER]: Raft consensus shutting down.
I20260630 12:23:13.582427 18012 raft_consensus.cc:2272] T 80a9937fc4c745aa98175d9aed73f69f P 626e77ba98934661857afd5a11ff8f1c [term 1 FOLLOWER]: Raft consensus is shut down!
W20260630 12:23:13.584281 21245 consensus_peers.cc:597] T e55c49660eaf4532b3f0bd2d27c58043 P ccf5e2e949724dc0895dbca8bd047da3 -> Peer 626e77ba98934661857afd5a11ff8f1c (127.17.151.2:40309): Couldn't send request to peer 626e77ba98934661857afd5a11ff8f1c. Status: Remote error: Service unavailable: service kudu.consensus.ConsensusService not registered on TabletServer. This is attempt 1: this message will repeat every 5th retry.
I20260630 12:23:13.585071 18012 tablet_replica.cc:333] T 93396cae6dc344ab8236fddbb1e20986 P 626e77ba98934661857afd5a11ff8f1c: stopping tablet replica
I20260630 12:23:13.585826 18012 raft_consensus.cc:2243] T 93396cae6dc344ab8236fddbb1e20986 P 626e77ba98934661857afd5a11ff8f1c [term 1 LEADER]: Raft consensus shutting down.
I20260630 12:23:13.586620 18012 raft_consensus.cc:2272] T 93396cae6dc344ab8236fddbb1e20986 P 626e77ba98934661857afd5a11ff8f1c [term 1 FOLLOWER]: Raft consensus is shut down!
W20260630 12:23:13.586984 21245 consensus_peers.cc:597] T 6fb47879a832432c9cbb9dd40f2562b3 P ccf5e2e949724dc0895dbca8bd047da3 -> Peer b1bda0c8258d465abd4b60ae92b26089 (127.17.151.1:35405): Couldn't send request to peer b1bda0c8258d465abd4b60ae92b26089. Status: Network error: Client connection negotiation failed: client connection to 127.17.151.1:35405: connect: Connection refused (error 111). This is attempt 1: this message will repeat every 5th retry.
I20260630 12:23:13.588302 18012 tablet_replica.cc:333] T 6fb47879a832432c9cbb9dd40f2562b3 P 626e77ba98934661857afd5a11ff8f1c: stopping tablet replica
I20260630 12:23:13.588809 18012 raft_consensus.cc:2243] T 6fb47879a832432c9cbb9dd40f2562b3 P 626e77ba98934661857afd5a11ff8f1c [term 1 FOLLOWER]: Raft consensus shutting down.
I20260630 12:23:13.589181 18012 raft_consensus.cc:2272] T 6fb47879a832432c9cbb9dd40f2562b3 P 626e77ba98934661857afd5a11ff8f1c [term 1 FOLLOWER]: Raft consensus is shut down!
I20260630 12:23:13.590713 18012 tablet_replica.cc:333] T 89da3bd8549041dd9fbf1c745c20eef1 P 626e77ba98934661857afd5a11ff8f1c: stopping tablet replica
I20260630 12:23:13.591168 18012 raft_consensus.cc:2243] T 89da3bd8549041dd9fbf1c745c20eef1 P 626e77ba98934661857afd5a11ff8f1c [term 1 FOLLOWER]: Raft consensus shutting down.
I20260630 12:23:13.591575 18012 raft_consensus.cc:2272] T 89da3bd8549041dd9fbf1c745c20eef1 P 626e77ba98934661857afd5a11ff8f1c [term 1 FOLLOWER]: Raft consensus is shut down!
I20260630 12:23:13.593416 18012 tablet_replica.cc:333] T 70b7ad2bba334a86a67416ed878e15f7 P 626e77ba98934661857afd5a11ff8f1c: stopping tablet replica
I20260630 12:23:13.593874 18012 raft_consensus.cc:2243] T 70b7ad2bba334a86a67416ed878e15f7 P 626e77ba98934661857afd5a11ff8f1c [term 1 FOLLOWER]: Raft consensus shutting down.
I20260630 12:23:13.594247 18012 raft_consensus.cc:2272] T 70b7ad2bba334a86a67416ed878e15f7 P 626e77ba98934661857afd5a11ff8f1c [term 1 FOLLOWER]: Raft consensus is shut down!
I20260630 12:23:13.595702 18012 tablet_replica.cc:333] T e55c49660eaf4532b3f0bd2d27c58043 P 626e77ba98934661857afd5a11ff8f1c: stopping tablet replica
I20260630 12:23:13.596240 18012 raft_consensus.cc:2243] T e55c49660eaf4532b3f0bd2d27c58043 P 626e77ba98934661857afd5a11ff8f1c [term 2 FOLLOWER]: Raft consensus shutting down.
I20260630 12:23:13.596572 18012 raft_consensus.cc:2272] T e55c49660eaf4532b3f0bd2d27c58043 P 626e77ba98934661857afd5a11ff8f1c [term 2 FOLLOWER]: Raft consensus is shut down!
I20260630 12:23:13.598399 18012 tablet_replica.cc:333] T a2287e19b0864fd7a22971a108bb5e74 P 626e77ba98934661857afd5a11ff8f1c: stopping tablet replica
I20260630 12:23:13.598824 18012 raft_consensus.cc:2243] T a2287e19b0864fd7a22971a108bb5e74 P 626e77ba98934661857afd5a11ff8f1c [term 1 FOLLOWER]: Raft consensus shutting down.
I20260630 12:23:13.599141 18012 raft_consensus.cc:2272] T a2287e19b0864fd7a22971a108bb5e74 P 626e77ba98934661857afd5a11ff8f1c [term 1 FOLLOWER]: Raft consensus is shut down!
I20260630 12:23:13.600512 18012 tablet_replica.cc:333] T 37c3008b13a74f32aa8e758843140637 P 626e77ba98934661857afd5a11ff8f1c: stopping tablet replica
I20260630 12:23:13.600919 18012 raft_consensus.cc:2243] T 37c3008b13a74f32aa8e758843140637 P 626e77ba98934661857afd5a11ff8f1c [term 2 FOLLOWER]: Raft consensus shutting down.
I20260630 12:23:13.601280 18012 raft_consensus.cc:2272] T 37c3008b13a74f32aa8e758843140637 P 626e77ba98934661857afd5a11ff8f1c [term 2 FOLLOWER]: Raft consensus is shut down!
I20260630 12:23:13.602702 18012 tablet_replica.cc:333] T 4a7bea11e20c455eb7385c4b6b1ef324 P 626e77ba98934661857afd5a11ff8f1c: stopping tablet replica
I20260630 12:23:13.603087 18012 raft_consensus.cc:2243] T 4a7bea11e20c455eb7385c4b6b1ef324 P 626e77ba98934661857afd5a11ff8f1c [term 1 FOLLOWER]: Raft consensus shutting down.
I20260630 12:23:13.603394 18012 raft_consensus.cc:2272] T 4a7bea11e20c455eb7385c4b6b1ef324 P 626e77ba98934661857afd5a11ff8f1c [term 1 FOLLOWER]: Raft consensus is shut down!
I20260630 12:23:13.604820 18012 tablet_replica.cc:333] T 08a4f0e36a0a421d8f87716b10588949 P 626e77ba98934661857afd5a11ff8f1c: stopping tablet replica
I20260630 12:23:13.605260 18012 raft_consensus.cc:2243] T 08a4f0e36a0a421d8f87716b10588949 P 626e77ba98934661857afd5a11ff8f1c [term 1 LEADER]: Raft consensus shutting down.
I20260630 12:23:13.605887 18012 raft_consensus.cc:2272] T 08a4f0e36a0a421d8f87716b10588949 P 626e77ba98934661857afd5a11ff8f1c [term 1 FOLLOWER]: Raft consensus is shut down!
I20260630 12:23:13.607755 18012 tablet_replica.cc:333] T 58dbe9dac1734e40adba3a83e1713169 P 626e77ba98934661857afd5a11ff8f1c: stopping tablet replica
I20260630 12:23:13.608207 18012 raft_consensus.cc:2243] T 58dbe9dac1734e40adba3a83e1713169 P 626e77ba98934661857afd5a11ff8f1c [term 1 LEADER]: Raft consensus shutting down.
I20260630 12:23:13.609014 18012 raft_consensus.cc:2272] T 58dbe9dac1734e40adba3a83e1713169 P 626e77ba98934661857afd5a11ff8f1c [term 1 FOLLOWER]: Raft consensus is shut down!
W20260630 12:23:13.610105 21245 consensus_peers.cc:597] T 6fb47879a832432c9cbb9dd40f2562b3 P ccf5e2e949724dc0895dbca8bd047da3 -> Peer 626e77ba98934661857afd5a11ff8f1c (127.17.151.2:40309): Couldn't send request to peer 626e77ba98934661857afd5a11ff8f1c. Status: Remote error: Service unavailable: service kudu.consensus.ConsensusService not registered on TabletServer. This is attempt 1: this message will repeat every 5th retry.
W20260630 12:23:13.630558 21099 consensus_peers.cc:597] T 770d584540c449fd92de2477c80b7ced P e03ee19d935c45f6b64fd6bf1dbc448b -> Peer 626e77ba98934661857afd5a11ff8f1c (127.17.151.2:40309): Couldn't send request to peer 626e77ba98934661857afd5a11ff8f1c. Status: Network error: Client connection negotiation failed: client connection to 127.17.151.2:40309: connect: Connection refused (error 111). This is attempt 1: this message will repeat every 5th retry.
I20260630 12:23:13.630693 18012 tablet_server.cc:196] TabletServer@127.17.151.2:0 shutdown complete.
I20260630 12:23:13.649257 18012 tablet_server.cc:179] TabletServer@127.17.151.3:0 shutting down...
W20260630 12:23:13.660055 21248 consensus_peers.cc:597] T 4a7bea11e20c455eb7385c4b6b1ef324 P ccf5e2e949724dc0895dbca8bd047da3 -> Peer e03ee19d935c45f6b64fd6bf1dbc448b (127.17.151.3:37975): Couldn't send request to peer e03ee19d935c45f6b64fd6bf1dbc448b. Status: Remote error: Service unavailable: service kudu.consensus.ConsensusService not registered on TabletServer. This is attempt 1: this message will repeat every 5th retry.
I20260630 12:23:13.672716 18012 ts_tablet_manager.cc:1507] Shutting down tablet manager...
I20260630 12:23:13.674010 18012 tablet_replica.cc:333] T 80a9937fc4c745aa98175d9aed73f69f P e03ee19d935c45f6b64fd6bf1dbc448b: stopping tablet replica
W20260630 12:23:13.674489 21245 consensus_peers.cc:597] T b8960c43102a44e4a97c4237d05e780a P ccf5e2e949724dc0895dbca8bd047da3 -> Peer b1bda0c8258d465abd4b60ae92b26089 (127.17.151.1:35405): Couldn't send request to peer b1bda0c8258d465abd4b60ae92b26089. Status: Network error: Client connection negotiation failed: client connection to 127.17.151.1:35405: connect: Connection refused (error 111). This is attempt 1: this message will repeat every 5th retry.
