I20260630 12:22:20.296078   824 consensus_queue.cc:237] T 3be9f11dfd544833a2080a795ef70372 P 66d2dcdcad294c87ac69c971d285cdda [LEADER]: Queue going to LEADER mode. State: All replicated index: 0, Majority replicated index: 1, Committed index: 1, Last appended: 1.1, Last appended by leader: 0, Current term: 1, Majority size: 2, State: 0, Mode: LEADER, active raft config: opid_index: 2 OBSOLETE_local: false peers { permanent_uuid: "0f49f3ba66dc4deebb1c7cba3cc9bd7d" member_type: VOTER last_known_addr { host: "127.29.141.129" port: 42617 } } peers { permanent_uuid: "66d2dcdcad294c87ac69c971d285cdda" member_type: VOTER last_known_addr { host: "127.29.141.130" port: 44273 } } peers { permanent_uuid: "c160a04b8b304e5781b16b4063f07f6a" member_type: VOTER last_known_addr { host: "127.29.141.131" port: 34587 } attrs { replace: true } } peers { permanent_uuid: "d8d29433c1db4a4da7d1fafb2f6c4703" member_type: NON_VOTER last_known_addr { host: "127.29.141.132" port: 33555 } attrs { promote: true } }
I20260630 12:22:20.306210   901 raft_consensus.cc:1275] T 3be9f11dfd544833a2080a795ef70372 P c160a04b8b304e5781b16b4063f07f6a [term 1 FOLLOWER]: Refusing update from remote peer 66d2dcdcad294c87ac69c971d285cdda: Log matching property violated. Preceding OpId in replica: term: 1 index: 1. Preceding OpId from leader: term: 1 index: 2. (index mismatch)
W20260630 12:22:20.306734   792 consensus_peers.cc:597] T 3be9f11dfd544833a2080a795ef70372 P 66d2dcdcad294c87ac69c971d285cdda -> Peer d8d29433c1db4a4da7d1fafb2f6c4703 (127.29.141.132:33555): Couldn't send request to peer d8d29433c1db4a4da7d1fafb2f6c4703. Error code: TABLET_NOT_FOUND (6). Status: Not found: Tablet not found: 3be9f11dfd544833a2080a795ef70372. This is attempt 1: this message will repeat every 5th retry.
I20260630 12:22:20.310155  1213 consensus_queue.cc:1048] T 3be9f11dfd544833a2080a795ef70372 P 66d2dcdcad294c87ac69c971d285cdda [LEADER]: Connected to new peer: Peer: permanent_uuid: "c160a04b8b304e5781b16b4063f07f6a" member_type: VOTER last_known_addr { host: "127.29.141.131" port: 34587 } attrs { replace: true }, Status: LMP_MISMATCH, Last received: 0.0, Next index: 2, Last known committed idx: 1, Time since last communication: 0.000s
I20260630 12:22:20.319473   750 raft_consensus.cc:1275] T 3be9f11dfd544833a2080a795ef70372 P 0f49f3ba66dc4deebb1c7cba3cc9bd7d [term 1 FOLLOWER]: Refusing update from remote peer 66d2dcdcad294c87ac69c971d285cdda: Log matching property violated. Preceding OpId in replica: term: 1 index: 1. Preceding OpId from leader: term: 1 index: 2. (index mismatch)
I20260630 12:22:20.320951  1213 raft_consensus.cc:2955] T 3be9f11dfd544833a2080a795ef70372 P 66d2dcdcad294c87ac69c971d285cdda [term 1 LEADER]: Committing config change with OpId 1.2: config changed from index -1 to 2, NON_VOTER d8d29433c1db4a4da7d1fafb2f6c4703 (127.29.141.132) added. New config: { opid_index: 2 OBSOLETE_local: false peers { permanent_uuid: "0f49f3ba66dc4deebb1c7cba3cc9bd7d" member_type: VOTER last_known_addr { host: "127.29.141.129" port: 42617 } } peers { permanent_uuid: "66d2dcdcad294c87ac69c971d285cdda" member_type: VOTER last_known_addr { host: "127.29.141.130" port: 44273 } } peers { permanent_uuid: "c160a04b8b304e5781b16b4063f07f6a" member_type: VOTER last_known_addr { host: "127.29.141.131" port: 34587 } attrs { replace: true } } peers { permanent_uuid: "d8d29433c1db4a4da7d1fafb2f6c4703" member_type: NON_VOTER last_known_addr { host: "127.29.141.132" port: 33555 } attrs { promote: true } } }
I20260630 12:22:20.321704  1271 consensus_queue.cc:1048] T 3be9f11dfd544833a2080a795ef70372 P 66d2dcdcad294c87ac69c971d285cdda [LEADER]: Connected to new peer: Peer: permanent_uuid: "0f49f3ba66dc4deebb1c7cba3cc9bd7d" member_type: VOTER last_known_addr { host: "127.29.141.129" port: 42617 }, Status: LMP_MISMATCH, Last received: 0.0, Next index: 2, Last known committed idx: 1, Time since last communication: 0.001s
I20260630 12:22:20.325028   901 raft_consensus.cc:2955] T 3be9f11dfd544833a2080a795ef70372 P c160a04b8b304e5781b16b4063f07f6a [term 1 FOLLOWER]: Committing config change with OpId 1.2: config changed from index -1 to 2, NON_VOTER d8d29433c1db4a4da7d1fafb2f6c4703 (127.29.141.132) added. New config: { opid_index: 2 OBSOLETE_local: false peers { permanent_uuid: "0f49f3ba66dc4deebb1c7cba3cc9bd7d" member_type: VOTER last_known_addr { host: "127.29.141.129" port: 42617 } } peers { permanent_uuid: "66d2dcdcad294c87ac69c971d285cdda" member_type: VOTER last_known_addr { host: "127.29.141.130" port: 44273 } } peers { permanent_uuid: "c160a04b8b304e5781b16b4063f07f6a" member_type: VOTER last_known_addr { host: "127.29.141.131" port: 34587 } attrs { replace: true } } peers { permanent_uuid: "d8d29433c1db4a4da7d1fafb2f6c4703" member_type: NON_VOTER last_known_addr { host: "127.29.141.132" port: 33555 } attrs { promote: true } } }
I20260630 12:22:20.334132   647 catalog_manager.cc:5697] T 3be9f11dfd544833a2080a795ef70372 P 66d2dcdcad294c87ac69c971d285cdda reported cstate change: config changed from index -1 to 2, NON_VOTER d8d29433c1db4a4da7d1fafb2f6c4703 (127.29.141.132) added. New cstate: current_term: 1 leader_uuid: "66d2dcdcad294c87ac69c971d285cdda" committed_config { opid_index: 2 OBSOLETE_local: false peers { permanent_uuid: "0f49f3ba66dc4deebb1c7cba3cc9bd7d" member_type: VOTER last_known_addr { host: "127.29.141.129" port: 42617 } health_report { overall_health: UNKNOWN } } peers { permanent_uuid: "66d2dcdcad294c87ac69c971d285cdda" member_type: VOTER last_known_addr { host: "127.29.141.130" port: 44273 } health_report { overall_health: HEALTHY } } peers { permanent_uuid: "c160a04b8b304e5781b16b4063f07f6a" member_type: VOTER last_known_addr { host: "127.29.141.131" port: 34587 } attrs { replace: true } health_report { overall_health: HEALTHY } } peers { permanent_uuid: "d8d29433c1db4a4da7d1fafb2f6c4703" member_type: NON_VOTER last_known_addr { host: "127.29.141.132" port: 33555 } attrs { promote: true } health_report { overall_health: UNKNOWN } } }
I20260630 12:22:20.349433   750 raft_consensus.cc:2955] T 3be9f11dfd544833a2080a795ef70372 P 0f49f3ba66dc4deebb1c7cba3cc9bd7d [term 1 FOLLOWER]: Committing config change with OpId 1.2: config changed from index -1 to 2, NON_VOTER d8d29433c1db4a4da7d1fafb2f6c4703 (127.29.141.132) added. New config: { opid_index: 2 OBSOLETE_local: false peers { permanent_uuid: "0f49f3ba66dc4deebb1c7cba3cc9bd7d" member_type: VOTER last_known_addr { host: "127.29.141.129" port: 42617 } } peers { permanent_uuid: "66d2dcdcad294c87ac69c971d285cdda" member_type: VOTER last_known_addr { host: "127.29.141.130" port: 44273 } } peers { permanent_uuid: "c160a04b8b304e5781b16b4063f07f6a" member_type: VOTER last_known_addr { host: "127.29.141.131" port: 34587 } attrs { replace: true } } peers { permanent_uuid: "d8d29433c1db4a4da7d1fafb2f6c4703" member_type: NON_VOTER last_known_addr { host: "127.29.141.132" port: 33555 } attrs { promote: true } } }
I20260630 12:22:20.533792  1275 ts_tablet_manager.cc:933] T 1ef6fd44901648978c5353d750a724e0 P 66d2dcdcad294c87ac69c971d285cdda: Initiating tablet copy from peer c160a04b8b304e5781b16b4063f07f6a (127.29.141.131:34587)
I20260630 12:22:20.535899  1275 tablet_copy_client.cc:323] T 1ef6fd44901648978c5353d750a724e0 P 66d2dcdcad294c87ac69c971d285cdda: tablet copy: Beginning tablet copy session from remote peer at address 127.29.141.131:34587
I20260630 12:22:20.537727   911 tablet_copy_service.cc:140] P c160a04b8b304e5781b16b4063f07f6a: Received BeginTabletCopySession request for tablet 1ef6fd44901648978c5353d750a724e0 from peer 66d2dcdcad294c87ac69c971d285cdda ({username='slave'} at 127.0.0.1:55990)
I20260630 12:22:20.538252   911 tablet_copy_service.cc:161] P c160a04b8b304e5781b16b4063f07f6a: Beginning new tablet copy session on tablet 1ef6fd44901648978c5353d750a724e0 from peer 66d2dcdcad294c87ac69c971d285cdda at {username='slave'} at 127.0.0.1:55990: session id = 66d2dcdcad294c87ac69c971d285cdda-1ef6fd44901648978c5353d750a724e0
I20260630 12:22:20.540771  1266 raft_consensus.cc:993] T aef879b1b4e144819dd529eb29363ce7 P 0f49f3ba66dc4deebb1c7cba3cc9bd7d: : Instructing follower d8d29433c1db4a4da7d1fafb2f6c4703 to start an election
I20260630 12:22:20.541326  1266 raft_consensus.cc:1081] T aef879b1b4e144819dd529eb29363ce7 P 0f49f3ba66dc4deebb1c7cba3cc9bd7d [term 2 LEADER]: Signalling peer d8d29433c1db4a4da7d1fafb2f6c4703 to start an election
I20260630 12:22:20.543993  1062 tablet_service.cc:2044] Received Run Leader Election RPC: tablet_id: "aef879b1b4e144819dd529eb29363ce7"
dest_uuid: "d8d29433c1db4a4da7d1fafb2f6c4703"
 from {username='slave'} at 127.0.0.1:33824
I20260630 12:22:20.544592  1062 raft_consensus.cc:493] T aef879b1b4e144819dd529eb29363ce7 P d8d29433c1db4a4da7d1fafb2f6c4703 [term 2 FOLLOWER]: Starting forced leader election (received explicit request)
I20260630 12:22:20.544997  1062 raft_consensus.cc:3060] T aef879b1b4e144819dd529eb29363ce7 P d8d29433c1db4a4da7d1fafb2f6c4703 [term 2 FOLLOWER]: Advancing to term 3
I20260630 12:22:20.546022   911 tablet_copy_source_session.cc:215] T 1ef6fd44901648978c5353d750a724e0 P c160a04b8b304e5781b16b4063f07f6a: Tablet Copy: opened 0 blocks and 1 log segments
I20260630 12:22:20.548753  1275 data_dirs.cc:400] Could only allocate 1 dirs of requested 3 for tablet 1ef6fd44901648978c5353d750a724e0. 1 dirs total, 0 dirs full, 0 dirs failed
I20260630 12:22:20.552358  1062 raft_consensus.cc:515] T aef879b1b4e144819dd529eb29363ce7 P d8d29433c1db4a4da7d1fafb2f6c4703 [term 3 FOLLOWER]: Starting forced leader election with config: opid_index: 5 OBSOLETE_local: false peers { permanent_uuid: "0f49f3ba66dc4deebb1c7cba3cc9bd7d" member_type: VOTER last_known_addr { host: "127.29.141.129" port: 42617 } } peers { permanent_uuid: "c160a04b8b304e5781b16b4063f07f6a" member_type: VOTER last_known_addr { host: "127.29.141.131" port: 34587 } } peers { permanent_uuid: "d8d29433c1db4a4da7d1fafb2f6c4703" member_type: VOTER last_known_addr { host: "127.29.141.132" port: 33555 } attrs { promote: false } }
I20260630 12:22:20.554683  1062 leader_election.cc:290] T aef879b1b4e144819dd529eb29363ce7 P d8d29433c1db4a4da7d1fafb2f6c4703 [CANDIDATE]: Term 3 election: Requested vote from peers 0f49f3ba66dc4deebb1c7cba3cc9bd7d (127.29.141.129:42617), c160a04b8b304e5781b16b4063f07f6a (127.29.141.131:34587)
I20260630 12:22:20.556304   901 tablet_service.cc:1917] Received RequestConsensusVote() RPC: tablet_id: "aef879b1b4e144819dd529eb29363ce7" candidate_uuid: "d8d29433c1db4a4da7d1fafb2f6c4703" candidate_term: 3 candidate_status { last_received { term: 2 index: 5 } } ignore_live_leader: true dest_uuid: "c160a04b8b304e5781b16b4063f07f6a"
I20260630 12:22:20.556524   750 tablet_service.cc:1917] Received RequestConsensusVote() RPC: tablet_id: "aef879b1b4e144819dd529eb29363ce7" candidate_uuid: "d8d29433c1db4a4da7d1fafb2f6c4703" candidate_term: 3 candidate_status { last_received { term: 2 index: 5 } } ignore_live_leader: true dest_uuid: "0f49f3ba66dc4deebb1c7cba3cc9bd7d"
I20260630 12:22:20.556985   901 raft_consensus.cc:3060] T aef879b1b4e144819dd529eb29363ce7 P c160a04b8b304e5781b16b4063f07f6a [term 2 FOLLOWER]: Advancing to term 3
I20260630 12:22:20.557217   750 raft_consensus.cc:3055] T aef879b1b4e144819dd529eb29363ce7 P 0f49f3ba66dc4deebb1c7cba3cc9bd7d [term 2 LEADER]: Stepping down as leader of term 2
I20260630 12:22:20.557603   750 raft_consensus.cc:740] T aef879b1b4e144819dd529eb29363ce7 P 0f49f3ba66dc4deebb1c7cba3cc9bd7d [term 2 LEADER]: Becoming Follower/Learner. State: Replica: 0f49f3ba66dc4deebb1c7cba3cc9bd7d, State: Running, Role: LEADER
I20260630 12:22:20.558398   750 consensus_queue.cc:260] T aef879b1b4e144819dd529eb29363ce7 P 0f49f3ba66dc4deebb1c7cba3cc9bd7d [NON_LEADER]: Queue going to NON_LEADER mode. State: All replicated index: 0, Majority replicated index: 5, Committed index: 5, Last appended: 2.5, Last appended by leader: 5, Current term: 2, Majority size: -1, State: 0, Mode: NON_LEADER, active raft config: opid_index: 5 OBSOLETE_local: false peers { permanent_uuid: "0f49f3ba66dc4deebb1c7cba3cc9bd7d" member_type: VOTER last_known_addr { host: "127.29.141.129" port: 42617 } } peers { permanent_uuid: "c160a04b8b304e5781b16b4063f07f6a" member_type: VOTER last_known_addr { host: "127.29.141.131" port: 34587 } } peers { permanent_uuid: "d8d29433c1db4a4da7d1fafb2f6c4703" member_type: VOTER last_known_addr { host: "127.29.141.132" port: 33555 } attrs { promote: false } }
I20260630 12:22:20.559590   750 raft_consensus.cc:3060] T aef879b1b4e144819dd529eb29363ce7 P 0f49f3ba66dc4deebb1c7cba3cc9bd7d [term 2 FOLLOWER]: Advancing to term 3
I20260630 12:22:20.562645  1275 tablet_copy_client.cc:806] T 1ef6fd44901648978c5353d750a724e0 P 66d2dcdcad294c87ac69c971d285cdda: tablet copy: Starting download of 0 data blocks...
I20260630 12:22:20.563200  1275 tablet_copy_client.cc:670] T 1ef6fd44901648978c5353d750a724e0 P 66d2dcdcad294c87ac69c971d285cdda: tablet copy: Starting download of 1 WAL segments...
I20260630 12:22:20.565768   901 raft_consensus.cc:2468] T aef879b1b4e144819dd529eb29363ce7 P c160a04b8b304e5781b16b4063f07f6a [term 3 FOLLOWER]: Leader election vote request: Granting yes vote for candidate d8d29433c1db4a4da7d1fafb2f6c4703 in term 3.
I20260630 12:22:20.567137  1028 leader_election.cc:304] T aef879b1b4e144819dd529eb29363ce7 P d8d29433c1db4a4da7d1fafb2f6c4703 [CANDIDATE]: Term 3 election: Election decided. Result: candidate won. Election summary: received 2 responses out of 3 voters: 2 yes votes; 0 no votes. yes voters: c160a04b8b304e5781b16b4063f07f6a, d8d29433c1db4a4da7d1fafb2f6c4703; no voters: 
I20260630 12:22:20.568070  1248 raft_consensus.cc:2804] T aef879b1b4e144819dd529eb29363ce7 P d8d29433c1db4a4da7d1fafb2f6c4703 [term 3 FOLLOWER]: Leader election won for term 3
I20260630 12:22:20.568625  1248 raft_consensus.cc:697] T aef879b1b4e144819dd529eb29363ce7 P d8d29433c1db4a4da7d1fafb2f6c4703 [term 3 LEADER]: Becoming Leader. State: Replica: d8d29433c1db4a4da7d1fafb2f6c4703, State: Running, Role: LEADER
I20260630 12:22:20.568958  1275 tablet_copy_client.cc:538] T 1ef6fd44901648978c5353d750a724e0 P 66d2dcdcad294c87ac69c971d285cdda: tablet copy: Tablet Copy complete. Replacing tablet superblock.
I20260630 12:22:20.569507  1248 consensus_queue.cc:237] T aef879b1b4e144819dd529eb29363ce7 P d8d29433c1db4a4da7d1fafb2f6c4703 [LEADER]: Queue going to LEADER mode. State: All replicated index: 0, Majority replicated index: 5, Committed index: 5, Last appended: 2.5, Last appended by leader: 5, Current term: 3, Majority size: 2, State: 0, Mode: LEADER, active raft config: opid_index: 5 OBSOLETE_local: false peers { permanent_uuid: "0f49f3ba66dc4deebb1c7cba3cc9bd7d" member_type: VOTER last_known_addr { host: "127.29.141.129" port: 42617 } } peers { permanent_uuid: "c160a04b8b304e5781b16b4063f07f6a" member_type: VOTER last_known_addr { host: "127.29.141.131" port: 34587 } } peers { permanent_uuid: "d8d29433c1db4a4da7d1fafb2f6c4703" member_type: VOTER last_known_addr { host: "127.29.141.132" port: 33555 } attrs { promote: false } }
I20260630 12:22:20.573274   750 raft_consensus.cc:2468] T aef879b1b4e144819dd529eb29363ce7 P 0f49f3ba66dc4deebb1c7cba3cc9bd7d [term 3 FOLLOWER]: Leader election vote request: Granting yes vote for candidate d8d29433c1db4a4da7d1fafb2f6c4703 in term 3.
I20260630 12:22:20.576439  1275 tablet_bootstrap.cc:492] T 1ef6fd44901648978c5353d750a724e0 P 66d2dcdcad294c87ac69c971d285cdda: Bootstrap starting.
I20260630 12:22:20.582321   646 catalog_manager.cc:5697] T aef879b1b4e144819dd529eb29363ce7 P d8d29433c1db4a4da7d1fafb2f6c4703 reported cstate change: term changed from 2 to 3, leader changed from 0f49f3ba66dc4deebb1c7cba3cc9bd7d (127.29.141.129) to d8d29433c1db4a4da7d1fafb2f6c4703 (127.29.141.132). New cstate: current_term: 3 leader_uuid: "d8d29433c1db4a4da7d1fafb2f6c4703" committed_config { opid_index: 5 OBSOLETE_local: false peers { permanent_uuid: "0f49f3ba66dc4deebb1c7cba3cc9bd7d" member_type: VOTER last_known_addr { host: "127.29.141.129" port: 42617 } health_report { overall_health: UNKNOWN } } peers { permanent_uuid: "c160a04b8b304e5781b16b4063f07f6a" member_type: VOTER last_known_addr { host: "127.29.141.131" port: 34587 } health_report { overall_health: UNKNOWN } } peers { permanent_uuid: "d8d29433c1db4a4da7d1fafb2f6c4703" member_type: VOTER last_known_addr { host: "127.29.141.132" port: 33555 } attrs { promote: false } health_report { overall_health: HEALTHY } } }
I20260630 12:22:20.598881  1275 tablet_bootstrap.cc:492] T 1ef6fd44901648978c5353d750a724e0 P 66d2dcdcad294c87ac69c971d285cdda: Bootstrap replayed 1/1 log segments. Stats: ops{read=2 overwritten=0 applied=2 ignored=0} inserts{seen=0 ignored=0} mutations{seen=0 ignored=0} orphaned_commits=0. Pending: 0 replicates
I20260630 12:22:20.599893  1275 tablet_bootstrap.cc:492] T 1ef6fd44901648978c5353d750a724e0 P 66d2dcdcad294c87ac69c971d285cdda: Bootstrap complete.
I20260630 12:22:20.600628  1275 ts_tablet_manager.cc:1403] T 1ef6fd44901648978c5353d750a724e0 P 66d2dcdcad294c87ac69c971d285cdda: Time spent bootstrapping tablet: real 0.024s	user 0.020s	sys 0.001s
I20260630 12:22:20.603896  1275 raft_consensus.cc:359] T 1ef6fd44901648978c5353d750a724e0 P 66d2dcdcad294c87ac69c971d285cdda [term 1 LEARNER]: Replica starting. Triggering 0 pending ops. Active config: opid_index: 2 OBSOLETE_local: false peers { permanent_uuid: "d8d29433c1db4a4da7d1fafb2f6c4703" member_type: VOTER last_known_addr { host: "127.29.141.132" port: 33555 } attrs { replace: true } } peers { permanent_uuid: "c160a04b8b304e5781b16b4063f07f6a" member_type: VOTER last_known_addr { host: "127.29.141.131" port: 34587 } } peers { permanent_uuid: "0f49f3ba66dc4deebb1c7cba3cc9bd7d" member_type: VOTER last_known_addr { host: "127.29.141.129" port: 42617 } } peers { permanent_uuid: "66d2dcdcad294c87ac69c971d285cdda" member_type: NON_VOTER last_known_addr { host: "127.29.141.130" port: 44273 } attrs { promote: true } }
I20260630 12:22:20.604543  1275 raft_consensus.cc:740] T 1ef6fd44901648978c5353d750a724e0 P 66d2dcdcad294c87ac69c971d285cdda [term 1 LEARNER]: Becoming Follower/Learner. State: Replica: 66d2dcdcad294c87ac69c971d285cdda, State: Initialized, Role: LEARNER
I20260630 12:22:20.605211  1275 consensus_queue.cc:260] T 1ef6fd44901648978c5353d750a724e0 P 66d2dcdcad294c87ac69c971d285cdda [NON_LEADER]: Queue going to NON_LEADER mode. State: All replicated index: 0, Majority replicated index: 0, Committed index: 2, Last appended: 1.2, Last appended by leader: 2, Current term: 0, Majority size: -1, State: 0, Mode: NON_LEADER, active raft config: opid_index: 2 OBSOLETE_local: false peers { permanent_uuid: "d8d29433c1db4a4da7d1fafb2f6c4703" member_type: VOTER last_known_addr { host: "127.29.141.132" port: 33555 } attrs { replace: true } } peers { permanent_uuid: "c160a04b8b304e5781b16b4063f07f6a" member_type: VOTER last_known_addr { host: "127.29.141.131" port: 34587 } } peers { permanent_uuid: "0f49f3ba66dc4deebb1c7cba3cc9bd7d" member_type: VOTER last_known_addr { host: "127.29.141.129" port: 42617 } } peers { permanent_uuid: "66d2dcdcad294c87ac69c971d285cdda" member_type: NON_VOTER last_known_addr { host: "127.29.141.130" port: 44273 } attrs { promote: true } }
I20260630 12:22:20.607376  1275 ts_tablet_manager.cc:1434] T 1ef6fd44901648978c5353d750a724e0 P 66d2dcdcad294c87ac69c971d285cdda: Time spent starting tablet: real 0.006s	user 0.004s	sys 0.000s
I20260630 12:22:20.609306   911 tablet_copy_service.cc:342] P c160a04b8b304e5781b16b4063f07f6a: Request end of tablet copy session 66d2dcdcad294c87ac69c971d285cdda-1ef6fd44901648978c5353d750a724e0 received from {username='slave'} at 127.0.0.1:55990
I20260630 12:22:20.609746   911 tablet_copy_service.cc:434] P c160a04b8b304e5781b16b4063f07f6a: ending tablet copy session 66d2dcdcad294c87ac69c971d285cdda-1ef6fd44901648978c5353d750a724e0 on tablet 1ef6fd44901648978c5353d750a724e0 with peer 66d2dcdcad294c87ac69c971d285cdda
I20260630 12:22:20.725688  1279 ts_tablet_manager.cc:933] T 3be9f11dfd544833a2080a795ef70372 P d8d29433c1db4a4da7d1fafb2f6c4703: Initiating tablet copy from peer 66d2dcdcad294c87ac69c971d285cdda (127.29.141.130:44273)
I20260630 12:22:20.727618  1279 tablet_copy_client.cc:323] T 3be9f11dfd544833a2080a795ef70372 P d8d29433c1db4a4da7d1fafb2f6c4703: tablet copy: Beginning tablet copy session from remote peer at address 127.29.141.130:44273
I20260630 12:22:20.730186   837 tablet_copy_service.cc:140] P 66d2dcdcad294c87ac69c971d285cdda: Received BeginTabletCopySession request for tablet 3be9f11dfd544833a2080a795ef70372 from peer d8d29433c1db4a4da7d1fafb2f6c4703 ({username='slave'} at 127.0.0.1:43696)
I20260630 12:22:20.730789   837 tablet_copy_service.cc:161] P 66d2dcdcad294c87ac69c971d285cdda: Beginning new tablet copy session on tablet 3be9f11dfd544833a2080a795ef70372 from peer d8d29433c1db4a4da7d1fafb2f6c4703 at {username='slave'} at 127.0.0.1:43696: session id = d8d29433c1db4a4da7d1fafb2f6c4703-3be9f11dfd544833a2080a795ef70372
I20260630 12:22:20.739557   837 tablet_copy_source_session.cc:215] T 3be9f11dfd544833a2080a795ef70372 P 66d2dcdcad294c87ac69c971d285cdda: Tablet Copy: opened 0 blocks and 1 log segments
I20260630 12:22:20.743917  1279 data_dirs.cc:400] Could only allocate 1 dirs of requested 3 for tablet 3be9f11dfd544833a2080a795ef70372. 1 dirs total, 0 dirs full, 0 dirs failed
I20260630 12:22:20.758908  1279 tablet_copy_client.cc:806] T 3be9f11dfd544833a2080a795ef70372 P d8d29433c1db4a4da7d1fafb2f6c4703: tablet copy: Starting download of 0 data blocks...
I20260630 12:22:20.759689  1279 tablet_copy_client.cc:670] T 3be9f11dfd544833a2080a795ef70372 P d8d29433c1db4a4da7d1fafb2f6c4703: tablet copy: Starting download of 1 WAL segments...
I20260630 12:22:20.763733  1279 tablet_copy_client.cc:538] T 3be9f11dfd544833a2080a795ef70372 P d8d29433c1db4a4da7d1fafb2f6c4703: tablet copy: Tablet Copy complete. Replacing tablet superblock.
I20260630 12:22:20.772915  1279 tablet_bootstrap.cc:492] T 3be9f11dfd544833a2080a795ef70372 P d8d29433c1db4a4da7d1fafb2f6c4703: Bootstrap starting.
I20260630 12:22:20.793622  1279 tablet_bootstrap.cc:492] T 3be9f11dfd544833a2080a795ef70372 P d8d29433c1db4a4da7d1fafb2f6c4703: Bootstrap replayed 1/1 log segments. Stats: ops{read=2 overwritten=0 applied=2 ignored=0} inserts{seen=0 ignored=0} mutations{seen=0 ignored=0} orphaned_commits=0. Pending: 0 replicates
I20260630 12:22:20.794574  1279 tablet_bootstrap.cc:492] T 3be9f11dfd544833a2080a795ef70372 P d8d29433c1db4a4da7d1fafb2f6c4703: Bootstrap complete.
I20260630 12:22:20.795228  1279 ts_tablet_manager.cc:1403] T 3be9f11dfd544833a2080a795ef70372 P d8d29433c1db4a4da7d1fafb2f6c4703: Time spent bootstrapping tablet: real 0.023s	user 0.023s	sys 0.000s
I20260630 12:22:20.798177  1279 raft_consensus.cc:359] T 3be9f11dfd544833a2080a795ef70372 P d8d29433c1db4a4da7d1fafb2f6c4703 [term 1 LEARNER]: Replica starting. Triggering 0 pending ops. Active config: opid_index: 2 OBSOLETE_local: false peers { permanent_uuid: "0f49f3ba66dc4deebb1c7cba3cc9bd7d" member_type: VOTER last_known_addr { host: "127.29.141.129" port: 42617 } } peers { permanent_uuid: "66d2dcdcad294c87ac69c971d285cdda" member_type: VOTER last_known_addr { host: "127.29.141.130" port: 44273 } } peers { permanent_uuid: "c160a04b8b304e5781b16b4063f07f6a" member_type: VOTER last_known_addr { host: "127.29.141.131" port: 34587 } attrs { replace: true } } peers { permanent_uuid: "d8d29433c1db4a4da7d1fafb2f6c4703" member_type: NON_VOTER last_known_addr { host: "127.29.141.132" port: 33555 } attrs { promote: true } }
I20260630 12:22:20.799052  1279 raft_consensus.cc:740] T 3be9f11dfd544833a2080a795ef70372 P d8d29433c1db4a4da7d1fafb2f6c4703 [term 1 LEARNER]: Becoming Follower/Learner. State: Replica: d8d29433c1db4a4da7d1fafb2f6c4703, State: Initialized, Role: LEARNER
I20260630 12:22:20.799226  1282 ts_tablet_manager.cc:933] T 72406af6d3a74bb1967e5f78776dd789 P d8d29433c1db4a4da7d1fafb2f6c4703: Initiating tablet copy from peer c160a04b8b304e5781b16b4063f07f6a (127.29.141.131:34587)
I20260630 12:22:20.799716  1279 consensus_queue.cc:260] T 3be9f11dfd544833a2080a795ef70372 P d8d29433c1db4a4da7d1fafb2f6c4703 [NON_LEADER]: Queue going to NON_LEADER mode. State: All replicated index: 0, Majority replicated index: 0, Committed index: 2, Last appended: 1.2, Last appended by leader: 2, Current term: 0, Majority size: -1, State: 0, Mode: NON_LEADER, active raft config: opid_index: 2 OBSOLETE_local: false peers { permanent_uuid: "0f49f3ba66dc4deebb1c7cba3cc9bd7d" member_type: VOTER last_known_addr { host: "127.29.141.129" port: 42617 } } peers { permanent_uuid: "66d2dcdcad294c87ac69c971d285cdda" member_type: VOTER last_known_addr { host: "127.29.141.130" port: 44273 } } peers { permanent_uuid: "c160a04b8b304e5781b16b4063f07f6a" member_type: VOTER last_known_addr { host: "127.29.141.131" port: 34587 } attrs { replace: true } } peers { permanent_uuid: "d8d29433c1db4a4da7d1fafb2f6c4703" member_type: NON_VOTER last_known_addr { host: "127.29.141.132" port: 33555 } attrs { promote: true } }
I20260630 12:22:20.801378  1282 tablet_copy_client.cc:323] T 72406af6d3a74bb1967e5f78776dd789 P d8d29433c1db4a4da7d1fafb2f6c4703: tablet copy: Beginning tablet copy session from remote peer at address 127.29.141.131:34587
I20260630 12:22:20.803154  1279 ts_tablet_manager.cc:1434] T 3be9f11dfd544833a2080a795ef70372 P d8d29433c1db4a4da7d1fafb2f6c4703: Time spent starting tablet: real 0.008s	user 0.005s	sys 0.003s
I20260630 12:22:20.803578   911 tablet_copy_service.cc:140] P c160a04b8b304e5781b16b4063f07f6a: Received BeginTabletCopySession request for tablet 72406af6d3a74bb1967e5f78776dd789 from peer d8d29433c1db4a4da7d1fafb2f6c4703 ({username='slave'} at 127.0.0.1:55992)
I20260630 12:22:20.804165   911 tablet_copy_service.cc:161] P c160a04b8b304e5781b16b4063f07f6a: Beginning new tablet copy session on tablet 72406af6d3a74bb1967e5f78776dd789 from peer d8d29433c1db4a4da7d1fafb2f6c4703 at {username='slave'} at 127.0.0.1:55992: session id = d8d29433c1db4a4da7d1fafb2f6c4703-72406af6d3a74bb1967e5f78776dd789
I20260630 12:22:20.805310   837 tablet_copy_service.cc:342] P 66d2dcdcad294c87ac69c971d285cdda: Request end of tablet copy session d8d29433c1db4a4da7d1fafb2f6c4703-3be9f11dfd544833a2080a795ef70372 received from {username='slave'} at 127.0.0.1:43696
I20260630 12:22:20.805761   837 tablet_copy_service.cc:434] P 66d2dcdcad294c87ac69c971d285cdda: ending tablet copy session d8d29433c1db4a4da7d1fafb2f6c4703-3be9f11dfd544833a2080a795ef70372 on tablet 3be9f11dfd544833a2080a795ef70372 with peer d8d29433c1db4a4da7d1fafb2f6c4703
I20260630 12:22:20.813737   911 tablet_copy_source_session.cc:215] T 72406af6d3a74bb1967e5f78776dd789 P c160a04b8b304e5781b16b4063f07f6a: Tablet Copy: opened 0 blocks and 1 log segments
I20260630 12:22:20.817207  1282 data_dirs.cc:400] Could only allocate 1 dirs of requested 3 for tablet 72406af6d3a74bb1967e5f78776dd789. 1 dirs total, 0 dirs full, 0 dirs failed
I20260630 12:22:20.833606  1282 tablet_copy_client.cc:806] T 72406af6d3a74bb1967e5f78776dd789 P d8d29433c1db4a4da7d1fafb2f6c4703: tablet copy: Starting download of 0 data blocks...
I20260630 12:22:20.834187  1282 tablet_copy_client.cc:670] T 72406af6d3a74bb1967e5f78776dd789 P d8d29433c1db4a4da7d1fafb2f6c4703: tablet copy: Starting download of 1 WAL segments...
I20260630 12:22:20.838202  1282 tablet_copy_client.cc:538] T 72406af6d3a74bb1967e5f78776dd789 P d8d29433c1db4a4da7d1fafb2f6c4703: tablet copy: Tablet Copy complete. Replacing tablet superblock.
I20260630 12:22:20.846819  1282 tablet_bootstrap.cc:492] T 72406af6d3a74bb1967e5f78776dd789 P d8d29433c1db4a4da7d1fafb2f6c4703: Bootstrap starting.
I20260630 12:22:20.872419  1284 ts_tablet_manager.cc:933] T 28f6319539e141a08afc0359ea65f40a P c160a04b8b304e5781b16b4063f07f6a: Initiating tablet copy from peer 0f49f3ba66dc4deebb1c7cba3cc9bd7d (127.29.141.129:42617)
I20260630 12:22:20.876401  1284 tablet_copy_client.cc:323] T 28f6319539e141a08afc0359ea65f40a P c160a04b8b304e5781b16b4063f07f6a: tablet copy: Beginning tablet copy session from remote peer at address 127.29.141.129:42617
I20260630 12:22:20.878262   761 tablet_copy_service.cc:140] P 0f49f3ba66dc4deebb1c7cba3cc9bd7d: Received BeginTabletCopySession request for tablet 28f6319539e141a08afc0359ea65f40a from peer c160a04b8b304e5781b16b4063f07f6a ({username='slave'} at 127.0.0.1:45172)
I20260630 12:22:20.878783   761 tablet_copy_service.cc:161] P 0f49f3ba66dc4deebb1c7cba3cc9bd7d: Beginning new tablet copy session on tablet 28f6319539e141a08afc0359ea65f40a from peer c160a04b8b304e5781b16b4063f07f6a at {username='slave'} at 127.0.0.1:45172: session id = c160a04b8b304e5781b16b4063f07f6a-28f6319539e141a08afc0359ea65f40a
I20260630 12:22:20.880780  1282 tablet_bootstrap.cc:492] T 72406af6d3a74bb1967e5f78776dd789 P d8d29433c1db4a4da7d1fafb2f6c4703: Bootstrap replayed 1/1 log segments. Stats: ops{read=2 overwritten=0 applied=2 ignored=0} inserts{seen=0 ignored=0} mutations{seen=0 ignored=0} orphaned_commits=0. Pending: 0 replicates
I20260630 12:22:20.881906  1282 tablet_bootstrap.cc:492] T 72406af6d3a74bb1967e5f78776dd789 P d8d29433c1db4a4da7d1fafb2f6c4703: Bootstrap complete.
I20260630 12:22:20.882602  1282 ts_tablet_manager.cc:1403] T 72406af6d3a74bb1967e5f78776dd789 P d8d29433c1db4a4da7d1fafb2f6c4703: Time spent bootstrapping tablet: real 0.036s	user 0.012s	sys 0.023s
I20260630 12:22:20.884871   761 tablet_copy_source_session.cc:215] T 28f6319539e141a08afc0359ea65f40a P 0f49f3ba66dc4deebb1c7cba3cc9bd7d: Tablet Copy: opened 0 blocks and 1 log segments
I20260630 12:22:20.885569  1282 raft_consensus.cc:359] T 72406af6d3a74bb1967e5f78776dd789 P d8d29433c1db4a4da7d1fafb2f6c4703 [term 1 LEARNER]: Replica starting. Triggering 0 pending ops. Active config: opid_index: 2 OBSOLETE_local: false peers { permanent_uuid: "0f49f3ba66dc4deebb1c7cba3cc9bd7d" member_type: VOTER last_known_addr { host: "127.29.141.129" port: 42617 } } peers { permanent_uuid: "66d2dcdcad294c87ac69c971d285cdda" member_type: VOTER last_known_addr { host: "127.29.141.130" port: 44273 } attrs { replace: true } } peers { permanent_uuid: "c160a04b8b304e5781b16b4063f07f6a" member_type: VOTER last_known_addr { host: "127.29.141.131" port: 34587 } } peers { permanent_uuid: "d8d29433c1db4a4da7d1fafb2f6c4703" member_type: NON_VOTER last_known_addr { host: "127.29.141.132" port: 33555 } attrs { promote: true } }
I20260630 12:22:20.886425  1282 raft_consensus.cc:740] T 72406af6d3a74bb1967e5f78776dd789 P d8d29433c1db4a4da7d1fafb2f6c4703 [term 1 LEARNER]: Becoming Follower/Learner. State: Replica: d8d29433c1db4a4da7d1fafb2f6c4703, State: Initialized, Role: LEARNER
I20260630 12:22:20.887069  1282 consensus_queue.cc:260] T 72406af6d3a74bb1967e5f78776dd789 P d8d29433c1db4a4da7d1fafb2f6c4703 [NON_LEADER]: Queue going to NON_LEADER mode. State: All replicated index: 0, Majority replicated index: 0, Committed index: 2, Last appended: 1.2, Last appended by leader: 2, Current term: 0, Majority size: -1, State: 0, Mode: NON_LEADER, active raft config: opid_index: 2 OBSOLETE_local: false peers { permanent_uuid: "0f49f3ba66dc4deebb1c7cba3cc9bd7d" member_type: VOTER last_known_addr { host: "127.29.141.129" port: 42617 } } peers { permanent_uuid: "66d2dcdcad294c87ac69c971d285cdda" member_type: VOTER last_known_addr { host: "127.29.141.130" port: 44273 } attrs { replace: true } } peers { permanent_uuid: "c160a04b8b304e5781b16b4063f07f6a" member_type: VOTER last_known_addr { host: "127.29.141.131" port: 34587 } } peers { permanent_uuid: "d8d29433c1db4a4da7d1fafb2f6c4703" member_type: NON_VOTER last_known_addr { host: "127.29.141.132" port: 33555 } attrs { promote: true } }
I20260630 12:22:20.888747  1284 data_dirs.cc:400] Could only allocate 1 dirs of requested 3 for tablet 28f6319539e141a08afc0359ea65f40a. 1 dirs total, 0 dirs full, 0 dirs failed
I20260630 12:22:20.889569  1282 ts_tablet_manager.cc:1434] T 72406af6d3a74bb1967e5f78776dd789 P d8d29433c1db4a4da7d1fafb2f6c4703: Time spent starting tablet: real 0.007s	user 0.008s	sys 0.000s
I20260630 12:22:20.891423   911 tablet_copy_service.cc:342] P c160a04b8b304e5781b16b4063f07f6a: Request end of tablet copy session d8d29433c1db4a4da7d1fafb2f6c4703-72406af6d3a74bb1967e5f78776dd789 received from {username='slave'} at 127.0.0.1:55992
I20260630 12:22:20.891829   911 tablet_copy_service.cc:434] P c160a04b8b304e5781b16b4063f07f6a: ending tablet copy session d8d29433c1db4a4da7d1fafb2f6c4703-72406af6d3a74bb1967e5f78776dd789 on tablet 72406af6d3a74bb1967e5f78776dd789 with peer d8d29433c1db4a4da7d1fafb2f6c4703
I20260630 12:22:20.908880  1284 tablet_copy_client.cc:806] T 28f6319539e141a08afc0359ea65f40a P c160a04b8b304e5781b16b4063f07f6a: tablet copy: Starting download of 0 data blocks...
I20260630 12:22:20.909514  1284 tablet_copy_client.cc:670] T 28f6319539e141a08afc0359ea65f40a P c160a04b8b304e5781b16b4063f07f6a: tablet copy: Starting download of 1 WAL segments...
I20260630 12:22:20.914072  1284 tablet_copy_client.cc:538] T 28f6319539e141a08afc0359ea65f40a P c160a04b8b304e5781b16b4063f07f6a: tablet copy: Tablet Copy complete. Replacing tablet superblock.
I20260630 12:22:20.924808  1284 tablet_bootstrap.cc:492] T 28f6319539e141a08afc0359ea65f40a P c160a04b8b304e5781b16b4063f07f6a: Bootstrap starting.
I20260630 12:22:20.946422  1284 tablet_bootstrap.cc:492] T 28f6319539e141a08afc0359ea65f40a P c160a04b8b304e5781b16b4063f07f6a: Bootstrap replayed 1/1 log segments. Stats: ops{read=2 overwritten=0 applied=2 ignored=0} inserts{seen=0 ignored=0} mutations{seen=0 ignored=0} orphaned_commits=0. Pending: 0 replicates
I20260630 12:22:20.947470  1284 tablet_bootstrap.cc:492] T 28f6319539e141a08afc0359ea65f40a P c160a04b8b304e5781b16b4063f07f6a: Bootstrap complete.
I20260630 12:22:20.948108  1284 ts_tablet_manager.cc:1403] T 28f6319539e141a08afc0359ea65f40a P c160a04b8b304e5781b16b4063f07f6a: Time spent bootstrapping tablet: real 0.024s	user 0.012s	sys 0.011s
I20260630 12:22:20.951053  1284 raft_consensus.cc:359] T 28f6319539e141a08afc0359ea65f40a P c160a04b8b304e5781b16b4063f07f6a [term 1 LEARNER]: Replica starting. Triggering 0 pending ops. Active config: opid_index: 2 OBSOLETE_local: false peers { permanent_uuid: "d8d29433c1db4a4da7d1fafb2f6c4703" member_type: VOTER last_known_addr { host: "127.29.141.132" port: 33555 } attrs { replace: true } } peers { permanent_uuid: "66d2dcdcad294c87ac69c971d285cdda" member_type: VOTER last_known_addr { host: "127.29.141.130" port: 44273 } } peers { permanent_uuid: "0f49f3ba66dc4deebb1c7cba3cc9bd7d" member_type: VOTER last_known_addr { host: "127.29.141.129" port: 42617 } } peers { permanent_uuid: "c160a04b8b304e5781b16b4063f07f6a" member_type: NON_VOTER last_known_addr { host: "127.29.141.131" port: 34587 } attrs { promote: true } }
I20260630 12:22:20.951879  1284 raft_consensus.cc:740] T 28f6319539e141a08afc0359ea65f40a P c160a04b8b304e5781b16b4063f07f6a [term 1 LEARNER]: Becoming Follower/Learner. State: Replica: c160a04b8b304e5781b16b4063f07f6a, State: Initialized, Role: LEARNER
I20260630 12:22:20.952490  1284 consensus_queue.cc:260] T 28f6319539e141a08afc0359ea65f40a P c160a04b8b304e5781b16b4063f07f6a [NON_LEADER]: Queue going to NON_LEADER mode. State: All replicated index: 0, Majority replicated index: 0, Committed index: 2, Last appended: 1.2, Last appended by leader: 2, Current term: 0, Majority size: -1, State: 0, Mode: NON_LEADER, active raft config: opid_index: 2 OBSOLETE_local: false peers { permanent_uuid: "d8d29433c1db4a4da7d1fafb2f6c4703" member_type: VOTER last_known_addr { host: "127.29.141.132" port: 33555 } attrs { replace: true } } peers { permanent_uuid: "66d2dcdcad294c87ac69c971d285cdda" member_type: VOTER last_known_addr { host: "127.29.141.130" port: 44273 } } peers { permanent_uuid: "0f49f3ba66dc4deebb1c7cba3cc9bd7d" member_type: VOTER last_known_addr { host: "127.29.141.129" port: 42617 } } peers { permanent_uuid: "c160a04b8b304e5781b16b4063f07f6a" member_type: NON_VOTER last_known_addr { host: "127.29.141.131" port: 34587 } attrs { promote: true } }
I20260630 12:22:20.954896  1284 ts_tablet_manager.cc:1434] T 28f6319539e141a08afc0359ea65f40a P c160a04b8b304e5781b16b4063f07f6a: Time spent starting tablet: real 0.006s	user 0.003s	sys 0.003s
I20260630 12:22:20.956884   761 tablet_copy_service.cc:342] P 0f49f3ba66dc4deebb1c7cba3cc9bd7d: Request end of tablet copy session c160a04b8b304e5781b16b4063f07f6a-28f6319539e141a08afc0359ea65f40a received from {username='slave'} at 127.0.0.1:45172
I20260630 12:22:20.957291   761 tablet_copy_service.cc:434] P 0f49f3ba66dc4deebb1c7cba3cc9bd7d: ending tablet copy session c160a04b8b304e5781b16b4063f07f6a-28f6319539e141a08afc0359ea65f40a on tablet 28f6319539e141a08afc0359ea65f40a with peer c160a04b8b304e5781b16b4063f07f6a
I20260630 12:22:21.059224   901 raft_consensus.cc:1275] T aef879b1b4e144819dd529eb29363ce7 P c160a04b8b304e5781b16b4063f07f6a [term 3 FOLLOWER]: Refusing update from remote peer d8d29433c1db4a4da7d1fafb2f6c4703: Log matching property violated. Preceding OpId in replica: term: 2 index: 5. Preceding OpId from leader: term: 3 index: 6. (index mismatch)
I20260630 12:22:21.060618  1248 consensus_queue.cc:1048] T aef879b1b4e144819dd529eb29363ce7 P d8d29433c1db4a4da7d1fafb2f6c4703 [LEADER]: Connected to new peer: Peer: permanent_uuid: "c160a04b8b304e5781b16b4063f07f6a" member_type: VOTER last_known_addr { host: "127.29.141.131" port: 34587 }, Status: LMP_MISMATCH, Last received: 0.0, Next index: 6, Last known committed idx: 5, Time since last communication: 0.000s
I20260630 12:22:21.142405   750 raft_consensus.cc:1275] T aef879b1b4e144819dd529eb29363ce7 P 0f49f3ba66dc4deebb1c7cba3cc9bd7d [term 3 FOLLOWER]: Refusing update from remote peer d8d29433c1db4a4da7d1fafb2f6c4703: Log matching property violated. Preceding OpId in replica: term: 2 index: 5. Preceding OpId from leader: term: 3 index: 6. (index mismatch)
I20260630 12:22:21.145236  1248 consensus_queue.cc:1048] T aef879b1b4e144819dd529eb29363ce7 P d8d29433c1db4a4da7d1fafb2f6c4703 [LEADER]: Connected to new peer: Peer: permanent_uuid: "0f49f3ba66dc4deebb1c7cba3cc9bd7d" member_type: VOTER last_known_addr { host: "127.29.141.129" port: 42617 }, Status: LMP_MISMATCH, Last received: 0.0, Next index: 6, Last known committed idx: 5, Time since last communication: 0.001s
I20260630 12:22:21.158116   824 raft_consensus.cc:1217] T 1ef6fd44901648978c5353d750a724e0 P 66d2dcdcad294c87ac69c971d285cdda [term 1 LEARNER]: Deduplicated request from leader. Original: 1.1->[1.2-1.2]   Dedup: 1.2->[]
I20260630 12:22:21.228166  1062 raft_consensus.cc:1217] T 3be9f11dfd544833a2080a795ef70372 P d8d29433c1db4a4da7d1fafb2f6c4703 [term 1 LEARNER]: Deduplicated request from leader. Original: 1.1->[1.2-1.2]   Dedup: 1.2->[]
I20260630 12:22:21.275804  1062 raft_consensus.cc:1217] T 72406af6d3a74bb1967e5f78776dd789 P d8d29433c1db4a4da7d1fafb2f6c4703 [term 1 LEARNER]: Deduplicated request from leader. Original: 1.1->[1.2-1.2]   Dedup: 1.2->[]
I20260630 12:22:21.304489   901 raft_consensus.cc:1217] T 28f6319539e141a08afc0359ea65f40a P c160a04b8b304e5781b16b4063f07f6a [term 1 LEARNER]: Deduplicated request from leader. Original: 1.1->[1.2-1.2]   Dedup: 1.2->[]
I20260630 12:22:21.544814  1294 raft_consensus.cc:1064] T 1ef6fd44901648978c5353d750a724e0 P c160a04b8b304e5781b16b4063f07f6a: attempting to promote NON_VOTER 66d2dcdcad294c87ac69c971d285cdda to VOTER
I20260630 12:22:21.547305  1294 consensus_queue.cc:237] T 1ef6fd44901648978c5353d750a724e0 P c160a04b8b304e5781b16b4063f07f6a [LEADER]: Queue going to LEADER mode. State: All replicated index: 0, Majority replicated index: 2, Committed index: 2, Last appended: 1.2, Last appended by leader: 0, Current term: 1, Majority size: 3, State: 0, Mode: LEADER, active raft config: opid_index: 3 OBSOLETE_local: false peers { permanent_uuid: "d8d29433c1db4a4da7d1fafb2f6c4703" member_type: VOTER last_known_addr { host: "127.29.141.132" port: 33555 } attrs { replace: true } } peers { permanent_uuid: "c160a04b8b304e5781b16b4063f07f6a" member_type: VOTER last_known_addr { host: "127.29.141.131" port: 34587 } } peers { permanent_uuid: "0f49f3ba66dc4deebb1c7cba3cc9bd7d" member_type: VOTER last_known_addr { host: "127.29.141.129" port: 42617 } } peers { permanent_uuid: "66d2dcdcad294c87ac69c971d285cdda" member_type: VOTER last_known_addr { host: "127.29.141.130" port: 44273 } attrs { promote: false } }
I20260630 12:22:21.554574  1062 raft_consensus.cc:1275] T 1ef6fd44901648978c5353d750a724e0 P d8d29433c1db4a4da7d1fafb2f6c4703 [term 1 FOLLOWER]: Refusing update from remote peer c160a04b8b304e5781b16b4063f07f6a: Log matching property violated. Preceding OpId in replica: term: 1 index: 2. Preceding OpId from leader: term: 1 index: 3. (index mismatch)
I20260630 12:22:21.554847   750 raft_consensus.cc:1275] T 1ef6fd44901648978c5353d750a724e0 P 0f49f3ba66dc4deebb1c7cba3cc9bd7d [term 1 FOLLOWER]: Refusing update from remote peer c160a04b8b304e5781b16b4063f07f6a: Log matching property violated. Preceding OpId in replica: term: 1 index: 2. Preceding OpId from leader: term: 1 index: 3. (index mismatch)
I20260630 12:22:21.555058   824 raft_consensus.cc:1275] T 1ef6fd44901648978c5353d750a724e0 P 66d2dcdcad294c87ac69c971d285cdda [term 1 LEARNER]: Refusing update from remote peer c160a04b8b304e5781b16b4063f07f6a: Log matching property violated. Preceding OpId in replica: term: 1 index: 2. Preceding OpId from leader: term: 1 index: 3. (index mismatch)
I20260630 12:22:21.556756  1295 consensus_queue.cc:1048] T 1ef6fd44901648978c5353d750a724e0 P c160a04b8b304e5781b16b4063f07f6a [LEADER]: Connected to new peer: Peer: permanent_uuid: "0f49f3ba66dc4deebb1c7cba3cc9bd7d" member_type: VOTER last_known_addr { host: "127.29.141.129" port: 42617 }, Status: LMP_MISMATCH, Last received: 0.0, Next index: 3, Last known committed idx: 2, Time since last communication: 0.000s
I20260630 12:22:21.557689  1297 consensus_queue.cc:1048] T 1ef6fd44901648978c5353d750a724e0 P c160a04b8b304e5781b16b4063f07f6a [LEADER]: Connected to new peer: Peer: permanent_uuid: "66d2dcdcad294c87ac69c971d285cdda" member_type: VOTER last_known_addr { host: "127.29.141.130" port: 44273 } attrs { promote: false }, Status: LMP_MISMATCH, Last received: 0.0, Next index: 3, Last known committed idx: 2, Time since last communication: 0.000s
I20260630 12:22:21.558532  1294 consensus_queue.cc:1048] T 1ef6fd44901648978c5353d750a724e0 P c160a04b8b304e5781b16b4063f07f6a [LEADER]: Connected to new peer: Peer: permanent_uuid: "d8d29433c1db4a4da7d1fafb2f6c4703" member_type: VOTER last_known_addr { host: "127.29.141.132" port: 33555 } attrs { replace: true }, Status: LMP_MISMATCH, Last received: 0.0, Next index: 3, Last known committed idx: 2, Time since last communication: 0.000s
I20260630 12:22:21.577353  1295 raft_consensus.cc:2955] T 1ef6fd44901648978c5353d750a724e0 P c160a04b8b304e5781b16b4063f07f6a [term 1 LEADER]: Committing config change with OpId 1.3: config changed from index 2 to 3, 66d2dcdcad294c87ac69c971d285cdda (127.29.141.130) changed from NON_VOTER to VOTER. New config: { opid_index: 3 OBSOLETE_local: false peers { permanent_uuid: "d8d29433c1db4a4da7d1fafb2f6c4703" member_type: VOTER last_known_addr { host: "127.29.141.132" port: 33555 } attrs { replace: true } } peers { permanent_uuid: "c160a04b8b304e5781b16b4063f07f6a" member_type: VOTER last_known_addr { host: "127.29.141.131" port: 34587 } } peers { permanent_uuid: "0f49f3ba66dc4deebb1c7cba3cc9bd7d" member_type: VOTER last_known_addr { host: "127.29.141.129" port: 42617 } } peers { permanent_uuid: "66d2dcdcad294c87ac69c971d285cdda" member_type: VOTER last_known_addr { host: "127.29.141.130" port: 44273 } attrs { promote: false } } }
I20260630 12:22:21.579383   750 raft_consensus.cc:2955] T 1ef6fd44901648978c5353d750a724e0 P 0f49f3ba66dc4deebb1c7cba3cc9bd7d [term 1 FOLLOWER]: Committing config change with OpId 1.3: config changed from index 2 to 3, 66d2dcdcad294c87ac69c971d285cdda (127.29.141.130) changed from NON_VOTER to VOTER. New config: { opid_index: 3 OBSOLETE_local: false peers { permanent_uuid: "d8d29433c1db4a4da7d1fafb2f6c4703" member_type: VOTER last_known_addr { host: "127.29.141.132" port: 33555 } attrs { replace: true } } peers { permanent_uuid: "c160a04b8b304e5781b16b4063f07f6a" member_type: VOTER last_known_addr { host: "127.29.141.131" port: 34587 } } peers { permanent_uuid: "0f49f3ba66dc4deebb1c7cba3cc9bd7d" member_type: VOTER last_known_addr { host: "127.29.141.129" port: 42617 } } peers { permanent_uuid: "66d2dcdcad294c87ac69c971d285cdda" member_type: VOTER last_known_addr { host: "127.29.141.130" port: 44273 } attrs { promote: false } } }
I20260630 12:22:21.584944  1060 raft_consensus.cc:2955] T 1ef6fd44901648978c5353d750a724e0 P d8d29433c1db4a4da7d1fafb2f6c4703 [term 1 FOLLOWER]: Committing config change with OpId 1.3: config changed from index 2 to 3, 66d2dcdcad294c87ac69c971d285cdda (127.29.141.130) changed from NON_VOTER to VOTER. New config: { opid_index: 3 OBSOLETE_local: false peers { permanent_uuid: "d8d29433c1db4a4da7d1fafb2f6c4703" member_type: VOTER last_known_addr { host: "127.29.141.132" port: 33555 } attrs { replace: true } } peers { permanent_uuid: "c160a04b8b304e5781b16b4063f07f6a" member_type: VOTER last_known_addr { host: "127.29.141.131" port: 34587 } } peers { permanent_uuid: "0f49f3ba66dc4deebb1c7cba3cc9bd7d" member_type: VOTER last_known_addr { host: "127.29.141.129" port: 42617 } } peers { permanent_uuid: "66d2dcdcad294c87ac69c971d285cdda" member_type: VOTER last_known_addr { host: "127.29.141.130" port: 44273 } attrs { promote: false } } }
I20260630 12:22:21.592021   824 raft_consensus.cc:2955] T 1ef6fd44901648978c5353d750a724e0 P 66d2dcdcad294c87ac69c971d285cdda [term 1 FOLLOWER]: Committing config change with OpId 1.3: config changed from index 2 to 3, 66d2dcdcad294c87ac69c971d285cdda (127.29.141.130) changed from NON_VOTER to VOTER. New config: { opid_index: 3 OBSOLETE_local: false peers { permanent_uuid: "d8d29433c1db4a4da7d1fafb2f6c4703" member_type: VOTER last_known_addr { host: "127.29.141.132" port: 33555 } attrs { replace: true } } peers { permanent_uuid: "c160a04b8b304e5781b16b4063f07f6a" member_type: VOTER last_known_addr { host: "127.29.141.131" port: 34587 } } peers { permanent_uuid: "0f49f3ba66dc4deebb1c7cba3cc9bd7d" member_type: VOTER last_known_addr { host: "127.29.141.129" port: 42617 } } peers { permanent_uuid: "66d2dcdcad294c87ac69c971d285cdda" member_type: VOTER last_known_addr { host: "127.29.141.130" port: 44273 } attrs { promote: false } } }
I20260630 12:22:21.601475   647 catalog_manager.cc:5697] T 1ef6fd44901648978c5353d750a724e0 P 0f49f3ba66dc4deebb1c7cba3cc9bd7d reported cstate change: config changed from index 2 to 3, 66d2dcdcad294c87ac69c971d285cdda (127.29.141.130) changed from NON_VOTER to VOTER. New cstate: current_term: 1 leader_uuid: "c160a04b8b304e5781b16b4063f07f6a" committed_config { opid_index: 3 OBSOLETE_local: false peers { permanent_uuid: "d8d29433c1db4a4da7d1fafb2f6c4703" member_type: VOTER last_known_addr { host: "127.29.141.132" port: 33555 } attrs { replace: true } } peers { permanent_uuid: "c160a04b8b304e5781b16b4063f07f6a" member_type: VOTER last_known_addr { host: "127.29.141.131" port: 34587 } } peers { permanent_uuid: "0f49f3ba66dc4deebb1c7cba3cc9bd7d" member_type: VOTER last_known_addr { host: "127.29.141.129" port: 42617 } } peers { permanent_uuid: "66d2dcdcad294c87ac69c971d285cdda" member_type: VOTER last_known_addr { host: "127.29.141.130" port: 44273 } attrs { promote: false } } }
I20260630 12:22:21.711005   901 consensus_queue.cc:237] T 1ef6fd44901648978c5353d750a724e0 P c160a04b8b304e5781b16b4063f07f6a [LEADER]: Queue going to LEADER mode. State: All replicated index: 0, Majority replicated index: 3, Committed index: 3, Last appended: 1.3, Last appended by leader: 0, Current term: 1, Majority size: 2, State: 0, Mode: LEADER, active raft config: opid_index: 4 OBSOLETE_local: false peers { permanent_uuid: "c160a04b8b304e5781b16b4063f07f6a" member_type: VOTER last_known_addr { host: "127.29.141.131" port: 34587 } } peers { permanent_uuid: "0f49f3ba66dc4deebb1c7cba3cc9bd7d" member_type: VOTER last_known_addr { host: "127.29.141.129" port: 42617 } } peers { permanent_uuid: "66d2dcdcad294c87ac69c971d285cdda" member_type: VOTER last_known_addr { host: "127.29.141.130" port: 44273 } attrs { promote: false } }
I20260630 12:22:21.714062  1300 raft_consensus.cc:1064] T 28f6319539e141a08afc0359ea65f40a P 0f49f3ba66dc4deebb1c7cba3cc9bd7d: attempting to promote NON_VOTER c160a04b8b304e5781b16b4063f07f6a to VOTER
I20260630 12:22:21.719084  1300 consensus_queue.cc:237] T 28f6319539e141a08afc0359ea65f40a P 0f49f3ba66dc4deebb1c7cba3cc9bd7d [LEADER]: Queue going to LEADER mode. State: All replicated index: 0, Majority replicated index: 2, Committed index: 2, Last appended: 1.2, Last appended by leader: 0, Current term: 1, Majority size: 3, State: 0, Mode: LEADER, active raft config: opid_index: 3 OBSOLETE_local: false peers { permanent_uuid: "d8d29433c1db4a4da7d1fafb2f6c4703" member_type: VOTER last_known_addr { host: "127.29.141.132" port: 33555 } attrs { replace: true } } peers { permanent_uuid: "66d2dcdcad294c87ac69c971d285cdda" member_type: VOTER last_known_addr { host: "127.29.141.130" port: 44273 } } peers { permanent_uuid: "0f49f3ba66dc4deebb1c7cba3cc9bd7d" member_type: VOTER last_known_addr { host: "127.29.141.129" port: 42617 } } peers { permanent_uuid: "c160a04b8b304e5781b16b4063f07f6a" member_type: VOTER last_known_addr { host: "127.29.141.131" port: 34587 } attrs { promote: false } }
I20260630 12:22:21.720428   750 raft_consensus.cc:1275] T 1ef6fd44901648978c5353d750a724e0 P 0f49f3ba66dc4deebb1c7cba3cc9bd7d [term 1 FOLLOWER]: Refusing update from remote peer c160a04b8b304e5781b16b4063f07f6a: Log matching property violated. Preceding OpId in replica: term: 1 index: 3. Preceding OpId from leader: term: 1 index: 4. (index mismatch)
