I20260630 12:12:33.089148  3908 raft_consensus.cc:2272] T 46b5fd5f1f6046ed98e97aa49d10cbbc P 7203c5cb3eeb40c2bce750b3967d9049 [term 1 FOLLOWER]: Raft consensus is shut down!
I20260630 12:12:33.091027  3906 ts_tablet_manager.cc:1916] T ba3d751da2dc43ffb152576368af0567 P 3838d54059ae47fca080bcc1a5163cfa: Deleting tablet data with delete state TABLET_DATA_TOMBSTONED
I20260630 12:12:33.092684  3359 auto_leader_rebalancer.cc:141] leader rebalance for table range_aware_rebalance_new_range
I20260630 12:12:33.093408  3908 ts_tablet_manager.cc:1916] T 46b5fd5f1f6046ed98e97aa49d10cbbc P 7203c5cb3eeb40c2bce750b3967d9049: Deleting tablet data with delete state TABLET_DATA_TOMBSTONED
I20260630 12:12:33.094076  3729 raft_consensus.cc:2955] T ae0a72d72b40475eb1c0e36be3bad812 P 8188f4d2a2fc4786a621c76b1a16155e [term 1 FOLLOWER]: Committing config change with OpId 1.4: config changed from index 3 to 4, VOTER f099a8d75e9b4f779e0aefdcbd1cd576 (127.0.107.195) evicted. New config: { opid_index: 4 OBSOLETE_local: false peers { permanent_uuid: "7203c5cb3eeb40c2bce750b3967d9049" member_type: VOTER last_known_addr { host: "127.0.107.194" port: 45397 } } peers { permanent_uuid: "3838d54059ae47fca080bcc1a5163cfa" member_type: VOTER last_known_addr { host: "127.0.107.193" port: 37183 } } peers { permanent_uuid: "8188f4d2a2fc4786a621c76b1a16155e" member_type: VOTER last_known_addr { host: "127.0.107.196" port: 45345 } attrs { promote: false } } }
I20260630 12:12:33.096567  3482 raft_consensus.cc:2955] T ae0a72d72b40475eb1c0e36be3bad812 P 7203c5cb3eeb40c2bce750b3967d9049 [term 1 FOLLOWER]: Committing config change with OpId 1.4: config changed from index 3 to 4, VOTER f099a8d75e9b4f779e0aefdcbd1cd576 (127.0.107.195) evicted. New config: { opid_index: 4 OBSOLETE_local: false peers { permanent_uuid: "7203c5cb3eeb40c2bce750b3967d9049" member_type: VOTER last_known_addr { host: "127.0.107.194" port: 45397 } } peers { permanent_uuid: "3838d54059ae47fca080bcc1a5163cfa" member_type: VOTER last_known_addr { host: "127.0.107.193" port: 37183 } } peers { permanent_uuid: "8188f4d2a2fc4786a621c76b1a16155e" member_type: VOTER last_known_addr { host: "127.0.107.196" port: 45345 } attrs { promote: false } } }
I20260630 12:12:33.094965  3293 catalog_manager.cc:5210] ChangeConfig:REMOVE_PEER RPC for tablet ae0a72d72b40475eb1c0e36be3bad812 with cas_config_opid_index 3: ChangeConfig:REMOVE_PEER succeeded (attempt 1)
W20260630 12:12:33.105758  3293 catalog_manager.cc:5220] ChangeConfig:REMOVE_PEER RPC for tablet ae0a72d72b40475eb1c0e36be3bad812 with cas_config_opid_index 3: ChangeConfig:REMOVE_PEER failed with leader 3838d54059ae47fca080bcc1a5163cfa (127.0.107.193:37183) due to CAS failure; no further retry: Illegal state: Request specified cas_config_opid_index of 3 but the committed config has opid_index of 4
I20260630 12:12:33.107087  3305 catalog_manager.cc:5697] T ae0a72d72b40475eb1c0e36be3bad812 P 3838d54059ae47fca080bcc1a5163cfa reported cstate change: config changed from index 3 to 4, VOTER f099a8d75e9b4f779e0aefdcbd1cd576 (127.0.107.195) evicted. New cstate: current_term: 1 leader_uuid: "3838d54059ae47fca080bcc1a5163cfa" committed_config { opid_index: 4 OBSOLETE_local: false peers { permanent_uuid: "7203c5cb3eeb40c2bce750b3967d9049" member_type: VOTER last_known_addr { host: "127.0.107.194" port: 45397 } health_report { overall_health: HEALTHY } } peers { permanent_uuid: "3838d54059ae47fca080bcc1a5163cfa" member_type: VOTER last_known_addr { host: "127.0.107.193" port: 37183 } health_report { overall_health: HEALTHY } } peers { permanent_uuid: "8188f4d2a2fc4786a621c76b1a16155e" member_type: VOTER last_known_addr { host: "127.0.107.196" port: 45345 } attrs { promote: false } health_report { overall_health: HEALTHY } } }
I20260630 12:12:33.119752  3906 ts_tablet_manager.cc:1929] T ba3d751da2dc43ffb152576368af0567 P 3838d54059ae47fca080bcc1a5163cfa: tablet deleted with delete type TABLET_DATA_TOMBSTONED: last-logged OpId 1.3
I20260630 12:12:33.119866  3545 tablet_service.cc:1558] Processing DeleteTablet for tablet ae0a72d72b40475eb1c0e36be3bad812 with delete_type TABLET_DATA_TOMBSTONED (TS f099a8d75e9b4f779e0aefdcbd1cd576 not found in new config with opid_index 4) from {username='slave'} at 127.0.0.1:39580
I20260630 12:12:33.127238  3906 log.cc:1199] T ba3d751da2dc43ffb152576368af0567 P 3838d54059ae47fca080bcc1a5163cfa: Deleting WAL directory at /tmp/dist-test-taskhgVuLr/test-tmp/auto_rebalancer-test.0.AutoRebalancerTest.RangeAwareRebalancesNewRangeReplicas.1782821459953847-431-0/minicluster-data/ts-0-root/wals/ba3d751da2dc43ffb152576368af0567
I20260630 12:12:33.128378  3908 ts_tablet_manager.cc:1929] T 46b5fd5f1f6046ed98e97aa49d10cbbc P 7203c5cb3eeb40c2bce750b3967d9049: tablet deleted with delete type TABLET_DATA_TOMBSTONED: last-logged OpId 1.3
I20260630 12:12:33.128734  3908 log.cc:1199] T 46b5fd5f1f6046ed98e97aa49d10cbbc P 7203c5cb3eeb40c2bce750b3967d9049: Deleting WAL directory at /tmp/dist-test-taskhgVuLr/test-tmp/auto_rebalancer-test.0.AutoRebalancerTest.RangeAwareRebalancesNewRangeReplicas.1782821459953847-431-0/minicluster-data/ts-1-root/wals/46b5fd5f1f6046ed98e97aa49d10cbbc
I20260630 12:12:33.128921  3293 catalog_manager.cc:5028] TS 3838d54059ae47fca080bcc1a5163cfa (127.0.107.193:37183): tablet ba3d751da2dc43ffb152576368af0567 (table range_aware_rebalance_new_range [id=94eb79a74f7a46539d1fa91f33f20b9a]) successfully deleted
I20260630 12:12:33.130697  3293 catalog_manager.cc:5028] TS 7203c5cb3eeb40c2bce750b3967d9049 (127.0.107.194:45397): tablet 46b5fd5f1f6046ed98e97aa49d10cbbc (table range_aware_rebalance_new_range [id=94eb79a74f7a46539d1fa91f33f20b9a]) successfully deleted
I20260630 12:12:33.131429  3909 tablet_replica.cc:333] T ae0a72d72b40475eb1c0e36be3bad812 P f099a8d75e9b4f779e0aefdcbd1cd576: stopping tablet replica
I20260630 12:12:33.132475  3909 raft_consensus.cc:2243] T ae0a72d72b40475eb1c0e36be3bad812 P f099a8d75e9b4f779e0aefdcbd1cd576 [term 1 FOLLOWER]: Raft consensus shutting down.
I20260630 12:12:33.132965  3909 raft_consensus.cc:2272] T ae0a72d72b40475eb1c0e36be3bad812 P f099a8d75e9b4f779e0aefdcbd1cd576 [term 1 FOLLOWER]: Raft consensus is shut down!
I20260630 12:12:33.135713  3909 ts_tablet_manager.cc:1916] T ae0a72d72b40475eb1c0e36be3bad812 P f099a8d75e9b4f779e0aefdcbd1cd576: Deleting tablet data with delete state TABLET_DATA_TOMBSTONED
I20260630 12:12:33.143070  3555 tablet_service.cc:2072] Received LeaderStepDown RPC: tablet_id: "ff9d6da4803743acafa9237bf3ca31dc"
dest_uuid: "f099a8d75e9b4f779e0aefdcbd1cd576"
mode: GRACEFUL
new_leader_uuid: "8188f4d2a2fc4786a621c76b1a16155e"
 from {username='slave'} at 127.0.0.1:53842
I20260630 12:12:33.143635  3555 raft_consensus.cc:606] T ff9d6da4803743acafa9237bf3ca31dc P f099a8d75e9b4f779e0aefdcbd1cd576 [term 2 LEADER]: Received request to transfer leadership to TS 8188f4d2a2fc4786a621c76b1a16155e
I20260630 12:12:33.145246  3359 auto_leader_rebalancer.cc:440] table: range_aware_rebalance_new_range, leader rebalance finish, leader transfer count: 1
I20260630 12:12:33.145785  3359 auto_leader_rebalancer.cc:515] All tables' leader rebalancing finished this round
I20260630 12:12:33.147972  3909 ts_tablet_manager.cc:1929] T ae0a72d72b40475eb1c0e36be3bad812 P f099a8d75e9b4f779e0aefdcbd1cd576: tablet deleted with delete type TABLET_DATA_TOMBSTONED: last-logged OpId 1.3
I20260630 12:12:33.148307  3909 log.cc:1199] T ae0a72d72b40475eb1c0e36be3bad812 P f099a8d75e9b4f779e0aefdcbd1cd576: Deleting WAL directory at /tmp/dist-test-taskhgVuLr/test-tmp/auto_rebalancer-test.0.AutoRebalancerTest.RangeAwareRebalancesNewRangeReplicas.1782821459953847-431-0/minicluster-data/ts-2-root/wals/ae0a72d72b40475eb1c0e36be3bad812
I20260630 12:12:33.149448  3293 catalog_manager.cc:5028] TS f099a8d75e9b4f779e0aefdcbd1cd576 (127.0.107.195:40681): tablet ae0a72d72b40475eb1c0e36be3bad812 (table range_aware_rebalance_new_range [id=94eb79a74f7a46539d1fa91f33f20b9a]) successfully deleted
I20260630 12:12:33.394714  3882 raft_consensus.cc:993] T ff9d6da4803743acafa9237bf3ca31dc P f099a8d75e9b4f779e0aefdcbd1cd576: : Instructing follower 8188f4d2a2fc4786a621c76b1a16155e to start an election
I20260630 12:12:33.395157  3831 raft_consensus.cc:1081] T ff9d6da4803743acafa9237bf3ca31dc P f099a8d75e9b4f779e0aefdcbd1cd576 [term 2 LEADER]: Signalling peer 8188f4d2a2fc4786a621c76b1a16155e to start an election
I20260630 12:12:33.396366  3729 tablet_service.cc:2044] Received Run Leader Election RPC: tablet_id: "ff9d6da4803743acafa9237bf3ca31dc"
dest_uuid: "8188f4d2a2fc4786a621c76b1a16155e"
 from {username='slave'} at 127.0.0.1:39490
I20260630 12:12:33.396875  3729 raft_consensus.cc:493] T ff9d6da4803743acafa9237bf3ca31dc P 8188f4d2a2fc4786a621c76b1a16155e [term 2 FOLLOWER]: Starting forced leader election (received explicit request)
I20260630 12:12:33.397226  3729 raft_consensus.cc:3060] T ff9d6da4803743acafa9237bf3ca31dc P 8188f4d2a2fc4786a621c76b1a16155e [term 2 FOLLOWER]: Advancing to term 3
I20260630 12:12:33.401305  3729 raft_consensus.cc:515] T ff9d6da4803743acafa9237bf3ca31dc P 8188f4d2a2fc4786a621c76b1a16155e [term 3 FOLLOWER]: Starting forced leader election with config: opid_index: -1 OBSOLETE_local: false peers { permanent_uuid: "f099a8d75e9b4f779e0aefdcbd1cd576" member_type: VOTER last_known_addr { host: "127.0.107.195" port: 40681 } } peers { permanent_uuid: "8188f4d2a2fc4786a621c76b1a16155e" member_type: VOTER last_known_addr { host: "127.0.107.196" port: 45345 } } peers { permanent_uuid: "3838d54059ae47fca080bcc1a5163cfa" member_type: VOTER last_known_addr { host: "127.0.107.193" port: 37183 } }
I20260630 12:12:33.402709  3729 leader_election.cc:290] T ff9d6da4803743acafa9237bf3ca31dc P 8188f4d2a2fc4786a621c76b1a16155e [CANDIDATE]: Term 3 election: Requested vote from peers f099a8d75e9b4f779e0aefdcbd1cd576 (127.0.107.195:40681), 3838d54059ae47fca080bcc1a5163cfa (127.0.107.193:37183)
I20260630 12:12:33.403302  3555 tablet_service.cc:1917] Received RequestConsensusVote() RPC: tablet_id: "ff9d6da4803743acafa9237bf3ca31dc" candidate_uuid: "8188f4d2a2fc4786a621c76b1a16155e" candidate_term: 3 candidate_status { last_received { term: 2 index: 2 } } ignore_live_leader: true dest_uuid: "f099a8d75e9b4f779e0aefdcbd1cd576"
I20260630 12:12:33.403477  3407 tablet_service.cc:1917] Received RequestConsensusVote() RPC: tablet_id: "ff9d6da4803743acafa9237bf3ca31dc" candidate_uuid: "8188f4d2a2fc4786a621c76b1a16155e" candidate_term: 3 candidate_status { last_received { term: 2 index: 2 } } ignore_live_leader: true dest_uuid: "3838d54059ae47fca080bcc1a5163cfa"
I20260630 12:12:33.403928  3555 raft_consensus.cc:3055] T ff9d6da4803743acafa9237bf3ca31dc P f099a8d75e9b4f779e0aefdcbd1cd576 [term 2 LEADER]: Stepping down as leader of term 2
I20260630 12:12:33.403985  3407 raft_consensus.cc:3060] T ff9d6da4803743acafa9237bf3ca31dc P 3838d54059ae47fca080bcc1a5163cfa [term 2 FOLLOWER]: Advancing to term 3
I20260630 12:12:33.404239  3555 raft_consensus.cc:740] T ff9d6da4803743acafa9237bf3ca31dc P f099a8d75e9b4f779e0aefdcbd1cd576 [term 2 LEADER]: Becoming Follower/Learner. State: Replica: f099a8d75e9b4f779e0aefdcbd1cd576, State: Running, Role: LEADER
I20260630 12:12:33.404937  3555 consensus_queue.cc:260] T ff9d6da4803743acafa9237bf3ca31dc P f099a8d75e9b4f779e0aefdcbd1cd576 [NON_LEADER]: Queue going to NON_LEADER mode. State: All replicated index: 0, Majority replicated index: 2, Committed index: 2, Last appended: 2.2, Last appended by leader: 2, Current term: 2, Majority size: -1, State: 0, Mode: NON_LEADER, active raft config: opid_index: -1 OBSOLETE_local: false peers { permanent_uuid: "f099a8d75e9b4f779e0aefdcbd1cd576" member_type: VOTER last_known_addr { host: "127.0.107.195" port: 40681 } } peers { permanent_uuid: "8188f4d2a2fc4786a621c76b1a16155e" member_type: VOTER last_known_addr { host: "127.0.107.196" port: 45345 } } peers { permanent_uuid: "3838d54059ae47fca080bcc1a5163cfa" member_type: VOTER last_known_addr { host: "127.0.107.193" port: 37183 } }
I20260630 12:12:33.405745  3555 raft_consensus.cc:3060] T ff9d6da4803743acafa9237bf3ca31dc P f099a8d75e9b4f779e0aefdcbd1cd576 [term 2 FOLLOWER]: Advancing to term 3
I20260630 12:12:33.407814  3407 raft_consensus.cc:2468] T ff9d6da4803743acafa9237bf3ca31dc P 3838d54059ae47fca080bcc1a5163cfa [term 3 FOLLOWER]: Leader election vote request: Granting yes vote for candidate 8188f4d2a2fc4786a621c76b1a16155e in term 3.
I20260630 12:12:33.408684  3698 leader_election.cc:304] T ff9d6da4803743acafa9237bf3ca31dc P 8188f4d2a2fc4786a621c76b1a16155e [CANDIDATE]: Term 3 election: Election decided. Result: candidate won. Election summary: received 2 responses out of 3 voters: 2 yes votes; 0 no votes. yes voters: 3838d54059ae47fca080bcc1a5163cfa, 8188f4d2a2fc4786a621c76b1a16155e; no voters: 
I20260630 12:12:33.409297  3875 raft_consensus.cc:2804] T ff9d6da4803743acafa9237bf3ca31dc P 8188f4d2a2fc4786a621c76b1a16155e [term 3 FOLLOWER]: Leader election won for term 3
I20260630 12:12:33.410182  3875 raft_consensus.cc:697] T ff9d6da4803743acafa9237bf3ca31dc P 8188f4d2a2fc4786a621c76b1a16155e [term 3 LEADER]: Becoming Leader. State: Replica: 8188f4d2a2fc4786a621c76b1a16155e, State: Running, Role: LEADER
I20260630 12:12:33.410245  3555 raft_consensus.cc:2468] T ff9d6da4803743acafa9237bf3ca31dc P f099a8d75e9b4f779e0aefdcbd1cd576 [term 3 FOLLOWER]: Leader election vote request: Granting yes vote for candidate 8188f4d2a2fc4786a621c76b1a16155e in term 3.
I20260630 12:12:33.411083  3875 consensus_queue.cc:237] T ff9d6da4803743acafa9237bf3ca31dc P 8188f4d2a2fc4786a621c76b1a16155e [LEADER]: Queue going to LEADER mode. State: All replicated index: 0, Majority replicated index: 2, Committed index: 2, Last appended: 2.2, Last appended by leader: 2, Current term: 3, Majority size: 2, State: 0, Mode: LEADER, active raft config: opid_index: -1 OBSOLETE_local: false peers { permanent_uuid: "f099a8d75e9b4f779e0aefdcbd1cd576" member_type: VOTER last_known_addr { host: "127.0.107.195" port: 40681 } } peers { permanent_uuid: "8188f4d2a2fc4786a621c76b1a16155e" member_type: VOTER last_known_addr { host: "127.0.107.196" port: 45345 } } peers { permanent_uuid: "3838d54059ae47fca080bcc1a5163cfa" member_type: VOTER last_known_addr { host: "127.0.107.193" port: 37183 } }
I20260630 12:12:33.418952  3302 catalog_manager.cc:5697] T ff9d6da4803743acafa9237bf3ca31dc P 8188f4d2a2fc4786a621c76b1a16155e reported cstate change: term changed from 2 to 3, leader changed from f099a8d75e9b4f779e0aefdcbd1cd576 (127.0.107.195) to 8188f4d2a2fc4786a621c76b1a16155e (127.0.107.196). New cstate: current_term: 3 leader_uuid: "8188f4d2a2fc4786a621c76b1a16155e" committed_config { opid_index: -1 OBSOLETE_local: false peers { permanent_uuid: "f099a8d75e9b4f779e0aefdcbd1cd576" member_type: VOTER last_known_addr { host: "127.0.107.195" port: 40681 } health_report { overall_health: UNKNOWN } } peers { permanent_uuid: "8188f4d2a2fc4786a621c76b1a16155e" member_type: VOTER last_known_addr { host: "127.0.107.196" port: 45345 } health_report { overall_health: HEALTHY } } peers { permanent_uuid: "3838d54059ae47fca080bcc1a5163cfa" member_type: VOTER last_known_addr { host: "127.0.107.193" port: 37183 } health_report { overall_health: UNKNOWN } } }
I20260630 12:12:33.800266  3555 raft_consensus.cc:1275] T ff9d6da4803743acafa9237bf3ca31dc P f099a8d75e9b4f779e0aefdcbd1cd576 [term 3 FOLLOWER]: Refusing update from remote peer 8188f4d2a2fc4786a621c76b1a16155e: Log matching property violated. Preceding OpId in replica: term: 2 index: 2. Preceding OpId from leader: term: 3 index: 3. (index mismatch)
I20260630 12:12:33.801435  3875 consensus_queue.cc:1048] T ff9d6da4803743acafa9237bf3ca31dc P 8188f4d2a2fc4786a621c76b1a16155e [LEADER]: Connected to new peer: Peer: permanent_uuid: "f099a8d75e9b4f779e0aefdcbd1cd576" member_type: VOTER last_known_addr { host: "127.0.107.195" port: 40681 }, Status: LMP_MISMATCH, Last received: 0.0, Next index: 3, Last known committed idx: 2, Time since last communication: 0.000s
I20260630 12:12:33.812816  3407 raft_consensus.cc:1275] T ff9d6da4803743acafa9237bf3ca31dc P 3838d54059ae47fca080bcc1a5163cfa [term 3 FOLLOWER]: Refusing update from remote peer 8188f4d2a2fc4786a621c76b1a16155e: Log matching property violated. Preceding OpId in replica: term: 2 index: 2. Preceding OpId from leader: term: 3 index: 3. (index mismatch)
I20260630 12:12:33.814199  3912 consensus_queue.cc:1048] T ff9d6da4803743acafa9237bf3ca31dc P 8188f4d2a2fc4786a621c76b1a16155e [LEADER]: Connected to new peer: Peer: permanent_uuid: "3838d54059ae47fca080bcc1a5163cfa" member_type: VOTER last_known_addr { host: "127.0.107.193" port: 37183 }, Status: LMP_MISMATCH, Last received: 0.0, Next index: 3, Last known committed idx: 2, Time since last communication: 0.000s
I20260630 12:12:34.146008  3407 consensus_queue.cc:237] T 5caee120744d4ddcb3336ac409f67270 P 3838d54059ae47fca080bcc1a5163cfa [LEADER]: Queue going to LEADER mode. State: All replicated index: 0, Majority replicated index: 1, Committed index: 1, Last appended: 1.1, Last appended by leader: 0, Current term: 1, Majority size: 2, State: 0, Mode: LEADER, active raft config: opid_index: 2 OBSOLETE_local: false peers { permanent_uuid: "3838d54059ae47fca080bcc1a5163cfa" member_type: VOTER last_known_addr { host: "127.0.107.193" port: 37183 } } peers { permanent_uuid: "8188f4d2a2fc4786a621c76b1a16155e" member_type: VOTER last_known_addr { host: "127.0.107.196" port: 45345 } attrs { replace: true } } peers { permanent_uuid: "7203c5cb3eeb40c2bce750b3967d9049" member_type: VOTER last_known_addr { host: "127.0.107.194" port: 45397 } } peers { permanent_uuid: "f099a8d75e9b4f779e0aefdcbd1cd576" member_type: NON_VOTER last_known_addr { host: "127.0.107.195" port: 40681 } attrs { promote: true } }
I20260630 12:12:34.152055  3482 raft_consensus.cc:1275] T 5caee120744d4ddcb3336ac409f67270 P 7203c5cb3eeb40c2bce750b3967d9049 [term 1 FOLLOWER]: Refusing update from remote peer 3838d54059ae47fca080bcc1a5163cfa: Log matching property violated. Preceding OpId in replica: term: 1 index: 1. Preceding OpId from leader: term: 1 index: 2. (index mismatch)
I20260630 12:12:34.152494  3729 raft_consensus.cc:1275] T 5caee120744d4ddcb3336ac409f67270 P 8188f4d2a2fc4786a621c76b1a16155e [term 1 FOLLOWER]: Refusing update from remote peer 3838d54059ae47fca080bcc1a5163cfa: Log matching property violated. Preceding OpId in replica: term: 1 index: 1. Preceding OpId from leader: term: 1 index: 2. (index mismatch)
W20260630 12:12:34.152554  3374 consensus_peers.cc:597] T 5caee120744d4ddcb3336ac409f67270 P 3838d54059ae47fca080bcc1a5163cfa -> Peer f099a8d75e9b4f779e0aefdcbd1cd576 (127.0.107.195:40681): Couldn't send request to peer f099a8d75e9b4f779e0aefdcbd1cd576. Error code: TABLET_NOT_FOUND (6). Status: Not found: Tablet not found: 5caee120744d4ddcb3336ac409f67270. This is attempt 1: this message will repeat every 5th retry.
I20260630 12:12:34.153911  3924 consensus_queue.cc:1048] T 5caee120744d4ddcb3336ac409f67270 P 3838d54059ae47fca080bcc1a5163cfa [LEADER]: Connected to new peer: Peer: permanent_uuid: "8188f4d2a2fc4786a621c76b1a16155e" member_type: VOTER last_known_addr { host: "127.0.107.196" port: 45345 } attrs { replace: true }, Status: LMP_MISMATCH, Last received: 0.0, Next index: 2, Last known committed idx: 1, Time since last communication: 0.000s
I20260630 12:12:34.154763  3923 consensus_queue.cc:1048] T 5caee120744d4ddcb3336ac409f67270 P 3838d54059ae47fca080bcc1a5163cfa [LEADER]: Connected to new peer: Peer: permanent_uuid: "7203c5cb3eeb40c2bce750b3967d9049" member_type: VOTER last_known_addr { host: "127.0.107.194" port: 45397 }, Status: LMP_MISMATCH, Last received: 0.0, Next index: 2, Last known committed idx: 1, Time since last communication: 0.000s
I20260630 12:12:34.160965  3924 raft_consensus.cc:2955] T 5caee120744d4ddcb3336ac409f67270 P 3838d54059ae47fca080bcc1a5163cfa [term 1 LEADER]: Committing config change with OpId 1.2: config changed from index -1 to 2, NON_VOTER f099a8d75e9b4f779e0aefdcbd1cd576 (127.0.107.195) added. New config: { opid_index: 2 OBSOLETE_local: false peers { permanent_uuid: "3838d54059ae47fca080bcc1a5163cfa" member_type: VOTER last_known_addr { host: "127.0.107.193" port: 37183 } } peers { permanent_uuid: "8188f4d2a2fc4786a621c76b1a16155e" member_type: VOTER last_known_addr { host: "127.0.107.196" port: 45345 } attrs { replace: true } } peers { permanent_uuid: "7203c5cb3eeb40c2bce750b3967d9049" member_type: VOTER last_known_addr { host: "127.0.107.194" port: 45397 } } peers { permanent_uuid: "f099a8d75e9b4f779e0aefdcbd1cd576" member_type: NON_VOTER last_known_addr { host: "127.0.107.195" port: 40681 } attrs { promote: true } } }
I20260630 12:12:34.162458  3729 raft_consensus.cc:2955] T 5caee120744d4ddcb3336ac409f67270 P 8188f4d2a2fc4786a621c76b1a16155e [term 1 FOLLOWER]: Committing config change with OpId 1.2: config changed from index -1 to 2, NON_VOTER f099a8d75e9b4f779e0aefdcbd1cd576 (127.0.107.195) added. New config: { opid_index: 2 OBSOLETE_local: false peers { permanent_uuid: "3838d54059ae47fca080bcc1a5163cfa" member_type: VOTER last_known_addr { host: "127.0.107.193" port: 37183 } } peers { permanent_uuid: "8188f4d2a2fc4786a621c76b1a16155e" member_type: VOTER last_known_addr { host: "127.0.107.196" port: 45345 } attrs { replace: true } } peers { permanent_uuid: "7203c5cb3eeb40c2bce750b3967d9049" member_type: VOTER last_known_addr { host: "127.0.107.194" port: 45397 } } peers { permanent_uuid: "f099a8d75e9b4f779e0aefdcbd1cd576" member_type: NON_VOTER last_known_addr { host: "127.0.107.195" port: 40681 } attrs { promote: true } } }
I20260630 12:12:34.163219  3482 raft_consensus.cc:2955] T 5caee120744d4ddcb3336ac409f67270 P 7203c5cb3eeb40c2bce750b3967d9049 [term 1 FOLLOWER]: Committing config change with OpId 1.2: config changed from index -1 to 2, NON_VOTER f099a8d75e9b4f779e0aefdcbd1cd576 (127.0.107.195) added. New config: { opid_index: 2 OBSOLETE_local: false peers { permanent_uuid: "3838d54059ae47fca080bcc1a5163cfa" member_type: VOTER last_known_addr { host: "127.0.107.193" port: 37183 } } peers { permanent_uuid: "8188f4d2a2fc4786a621c76b1a16155e" member_type: VOTER last_known_addr { host: "127.0.107.196" port: 45345 } attrs { replace: true } } peers { permanent_uuid: "7203c5cb3eeb40c2bce750b3967d9049" member_type: VOTER last_known_addr { host: "127.0.107.194" port: 45397 } } peers { permanent_uuid: "f099a8d75e9b4f779e0aefdcbd1cd576" member_type: NON_VOTER last_known_addr { host: "127.0.107.195" port: 40681 } attrs { promote: true } } }
I20260630 12:12:34.170859  3305 catalog_manager.cc:5697] T 5caee120744d4ddcb3336ac409f67270 P 3838d54059ae47fca080bcc1a5163cfa reported cstate change: config changed from index -1 to 2, NON_VOTER f099a8d75e9b4f779e0aefdcbd1cd576 (127.0.107.195) added. New cstate: current_term: 1 leader_uuid: "3838d54059ae47fca080bcc1a5163cfa" committed_config { opid_index: 2 OBSOLETE_local: false peers { permanent_uuid: "3838d54059ae47fca080bcc1a5163cfa" member_type: VOTER last_known_addr { host: "127.0.107.193" port: 37183 } health_report { overall_health: HEALTHY } } peers { permanent_uuid: "8188f4d2a2fc4786a621c76b1a16155e" member_type: VOTER last_known_addr { host: "127.0.107.196" port: 45345 } attrs { replace: true } health_report { overall_health: HEALTHY } } peers { permanent_uuid: "7203c5cb3eeb40c2bce750b3967d9049" member_type: VOTER last_known_addr { host: "127.0.107.194" port: 45397 } health_report { overall_health: HEALTHY } } peers { permanent_uuid: "f099a8d75e9b4f779e0aefdcbd1cd576" member_type: NON_VOTER last_known_addr { host: "127.0.107.195" port: 40681 } attrs { promote: true } health_report { overall_health: UNKNOWN } } }
I20260630 12:12:34.172865  3407 consensus_queue.cc:237] T 3067f3400ee74f7bbe9fdd1bbc68c2c2 P 3838d54059ae47fca080bcc1a5163cfa [LEADER]: Queue going to LEADER mode. State: All replicated index: 0, Majority replicated index: 1, Committed index: 1, Last appended: 1.1, Last appended by leader: 0, Current term: 1, Majority size: 2, State: 0, Mode: LEADER, active raft config: opid_index: 2 OBSOLETE_local: false peers { permanent_uuid: "3838d54059ae47fca080bcc1a5163cfa" member_type: VOTER last_known_addr { host: "127.0.107.193" port: 37183 } } peers { permanent_uuid: "7203c5cb3eeb40c2bce750b3967d9049" member_type: VOTER last_known_addr { host: "127.0.107.194" port: 45397 } } peers { permanent_uuid: "f099a8d75e9b4f779e0aefdcbd1cd576" member_type: VOTER last_known_addr { host: "127.0.107.195" port: 40681 } attrs { replace: true } } peers { permanent_uuid: "8188f4d2a2fc4786a621c76b1a16155e" member_type: NON_VOTER last_known_addr { host: "127.0.107.196" port: 45345 } attrs { promote: true } }
I20260630 12:12:34.182154  3482 raft_consensus.cc:1275] T 3067f3400ee74f7bbe9fdd1bbc68c2c2 P 7203c5cb3eeb40c2bce750b3967d9049 [term 1 FOLLOWER]: Refusing update from remote peer 3838d54059ae47fca080bcc1a5163cfa: Log matching property violated. Preceding OpId in replica: term: 1 index: 1. Preceding OpId from leader: term: 1 index: 2. (index mismatch)
W20260630 12:12:34.182876  3374 consensus_peers.cc:597] T 3067f3400ee74f7bbe9fdd1bbc68c2c2 P 3838d54059ae47fca080bcc1a5163cfa -> Peer 8188f4d2a2fc4786a621c76b1a16155e (127.0.107.196:45345): Couldn't send request to peer 8188f4d2a2fc4786a621c76b1a16155e. Error code: TABLET_NOT_FOUND (6). Status: Not found: Tablet not found: 3067f3400ee74f7bbe9fdd1bbc68c2c2. This is attempt 1: this message will repeat every 5th retry.
I20260630 12:12:34.182808  3555 raft_consensus.cc:1275] T 3067f3400ee74f7bbe9fdd1bbc68c2c2 P f099a8d75e9b4f779e0aefdcbd1cd576 [term 1 FOLLOWER]: Refusing update from remote peer 3838d54059ae47fca080bcc1a5163cfa: Log matching property violated. Preceding OpId in replica: term: 1 index: 1. Preceding OpId from leader: term: 1 index: 2. (index mismatch)
I20260630 12:12:34.183709  3923 consensus_queue.cc:1048] T 3067f3400ee74f7bbe9fdd1bbc68c2c2 P 3838d54059ae47fca080bcc1a5163cfa [LEADER]: Connected to new peer: Peer: permanent_uuid: "7203c5cb3eeb40c2bce750b3967d9049" member_type: VOTER last_known_addr { host: "127.0.107.194" port: 45397 }, Status: LMP_MISMATCH, Last received: 0.0, Next index: 2, Last known committed idx: 1, Time since last communication: 0.000s
I20260630 12:12:34.184543  3915 consensus_queue.cc:1048] T 3067f3400ee74f7bbe9fdd1bbc68c2c2 P 3838d54059ae47fca080bcc1a5163cfa [LEADER]: Connected to new peer: Peer: permanent_uuid: "f099a8d75e9b4f779e0aefdcbd1cd576" member_type: VOTER last_known_addr { host: "127.0.107.195" port: 40681 } attrs { replace: true }, Status: LMP_MISMATCH, Last received: 0.0, Next index: 2, Last known committed idx: 1, Time since last communication: 0.000s
I20260630 12:12:34.197971  3923 raft_consensus.cc:2955] T 3067f3400ee74f7bbe9fdd1bbc68c2c2 P 3838d54059ae47fca080bcc1a5163cfa [term 1 LEADER]: Committing config change with OpId 1.2: config changed from index -1 to 2, NON_VOTER 8188f4d2a2fc4786a621c76b1a16155e (127.0.107.196) added. New config: { opid_index: 2 OBSOLETE_local: false peers { permanent_uuid: "3838d54059ae47fca080bcc1a5163cfa" member_type: VOTER last_known_addr { host: "127.0.107.193" port: 37183 } } peers { permanent_uuid: "7203c5cb3eeb40c2bce750b3967d9049" member_type: VOTER last_known_addr { host: "127.0.107.194" port: 45397 } } peers { permanent_uuid: "f099a8d75e9b4f779e0aefdcbd1cd576" member_type: VOTER last_known_addr { host: "127.0.107.195" port: 40681 } attrs { replace: true } } peers { permanent_uuid: "8188f4d2a2fc4786a621c76b1a16155e" member_type: NON_VOTER last_known_addr { host: "127.0.107.196" port: 45345 } attrs { promote: true } } }
I20260630 12:12:34.200831  3555 raft_consensus.cc:2955] T 3067f3400ee74f7bbe9fdd1bbc68c2c2 P f099a8d75e9b4f779e0aefdcbd1cd576 [term 1 FOLLOWER]: Committing config change with OpId 1.2: config changed from index -1 to 2, NON_VOTER 8188f4d2a2fc4786a621c76b1a16155e (127.0.107.196) added. New config: { opid_index: 2 OBSOLETE_local: false peers { permanent_uuid: "3838d54059ae47fca080bcc1a5163cfa" member_type: VOTER last_known_addr { host: "127.0.107.193" port: 37183 } } peers { permanent_uuid: "7203c5cb3eeb40c2bce750b3967d9049" member_type: VOTER last_known_addr { host: "127.0.107.194" port: 45397 } } peers { permanent_uuid: "f099a8d75e9b4f779e0aefdcbd1cd576" member_type: VOTER last_known_addr { host: "127.0.107.195" port: 40681 } attrs { replace: true } } peers { permanent_uuid: "8188f4d2a2fc4786a621c76b1a16155e" member_type: NON_VOTER last_known_addr { host: "127.0.107.196" port: 45345 } attrs { promote: true } } }
I20260630 12:12:34.203156  3482 raft_consensus.cc:2955] T 3067f3400ee74f7bbe9fdd1bbc68c2c2 P 7203c5cb3eeb40c2bce750b3967d9049 [term 1 FOLLOWER]: Committing config change with OpId 1.2: config changed from index -1 to 2, NON_VOTER 8188f4d2a2fc4786a621c76b1a16155e (127.0.107.196) added. New config: { opid_index: 2 OBSOLETE_local: false peers { permanent_uuid: "3838d54059ae47fca080bcc1a5163cfa" member_type: VOTER last_known_addr { host: "127.0.107.193" port: 37183 } } peers { permanent_uuid: "7203c5cb3eeb40c2bce750b3967d9049" member_type: VOTER last_known_addr { host: "127.0.107.194" port: 45397 } } peers { permanent_uuid: "f099a8d75e9b4f779e0aefdcbd1cd576" member_type: VOTER last_known_addr { host: "127.0.107.195" port: 40681 } attrs { replace: true } } peers { permanent_uuid: "8188f4d2a2fc4786a621c76b1a16155e" member_type: NON_VOTER last_known_addr { host: "127.0.107.196" port: 45345 } attrs { promote: true } } }
I20260630 12:12:34.209348  3302 catalog_manager.cc:5697] T 3067f3400ee74f7bbe9fdd1bbc68c2c2 P 3838d54059ae47fca080bcc1a5163cfa reported cstate change: config changed from index -1 to 2, NON_VOTER 8188f4d2a2fc4786a621c76b1a16155e (127.0.107.196) added. New cstate: current_term: 1 leader_uuid: "3838d54059ae47fca080bcc1a5163cfa" committed_config { opid_index: 2 OBSOLETE_local: false peers { permanent_uuid: "3838d54059ae47fca080bcc1a5163cfa" member_type: VOTER last_known_addr { host: "127.0.107.193" port: 37183 } health_report { overall_health: HEALTHY } } peers { permanent_uuid: "7203c5cb3eeb40c2bce750b3967d9049" member_type: VOTER last_known_addr { host: "127.0.107.194" port: 45397 } health_report { overall_health: HEALTHY } } peers { permanent_uuid: "f099a8d75e9b4f779e0aefdcbd1cd576" member_type: VOTER last_known_addr { host: "127.0.107.195" port: 40681 } attrs { replace: true } health_report { overall_health: HEALTHY } } peers { permanent_uuid: "8188f4d2a2fc4786a621c76b1a16155e" member_type: NON_VOTER last_known_addr { host: "127.0.107.196" port: 45345 } attrs { promote: true } health_report { overall_health: UNKNOWN } } }
I20260630 12:12:34.213117  3556 consensus_queue.cc:237] T c24744303caa4a2b9fb5f47237f188fc P f099a8d75e9b4f779e0aefdcbd1cd576 [LEADER]: Queue going to LEADER mode. State: All replicated index: 0, Majority replicated index: 1, Committed index: 1, Last appended: 1.1, Last appended by leader: 0, Current term: 1, Majority size: 2, State: 0, Mode: LEADER, active raft config: opid_index: 2 OBSOLETE_local: false peers { permanent_uuid: "f099a8d75e9b4f779e0aefdcbd1cd576" member_type: VOTER last_known_addr { host: "127.0.107.195" port: 40681 } } peers { permanent_uuid: "3838d54059ae47fca080bcc1a5163cfa" member_type: VOTER last_known_addr { host: "127.0.107.193" port: 37183 } } peers { permanent_uuid: "8188f4d2a2fc4786a621c76b1a16155e" member_type: VOTER last_known_addr { host: "127.0.107.196" port: 45345 } attrs { replace: true } } peers { permanent_uuid: "7203c5cb3eeb40c2bce750b3967d9049" member_type: NON_VOTER last_known_addr { host: "127.0.107.194" port: 45397 } attrs { promote: true } }
I20260630 12:12:34.222759  3729 raft_consensus.cc:1275] T c24744303caa4a2b9fb5f47237f188fc P 8188f4d2a2fc4786a621c76b1a16155e [term 1 FOLLOWER]: Refusing update from remote peer f099a8d75e9b4f779e0aefdcbd1cd576: Log matching property violated. Preceding OpId in replica: term: 1 index: 1. Preceding OpId from leader: term: 1 index: 2. (index mismatch)
W20260630 12:12:34.223738  3523 consensus_peers.cc:597] T c24744303caa4a2b9fb5f47237f188fc P f099a8d75e9b4f779e0aefdcbd1cd576 -> Peer 7203c5cb3eeb40c2bce750b3967d9049 (127.0.107.194:45397): Couldn't send request to peer 7203c5cb3eeb40c2bce750b3967d9049. Error code: TABLET_NOT_FOUND (6). Status: Not found: Tablet not found: c24744303caa4a2b9fb5f47237f188fc. This is attempt 1: this message will repeat every 5th retry.
I20260630 12:12:34.224685  3914 consensus_queue.cc:1048] T c24744303caa4a2b9fb5f47237f188fc P f099a8d75e9b4f779e0aefdcbd1cd576 [LEADER]: Connected to new peer: Peer: permanent_uuid: "8188f4d2a2fc4786a621c76b1a16155e" member_type: VOTER last_known_addr { host: "127.0.107.196" port: 45345 } attrs { replace: true }, Status: LMP_MISMATCH, Last received: 0.0, Next index: 2, Last known committed idx: 1, Time since last communication: 0.000s
I20260630 12:12:34.225641  3407 raft_consensus.cc:1275] T c24744303caa4a2b9fb5f47237f188fc P 3838d54059ae47fca080bcc1a5163cfa [term 1 FOLLOWER]: Refusing update from remote peer f099a8d75e9b4f779e0aefdcbd1cd576: Log matching property violated. Preceding OpId in replica: term: 1 index: 1. Preceding OpId from leader: term: 1 index: 2. (index mismatch)
I20260630 12:12:34.226925  3934 consensus_queue.cc:1048] T c24744303caa4a2b9fb5f47237f188fc P f099a8d75e9b4f779e0aefdcbd1cd576 [LEADER]: Connected to new peer: Peer: permanent_uuid: "3838d54059ae47fca080bcc1a5163cfa" member_type: VOTER last_known_addr { host: "127.0.107.193" port: 37183 }, Status: LMP_MISMATCH, Last received: 0.0, Next index: 2, Last known committed idx: 1, Time since last communication: 0.000s
I20260630 12:12:34.233527  3934 raft_consensus.cc:2955] T c24744303caa4a2b9fb5f47237f188fc P f099a8d75e9b4f779e0aefdcbd1cd576 [term 1 LEADER]: Committing config change with OpId 1.2: config changed from index -1 to 2, NON_VOTER 7203c5cb3eeb40c2bce750b3967d9049 (127.0.107.194) added. New config: { opid_index: 2 OBSOLETE_local: false peers { permanent_uuid: "f099a8d75e9b4f779e0aefdcbd1cd576" member_type: VOTER last_known_addr { host: "127.0.107.195" port: 40681 } } peers { permanent_uuid: "3838d54059ae47fca080bcc1a5163cfa" member_type: VOTER last_known_addr { host: "127.0.107.193" port: 37183 } } peers { permanent_uuid: "8188f4d2a2fc4786a621c76b1a16155e" member_type: VOTER last_known_addr { host: "127.0.107.196" port: 45345 } attrs { replace: true } } peers { permanent_uuid: "7203c5cb3eeb40c2bce750b3967d9049" member_type: NON_VOTER last_known_addr { host: "127.0.107.194" port: 45397 } attrs { promote: true } } }
I20260630 12:12:34.234819  3729 raft_consensus.cc:2955] T c24744303caa4a2b9fb5f47237f188fc P 8188f4d2a2fc4786a621c76b1a16155e [term 1 FOLLOWER]: Committing config change with OpId 1.2: config changed from index -1 to 2, NON_VOTER 7203c5cb3eeb40c2bce750b3967d9049 (127.0.107.194) added. New config: { opid_index: 2 OBSOLETE_local: false peers { permanent_uuid: "f099a8d75e9b4f779e0aefdcbd1cd576" member_type: VOTER last_known_addr { host: "127.0.107.195" port: 40681 } } peers { permanent_uuid: "3838d54059ae47fca080bcc1a5163cfa" member_type: VOTER last_known_addr { host: "127.0.107.193" port: 37183 } } peers { permanent_uuid: "8188f4d2a2fc4786a621c76b1a16155e" member_type: VOTER last_known_addr { host: "127.0.107.196" port: 45345 } attrs { replace: true } } peers { permanent_uuid: "7203c5cb3eeb40c2bce750b3967d9049" member_type: NON_VOTER last_known_addr { host: "127.0.107.194" port: 45397 } attrs { promote: true } } }
I20260630 12:12:34.235713  3407 raft_consensus.cc:2955] T c24744303caa4a2b9fb5f47237f188fc P 3838d54059ae47fca080bcc1a5163cfa [term 1 FOLLOWER]: Committing config change with OpId 1.2: config changed from index -1 to 2, NON_VOTER 7203c5cb3eeb40c2bce750b3967d9049 (127.0.107.194) added. New config: { opid_index: 2 OBSOLETE_local: false peers { permanent_uuid: "f099a8d75e9b4f779e0aefdcbd1cd576" member_type: VOTER last_known_addr { host: "127.0.107.195" port: 40681 } } peers { permanent_uuid: "3838d54059ae47fca080bcc1a5163cfa" member_type: VOTER last_known_addr { host: "127.0.107.193" port: 37183 } } peers { permanent_uuid: "8188f4d2a2fc4786a621c76b1a16155e" member_type: VOTER last_known_addr { host: "127.0.107.196" port: 45345 } attrs { replace: true } } peers { permanent_uuid: "7203c5cb3eeb40c2bce750b3967d9049" member_type: NON_VOTER last_known_addr { host: "127.0.107.194" port: 45397 } attrs { promote: true } } }
I20260630 12:12:34.248692  3302 catalog_manager.cc:5697] T c24744303caa4a2b9fb5f47237f188fc P 3838d54059ae47fca080bcc1a5163cfa reported cstate change: config changed from index -1 to 2, NON_VOTER 7203c5cb3eeb40c2bce750b3967d9049 (127.0.107.194) added. New cstate: current_term: 1 leader_uuid: "f099a8d75e9b4f779e0aefdcbd1cd576" committed_config { opid_index: 2 OBSOLETE_local: false peers { permanent_uuid: "f099a8d75e9b4f779e0aefdcbd1cd576" member_type: VOTER last_known_addr { host: "127.0.107.195" port: 40681 } } peers { permanent_uuid: "3838d54059ae47fca080bcc1a5163cfa" member_type: VOTER last_known_addr { host: "127.0.107.193" port: 37183 } } peers { permanent_uuid: "8188f4d2a2fc4786a621c76b1a16155e" member_type: VOTER last_known_addr { host: "127.0.107.196" port: 45345 } attrs { replace: true } } peers { permanent_uuid: "7203c5cb3eeb40c2bce750b3967d9049" member_type: NON_VOTER last_known_addr { host: "127.0.107.194" port: 45397 } attrs { promote: true } } }
I20260630 12:12:34.251255  3556 consensus_queue.cc:237] T 00597b4391cf49408e78c8e8a07dbe6d P f099a8d75e9b4f779e0aefdcbd1cd576 [LEADER]: Queue going to LEADER mode. State: All replicated index: 0, Majority replicated index: 2, Committed index: 2, Last appended: 3.2, Last appended by leader: 1, Current term: 3, Majority size: 2, State: 0, Mode: LEADER, active raft config: opid_index: 3 OBSOLETE_local: false peers { permanent_uuid: "3838d54059ae47fca080bcc1a5163cfa" member_type: VOTER last_known_addr { host: "127.0.107.193" port: 37183 } } peers { permanent_uuid: "7203c5cb3eeb40c2bce750b3967d9049" member_type: VOTER last_known_addr { host: "127.0.107.194" port: 45397 } attrs { replace: true } } peers { permanent_uuid: "f099a8d75e9b4f779e0aefdcbd1cd576" member_type: VOTER last_known_addr { host: "127.0.107.195" port: 40681 } } peers { permanent_uuid: "8188f4d2a2fc4786a621c76b1a16155e" member_type: NON_VOTER last_known_addr { host: "127.0.107.196" port: 45345 } attrs { promote: true } }
I20260630 12:12:34.256822  3482 raft_consensus.cc:1275] T 00597b4391cf49408e78c8e8a07dbe6d P 7203c5cb3eeb40c2bce750b3967d9049 [term 3 FOLLOWER]: Refusing update from remote peer f099a8d75e9b4f779e0aefdcbd1cd576: Log matching property violated. Preceding OpId in replica: term: 3 index: 2. Preceding OpId from leader: term: 3 index: 3. (index mismatch)
I20260630 12:12:34.256990  3407 raft_consensus.cc:1275] T 00597b4391cf49408e78c8e8a07dbe6d P 3838d54059ae47fca080bcc1a5163cfa [term 3 FOLLOWER]: Refusing update from remote peer f099a8d75e9b4f779e0aefdcbd1cd576: Log matching property violated. Preceding OpId in replica: term: 3 index: 2. Preceding OpId from leader: term: 3 index: 3. (index mismatch)
I20260630 12:12:34.258673  3937 consensus_queue.cc:1048] T 00597b4391cf49408e78c8e8a07dbe6d P f099a8d75e9b4f779e0aefdcbd1cd576 [LEADER]: Connected to new peer: Peer: permanent_uuid: "3838d54059ae47fca080bcc1a5163cfa" member_type: VOTER last_known_addr { host: "127.0.107.193" port: 37183 }, Status: LMP_MISMATCH, Last received: 0.0, Next index: 3, Last known committed idx: 2, Time since last communication: 0.000s
W20260630 12:12:34.260753  3523 consensus_peers.cc:597] T 00597b4391cf49408e78c8e8a07dbe6d P f099a8d75e9b4f779e0aefdcbd1cd576 -> Peer 8188f4d2a2fc4786a621c76b1a16155e (127.0.107.196:45345): Couldn't send request to peer 8188f4d2a2fc4786a621c76b1a16155e. Error code: TABLET_NOT_FOUND (6). Status: Not found: Tablet not found: 00597b4391cf49408e78c8e8a07dbe6d. This is attempt 1: this message will repeat every 5th retry.
I20260630 12:12:34.262635  3934 consensus_queue.cc:1048] T 00597b4391cf49408e78c8e8a07dbe6d P f099a8d75e9b4f779e0aefdcbd1cd576 [LEADER]: Connected to new peer: Peer: permanent_uuid: "7203c5cb3eeb40c2bce750b3967d9049" member_type: VOTER last_known_addr { host: "127.0.107.194" port: 45397 } attrs { replace: true }, Status: LMP_MISMATCH, Last received: 0.0, Next index: 3, Last known committed idx: 2, Time since last communication: 0.000s
I20260630 12:12:34.266821  3914 raft_consensus.cc:2955] T 00597b4391cf49408e78c8e8a07dbe6d P f099a8d75e9b4f779e0aefdcbd1cd576 [term 3 LEADER]: Committing config change with OpId 3.3: config changed from index -1 to 3, NON_VOTER 8188f4d2a2fc4786a621c76b1a16155e (127.0.107.196) added. New config: { opid_index: 3 OBSOLETE_local: false peers { permanent_uuid: "3838d54059ae47fca080bcc1a5163cfa" member_type: VOTER last_known_addr { host: "127.0.107.193" port: 37183 } } peers { permanent_uuid: "7203c5cb3eeb40c2bce750b3967d9049" member_type: VOTER last_known_addr { host: "127.0.107.194" port: 45397 } attrs { replace: true } } peers { permanent_uuid: "f099a8d75e9b4f779e0aefdcbd1cd576" member_type: VOTER last_known_addr { host: "127.0.107.195" port: 40681 } } peers { permanent_uuid: "8188f4d2a2fc4786a621c76b1a16155e" member_type: NON_VOTER last_known_addr { host: "127.0.107.196" port: 45345 } attrs { promote: true } } }
I20260630 12:12:34.268437  3407 raft_consensus.cc:2955] T 00597b4391cf49408e78c8e8a07dbe6d P 3838d54059ae47fca080bcc1a5163cfa [term 3 FOLLOWER]: Committing config change with OpId 3.3: config changed from index -1 to 3, NON_VOTER 8188f4d2a2fc4786a621c76b1a16155e (127.0.107.196) added. New config: { opid_index: 3 OBSOLETE_local: false peers { permanent_uuid: "3838d54059ae47fca080bcc1a5163cfa" member_type: VOTER last_known_addr { host: "127.0.107.193" port: 37183 } } peers { permanent_uuid: "7203c5cb3eeb40c2bce750b3967d9049" member_type: VOTER last_known_addr { host: "127.0.107.194" port: 45397 } attrs { replace: true } } peers { permanent_uuid: "f099a8d75e9b4f779e0aefdcbd1cd576" member_type: VOTER last_known_addr { host: "127.0.107.195" port: 40681 } } peers { permanent_uuid: "8188f4d2a2fc4786a621c76b1a16155e" member_type: NON_VOTER last_known_addr { host: "127.0.107.196" port: 45345 } attrs { promote: true } } }
I20260630 12:12:34.273597  3482 raft_consensus.cc:2955] T 00597b4391cf49408e78c8e8a07dbe6d P 7203c5cb3eeb40c2bce750b3967d9049 [term 3 FOLLOWER]: Committing config change with OpId 3.3: config changed from index -1 to 3, NON_VOTER 8188f4d2a2fc4786a621c76b1a16155e (127.0.107.196) added. New config: { opid_index: 3 OBSOLETE_local: false peers { permanent_uuid: "3838d54059ae47fca080bcc1a5163cfa" member_type: VOTER last_known_addr { host: "127.0.107.193" port: 37183 } } peers { permanent_uuid: "7203c5cb3eeb40c2bce750b3967d9049" member_type: VOTER last_known_addr { host: "127.0.107.194" port: 45397 } attrs { replace: true } } peers { permanent_uuid: "f099a8d75e9b4f779e0aefdcbd1cd576" member_type: VOTER last_known_addr { host: "127.0.107.195" port: 40681 } } peers { permanent_uuid: "8188f4d2a2fc4786a621c76b1a16155e" member_type: NON_VOTER last_known_addr { host: "127.0.107.196" port: 45345 } attrs { promote: true } } }
I20260630 12:12:34.278889  3305 catalog_manager.cc:5697] T 00597b4391cf49408e78c8e8a07dbe6d P f099a8d75e9b4f779e0aefdcbd1cd576 reported cstate change: config changed from index -1 to 3, NON_VOTER 8188f4d2a2fc4786a621c76b1a16155e (127.0.107.196) added. New cstate: current_term: 3 leader_uuid: "f099a8d75e9b4f779e0aefdcbd1cd576" committed_config { opid_index: 3 OBSOLETE_local: false peers { permanent_uuid: "3838d54059ae47fca080bcc1a5163cfa" member_type: VOTER last_known_addr { host: "127.0.107.193" port: 37183 } health_report { overall_health: HEALTHY } } peers { permanent_uuid: "7203c5cb3eeb40c2bce750b3967d9049" member_type: VOTER last_known_addr { host: "127.0.107.194" port: 45397 } attrs { replace: true } health_report { overall_health: HEALTHY } } peers { permanent_uuid: "f099a8d75e9b4f779e0aefdcbd1cd576" member_type: VOTER last_known_addr { host: "127.0.107.195" port: 40681 } health_report { overall_health: HEALTHY } } peers { permanent_uuid: "8188f4d2a2fc4786a621c76b1a16155e" member_type: NON_VOTER last_known_addr { host: "127.0.107.196" port: 45345 } attrs { promote: true } health_report { overall_health: UNKNOWN } } }
I20260630 12:12:34.729684  3944 ts_tablet_manager.cc:933] T 3067f3400ee74f7bbe9fdd1bbc68c2c2 P 8188f4d2a2fc4786a621c76b1a16155e: Initiating tablet copy from peer 3838d54059ae47fca080bcc1a5163cfa (127.0.107.193:37183)
I20260630 12:12:34.731887  3944 tablet_copy_client.cc:323] T 3067f3400ee74f7bbe9fdd1bbc68c2c2 P 8188f4d2a2fc4786a621c76b1a16155e: tablet copy: Beginning tablet copy session from remote peer at address 127.0.107.193:37183
I20260630 12:12:34.733367  3946 ts_tablet_manager.cc:933] T c24744303caa4a2b9fb5f47237f188fc P 7203c5cb3eeb40c2bce750b3967d9049: Initiating tablet copy from peer f099a8d75e9b4f779e0aefdcbd1cd576 (127.0.107.195:40681)
I20260630 12:12:34.733405  3418 tablet_copy_service.cc:140] P 3838d54059ae47fca080bcc1a5163cfa: Received BeginTabletCopySession request for tablet 3067f3400ee74f7bbe9fdd1bbc68c2c2 from peer 8188f4d2a2fc4786a621c76b1a16155e ({username='slave'} at 127.0.0.1:58602)
I20260630 12:12:34.734022  3418 tablet_copy_service.cc:161] P 3838d54059ae47fca080bcc1a5163cfa: Beginning new tablet copy session on tablet 3067f3400ee74f7bbe9fdd1bbc68c2c2 from peer 8188f4d2a2fc4786a621c76b1a16155e at {username='slave'} at 127.0.0.1:58602: session id = 8188f4d2a2fc4786a621c76b1a16155e-3067f3400ee74f7bbe9fdd1bbc68c2c2
I20260630 12:12:34.740130  3946 tablet_copy_client.cc:323] T c24744303caa4a2b9fb5f47237f188fc P 7203c5cb3eeb40c2bce750b3967d9049: tablet copy: Beginning tablet copy session from remote peer at address 127.0.107.195:40681
I20260630 12:12:34.741743  3567 tablet_copy_service.cc:140] P f099a8d75e9b4f779e0aefdcbd1cd576: Received BeginTabletCopySession request for tablet c24744303caa4a2b9fb5f47237f188fc from peer 7203c5cb3eeb40c2bce750b3967d9049 ({username='slave'} at 127.0.0.1:39598)
I20260630 12:12:34.742285  3567 tablet_copy_service.cc:161] P f099a8d75e9b4f779e0aefdcbd1cd576: Beginning new tablet copy session on tablet c24744303caa4a2b9fb5f47237f188fc from peer 7203c5cb3eeb40c2bce750b3967d9049 at {username='slave'} at 127.0.0.1:39598: session id = 7203c5cb3eeb40c2bce750b3967d9049-c24744303caa4a2b9fb5f47237f188fc
I20260630 12:12:34.745316  3418 tablet_copy_source_session.cc:215] T 3067f3400ee74f7bbe9fdd1bbc68c2c2 P 3838d54059ae47fca080bcc1a5163cfa: Tablet Copy: opened 0 blocks and 1 log segments
I20260630 12:12:34.749325  3944 data_dirs.cc:400] Could only allocate 1 dirs of requested 3 for tablet 3067f3400ee74f7bbe9fdd1bbc68c2c2. 1 dirs total, 0 dirs full, 0 dirs failed
I20260630 12:12:34.749291  3567 tablet_copy_source_session.cc:215] T c24744303caa4a2b9fb5f47237f188fc P f099a8d75e9b4f779e0aefdcbd1cd576: Tablet Copy: opened 0 blocks and 1 log segments
I20260630 12:12:34.751673  3948 ts_tablet_manager.cc:933] T 5caee120744d4ddcb3336ac409f67270 P f099a8d75e9b4f779e0aefdcbd1cd576: Initiating tablet copy from peer 3838d54059ae47fca080bcc1a5163cfa (127.0.107.193:37183)
I20260630 12:12:34.752583  3946 data_dirs.cc:400] Could only allocate 1 dirs of requested 3 for tablet c24744303caa4a2b9fb5f47237f188fc. 1 dirs total, 0 dirs full, 0 dirs failed
I20260630 12:12:34.763355  3948 tablet_copy_client.cc:323] T 5caee120744d4ddcb3336ac409f67270 P f099a8d75e9b4f779e0aefdcbd1cd576: tablet copy: Beginning tablet copy session from remote peer at address 127.0.107.193:37183
I20260630 12:12:34.764634  3944 tablet_copy_client.cc:806] T 3067f3400ee74f7bbe9fdd1bbc68c2c2 P 8188f4d2a2fc4786a621c76b1a16155e: tablet copy: Starting download of 0 data blocks...
I20260630 12:12:34.764912  3418 tablet_copy_service.cc:140] P 3838d54059ae47fca080bcc1a5163cfa: Received BeginTabletCopySession request for tablet 5caee120744d4ddcb3336ac409f67270 from peer f099a8d75e9b4f779e0aefdcbd1cd576 ({username='slave'} at 127.0.0.1:48930)
I20260630 12:12:34.765161  3944 tablet_copy_client.cc:670] T 3067f3400ee74f7bbe9fdd1bbc68c2c2 P 8188f4d2a2fc4786a621c76b1a16155e: tablet copy: Starting download of 1 WAL segments...
I20260630 12:12:34.765450  3418 tablet_copy_service.cc:161] P 3838d54059ae47fca080bcc1a5163cfa: Beginning new tablet copy session on tablet 5caee120744d4ddcb3336ac409f67270 from peer f099a8d75e9b4f779e0aefdcbd1cd576 at {username='slave'} at 127.0.0.1:48930: session id = f099a8d75e9b4f779e0aefdcbd1cd576-5caee120744d4ddcb3336ac409f67270
I20260630 12:12:34.767663  3946 tablet_copy_client.cc:806] T c24744303caa4a2b9fb5f47237f188fc P 7203c5cb3eeb40c2bce750b3967d9049: tablet copy: Starting download of 0 data blocks...
I20260630 12:12:34.768134  3946 tablet_copy_client.cc:670] T c24744303caa4a2b9fb5f47237f188fc P 7203c5cb3eeb40c2bce750b3967d9049: tablet copy: Starting download of 1 WAL segments...
I20260630 12:12:34.770403  3944 tablet_copy_client.cc:538] T 3067f3400ee74f7bbe9fdd1bbc68c2c2 P 8188f4d2a2fc4786a621c76b1a16155e: tablet copy: Tablet Copy complete. Replacing tablet superblock.
I20260630 12:12:34.773430  3946 tablet_copy_client.cc:538] T c24744303caa4a2b9fb5f47237f188fc P 7203c5cb3eeb40c2bce750b3967d9049: tablet copy: Tablet Copy complete. Replacing tablet superblock.
I20260630 12:12:34.776571  3418 tablet_copy_source_session.cc:215] T 5caee120744d4ddcb3336ac409f67270 P 3838d54059ae47fca080bcc1a5163cfa: Tablet Copy: opened 0 blocks and 1 log segments
I20260630 12:12:34.776988  3944 tablet_bootstrap.cc:492] T 3067f3400ee74f7bbe9fdd1bbc68c2c2 P 8188f4d2a2fc4786a621c76b1a16155e: Bootstrap starting.
I20260630 12:12:34.779469  3948 data_dirs.cc:400] Could only allocate 1 dirs of requested 3 for tablet 5caee120744d4ddcb3336ac409f67270. 1 dirs total, 0 dirs full, 0 dirs failed
I20260630 12:12:34.785866  3946 tablet_bootstrap.cc:492] T c24744303caa4a2b9fb5f47237f188fc P 7203c5cb3eeb40c2bce750b3967d9049: Bootstrap starting.
I20260630 12:12:34.794709  3948 tablet_copy_client.cc:806] T 5caee120744d4ddcb3336ac409f67270 P f099a8d75e9b4f779e0aefdcbd1cd576: tablet copy: Starting download of 0 data blocks...
