W20260630 12:11:06.907963   977 instance_detector.cc:116] could not retrieve OpenStack instance metadata: Network error: curl error: HTTP response code said error: The requested URL returned error: 404
I20260630 12:11:06.908731   431 hybrid_clock.cc:584] initializing the hybrid clock with 'system_unsync' time source
W20260630 12:11:06.908891   431 system_unsync_time.cc:38] NTP support is disabled. Clock error bounds will not be accurate. This configuration is not suitable for distributed clusters.
I20260630 12:11:06.908998   431 hybrid_clock.cc:648] HybridClock initialized: now 1782821466908988 us; error 0 us; skew 500 ppm
I20260630 12:11:06.909400   431 server_base.cc:861] Flag tcmalloc_max_total_thread_cache_bytes is not working since tcmalloc is not enabled.
I20260630 12:11:06.911540   431 webserver.cc:533] Webserver started at http://127.0.107.254:43619/ using document root <none> and password file <none>
I20260630 12:11:06.911902   431 fs_manager.cc:362] Metadata directory not provided
I20260630 12:11:06.912027   431 fs_manager.cc:368] Using write-ahead log directory (fs_wal_dir) as metadata directory
I20260630 12:11:06.912210   431 server_base.cc:909] This appears to be a new deployment of Kudu; creating new FS layout
I20260630 12:11:06.913079   431 fs_manager.cc:1068] Generated new instance metadata in path /tmp/dist-test-taskhgVuLr/test-tmp/auto_rebalancer-test.0.AutoRebalancerTest.AutoRebalancingTurnOffAndOn.1782821459953847-431-0/minicluster-data/master-0-root/instance:
uuid: "4ed72018e0714757862b6b589c2cbe92"
format_stamp: "Formatted at 2026-06-30 12:11:06 on dist-test-slave-2mnb"
I20260630 12:11:06.917078   431 fs_manager.cc:696] Time spent creating directory manager: real 0.004s	user 0.005s	sys 0.000s
I20260630 12:11:06.919862   982 log_block_manager.cc:4031] Time spent loading block containers with low live blocks: real 0.000s	user 0.000s	sys 0.000s
I20260630 12:11:06.920511   431 fs_manager.cc:730] Time spent opening block manager: real 0.002s	user 0.001s	sys 0.000s
I20260630 12:11:06.920801   431 fs_manager.cc:647] Opened local filesystem: /tmp/dist-test-taskhgVuLr/test-tmp/auto_rebalancer-test.0.AutoRebalancerTest.AutoRebalancingTurnOffAndOn.1782821459953847-431-0/minicluster-data/master-0-root
uuid: "4ed72018e0714757862b6b589c2cbe92"
format_stamp: "Formatted at 2026-06-30 12:11:06 on dist-test-slave-2mnb"
I20260630 12:11:06.921058   431 fs_report.cc:389] FS layout report
--------------------
wal directory: /tmp/dist-test-taskhgVuLr/test-tmp/auto_rebalancer-test.0.AutoRebalancerTest.AutoRebalancingTurnOffAndOn.1782821459953847-431-0/minicluster-data/master-0-root
metadata directory: /tmp/dist-test-taskhgVuLr/test-tmp/auto_rebalancer-test.0.AutoRebalancerTest.AutoRebalancingTurnOffAndOn.1782821459953847-431-0/minicluster-data/master-0-root
1 data directories: /tmp/dist-test-taskhgVuLr/test-tmp/auto_rebalancer-test.0.AutoRebalancerTest.AutoRebalancingTurnOffAndOn.1782821459953847-431-0/minicluster-data/master-0-root/data
Total live blocks: 0
Total live bytes: 0
Total live bytes (after alignment): 0
Total number of LBM containers: 0 (0 full)
Did not check for missing blocks
Did not check for orphaned blocks
Total full LBM containers with extra space: 0 (0 repaired)
Total full LBM container extra space in bytes: 0 (0 repaired)
Total incomplete LBM containers: 0 (0 repaired)
Total LBM partial records: 0 (0 repaired)
Total corrupted LBM metadata records in RocksDB: 0 (0 repaired)
I20260630 12:11:06.929600   431 rpc_server.cc:225] running with OpenSSL 1.1.1  11 Sep 2018
I20260630 12:11:06.930414   431 kserver.cc:163] Server-wide thread pool size limit: 3276
I20260630 12:11:06.962718   431 rpc_server.cc:307] RPC server started. Bound to: 127.0.107.254:40341
I20260630 12:11:06.962776  1033 acceptor_pool.cc:272] collecting diagnostics on the listening RPC socket 127.0.107.254:40341 every 8 connection(s)
I20260630 12:11:06.966202  1034 data_dirs.cc:400] Could only allocate 1 dirs of requested 3 for tablet 00000000000000000000000000000000. 1 dirs total, 0 dirs full, 0 dirs failed
I20260630 12:11:06.974366  1034 tablet_bootstrap.cc:492] T 00000000000000000000000000000000 P 4ed72018e0714757862b6b589c2cbe92: Bootstrap starting.
I20260630 12:11:06.978415  1034 tablet_bootstrap.cc:654] T 00000000000000000000000000000000 P 4ed72018e0714757862b6b589c2cbe92: Neither blocks nor log segments found. Creating new log.
I20260630 12:11:06.981619  1034 tablet_bootstrap.cc:492] T 00000000000000000000000000000000 P 4ed72018e0714757862b6b589c2cbe92: No bootstrap required, opened a new log
I20260630 12:11:06.983177  1034 raft_consensus.cc:359] T 00000000000000000000000000000000 P 4ed72018e0714757862b6b589c2cbe92 [term 0 FOLLOWER]: Replica starting. Triggering 0 pending ops. Active config: opid_index: -1 OBSOLETE_local: true peers { permanent_uuid: "4ed72018e0714757862b6b589c2cbe92" member_type: VOTER }
I20260630 12:11:06.983495  1034 raft_consensus.cc:385] T 00000000000000000000000000000000 P 4ed72018e0714757862b6b589c2cbe92 [term 0 FOLLOWER]: Consensus starting up: Expiring failure detector timer to make a prompt election more likely
I20260630 12:11:06.983651  1034 raft_consensus.cc:740] T 00000000000000000000000000000000 P 4ed72018e0714757862b6b589c2cbe92 [term 0 FOLLOWER]: Becoming Follower/Learner. State: Replica: 4ed72018e0714757862b6b589c2cbe92, State: Initialized, Role: FOLLOWER
I20260630 12:11:06.984115  1034 consensus_queue.cc:260] T 00000000000000000000000000000000 P 4ed72018e0714757862b6b589c2cbe92 [NON_LEADER]: Queue going to NON_LEADER mode. State: All replicated index: 0, Majority replicated index: 0, Committed index: 0, Last appended: 0.0, Last appended by leader: 0, Current term: 0, Majority size: -1, State: 0, Mode: NON_LEADER, active raft config: opid_index: -1 OBSOLETE_local: true peers { permanent_uuid: "4ed72018e0714757862b6b589c2cbe92" member_type: VOTER }
I20260630 12:11:06.984478  1034 raft_consensus.cc:399] T 00000000000000000000000000000000 P 4ed72018e0714757862b6b589c2cbe92 [term 0 FOLLOWER]: Only one voter in the Raft config. Triggering election immediately
I20260630 12:11:06.984644  1034 raft_consensus.cc:493] T 00000000000000000000000000000000 P 4ed72018e0714757862b6b589c2cbe92 [term 0 FOLLOWER]: Starting leader election (initial election of a single-replica configuration)
I20260630 12:11:06.984827  1034 raft_consensus.cc:3060] T 00000000000000000000000000000000 P 4ed72018e0714757862b6b589c2cbe92 [term 0 FOLLOWER]: Advancing to term 1
I20260630 12:11:06.988140  1034 raft_consensus.cc:515] T 00000000000000000000000000000000 P 4ed72018e0714757862b6b589c2cbe92 [term 1 FOLLOWER]: Starting leader election with config: opid_index: -1 OBSOLETE_local: true peers { permanent_uuid: "4ed72018e0714757862b6b589c2cbe92" member_type: VOTER }
I20260630 12:11:06.988548  1034 leader_election.cc:304] T 00000000000000000000000000000000 P 4ed72018e0714757862b6b589c2cbe92 [CANDIDATE]: Term 1 election: Election decided. Result: candidate won. Election summary: received 1 responses out of 1 voters: 1 yes votes; 0 no votes. yes voters: 4ed72018e0714757862b6b589c2cbe92; no voters: 
I20260630 12:11:06.989470  1034 leader_election.cc:290] T 00000000000000000000000000000000 P 4ed72018e0714757862b6b589c2cbe92 [CANDIDATE]: Term 1 election: Requested vote from peers 
I20260630 12:11:06.989769  1037 raft_consensus.cc:2804] T 00000000000000000000000000000000 P 4ed72018e0714757862b6b589c2cbe92 [term 1 FOLLOWER]: Leader election won for term 1
I20260630 12:11:06.991149  1037 raft_consensus.cc:697] T 00000000000000000000000000000000 P 4ed72018e0714757862b6b589c2cbe92 [term 1 LEADER]: Becoming Leader. State: Replica: 4ed72018e0714757862b6b589c2cbe92, State: Running, Role: LEADER
I20260630 12:11:06.991802  1037 consensus_queue.cc:237] T 00000000000000000000000000000000 P 4ed72018e0714757862b6b589c2cbe92 [LEADER]: Queue going to LEADER mode. State: All replicated index: 0, Majority replicated index: 0, Committed index: 0, Last appended: 0.0, Last appended by leader: 0, Current term: 1, Majority size: 1, State: 0, Mode: LEADER, active raft config: opid_index: -1 OBSOLETE_local: true peers { permanent_uuid: "4ed72018e0714757862b6b589c2cbe92" member_type: VOTER }
I20260630 12:11:06.992106  1034 sys_catalog.cc:565] T 00000000000000000000000000000000 P 4ed72018e0714757862b6b589c2cbe92 [sys.catalog]: configured and running, proceeding with master startup.
I20260630 12:11:06.995895  1039 sys_catalog.cc:455] T 00000000000000000000000000000000 P 4ed72018e0714757862b6b589c2cbe92 [sys.catalog]: SysCatalogTable state changed. Reason: New leader 4ed72018e0714757862b6b589c2cbe92. Latest consensus state: current_term: 1 leader_uuid: "4ed72018e0714757862b6b589c2cbe92" committed_config { opid_index: -1 OBSOLETE_local: true peers { permanent_uuid: "4ed72018e0714757862b6b589c2cbe92" member_type: VOTER } }
I20260630 12:11:06.996456  1039 sys_catalog.cc:458] T 00000000000000000000000000000000 P 4ed72018e0714757862b6b589c2cbe92 [sys.catalog]: This master's current role is: LEADER
I20260630 12:11:06.997575  1038 sys_catalog.cc:455] T 00000000000000000000000000000000 P 4ed72018e0714757862b6b589c2cbe92 [sys.catalog]: SysCatalogTable state changed. Reason: RaftConsensus started. Latest consensus state: current_term: 1 leader_uuid: "4ed72018e0714757862b6b589c2cbe92" committed_config { opid_index: -1 OBSOLETE_local: true peers { permanent_uuid: "4ed72018e0714757862b6b589c2cbe92" member_type: VOTER } }
I20260630 12:11:06.998271  1038 sys_catalog.cc:458] T 00000000000000000000000000000000 P 4ed72018e0714757862b6b589c2cbe92 [sys.catalog]: This master's current role is: LEADER
I20260630 12:11:07.001825  1046 catalog_manager.cc:1511] Loading table and tablet metadata into memory...
I20260630 12:11:07.008801  1046 catalog_manager.cc:1520] Initializing Kudu cluster ID...
I20260630 12:11:07.009639   431 internal_mini_cluster.cc:184] Waiting to initialize catalog manager on master 0
I20260630 12:11:07.016512  1046 catalog_manager.cc:1383] Generated new cluster ID: 529599b7ee0c465cacfccc364c1de740
I20260630 12:11:07.016763  1046 catalog_manager.cc:1531] Initializing Kudu internal certificate authority...
I20260630 12:11:07.033332  1046 catalog_manager.cc:1406] Generated new certificate authority record
I20260630 12:11:07.034407  1046 catalog_manager.cc:1540] Loading token signing keys...
I20260630 12:11:07.054425  1046 catalog_manager.cc:6070] T 00000000000000000000000000000000 P 4ed72018e0714757862b6b589c2cbe92: Generated new TSK 0
I20260630 12:11:07.054958  1046 catalog_manager.cc:1550] Initializing in-progress tserver states...
I20260630 12:11:07.075554   431 file_cache.cc:492] Constructed file cache file cache with capacity 419430
W20260630 12:11:07.080479  1055 instance_detector.cc:116] could not retrieve AWS instance metadata: Network error: curl error: HTTP response code said error: The requested URL returned error: 404
W20260630 12:11:07.081858  1056 instance_detector.cc:116] could not retrieve Azure instance metadata: Network error: curl error: HTTP response code said error: The requested URL returned error: 404
I20260630 12:11:07.082989   431 server_base.cc:1061] running on GCE node
W20260630 12:11:07.083658  1058 instance_detector.cc:116] could not retrieve OpenStack instance metadata: Network error: curl error: HTTP response code said error: The requested URL returned error: 404
I20260630 12:11:07.084388   431 hybrid_clock.cc:584] initializing the hybrid clock with 'system_unsync' time source
W20260630 12:11:07.084587   431 system_unsync_time.cc:38] NTP support is disabled. Clock error bounds will not be accurate. This configuration is not suitable for distributed clusters.
I20260630 12:11:07.084748   431 hybrid_clock.cc:648] HybridClock initialized: now 1782821467084714 us; error 0 us; skew 500 ppm
I20260630 12:11:07.085202   431 server_base.cc:861] Flag tcmalloc_max_total_thread_cache_bytes is not working since tcmalloc is not enabled.
I20260630 12:11:07.087105   431 webserver.cc:533] Webserver started at http://127.0.107.193:44585/ using document root <none> and password file <none>
I20260630 12:11:07.087507   431 fs_manager.cc:362] Metadata directory not provided
I20260630 12:11:07.087690   431 fs_manager.cc:368] Using write-ahead log directory (fs_wal_dir) as metadata directory
I20260630 12:11:07.087939   431 server_base.cc:909] This appears to be a new deployment of Kudu; creating new FS layout
I20260630 12:11:07.088824   431 fs_manager.cc:1068] Generated new instance metadata in path /tmp/dist-test-taskhgVuLr/test-tmp/auto_rebalancer-test.0.AutoRebalancerTest.AutoRebalancingTurnOffAndOn.1782821459953847-431-0/minicluster-data/ts-0-root/instance:
uuid: "29171a4d30194b7ebf51c279b0b9bbf3"
format_stamp: "Formatted at 2026-06-30 12:11:07 on dist-test-slave-2mnb"
I20260630 12:11:07.092697   431 fs_manager.cc:696] Time spent creating directory manager: real 0.003s	user 0.005s	sys 0.000s
I20260630 12:11:07.095615  1063 log_block_manager.cc:4031] Time spent loading block containers with low live blocks: real 0.000s	user 0.000s	sys 0.000s
I20260630 12:11:07.096189   431 fs_manager.cc:730] Time spent opening block manager: real 0.002s	user 0.001s	sys 0.000s
I20260630 12:11:07.096426   431 fs_manager.cc:647] Opened local filesystem: /tmp/dist-test-taskhgVuLr/test-tmp/auto_rebalancer-test.0.AutoRebalancerTest.AutoRebalancingTurnOffAndOn.1782821459953847-431-0/minicluster-data/ts-0-root
uuid: "29171a4d30194b7ebf51c279b0b9bbf3"
format_stamp: "Formatted at 2026-06-30 12:11:07 on dist-test-slave-2mnb"
I20260630 12:11:07.096642   431 fs_report.cc:389] FS layout report
--------------------
wal directory: /tmp/dist-test-taskhgVuLr/test-tmp/auto_rebalancer-test.0.AutoRebalancerTest.AutoRebalancingTurnOffAndOn.1782821459953847-431-0/minicluster-data/ts-0-root
metadata directory: /tmp/dist-test-taskhgVuLr/test-tmp/auto_rebalancer-test.0.AutoRebalancerTest.AutoRebalancingTurnOffAndOn.1782821459953847-431-0/minicluster-data/ts-0-root
1 data directories: /tmp/dist-test-taskhgVuLr/test-tmp/auto_rebalancer-test.0.AutoRebalancerTest.AutoRebalancingTurnOffAndOn.1782821459953847-431-0/minicluster-data/ts-0-root/data
Total live blocks: 0
Total live bytes: 0
Total live bytes (after alignment): 0
Total number of LBM containers: 0 (0 full)
Did not check for missing blocks
Did not check for orphaned blocks
Total full LBM containers with extra space: 0 (0 repaired)
Total full LBM container extra space in bytes: 0 (0 repaired)
Total incomplete LBM containers: 0 (0 repaired)
Total LBM partial records: 0 (0 repaired)
Total corrupted LBM metadata records in RocksDB: 0 (0 repaired)
I20260630 12:11:07.121102   431 rpc_server.cc:225] running with OpenSSL 1.1.1  11 Sep 2018
I20260630 12:11:07.121928   431 kserver.cc:163] Server-wide thread pool size limit: 3276
I20260630 12:11:07.123258   431 txn_system_client.cc:432] TxnSystemClient initialization is disabled...
I20260630 12:11:07.125381   431 ts_tablet_manager.cc:585] Loaded tablet metadata (0 total tablets, 0 live tablets)
I20260630 12:11:07.125557   431 ts_tablet_manager.cc:531] Time spent load tablet metadata: real 0.000s	user 0.000s	sys 0.000s
I20260630 12:11:07.125839   431 ts_tablet_manager.cc:616] Registered 0 tablets
I20260630 12:11:07.126015   431 ts_tablet_manager.cc:595] Time spent register tablets: real 0.000s	user 0.000s	sys 0.000s
I20260630 12:11:07.158624   431 rpc_server.cc:307] RPC server started. Bound to: 127.0.107.193:42815
I20260630 12:11:07.158741  1125 acceptor_pool.cc:272] collecting diagnostics on the listening RPC socket 127.0.107.193:42815 every 8 connection(s)
I20260630 12:11:07.162664   431 file_cache.cc:492] Constructed file cache file cache with capacity 419430
W20260630 12:11:07.169422  1130 instance_detector.cc:116] could not retrieve AWS instance metadata: Network error: curl error: HTTP response code said error: The requested URL returned error: 404
W20260630 12:11:07.170373  1131 instance_detector.cc:116] could not retrieve Azure instance metadata: Network error: curl error: HTTP response code said error: The requested URL returned error: 404
W20260630 12:11:07.171950  1133 instance_detector.cc:116] could not retrieve OpenStack instance metadata: Network error: curl error: HTTP response code said error: The requested URL returned error: 404
I20260630 12:11:07.172809   431 server_base.cc:1061] running on GCE node
I20260630 12:11:07.173481   431 hybrid_clock.cc:584] initializing the hybrid clock with 'system_unsync' time source
W20260630 12:11:07.173696   431 system_unsync_time.cc:38] NTP support is disabled. Clock error bounds will not be accurate. This configuration is not suitable for distributed clusters.
I20260630 12:11:07.173864   431 hybrid_clock.cc:648] HybridClock initialized: now 1782821467173847 us; error 0 us; skew 500 ppm
I20260630 12:11:07.174315   431 server_base.cc:861] Flag tcmalloc_max_total_thread_cache_bytes is not working since tcmalloc is not enabled.
I20260630 12:11:07.176204   431 webserver.cc:533] Webserver started at http://127.0.107.194:35597/ using document root <none> and password file <none>
I20260630 12:11:07.176679   431 fs_manager.cc:362] Metadata directory not provided
I20260630 12:11:07.176924   431 fs_manager.cc:368] Using write-ahead log directory (fs_wal_dir) as metadata directory
I20260630 12:11:07.177250   431 server_base.cc:909] This appears to be a new deployment of Kudu; creating new FS layout
I20260630 12:11:07.178324   431 fs_manager.cc:1068] Generated new instance metadata in path /tmp/dist-test-taskhgVuLr/test-tmp/auto_rebalancer-test.0.AutoRebalancerTest.AutoRebalancingTurnOffAndOn.1782821459953847-431-0/minicluster-data/ts-1-root/instance:
uuid: "b221e0c1e0e9473884af5f42e286e7a4"
format_stamp: "Formatted at 2026-06-30 12:11:07 on dist-test-slave-2mnb"
I20260630 12:11:07.180203  1126 heartbeater.cc:344] Connected to a master server at 127.0.107.254:40341
I20260630 12:11:07.180550  1126 heartbeater.cc:461] Registering TS with master...
I20260630 12:11:07.181182  1126 heartbeater.cc:507] Master 127.0.107.254:40341 requested a full tablet report, sending...
I20260630 12:11:07.184684   999 ts_manager.cc:194] Registered new tserver with Master: 29171a4d30194b7ebf51c279b0b9bbf3 (127.0.107.193:42815)
I20260630 12:11:07.186600   431 fs_manager.cc:696] Time spent creating directory manager: real 0.008s	user 0.007s	sys 0.000s
I20260630 12:11:07.186983   999 master_service.cc:502] Signed X509 certificate for tserver {username='slave'} at 127.0.0.1:46692
I20260630 12:11:07.190397  1138 log_block_manager.cc:4031] Time spent loading block containers with low live blocks: real 0.000s	user 0.000s	sys 0.000s
I20260630 12:11:07.191249   431 fs_manager.cc:730] Time spent opening block manager: real 0.003s	user 0.003s	sys 0.000s
I20260630 12:11:07.191498   431 fs_manager.cc:647] Opened local filesystem: /tmp/dist-test-taskhgVuLr/test-tmp/auto_rebalancer-test.0.AutoRebalancerTest.AutoRebalancingTurnOffAndOn.1782821459953847-431-0/minicluster-data/ts-1-root
uuid: "b221e0c1e0e9473884af5f42e286e7a4"
format_stamp: "Formatted at 2026-06-30 12:11:07 on dist-test-slave-2mnb"
I20260630 12:11:07.191736   431 fs_report.cc:389] FS layout report
--------------------
wal directory: /tmp/dist-test-taskhgVuLr/test-tmp/auto_rebalancer-test.0.AutoRebalancerTest.AutoRebalancingTurnOffAndOn.1782821459953847-431-0/minicluster-data/ts-1-root
metadata directory: /tmp/dist-test-taskhgVuLr/test-tmp/auto_rebalancer-test.0.AutoRebalancerTest.AutoRebalancingTurnOffAndOn.1782821459953847-431-0/minicluster-data/ts-1-root
1 data directories: /tmp/dist-test-taskhgVuLr/test-tmp/auto_rebalancer-test.0.AutoRebalancerTest.AutoRebalancingTurnOffAndOn.1782821459953847-431-0/minicluster-data/ts-1-root/data
Total live blocks: 0
Total live bytes: 0
Total live bytes (after alignment): 0
Total number of LBM containers: 0 (0 full)
Did not check for missing blocks
Did not check for orphaned blocks
Total full LBM containers with extra space: 0 (0 repaired)
Total full LBM container extra space in bytes: 0 (0 repaired)
Total incomplete LBM containers: 0 (0 repaired)
Total LBM partial records: 0 (0 repaired)
Total corrupted LBM metadata records in RocksDB: 0 (0 repaired)
I20260630 12:11:07.210104   431 rpc_server.cc:225] running with OpenSSL 1.1.1  11 Sep 2018
I20260630 12:11:07.210975   431 kserver.cc:163] Server-wide thread pool size limit: 3276
I20260630 12:11:07.212041   431 txn_system_client.cc:432] TxnSystemClient initialization is disabled...
I20260630 12:11:07.213843   431 ts_tablet_manager.cc:585] Loaded tablet metadata (0 total tablets, 0 live tablets)
I20260630 12:11:07.213984   431 ts_tablet_manager.cc:531] Time spent load tablet metadata: real 0.000s	user 0.000s	sys 0.000s
I20260630 12:11:07.214243   431 ts_tablet_manager.cc:616] Registered 0 tablets
I20260630 12:11:07.214385   431 ts_tablet_manager.cc:595] Time spent register tablets: real 0.000s	user 0.000s	sys 0.000s
I20260630 12:11:07.246933   431 rpc_server.cc:307] RPC server started. Bound to: 127.0.107.194:43079
I20260630 12:11:07.247030  1200 acceptor_pool.cc:272] collecting diagnostics on the listening RPC socket 127.0.107.194:43079 every 8 connection(s)
I20260630 12:11:07.251291   431 file_cache.cc:492] Constructed file cache file cache with capacity 419430
W20260630 12:11:07.257164  1204 instance_detector.cc:116] could not retrieve AWS instance metadata: Network error: curl error: HTTP response code said error: The requested URL returned error: 404
W20260630 12:11:07.257612  1205 instance_detector.cc:116] could not retrieve Azure instance metadata: Network error: curl error: HTTP response code said error: The requested URL returned error: 404
I20260630 12:11:07.260366   431 server_base.cc:1061] running on GCE node
W20260630 12:11:07.260878  1208 instance_detector.cc:116] could not retrieve OpenStack instance metadata: Network error: curl error: HTTP response code said error: The requested URL returned error: 404
I20260630 12:11:07.261780  1201 heartbeater.cc:344] Connected to a master server at 127.0.107.254:40341
I20260630 12:11:07.261792   431 hybrid_clock.cc:584] initializing the hybrid clock with 'system_unsync' time source
W20260630 12:11:07.262200   431 system_unsync_time.cc:38] NTP support is disabled. Clock error bounds will not be accurate. This configuration is not suitable for distributed clusters.
I20260630 12:11:07.262250  1201 heartbeater.cc:461] Registering TS with master...
I20260630 12:11:07.262423   431 hybrid_clock.cc:648] HybridClock initialized: now 1782821467262408 us; error 0 us; skew 500 ppm
I20260630 12:11:07.263010   431 server_base.cc:861] Flag tcmalloc_max_total_thread_cache_bytes is not working since tcmalloc is not enabled.
I20260630 12:11:07.262997  1201 heartbeater.cc:507] Master 127.0.107.254:40341 requested a full tablet report, sending...
I20260630 12:11:07.264961   999 ts_manager.cc:194] Registered new tserver with Master: b221e0c1e0e9473884af5f42e286e7a4 (127.0.107.194:43079)
I20260630 12:11:07.265496   431 webserver.cc:533] Webserver started at http://127.0.107.195:33161/ using document root <none> and password file <none>
I20260630 12:11:07.265941   431 fs_manager.cc:362] Metadata directory not provided
I20260630 12:11:07.266150   431 fs_manager.cc:368] Using write-ahead log directory (fs_wal_dir) as metadata directory
I20260630 12:11:07.266279   999 master_service.cc:502] Signed X509 certificate for tserver {username='slave'} at 127.0.0.1:46706
I20260630 12:11:07.266413   431 server_base.cc:909] This appears to be a new deployment of Kudu; creating new FS layout
I20260630 12:11:07.267611   431 fs_manager.cc:1068] Generated new instance metadata in path /tmp/dist-test-taskhgVuLr/test-tmp/auto_rebalancer-test.0.AutoRebalancerTest.AutoRebalancingTurnOffAndOn.1782821459953847-431-0/minicluster-data/ts-2-root/instance:
uuid: "0529b6666d97406d954d35fb35b1a73d"
format_stamp: "Formatted at 2026-06-30 12:11:07 on dist-test-slave-2mnb"
I20260630 12:11:07.271498   431 fs_manager.cc:696] Time spent creating directory manager: real 0.003s	user 0.004s	sys 0.000s
I20260630 12:11:07.274415  1212 log_block_manager.cc:4031] Time spent loading block containers with low live blocks: real 0.000s	user 0.000s	sys 0.000s
I20260630 12:11:07.275170   431 fs_manager.cc:730] Time spent opening block manager: real 0.002s	user 0.002s	sys 0.001s
I20260630 12:11:07.275458   431 fs_manager.cc:647] Opened local filesystem: /tmp/dist-test-taskhgVuLr/test-tmp/auto_rebalancer-test.0.AutoRebalancerTest.AutoRebalancingTurnOffAndOn.1782821459953847-431-0/minicluster-data/ts-2-root
uuid: "0529b6666d97406d954d35fb35b1a73d"
format_stamp: "Formatted at 2026-06-30 12:11:07 on dist-test-slave-2mnb"
I20260630 12:11:07.275748   431 fs_report.cc:389] FS layout report
--------------------
wal directory: /tmp/dist-test-taskhgVuLr/test-tmp/auto_rebalancer-test.0.AutoRebalancerTest.AutoRebalancingTurnOffAndOn.1782821459953847-431-0/minicluster-data/ts-2-root
metadata directory: /tmp/dist-test-taskhgVuLr/test-tmp/auto_rebalancer-test.0.AutoRebalancerTest.AutoRebalancingTurnOffAndOn.1782821459953847-431-0/minicluster-data/ts-2-root
1 data directories: /tmp/dist-test-taskhgVuLr/test-tmp/auto_rebalancer-test.0.AutoRebalancerTest.AutoRebalancingTurnOffAndOn.1782821459953847-431-0/minicluster-data/ts-2-root/data
Total live blocks: 0
Total live bytes: 0
Total live bytes (after alignment): 0
Total number of LBM containers: 0 (0 full)
Did not check for missing blocks
Did not check for orphaned blocks
Total full LBM containers with extra space: 0 (0 repaired)
Total full LBM container extra space in bytes: 0 (0 repaired)
Total incomplete LBM containers: 0 (0 repaired)
Total LBM partial records: 0 (0 repaired)
Total corrupted LBM metadata records in RocksDB: 0 (0 repaired)
I20260630 12:11:07.291329   431 rpc_server.cc:225] running with OpenSSL 1.1.1  11 Sep 2018
I20260630 12:11:07.292191   431 kserver.cc:163] Server-wide thread pool size limit: 3276
I20260630 12:11:07.293422   431 txn_system_client.cc:432] TxnSystemClient initialization is disabled...
I20260630 12:11:07.295331   431 ts_tablet_manager.cc:585] Loaded tablet metadata (0 total tablets, 0 live tablets)
I20260630 12:11:07.295564   431 ts_tablet_manager.cc:531] Time spent load tablet metadata: real 0.000s	user 0.000s	sys 0.000s
I20260630 12:11:07.295786   431 ts_tablet_manager.cc:616] Registered 0 tablets
I20260630 12:11:07.295943   431 ts_tablet_manager.cc:595] Time spent register tablets: real 0.000s	user 0.000s	sys 0.000s
I20260630 12:11:07.329334   431 rpc_server.cc:307] RPC server started. Bound to: 127.0.107.195:33595
I20260630 12:11:07.329422  1274 acceptor_pool.cc:272] collecting diagnostics on the listening RPC socket 127.0.107.195:33595 every 8 connection(s)
I20260630 12:11:07.342137  1275 heartbeater.cc:344] Connected to a master server at 127.0.107.254:40341
I20260630 12:11:07.342437  1275 heartbeater.cc:461] Registering TS with master...
I20260630 12:11:07.343107  1275 heartbeater.cc:507] Master 127.0.107.254:40341 requested a full tablet report, sending...
I20260630 12:11:07.344715   999 ts_manager.cc:194] Registered new tserver with Master: 0529b6666d97406d954d35fb35b1a73d (127.0.107.195:33595)
I20260630 12:11:07.345376   431 internal_mini_cluster.cc:371] 3 TS(s) registered with all masters after 0.013199623s
I20260630 12:11:07.346204   999 master_service.cc:502] Signed X509 certificate for tserver {username='slave'} at 127.0.0.1:46716
I20260630 12:11:08.189929  1126 heartbeater.cc:499] Master 127.0.107.254:40341 was elected leader, sending a full tablet report...
I20260630 12:11:08.268436  1201 heartbeater.cc:499] Master 127.0.107.254:40341 was elected leader, sending a full tablet report...
I20260630 12:11:08.348686  1275 heartbeater.cc:499] Master 127.0.107.254:40341 was elected leader, sending a full tablet report...
I20260630 12:11:08.396682   999 catalog_manager.cc:2283] Servicing CreateTable request from {username='slave'} at 127.0.0.1:46718:
name: "test-workload"
schema {
  columns {
    name: "key"
    type: INT32
    is_key: true
    is_nullable: false
    encoding: AUTO_ENCODING
    compression: DEFAULT_COMPRESSION
    cfile_block_size: 0
    immutable: false
  }
  columns {
    name: "int_val"
    type: INT32
    is_key: false
    is_nullable: false
    encoding: AUTO_ENCODING
    compression: DEFAULT_COMPRESSION
    cfile_block_size: 0
    immutable: false
  }
  columns {
    name: "string_val"
    type: STRING
    is_key: false
    is_nullable: true
    encoding: AUTO_ENCODING
    compression: DEFAULT_COMPRESSION
    cfile_block_size: 0
    immutable: false
  }
}
num_replicas: 3
split_rows_range_bounds {
  rows: "\004\001\000\377\377\377\017\004\001\000\376\377\377\037\004\001\000\375\377\377/\004\001\000\374\377\377?\004\001\000\373\377\377O\004\001\000\372\377\377_\004\001\000\371\377\377o""\004\001\000\377\377\377\017\004\001\000\376\377\377\037\004\001\000\375\377\377/\004\001\000\374\377\377?\004\001\000\373\377\377O\004\001\000\372\377\377_\004\001\000\371\377\377o"
  indirect_data: """"
}
partition_schema {
  range_schema {
    columns {
      name: "key"
    }
  }
}
W20260630 12:11:08.399201   999 catalog_manager.cc:7077] The number of live tablet servers is not enough to re-replicate a tablet replica of the newly created table test-workload in case of a server failure: 4 tablet servers would be needed, 3 are available. Consider bringing up more tablet servers.
I20260630 12:11:08.460775  1091 tablet_service.cc:1511] Processing CreateTablet for tablet 9700dbb679024374a818a9306dc85d95 (DEFAULT_TABLE table=test-workload [id=3698553745644cc5ac073c9e4fad29e7]), partition=RANGE (key) PARTITION VALUES < 268435455
I20260630 12:11:08.462201  1091 data_dirs.cc:400] Could only allocate 1 dirs of requested 3 for tablet 9700dbb679024374a818a9306dc85d95. 1 dirs total, 0 dirs full, 0 dirs failed
I20260630 12:11:08.462447  1090 tablet_service.cc:1511] Processing CreateTablet for tablet 6a6f5c664d9743498e70206d1be21f1e (DEFAULT_TABLE table=test-workload [id=3698553745644cc5ac073c9e4fad29e7]), partition=RANGE (key) PARTITION 268435455 <= VALUES < 536870910
I20260630 12:11:08.463598  1090 data_dirs.cc:400] Could only allocate 1 dirs of requested 3 for tablet 6a6f5c664d9743498e70206d1be21f1e. 1 dirs total, 0 dirs full, 0 dirs failed
I20260630 12:11:08.467555  1089 tablet_service.cc:1511] Processing CreateTablet for tablet 99249275426c4afc83b2a0f7c2be8112 (DEFAULT_TABLE table=test-workload [id=3698553745644cc5ac073c9e4fad29e7]), partition=RANGE (key) PARTITION 536870910 <= VALUES < 805306365
I20260630 12:11:08.468258  1166 tablet_service.cc:1511] Processing CreateTablet for tablet 9700dbb679024374a818a9306dc85d95 (DEFAULT_TABLE table=test-workload [id=3698553745644cc5ac073c9e4fad29e7]), partition=RANGE (key) PARTITION VALUES < 268435455
I20260630 12:11:08.468830  1089 data_dirs.cc:400] Could only allocate 1 dirs of requested 3 for tablet 99249275426c4afc83b2a0f7c2be8112. 1 dirs total, 0 dirs full, 0 dirs failed
I20260630 12:11:08.460870  1165 tablet_service.cc:1511] Processing CreateTablet for tablet 6a6f5c664d9743498e70206d1be21f1e (DEFAULT_TABLE table=test-workload [id=3698553745644cc5ac073c9e4fad29e7]), partition=RANGE (key) PARTITION 268435455 <= VALUES < 536870910
I20260630 12:11:08.469739  1166 data_dirs.cc:400] Could only allocate 1 dirs of requested 3 for tablet 9700dbb679024374a818a9306dc85d95. 1 dirs total, 0 dirs full, 0 dirs failed
I20260630 12:11:08.471171  1164 tablet_service.cc:1511] Processing CreateTablet for tablet 99249275426c4afc83b2a0f7c2be8112 (DEFAULT_TABLE table=test-workload [id=3698553745644cc5ac073c9e4fad29e7]), partition=RANGE (key) PARTITION 536870910 <= VALUES < 805306365
I20260630 12:11:08.472455  1164 data_dirs.cc:400] Could only allocate 1 dirs of requested 3 for tablet 99249275426c4afc83b2a0f7c2be8112. 1 dirs total, 0 dirs full, 0 dirs failed
I20260630 12:11:08.473701  1088 tablet_service.cc:1511] Processing CreateTablet for tablet 09f6df8ad28245458ea3cc55f88706bf (DEFAULT_TABLE table=test-workload [id=3698553745644cc5ac073c9e4fad29e7]), partition=RANGE (key) PARTITION 805306365 <= VALUES < 1073741820
I20260630 12:11:08.474799  1165 data_dirs.cc:400] Could only allocate 1 dirs of requested 3 for tablet 6a6f5c664d9743498e70206d1be21f1e. 1 dirs total, 0 dirs full, 0 dirs failed
I20260630 12:11:08.474987  1088 data_dirs.cc:400] Could only allocate 1 dirs of requested 3 for tablet 09f6df8ad28245458ea3cc55f88706bf. 1 dirs total, 0 dirs full, 0 dirs failed
I20260630 12:11:08.496660  1163 tablet_service.cc:1511] Processing CreateTablet for tablet 09f6df8ad28245458ea3cc55f88706bf (DEFAULT_TABLE table=test-workload [id=3698553745644cc5ac073c9e4fad29e7]), partition=RANGE (key) PARTITION 805306365 <= VALUES < 1073741820
I20260630 12:11:08.498898  1163 data_dirs.cc:400] Could only allocate 1 dirs of requested 3 for tablet 09f6df8ad28245458ea3cc55f88706bf. 1 dirs total, 0 dirs full, 0 dirs failed
I20260630 12:11:08.502233  1087 tablet_service.cc:1511] Processing CreateTablet for tablet 48859134a9d44f9bbdc96e98205fe324 (DEFAULT_TABLE table=test-workload [id=3698553745644cc5ac073c9e4fad29e7]), partition=RANGE (key) PARTITION 1073741820 <= VALUES < 1342177275
I20260630 12:11:08.515781  1295 tablet_bootstrap.cc:492] T 99249275426c4afc83b2a0f7c2be8112 P b221e0c1e0e9473884af5f42e286e7a4: Bootstrap starting.
I20260630 12:11:08.516522  1162 tablet_service.cc:1511] Processing CreateTablet for tablet 48859134a9d44f9bbdc96e98205fe324 (DEFAULT_TABLE table=test-workload [id=3698553745644cc5ac073c9e4fad29e7]), partition=RANGE (key) PARTITION 1073741820 <= VALUES < 1342177275
I20260630 12:11:08.517858  1162 data_dirs.cc:400] Could only allocate 1 dirs of requested 3 for tablet 48859134a9d44f9bbdc96e98205fe324. 1 dirs total, 0 dirs full, 0 dirs failed
I20260630 12:11:08.521255  1295 tablet_bootstrap.cc:654] T 99249275426c4afc83b2a0f7c2be8112 P b221e0c1e0e9473884af5f42e286e7a4: Neither blocks nor log segments found. Creating new log.
I20260630 12:11:08.521561  1296 tablet_bootstrap.cc:492] T 09f6df8ad28245458ea3cc55f88706bf P 29171a4d30194b7ebf51c279b0b9bbf3: Bootstrap starting.
I20260630 12:11:08.524223  1086 tablet_service.cc:1511] Processing CreateTablet for tablet d33fc3d712e04394bdec05754013bf33 (DEFAULT_TABLE table=test-workload [id=3698553745644cc5ac073c9e4fad29e7]), partition=RANGE (key) PARTITION 1342177275 <= VALUES < 1610612730
I20260630 12:11:08.526789  1163 tablet_service.cc:1511] Processing CreateTablet for tablet d33fc3d712e04394bdec05754013bf33 (DEFAULT_TABLE table=test-workload [id=3698553745644cc5ac073c9e4fad29e7]), partition=RANGE (key) PARTITION 1342177275 <= VALUES < 1610612730
I20260630 12:11:08.527391  1237 tablet_service.cc:1511] Processing CreateTablet for tablet 09f6df8ad28245458ea3cc55f88706bf (DEFAULT_TABLE table=test-workload [id=3698553745644cc5ac073c9e4fad29e7]), partition=RANGE (key) PARTITION 805306365 <= VALUES < 1073741820
I20260630 12:11:08.527722  1240 tablet_service.cc:1511] Processing CreateTablet for tablet 9700dbb679024374a818a9306dc85d95 (DEFAULT_TABLE table=test-workload [id=3698553745644cc5ac073c9e4fad29e7]), partition=RANGE (key) PARTITION VALUES < 268435455
I20260630 12:11:08.528172  1163 data_dirs.cc:400] Could only allocate 1 dirs of requested 3 for tablet d33fc3d712e04394bdec05754013bf33. 1 dirs total, 0 dirs full, 0 dirs failed
I20260630 12:11:08.528712  1237 data_dirs.cc:400] Could only allocate 1 dirs of requested 3 for tablet 09f6df8ad28245458ea3cc55f88706bf. 1 dirs total, 0 dirs full, 0 dirs failed
I20260630 12:11:08.529417  1296 tablet_bootstrap.cc:654] T 09f6df8ad28245458ea3cc55f88706bf P 29171a4d30194b7ebf51c279b0b9bbf3: Neither blocks nor log segments found. Creating new log.
I20260630 12:11:08.529812  1239 tablet_service.cc:1511] Processing CreateTablet for tablet 6a6f5c664d9743498e70206d1be21f1e (DEFAULT_TABLE table=test-workload [id=3698553745644cc5ac073c9e4fad29e7]), partition=RANGE (key) PARTITION 268435455 <= VALUES < 536870910
I20260630 12:11:08.531034  1239 data_dirs.cc:400] Could only allocate 1 dirs of requested 3 for tablet 6a6f5c664d9743498e70206d1be21f1e. 1 dirs total, 0 dirs full, 0 dirs failed
I20260630 12:11:08.534829  1088 tablet_service.cc:1511] Processing CreateTablet for tablet 94b135d6075a4723be4746d5017a9602 (DEFAULT_TABLE table=test-workload [id=3698553745644cc5ac073c9e4fad29e7]), partition=RANGE (key) PARTITION 1610612730 <= VALUES < 1879048185
I20260630 12:11:08.535396  1238 tablet_service.cc:1511] Processing CreateTablet for tablet 99249275426c4afc83b2a0f7c2be8112 (DEFAULT_TABLE table=test-workload [id=3698553745644cc5ac073c9e4fad29e7]), partition=RANGE (key) PARTITION 536870910 <= VALUES < 805306365
I20260630 12:11:08.536504  1238 data_dirs.cc:400] Could only allocate 1 dirs of requested 3 for tablet 99249275426c4afc83b2a0f7c2be8112. 1 dirs total, 0 dirs full, 0 dirs failed
I20260630 12:11:08.536736  1165 tablet_service.cc:1511] Processing CreateTablet for tablet 94b135d6075a4723be4746d5017a9602 (DEFAULT_TABLE table=test-workload [id=3698553745644cc5ac073c9e4fad29e7]), partition=RANGE (key) PARTITION 1610612730 <= VALUES < 1879048185
I20260630 12:11:08.537914  1165 data_dirs.cc:400] Could only allocate 1 dirs of requested 3 for tablet 94b135d6075a4723be4746d5017a9602. 1 dirs total, 0 dirs full, 0 dirs failed
I20260630 12:11:08.539428  1236 tablet_service.cc:1511] Processing CreateTablet for tablet 48859134a9d44f9bbdc96e98205fe324 (DEFAULT_TABLE table=test-workload [id=3698553745644cc5ac073c9e4fad29e7]), partition=RANGE (key) PARTITION 1073741820 <= VALUES < 1342177275
I20260630 12:11:08.540640  1236 data_dirs.cc:400] Could only allocate 1 dirs of requested 3 for tablet 48859134a9d44f9bbdc96e98205fe324. 1 dirs total, 0 dirs full, 0 dirs failed
I20260630 12:11:08.541555  1085 tablet_service.cc:1511] Processing CreateTablet for tablet 3b0e4593056c48cb80eda689c0fb79fa (DEFAULT_TABLE table=test-workload [id=3698553745644cc5ac073c9e4fad29e7]), partition=RANGE (key) PARTITION 1879048185 <= VALUES
I20260630 12:11:08.544227  1235 tablet_service.cc:1511] Processing CreateTablet for tablet d33fc3d712e04394bdec05754013bf33 (DEFAULT_TABLE table=test-workload [id=3698553745644cc5ac073c9e4fad29e7]), partition=RANGE (key) PARTITION 1342177275 <= VALUES < 1610612730
I20260630 12:11:08.545378  1235 data_dirs.cc:400] Could only allocate 1 dirs of requested 3 for tablet d33fc3d712e04394bdec05754013bf33. 1 dirs total, 0 dirs full, 0 dirs failed
I20260630 12:11:08.545166  1166 tablet_service.cc:1511] Processing CreateTablet for tablet 3b0e4593056c48cb80eda689c0fb79fa (DEFAULT_TABLE table=test-workload [id=3698553745644cc5ac073c9e4fad29e7]), partition=RANGE (key) PARTITION 1879048185 <= VALUES
I20260630 12:11:08.546197  1166 data_dirs.cc:400] Could only allocate 1 dirs of requested 3 for tablet 3b0e4593056c48cb80eda689c0fb79fa. 1 dirs total, 0 dirs full, 0 dirs failed
I20260630 12:11:08.547847  1234 tablet_service.cc:1511] Processing CreateTablet for tablet 94b135d6075a4723be4746d5017a9602 (DEFAULT_TABLE table=test-workload [id=3698553745644cc5ac073c9e4fad29e7]), partition=RANGE (key) PARTITION 1610612730 <= VALUES < 1879048185
I20260630 12:11:08.549239  1234 data_dirs.cc:400] Could only allocate 1 dirs of requested 3 for tablet 94b135d6075a4723be4746d5017a9602. 1 dirs total, 0 dirs full, 0 dirs failed
I20260630 12:11:08.551062  1240 data_dirs.cc:400] Could only allocate 1 dirs of requested 3 for tablet 9700dbb679024374a818a9306dc85d95. 1 dirs total, 0 dirs full, 0 dirs failed
I20260630 12:11:08.556473  1233 tablet_service.cc:1511] Processing CreateTablet for tablet 3b0e4593056c48cb80eda689c0fb79fa (DEFAULT_TABLE table=test-workload [id=3698553745644cc5ac073c9e4fad29e7]), partition=RANGE (key) PARTITION 1879048185 <= VALUES
I20260630 12:11:08.558099  1233 data_dirs.cc:400] Could only allocate 1 dirs of requested 3 for tablet 3b0e4593056c48cb80eda689c0fb79fa. 1 dirs total, 0 dirs full, 0 dirs failed
I20260630 12:11:08.590452  1087 data_dirs.cc:400] Could only allocate 1 dirs of requested 3 for tablet 48859134a9d44f9bbdc96e98205fe324. 1 dirs total, 0 dirs full, 0 dirs failed
I20260630 12:11:08.595228  1088 data_dirs.cc:400] Could only allocate 1 dirs of requested 3 for tablet 94b135d6075a4723be4746d5017a9602. 1 dirs total, 0 dirs full, 0 dirs failed
I20260630 12:11:08.596783  1085 data_dirs.cc:400] Could only allocate 1 dirs of requested 3 for tablet 3b0e4593056c48cb80eda689c0fb79fa. 1 dirs total, 0 dirs full, 0 dirs failed
I20260630 12:11:08.602295  1086 data_dirs.cc:400] Could only allocate 1 dirs of requested 3 for tablet d33fc3d712e04394bdec05754013bf33. 1 dirs total, 0 dirs full, 0 dirs failed
I20260630 12:11:08.608103  1299 tablet_bootstrap.cc:492] T 09f6df8ad28245458ea3cc55f88706bf P 0529b6666d97406d954d35fb35b1a73d: Bootstrap starting.
I20260630 12:11:08.637394  1299 tablet_bootstrap.cc:654] T 09f6df8ad28245458ea3cc55f88706bf P 0529b6666d97406d954d35fb35b1a73d: Neither blocks nor log segments found. Creating new log.
I20260630 12:11:08.645625  1296 tablet_bootstrap.cc:492] T 09f6df8ad28245458ea3cc55f88706bf P 29171a4d30194b7ebf51c279b0b9bbf3: No bootstrap required, opened a new log
I20260630 12:11:08.648974  1295 tablet_bootstrap.cc:492] T 99249275426c4afc83b2a0f7c2be8112 P b221e0c1e0e9473884af5f42e286e7a4: No bootstrap required, opened a new log
I20260630 12:11:08.649464  1295 ts_tablet_manager.cc:1403] T 99249275426c4afc83b2a0f7c2be8112 P b221e0c1e0e9473884af5f42e286e7a4: Time spent bootstrapping tablet: real 0.134s	user 0.029s	sys 0.047s
I20260630 12:11:08.650923  1296 ts_tablet_manager.cc:1403] T 09f6df8ad28245458ea3cc55f88706bf P 29171a4d30194b7ebf51c279b0b9bbf3: Time spent bootstrapping tablet: real 0.130s	user 0.045s	sys 0.034s
I20260630 12:11:08.654564  1296 raft_consensus.cc:359] T 09f6df8ad28245458ea3cc55f88706bf P 29171a4d30194b7ebf51c279b0b9bbf3 [term 0 FOLLOWER]: Replica starting. Triggering 0 pending ops. Active config: opid_index: -1 OBSOLETE_local: false peers { permanent_uuid: "29171a4d30194b7ebf51c279b0b9bbf3" member_type: VOTER last_known_addr { host: "127.0.107.193" port: 42815 } } peers { permanent_uuid: "b221e0c1e0e9473884af5f42e286e7a4" member_type: VOTER last_known_addr { host: "127.0.107.194" port: 43079 } } peers { permanent_uuid: "0529b6666d97406d954d35fb35b1a73d" member_type: VOTER last_known_addr { host: "127.0.107.195" port: 33595 } }
I20260630 12:11:08.655316  1296 raft_consensus.cc:385] T 09f6df8ad28245458ea3cc55f88706bf P 29171a4d30194b7ebf51c279b0b9bbf3 [term 0 FOLLOWER]: Consensus starting up: Expiring failure detector timer to make a prompt election more likely
I20260630 12:11:08.655414  1299 tablet_bootstrap.cc:492] T 09f6df8ad28245458ea3cc55f88706bf P 0529b6666d97406d954d35fb35b1a73d: No bootstrap required, opened a new log
I20260630 12:11:08.655122  1295 raft_consensus.cc:359] T 99249275426c4afc83b2a0f7c2be8112 P b221e0c1e0e9473884af5f42e286e7a4 [term 0 FOLLOWER]: Replica starting. Triggering 0 pending ops. Active config: opid_index: -1 OBSOLETE_local: false peers { permanent_uuid: "29171a4d30194b7ebf51c279b0b9bbf3" member_type: VOTER last_known_addr { host: "127.0.107.193" port: 42815 } } peers { permanent_uuid: "b221e0c1e0e9473884af5f42e286e7a4" member_type: VOTER last_known_addr { host: "127.0.107.194" port: 43079 } } peers { permanent_uuid: "0529b6666d97406d954d35fb35b1a73d" member_type: VOTER last_known_addr { host: "127.0.107.195" port: 33595 } }
I20260630 12:11:08.655750  1296 raft_consensus.cc:740] T 09f6df8ad28245458ea3cc55f88706bf P 29171a4d30194b7ebf51c279b0b9bbf3 [term 0 FOLLOWER]: Becoming Follower/Learner. State: Replica: 29171a4d30194b7ebf51c279b0b9bbf3, State: Initialized, Role: FOLLOWER
I20260630 12:11:08.655985  1295 raft_consensus.cc:385] T 99249275426c4afc83b2a0f7c2be8112 P b221e0c1e0e9473884af5f42e286e7a4 [term 0 FOLLOWER]: Consensus starting up: Expiring failure detector timer to make a prompt election more likely
I20260630 12:11:08.656034  1299 ts_tablet_manager.cc:1403] T 09f6df8ad28245458ea3cc55f88706bf P 0529b6666d97406d954d35fb35b1a73d: Time spent bootstrapping tablet: real 0.048s	user 0.009s	sys 0.004s
I20260630 12:11:08.656435  1295 raft_consensus.cc:740] T 99249275426c4afc83b2a0f7c2be8112 P b221e0c1e0e9473884af5f42e286e7a4 [term 0 FOLLOWER]: Becoming Follower/Learner. State: Replica: b221e0c1e0e9473884af5f42e286e7a4, State: Initialized, Role: FOLLOWER
I20260630 12:11:08.656541  1296 consensus_queue.cc:260] T 09f6df8ad28245458ea3cc55f88706bf P 29171a4d30194b7ebf51c279b0b9bbf3 [NON_LEADER]: Queue going to NON_LEADER mode. State: All replicated index: 0, Majority replicated index: 0, Committed index: 0, Last appended: 0.0, Last appended by leader: 0, Current term: 0, Majority size: -1, State: 0, Mode: NON_LEADER, active raft config: opid_index: -1 OBSOLETE_local: false peers { permanent_uuid: "29171a4d30194b7ebf51c279b0b9bbf3" member_type: VOTER last_known_addr { host: "127.0.107.193" port: 42815 } } peers { permanent_uuid: "b221e0c1e0e9473884af5f42e286e7a4" member_type: VOTER last_known_addr { host: "127.0.107.194" port: 43079 } } peers { permanent_uuid: "0529b6666d97406d954d35fb35b1a73d" member_type: VOTER last_known_addr { host: "127.0.107.195" port: 33595 } }
I20260630 12:11:08.657222  1295 consensus_queue.cc:260] T 99249275426c4afc83b2a0f7c2be8112 P b221e0c1e0e9473884af5f42e286e7a4 [NON_LEADER]: Queue going to NON_LEADER mode. State: All replicated index: 0, Majority replicated index: 0, Committed index: 0, Last appended: 0.0, Last appended by leader: 0, Current term: 0, Majority size: -1, State: 0, Mode: NON_LEADER, active raft config: opid_index: -1 OBSOLETE_local: false peers { permanent_uuid: "29171a4d30194b7ebf51c279b0b9bbf3" member_type: VOTER last_known_addr { host: "127.0.107.193" port: 42815 } } peers { permanent_uuid: "b221e0c1e0e9473884af5f42e286e7a4" member_type: VOTER last_known_addr { host: "127.0.107.194" port: 43079 } } peers { permanent_uuid: "0529b6666d97406d954d35fb35b1a73d" member_type: VOTER last_known_addr { host: "127.0.107.195" port: 33595 } }
I20260630 12:11:08.659011  1299 raft_consensus.cc:359] T 09f6df8ad28245458ea3cc55f88706bf P 0529b6666d97406d954d35fb35b1a73d [term 0 FOLLOWER]: Replica starting. Triggering 0 pending ops. Active config: opid_index: -1 OBSOLETE_local: false peers { permanent_uuid: "29171a4d30194b7ebf51c279b0b9bbf3" member_type: VOTER last_known_addr { host: "127.0.107.193" port: 42815 } } peers { permanent_uuid: "b221e0c1e0e9473884af5f42e286e7a4" member_type: VOTER last_known_addr { host: "127.0.107.194" port: 43079 } } peers { permanent_uuid: "0529b6666d97406d954d35fb35b1a73d" member_type: VOTER last_known_addr { host: "127.0.107.195" port: 33595 } }
I20260630 12:11:08.659397  1296 ts_tablet_manager.cc:1434] T 09f6df8ad28245458ea3cc55f88706bf P 29171a4d30194b7ebf51c279b0b9bbf3: Time spent starting tablet: real 0.007s	user 0.005s	sys 0.001s
I20260630 12:11:08.659751  1299 raft_consensus.cc:385] T 09f6df8ad28245458ea3cc55f88706bf P 0529b6666d97406d954d35fb35b1a73d [term 0 FOLLOWER]: Consensus starting up: Expiring failure detector timer to make a prompt election more likely
I20260630 12:11:08.660107  1299 raft_consensus.cc:740] T 09f6df8ad28245458ea3cc55f88706bf P 0529b6666d97406d954d35fb35b1a73d [term 0 FOLLOWER]: Becoming Follower/Learner. State: Replica: 0529b6666d97406d954d35fb35b1a73d, State: Initialized, Role: FOLLOWER
I20260630 12:11:08.660539  1296 tablet_bootstrap.cc:492] T 99249275426c4afc83b2a0f7c2be8112 P 29171a4d30194b7ebf51c279b0b9bbf3: Bootstrap starting.
I20260630 12:11:08.661367  1299 consensus_queue.cc:260] T 09f6df8ad28245458ea3cc55f88706bf P 0529b6666d97406d954d35fb35b1a73d [NON_LEADER]: Queue going to NON_LEADER mode. State: All replicated index: 0, Majority replicated index: 0, Committed index: 0, Last appended: 0.0, Last appended by leader: 0, Current term: 0, Majority size: -1, State: 0, Mode: NON_LEADER, active raft config: opid_index: -1 OBSOLETE_local: false peers { permanent_uuid: "29171a4d30194b7ebf51c279b0b9bbf3" member_type: VOTER last_known_addr { host: "127.0.107.193" port: 42815 } } peers { permanent_uuid: "b221e0c1e0e9473884af5f42e286e7a4" member_type: VOTER last_known_addr { host: "127.0.107.194" port: 43079 } } peers { permanent_uuid: "0529b6666d97406d954d35fb35b1a73d" member_type: VOTER last_known_addr { host: "127.0.107.195" port: 33595 } }
I20260630 12:11:08.666606  1295 ts_tablet_manager.cc:1434] T 99249275426c4afc83b2a0f7c2be8112 P b221e0c1e0e9473884af5f42e286e7a4: Time spent starting tablet: real 0.014s	user 0.012s	sys 0.000s
I20260630 12:11:08.666869  1296 tablet_bootstrap.cc:654] T 99249275426c4afc83b2a0f7c2be8112 P 29171a4d30194b7ebf51c279b0b9bbf3: Neither blocks nor log segments found. Creating new log.
I20260630 12:11:08.668071  1299 ts_tablet_manager.cc:1434] T 09f6df8ad28245458ea3cc55f88706bf P 0529b6666d97406d954d35fb35b1a73d: Time spent starting tablet: real 0.011s	user 0.005s	sys 0.004s
I20260630 12:11:08.668987  1299 tablet_bootstrap.cc:492] T 94b135d6075a4723be4746d5017a9602 P 0529b6666d97406d954d35fb35b1a73d: Bootstrap starting.
I20260630 12:11:08.675607  1299 tablet_bootstrap.cc:654] T 94b135d6075a4723be4746d5017a9602 P 0529b6666d97406d954d35fb35b1a73d: Neither blocks nor log segments found. Creating new log.
I20260630 12:11:08.677275  1296 tablet_bootstrap.cc:492] T 99249275426c4afc83b2a0f7c2be8112 P 29171a4d30194b7ebf51c279b0b9bbf3: No bootstrap required, opened a new log
I20260630 12:11:08.677850  1296 ts_tablet_manager.cc:1403] T 99249275426c4afc83b2a0f7c2be8112 P 29171a4d30194b7ebf51c279b0b9bbf3: Time spent bootstrapping tablet: real 0.018s	user 0.002s	sys 0.015s
I20260630 12:11:08.678434  1295 tablet_bootstrap.cc:492] T 6a6f5c664d9743498e70206d1be21f1e P b221e0c1e0e9473884af5f42e286e7a4: Bootstrap starting.
