I20260630 12:21:01.415501  4801 tablet_service.cc:1917] Received RequestConsensusVote() RPC: tablet_id: "3595d7700adf4307a5f5e40cf2b725c4" candidate_uuid: "417c1b7fa1b649fa82803d5928533825" candidate_term: 1 candidate_status { last_received { term: 0 index: 0 } } ignore_live_leader: false dest_uuid: "9659d0b9dd89484da488f8645220b79e" is_pre_election: true
I20260630 12:21:01.415858  4800 tablet_service.cc:1917] Received RequestConsensusVote() RPC: tablet_id: "36df55cea8f646b095c476417727d752" candidate_uuid: "417c1b7fa1b649fa82803d5928533825" candidate_term: 1 candidate_status { last_received { term: 0 index: 0 } } ignore_live_leader: false dest_uuid: "9659d0b9dd89484da488f8645220b79e"
I20260630 12:21:01.416486  4800 raft_consensus.cc:3060] T 36df55cea8f646b095c476417727d752 P 9659d0b9dd89484da488f8645220b79e [term 0 FOLLOWER]: Advancing to term 1
I20260630 12:21:01.416447  4801 raft_consensus.cc:2468] T 3595d7700adf4307a5f5e40cf2b725c4 P 9659d0b9dd89484da488f8645220b79e [term 0 FOLLOWER]: Leader pre-election vote request: Granting yes vote for candidate 417c1b7fa1b649fa82803d5928533825 in term 0.
I20260630 12:21:01.420679  4848 consensus_queue.cc:260] T 36891a0aa1874dfdaaf987834683164e P 417c1b7fa1b649fa82803d5928533825 [NON_LEADER]: Queue going to NON_LEADER mode. State: All replicated index: 0, Majority replicated index: 0, Committed index: 0, Last appended: 0.0, Last appended by leader: 0, Current term: 0, Majority size: -1, State: 0, Mode: NON_LEADER, active raft config: opid_index: -1 OBSOLETE_local: false peers { permanent_uuid: "e27d30ccbce84bea88c140e87d165280" member_type: VOTER last_known_addr { host: "127.3.226.2" port: 46001 } } peers { permanent_uuid: "417c1b7fa1b649fa82803d5928533825" member_type: VOTER last_known_addr { host: "127.3.226.1" port: 33823 } } peers { permanent_uuid: "9659d0b9dd89484da488f8645220b79e" member_type: VOTER last_known_addr { host: "127.3.226.3" port: 35165 } }
I20260630 12:21:01.420715  4863 leader_election.cc:290] T 97e9b8ef41b24412b537d4b3d189058f P 417c1b7fa1b649fa82803d5928533825 [CANDIDATE]: Term 1 election: Requested vote from peers e27d30ccbce84bea88c140e87d165280 (127.3.226.2:46001), 9659d0b9dd89484da488f8645220b79e (127.3.226.3:35165)
I20260630 12:21:01.426122  4650 tablet_service.cc:1917] Received RequestConsensusVote() RPC: tablet_id: "36df55cea8f646b095c476417727d752" candidate_uuid: "e27d30ccbce84bea88c140e87d165280" candidate_term: 1 candidate_status { last_received { term: 0 index: 0 } } ignore_live_leader: false dest_uuid: "417c1b7fa1b649fa82803d5928533825" is_pre_election: true
I20260630 12:21:01.427242  4650 raft_consensus.cc:2393] T 36df55cea8f646b095c476417727d752 P 417c1b7fa1b649fa82803d5928533825 [term 1 FOLLOWER]: Leader pre-election vote request: Denying vote to candidate e27d30ccbce84bea88c140e87d165280 in current term 1: Already voted for candidate 417c1b7fa1b649fa82803d5928533825 in this term.
I20260630 12:21:01.435408  4878 raft_consensus.cc:2804] T 3595d7700adf4307a5f5e40cf2b725c4 P 9659d0b9dd89484da488f8645220b79e [term 0 FOLLOWER]: Leader pre-election won for term 1
I20260630 12:21:01.432160  4727 tablet_service.cc:1917] Received RequestConsensusVote() RPC: tablet_id: "97e9b8ef41b24412b537d4b3d189058f" candidate_uuid: "417c1b7fa1b649fa82803d5928533825" candidate_term: 1 candidate_status { last_received { term: 0 index: 0 } } ignore_live_leader: false dest_uuid: "e27d30ccbce84bea88c140e87d165280" is_pre_election: true
I20260630 12:21:01.437693  4618 leader_election.cc:304] T 3595d7700adf4307a5f5e40cf2b725c4 P 417c1b7fa1b649fa82803d5928533825 [CANDIDATE]: Term 1 pre-election: Election decided. Result: candidate won. Election summary: received 2 responses out of 3 voters: 2 yes votes; 0 no votes. yes voters: 417c1b7fa1b649fa82803d5928533825, 9659d0b9dd89484da488f8645220b79e; no voters: 
I20260630 12:21:01.440686  4603 auto_leader_rebalancer.cc:141] leader rebalance for table test-workload
W20260630 12:21:01.440907  4598 auto_rebalancer.cc:298] Could not retrieve cluster info: Service unavailable: Tablet not running
W20260630 12:21:01.441772  4603 auto_leader_rebalancer.cc:524] the master instance isn't leader: Service unavailable: Tablet not running
I20260630 12:21:01.435602  4726 tablet_service.cc:1917] Received RequestConsensusVote() RPC: tablet_id: "36df55cea8f646b095c476417727d752" candidate_uuid: "417c1b7fa1b649fa82803d5928533825" candidate_term: 1 candidate_status { last_received { term: 0 index: 0 } } ignore_live_leader: false dest_uuid: "e27d30ccbce84bea88c140e87d165280" is_pre_election: true
I20260630 12:21:01.440094  4878 raft_consensus.cc:493] T 3595d7700adf4307a5f5e40cf2b725c4 P 9659d0b9dd89484da488f8645220b79e [term 0 FOLLOWER]: Starting leader election (no leader contacted us within the election timeout)
I20260630 12:21:01.443295  4878 raft_consensus.cc:3060] T 3595d7700adf4307a5f5e40cf2b725c4 P 9659d0b9dd89484da488f8645220b79e [term 0 FOLLOWER]: Advancing to term 1
I20260630 12:21:01.443382  4727 tablet_service.cc:1917] Received RequestConsensusVote() RPC: tablet_id: "3595d7700adf4307a5f5e40cf2b725c4" candidate_uuid: "417c1b7fa1b649fa82803d5928533825" candidate_term: 1 candidate_status { last_received { term: 0 index: 0 } } ignore_live_leader: false dest_uuid: "e27d30ccbce84bea88c140e87d165280" is_pre_election: true
I20260630 12:21:01.444144  4847 tablet_bootstrap.cc:492] T 9c3cc51e2725482bb72672bd34b57abd P e27d30ccbce84bea88c140e87d165280: No bootstrap required, opened a new log
I20260630 12:21:01.444090  4727 raft_consensus.cc:2468] T 3595d7700adf4307a5f5e40cf2b725c4 P e27d30ccbce84bea88c140e87d165280 [term 0 FOLLOWER]: Leader pre-election vote request: Granting yes vote for candidate 417c1b7fa1b649fa82803d5928533825 in term 0.
I20260630 12:21:01.446529  4879 raft_consensus.cc:493] T 6a2d49060b8f489c9078de5e6e74792e P 9659d0b9dd89484da488f8645220b79e [term 0 FOLLOWER]: Starting pre-election (no leader contacted us within the election timeout)
I20260630 12:21:01.442430  4801 tablet_service.cc:1917] Received RequestConsensusVote() RPC: tablet_id: "97e9b8ef41b24412b537d4b3d189058f" candidate_uuid: "417c1b7fa1b649fa82803d5928533825" candidate_term: 1 candidate_status { last_received { term: 0 index: 0 } } ignore_live_leader: false dest_uuid: "9659d0b9dd89484da488f8645220b79e"
I20260630 12:21:01.447507  4724 tablet_service.cc:1917] Received RequestConsensusVote() RPC: tablet_id: "97e9b8ef41b24412b537d4b3d189058f" candidate_uuid: "417c1b7fa1b649fa82803d5928533825" candidate_term: 1 candidate_status { last_received { term: 0 index: 0 } } ignore_live_leader: false dest_uuid: "e27d30ccbce84bea88c140e87d165280"
I20260630 12:21:01.445576  4863 raft_consensus.cc:2804] T 3595d7700adf4307a5f5e40cf2b725c4 P 417c1b7fa1b649fa82803d5928533825 [term 0 FOLLOWER]: Leader pre-election won for term 1
W20260630 12:21:01.450423  4616 leader_election.cc:343] T 97e9b8ef41b24412b537d4b3d189058f P 417c1b7fa1b649fa82803d5928533825 [CANDIDATE]: Term 1 pre-election: Tablet error from VoteRequest() call to peer e27d30ccbce84bea88c140e87d165280 (127.3.226.2:46001): Illegal state: must be running to vote when last-logged opid is not known
I20260630 12:21:01.447081  4847 ts_tablet_manager.cc:1403] T 9c3cc51e2725482bb72672bd34b57abd P e27d30ccbce84bea88c140e87d165280: Time spent bootstrapping tablet: real 0.142s	user 0.010s	sys 0.011s
I20260630 12:21:01.450068  4848 ts_tablet_manager.cc:1434] T 36891a0aa1874dfdaaf987834683164e P 417c1b7fa1b649fa82803d5928533825: Time spent starting tablet: real 0.073s	user 0.010s	sys 0.001s
I20260630 12:21:01.451299  4725 tablet_service.cc:1917] Received RequestConsensusVote() RPC: tablet_id: "36df55cea8f646b095c476417727d752" candidate_uuid: "417c1b7fa1b649fa82803d5928533825" candidate_term: 1 candidate_status { last_received { term: 0 index: 0 } } ignore_live_leader: false dest_uuid: "e27d30ccbce84bea88c140e87d165280"
I20260630 12:21:01.452068  4863 raft_consensus.cc:493] T 3595d7700adf4307a5f5e40cf2b725c4 P 417c1b7fa1b649fa82803d5928533825 [term 0 FOLLOWER]: Starting leader election (no leader contacted us within the election timeout)
I20260630 12:21:01.457156  4863 raft_consensus.cc:3060] T 3595d7700adf4307a5f5e40cf2b725c4 P 417c1b7fa1b649fa82803d5928533825 [term 0 FOLLOWER]: Advancing to term 1
W20260630 12:21:01.457892  4616 leader_election.cc:343] T 97e9b8ef41b24412b537d4b3d189058f P 417c1b7fa1b649fa82803d5928533825 [CANDIDATE]: Term 1 election: Tablet error from VoteRequest() call to peer e27d30ccbce84bea88c140e87d165280 (127.3.226.2:46001): Illegal state: must be running to vote when last-logged opid is not known
I20260630 12:21:01.461833  4853 raft_consensus.cc:515] T 36df55cea8f646b095c476417727d752 P e27d30ccbce84bea88c140e87d165280 [term 1 FOLLOWER]: Starting leader election with config: opid_index: -1 OBSOLETE_local: false peers { permanent_uuid: "417c1b7fa1b649fa82803d5928533825" member_type: VOTER last_known_addr { host: "127.3.226.1" port: 33823 } } peers { permanent_uuid: "e27d30ccbce84bea88c140e87d165280" member_type: VOTER last_known_addr { host: "127.3.226.2" port: 46001 } } peers { permanent_uuid: "9659d0b9dd89484da488f8645220b79e" member_type: VOTER last_known_addr { host: "127.3.226.3" port: 35165 } }
I20260630 12:21:01.463325  4726 raft_consensus.cc:2393] T 36df55cea8f646b095c476417727d752 P e27d30ccbce84bea88c140e87d165280 [term 1 FOLLOWER]: Leader pre-election vote request: Denying vote to candidate 417c1b7fa1b649fa82803d5928533825 in current term 1: Already voted for candidate e27d30ccbce84bea88c140e87d165280 in this term.
I20260630 12:21:01.464751  4853 leader_election.cc:290] T 36df55cea8f646b095c476417727d752 P e27d30ccbce84bea88c140e87d165280 [CANDIDATE]: Term 1 election: Requested vote from peers 417c1b7fa1b649fa82803d5928533825 (127.3.226.1:33823), 9659d0b9dd89484da488f8645220b79e (127.3.226.3:35165)
I20260630 12:21:01.465981  4847 raft_consensus.cc:359] T 9c3cc51e2725482bb72672bd34b57abd P e27d30ccbce84bea88c140e87d165280 [term 0 FOLLOWER]: Replica starting. Triggering 0 pending ops. Active config: opid_index: -1 OBSOLETE_local: false peers { permanent_uuid: "417c1b7fa1b649fa82803d5928533825" member_type: VOTER last_known_addr { host: "127.3.226.1" port: 33823 } } peers { permanent_uuid: "e27d30ccbce84bea88c140e87d165280" member_type: VOTER last_known_addr { host: "127.3.226.2" port: 46001 } } peers { permanent_uuid: "9659d0b9dd89484da488f8645220b79e" member_type: VOTER last_known_addr { host: "127.3.226.3" port: 35165 } }
I20260630 12:21:01.466791  4847 raft_consensus.cc:385] T 9c3cc51e2725482bb72672bd34b57abd P e27d30ccbce84bea88c140e87d165280 [term 0 FOLLOWER]: Consensus starting up: Expiring failure detector timer to make a prompt election more likely
I20260630 12:21:01.466962  4650 tablet_service.cc:1917] Received RequestConsensusVote() RPC: tablet_id: "36df55cea8f646b095c476417727d752" candidate_uuid: "e27d30ccbce84bea88c140e87d165280" candidate_term: 1 candidate_status { last_received { term: 0 index: 0 } } ignore_live_leader: false dest_uuid: "417c1b7fa1b649fa82803d5928533825"
I20260630 12:21:01.467595  4799 tablet_service.cc:1917] Received RequestConsensusVote() RPC: tablet_id: "36df55cea8f646b095c476417727d752" candidate_uuid: "e27d30ccbce84bea88c140e87d165280" candidate_term: 1 candidate_status { last_received { term: 0 index: 0 } } ignore_live_leader: false dest_uuid: "9659d0b9dd89484da488f8645220b79e"
I20260630 12:21:01.465929  4848 tablet_bootstrap.cc:492] T 7f37dc8fd87f4dda817208b6846bd978 P 417c1b7fa1b649fa82803d5928533825: Bootstrap starting.
I20260630 12:21:01.468744  4650 raft_consensus.cc:2393] T 36df55cea8f646b095c476417727d752 P 417c1b7fa1b649fa82803d5928533825 [term 1 FOLLOWER]: Leader election vote request: Denying vote to candidate e27d30ccbce84bea88c140e87d165280 in current term 1: Already voted for candidate 417c1b7fa1b649fa82803d5928533825 in this term.
I20260630 12:21:01.469393  4853 raft_consensus.cc:493] T 36891a0aa1874dfdaaf987834683164e P e27d30ccbce84bea88c140e87d165280 [term 0 FOLLOWER]: Starting pre-election (no leader contacted us within the election timeout)
I20260630 12:21:01.468582  4849 tablet_bootstrap.cc:654] T 9c3cc51e2725482bb72672bd34b57abd P 9659d0b9dd89484da488f8645220b79e: Neither blocks nor log segments found. Creating new log.
I20260630 12:21:01.468107  4847 raft_consensus.cc:740] T 9c3cc51e2725482bb72672bd34b57abd P e27d30ccbce84bea88c140e87d165280 [term 0 FOLLOWER]: Becoming Follower/Learner. State: Replica: e27d30ccbce84bea88c140e87d165280, State: Initialized, Role: FOLLOWER
I20260630 12:21:01.447649  4879 raft_consensus.cc:515] T 6a2d49060b8f489c9078de5e6e74792e P 9659d0b9dd89484da488f8645220b79e [term 0 FOLLOWER]: Starting pre-election with config: opid_index: -1 OBSOLETE_local: false peers { permanent_uuid: "417c1b7fa1b649fa82803d5928533825" member_type: VOTER last_known_addr { host: "127.3.226.1" port: 33823 } } peers { permanent_uuid: "e27d30ccbce84bea88c140e87d165280" member_type: VOTER last_known_addr { host: "127.3.226.2" port: 46001 } } peers { permanent_uuid: "9659d0b9dd89484da488f8645220b79e" member_type: VOTER last_known_addr { host: "127.3.226.3" port: 35165 } }
I20260630 12:21:01.470531  4853 raft_consensus.cc:515] T 36891a0aa1874dfdaaf987834683164e P e27d30ccbce84bea88c140e87d165280 [term 0 FOLLOWER]: Starting pre-election with config: opid_index: -1 OBSOLETE_local: false peers { permanent_uuid: "e27d30ccbce84bea88c140e87d165280" member_type: VOTER last_known_addr { host: "127.3.226.2" port: 46001 } } peers { permanent_uuid: "417c1b7fa1b649fa82803d5928533825" member_type: VOTER last_known_addr { host: "127.3.226.1" port: 33823 } } peers { permanent_uuid: "9659d0b9dd89484da488f8645220b79e" member_type: VOTER last_known_addr { host: "127.3.226.3" port: 35165 } }
I20260630 12:21:01.473587  4693 leader_election.cc:304] T 36df55cea8f646b095c476417727d752 P e27d30ccbce84bea88c140e87d165280 [CANDIDATE]: Term 1 election: Election decided. Result: candidate lost. Election summary: received 3 responses out of 3 voters: 1 yes votes; 2 no votes. yes voters: e27d30ccbce84bea88c140e87d165280; no voters: 417c1b7fa1b649fa82803d5928533825, 9659d0b9dd89484da488f8645220b79e
I20260630 12:21:01.471100  4855 raft_consensus.cc:515] T 97e9b8ef41b24412b537d4b3d189058f P 9659d0b9dd89484da488f8645220b79e [term 1 FOLLOWER]: Starting leader election with config: opid_index: -1 OBSOLETE_local: false peers { permanent_uuid: "417c1b7fa1b649fa82803d5928533825" member_type: VOTER last_known_addr { host: "127.3.226.1" port: 33823 } } peers { permanent_uuid: "e27d30ccbce84bea88c140e87d165280" member_type: VOTER last_known_addr { host: "127.3.226.2" port: 46001 } } peers { permanent_uuid: "9659d0b9dd89484da488f8645220b79e" member_type: VOTER last_known_addr { host: "127.3.226.3" port: 35165 } }
I20260630 12:21:01.481951  4800 raft_consensus.cc:2468] T 36df55cea8f646b095c476417727d752 P 9659d0b9dd89484da488f8645220b79e [term 1 FOLLOWER]: Leader election vote request: Granting yes vote for candidate 417c1b7fa1b649fa82803d5928533825 in term 1.
I20260630 12:21:01.482905  4801 raft_consensus.cc:2393] T 97e9b8ef41b24412b537d4b3d189058f P 9659d0b9dd89484da488f8645220b79e [term 1 FOLLOWER]: Leader election vote request: Denying vote to candidate 417c1b7fa1b649fa82803d5928533825 in current term 1: Already voted for candidate 9659d0b9dd89484da488f8645220b79e in this term.
I20260630 12:21:01.483282  4618 leader_election.cc:304] T 36df55cea8f646b095c476417727d752 P 417c1b7fa1b649fa82803d5928533825 [CANDIDATE]: Term 1 election: Election decided. Result: candidate won. Election summary: received 3 responses out of 3 voters: 2 yes votes; 1 no votes. yes voters: 417c1b7fa1b649fa82803d5928533825, 9659d0b9dd89484da488f8645220b79e; no voters: e27d30ccbce84bea88c140e87d165280
I20260630 12:21:01.485370  4875 raft_consensus.cc:2804] T 36df55cea8f646b095c476417727d752 P 417c1b7fa1b649fa82803d5928533825 [term 1 FOLLOWER]: Leader election won for term 1
I20260630 12:21:01.486019  4875 raft_consensus.cc:697] T 36df55cea8f646b095c476417727d752 P 417c1b7fa1b649fa82803d5928533825 [term 1 LEADER]: Becoming Leader. State: Replica: 417c1b7fa1b649fa82803d5928533825, State: Running, Role: LEADER
I20260630 12:21:01.486598  4650 tablet_service.cc:1917] Received RequestConsensusVote() RPC: tablet_id: "97e9b8ef41b24412b537d4b3d189058f" candidate_uuid: "9659d0b9dd89484da488f8645220b79e" candidate_term: 1 candidate_status { last_received { term: 0 index: 0 } } ignore_live_leader: false dest_uuid: "417c1b7fa1b649fa82803d5928533825"
I20260630 12:21:01.488188  4650 raft_consensus.cc:2393] T 97e9b8ef41b24412b537d4b3d189058f P 417c1b7fa1b649fa82803d5928533825 [term 1 FOLLOWER]: Leader election vote request: Denying vote to candidate 9659d0b9dd89484da488f8645220b79e in current term 1: Already voted for candidate 417c1b7fa1b649fa82803d5928533825 in this term.
I20260630 12:21:01.486956  4875 consensus_queue.cc:237] T 36df55cea8f646b095c476417727d752 P 417c1b7fa1b649fa82803d5928533825 [LEADER]: Queue going to LEADER mode. State: All replicated index: 0, Majority replicated index: 0, Committed index: 0, Last appended: 0.0, Last appended by leader: 0, Current term: 1, Majority size: 2, State: 0, Mode: LEADER, active raft config: opid_index: -1 OBSOLETE_local: false peers { permanent_uuid: "417c1b7fa1b649fa82803d5928533825" member_type: VOTER last_known_addr { host: "127.3.226.1" port: 33823 } } peers { permanent_uuid: "e27d30ccbce84bea88c140e87d165280" member_type: VOTER last_known_addr { host: "127.3.226.2" port: 46001 } } peers { permanent_uuid: "9659d0b9dd89484da488f8645220b79e" member_type: VOTER last_known_addr { host: "127.3.226.3" port: 35165 } }
I20260630 12:21:01.484158  4863 raft_consensus.cc:515] T 3595d7700adf4307a5f5e40cf2b725c4 P 417c1b7fa1b649fa82803d5928533825 [term 1 FOLLOWER]: Starting leader election with config: opid_index: -1 OBSOLETE_local: false peers { permanent_uuid: "417c1b7fa1b649fa82803d5928533825" member_type: VOTER last_known_addr { host: "127.3.226.1" port: 33823 } } peers { permanent_uuid: "e27d30ccbce84bea88c140e87d165280" member_type: VOTER last_known_addr { host: "127.3.226.2" port: 46001 } } peers { permanent_uuid: "9659d0b9dd89484da488f8645220b79e" member_type: VOTER last_known_addr { host: "127.3.226.3" port: 35165 } }
I20260630 12:21:01.491218  4855 leader_election.cc:290] T 97e9b8ef41b24412b537d4b3d189058f P 9659d0b9dd89484da488f8645220b79e [CANDIDATE]: Term 1 election: Requested vote from peers 417c1b7fa1b649fa82803d5928533825 (127.3.226.1:33823), e27d30ccbce84bea88c140e87d165280 (127.3.226.2:46001)
I20260630 12:21:01.493409  4618 leader_election.cc:304] T 97e9b8ef41b24412b537d4b3d189058f P 417c1b7fa1b649fa82803d5928533825 [CANDIDATE]: Term 1 election: Election decided. Result: candidate lost. Election summary: received 3 responses out of 3 voters: 1 yes votes; 2 no votes. yes voters: 417c1b7fa1b649fa82803d5928533825; no voters: 9659d0b9dd89484da488f8645220b79e, e27d30ccbce84bea88c140e87d165280
I20260630 12:21:01.490881  4847 consensus_queue.cc:260] T 9c3cc51e2725482bb72672bd34b57abd P e27d30ccbce84bea88c140e87d165280 [NON_LEADER]: Queue going to NON_LEADER mode. State: All replicated index: 0, Majority replicated index: 0, Committed index: 0, Last appended: 0.0, Last appended by leader: 0, Current term: 0, Majority size: -1, State: 0, Mode: NON_LEADER, active raft config: opid_index: -1 OBSOLETE_local: false peers { permanent_uuid: "417c1b7fa1b649fa82803d5928533825" member_type: VOTER last_known_addr { host: "127.3.226.1" port: 33823 } } peers { permanent_uuid: "e27d30ccbce84bea88c140e87d165280" member_type: VOTER last_known_addr { host: "127.3.226.2" port: 46001 } } peers { permanent_uuid: "9659d0b9dd89484da488f8645220b79e" member_type: VOTER last_known_addr { host: "127.3.226.3" port: 35165 } }
I20260630 12:21:01.494750  4854 raft_consensus.cc:2749] T 97e9b8ef41b24412b537d4b3d189058f P 417c1b7fa1b649fa82803d5928533825 [term 1 FOLLOWER]: Leader election lost for term 1. Reason: could not achieve majority
I20260630 12:21:01.496192  4881 raft_consensus.cc:2749] T 36df55cea8f646b095c476417727d752 P e27d30ccbce84bea88c140e87d165280 [term 1 FOLLOWER]: Leader election lost for term 1. Reason: could not achieve majority
I20260630 12:21:01.497318  4879 leader_election.cc:290] T 6a2d49060b8f489c9078de5e6e74792e P 9659d0b9dd89484da488f8645220b79e [CANDIDATE]: Term 1 pre-election: Requested pre-vote from peers 417c1b7fa1b649fa82803d5928533825 (127.3.226.1:33823), e27d30ccbce84bea88c140e87d165280 (127.3.226.2:46001)
I20260630 12:21:01.498577  4650 tablet_service.cc:1917] Received RequestConsensusVote() RPC: tablet_id: "6a2d49060b8f489c9078de5e6e74792e" candidate_uuid: "9659d0b9dd89484da488f8645220b79e" candidate_term: 1 candidate_status { last_received { term: 0 index: 0 } } ignore_live_leader: false dest_uuid: "417c1b7fa1b649fa82803d5928533825" is_pre_election: true
W20260630 12:21:01.500249  4765 leader_election.cc:343] T 6a2d49060b8f489c9078de5e6e74792e P 9659d0b9dd89484da488f8645220b79e [CANDIDATE]: Term 1 pre-election: Tablet error from VoteRequest() call to peer 417c1b7fa1b649fa82803d5928533825 (127.3.226.1:33823): Illegal state: must be running to vote when last-logged opid is not known
I20260630 12:21:01.495692  4878 raft_consensus.cc:515] T 3595d7700adf4307a5f5e40cf2b725c4 P 9659d0b9dd89484da488f8645220b79e [term 1 FOLLOWER]: Starting leader election with config: opid_index: -1 OBSOLETE_local: false peers { permanent_uuid: "417c1b7fa1b649fa82803d5928533825" member_type: VOTER last_known_addr { host: "127.3.226.1" port: 33823 } } peers { permanent_uuid: "e27d30ccbce84bea88c140e87d165280" member_type: VOTER last_known_addr { host: "127.3.226.2" port: 46001 } } peers { permanent_uuid: "9659d0b9dd89484da488f8645220b79e" member_type: VOTER last_known_addr { host: "127.3.226.3" port: 35165 } }
I20260630 12:21:01.504060  4650 tablet_service.cc:1917] Received RequestConsensusVote() RPC: tablet_id: "36891a0aa1874dfdaaf987834683164e" candidate_uuid: "e27d30ccbce84bea88c140e87d165280" candidate_term: 1 candidate_status { last_received { term: 0 index: 0 } } ignore_live_leader: false dest_uuid: "417c1b7fa1b649fa82803d5928533825" is_pre_election: true
I20260630 12:21:01.504719  4650 raft_consensus.cc:2468] T 36891a0aa1874dfdaaf987834683164e P 417c1b7fa1b649fa82803d5928533825 [term 0 FOLLOWER]: Leader pre-election vote request: Granting yes vote for candidate e27d30ccbce84bea88c140e87d165280 in term 0.
I20260630 12:21:01.508701  4878 leader_election.cc:290] T 3595d7700adf4307a5f5e40cf2b725c4 P 9659d0b9dd89484da488f8645220b79e [CANDIDATE]: Term 1 election: Requested vote from peers 417c1b7fa1b649fa82803d5928533825 (127.3.226.1:33823), e27d30ccbce84bea88c140e87d165280 (127.3.226.2:46001)
I20260630 12:21:01.509778  4691 leader_election.cc:304] T 36891a0aa1874dfdaaf987834683164e P e27d30ccbce84bea88c140e87d165280 [CANDIDATE]: Term 1 pre-election: Election decided. Result: candidate won. Election summary: received 2 responses out of 3 voters: 2 yes votes; 0 no votes. yes voters: 417c1b7fa1b649fa82803d5928533825, e27d30ccbce84bea88c140e87d165280; no voters: 
I20260630 12:21:01.512820  4847 ts_tablet_manager.cc:1434] T 9c3cc51e2725482bb72672bd34b57abd P e27d30ccbce84bea88c140e87d165280: Time spent starting tablet: real 0.057s	user 0.006s	sys 0.003s
I20260630 12:21:01.516243  4801 tablet_service.cc:1917] Received RequestConsensusVote() RPC: tablet_id: "3595d7700adf4307a5f5e40cf2b725c4" candidate_uuid: "417c1b7fa1b649fa82803d5928533825" candidate_term: 1 candidate_status { last_received { term: 0 index: 0 } } ignore_live_leader: false dest_uuid: "9659d0b9dd89484da488f8645220b79e"
I20260630 12:21:01.517400  4801 raft_consensus.cc:2393] T 3595d7700adf4307a5f5e40cf2b725c4 P 9659d0b9dd89484da488f8645220b79e [term 1 FOLLOWER]: Leader election vote request: Denying vote to candidate 417c1b7fa1b649fa82803d5928533825 in current term 1: Already voted for candidate 9659d0b9dd89484da488f8645220b79e in this term.
I20260630 12:21:01.518394  4853 leader_election.cc:290] T 36891a0aa1874dfdaaf987834683164e P e27d30ccbce84bea88c140e87d165280 [CANDIDATE]: Term 1 pre-election: Requested pre-vote from peers 417c1b7fa1b649fa82803d5928533825 (127.3.226.1:33823), 9659d0b9dd89484da488f8645220b79e (127.3.226.3:35165)
I20260630 12:21:01.518671  4726 tablet_service.cc:1917] Received RequestConsensusVote() RPC: tablet_id: "3595d7700adf4307a5f5e40cf2b725c4" candidate_uuid: "417c1b7fa1b649fa82803d5928533825" candidate_term: 1 candidate_status { last_received { term: 0 index: 0 } } ignore_live_leader: false dest_uuid: "e27d30ccbce84bea88c140e87d165280"
I20260630 12:21:01.519444  4726 raft_consensus.cc:3060] T 3595d7700adf4307a5f5e40cf2b725c4 P e27d30ccbce84bea88c140e87d165280 [term 0 FOLLOWER]: Advancing to term 1
I20260630 12:21:01.522418  4847 tablet_bootstrap.cc:492] T 16d06faace0d4aebabf15c48021ecae6 P e27d30ccbce84bea88c140e87d165280: Bootstrap starting.
I20260630 12:21:01.523797  4801 tablet_service.cc:1917] Received RequestConsensusVote() RPC: tablet_id: "36891a0aa1874dfdaaf987834683164e" candidate_uuid: "e27d30ccbce84bea88c140e87d165280" candidate_term: 1 candidate_status { last_received { term: 0 index: 0 } } ignore_live_leader: false dest_uuid: "9659d0b9dd89484da488f8645220b79e" is_pre_election: true
W20260630 12:21:01.525548  4693 leader_election.cc:343] T 36891a0aa1874dfdaaf987834683164e P e27d30ccbce84bea88c140e87d165280 [CANDIDATE]: Term 1 pre-election: Tablet error from VoteRequest() call to peer 9659d0b9dd89484da488f8645220b79e (127.3.226.3:35165): Illegal state: must be running to vote when last-logged opid is not known
I20260630 12:21:01.514008  4883 raft_consensus.cc:2804] T 36891a0aa1874dfdaaf987834683164e P e27d30ccbce84bea88c140e87d165280 [term 0 FOLLOWER]: Leader pre-election won for term 1
I20260630 12:21:01.528439  4883 raft_consensus.cc:493] T 36891a0aa1874dfdaaf987834683164e P e27d30ccbce84bea88c140e87d165280 [term 0 FOLLOWER]: Starting leader election (no leader contacted us within the election timeout)
I20260630 12:21:01.525735  4546 catalog_manager.cc:5697] T 36df55cea8f646b095c476417727d752 P 417c1b7fa1b649fa82803d5928533825 reported cstate change: term changed from 0 to 1, leader changed from <none> to 417c1b7fa1b649fa82803d5928533825 (127.3.226.1). New cstate: current_term: 1 leader_uuid: "417c1b7fa1b649fa82803d5928533825" committed_config { opid_index: -1 OBSOLETE_local: false peers { permanent_uuid: "417c1b7fa1b649fa82803d5928533825" member_type: VOTER last_known_addr { host: "127.3.226.1" port: 33823 } health_report { overall_health: HEALTHY } } peers { permanent_uuid: "e27d30ccbce84bea88c140e87d165280" member_type: VOTER last_known_addr { host: "127.3.226.2" port: 46001 } health_report { overall_health: UNKNOWN } } peers { permanent_uuid: "9659d0b9dd89484da488f8645220b79e" member_type: VOTER last_known_addr { host: "127.3.226.3" port: 35165 } health_report { overall_health: UNKNOWN } } }
I20260630 12:21:01.530149  4883 raft_consensus.cc:3060] T 36891a0aa1874dfdaaf987834683164e P e27d30ccbce84bea88c140e87d165280 [term 0 FOLLOWER]: Advancing to term 1
I20260630 12:21:01.514647  4863 leader_election.cc:290] T 3595d7700adf4307a5f5e40cf2b725c4 P 417c1b7fa1b649fa82803d5928533825 [CANDIDATE]: Term 1 election: Requested vote from peers e27d30ccbce84bea88c140e87d165280 (127.3.226.2:46001), 9659d0b9dd89484da488f8645220b79e (127.3.226.3:35165)
I20260630 12:21:01.532670  4650 tablet_service.cc:1917] Received RequestConsensusVote() RPC: tablet_id: "3595d7700adf4307a5f5e40cf2b725c4" candidate_uuid: "9659d0b9dd89484da488f8645220b79e" candidate_term: 1 candidate_status { last_received { term: 0 index: 0 } } ignore_live_leader: false dest_uuid: "417c1b7fa1b649fa82803d5928533825"
I20260630 12:21:01.533605  4650 raft_consensus.cc:2393] T 3595d7700adf4307a5f5e40cf2b725c4 P 417c1b7fa1b649fa82803d5928533825 [term 1 FOLLOWER]: Leader election vote request: Denying vote to candidate 9659d0b9dd89484da488f8645220b79e in current term 1: Already voted for candidate 417c1b7fa1b649fa82803d5928533825 in this term.
I20260630 12:21:01.535784  4725 tablet_service.cc:1917] Received RequestConsensusVote() RPC: tablet_id: "3595d7700adf4307a5f5e40cf2b725c4" candidate_uuid: "9659d0b9dd89484da488f8645220b79e" candidate_term: 1 candidate_status { last_received { term: 0 index: 0 } } ignore_live_leader: false dest_uuid: "e27d30ccbce84bea88c140e87d165280" is_pre_election: true
I20260630 12:21:01.536773  4727 tablet_service.cc:1917] Received RequestConsensusVote() RPC: tablet_id: "97e9b8ef41b24412b537d4b3d189058f" candidate_uuid: "9659d0b9dd89484da488f8645220b79e" candidate_term: 1 candidate_status { last_received { term: 0 index: 0 } } ignore_live_leader: false dest_uuid: "e27d30ccbce84bea88c140e87d165280" is_pre_election: true
I20260630 12:21:01.539386  4723 tablet_service.cc:1917] Received RequestConsensusVote() RPC: tablet_id: "97e9b8ef41b24412b537d4b3d189058f" candidate_uuid: "9659d0b9dd89484da488f8645220b79e" candidate_term: 1 candidate_status { last_received { term: 0 index: 0 } } ignore_live_leader: false dest_uuid: "e27d30ccbce84bea88c140e87d165280"
I20260630 12:21:01.542663  4724 tablet_service.cc:1917] Received RequestConsensusVote() RPC: tablet_id: "36df55cea8f646b095c476417727d752" candidate_uuid: "9659d0b9dd89484da488f8645220b79e" candidate_term: 1 candidate_status { last_received { term: 0 index: 0 } } ignore_live_leader: false dest_uuid: "e27d30ccbce84bea88c140e87d165280" is_pre_election: true
I20260630 12:21:01.544646  4724 raft_consensus.cc:2393] T 36df55cea8f646b095c476417727d752 P e27d30ccbce84bea88c140e87d165280 [term 1 FOLLOWER]: Leader pre-election vote request: Denying vote to candidate 9659d0b9dd89484da488f8645220b79e in current term 1: Already voted for candidate e27d30ccbce84bea88c140e87d165280 in this term.
I20260630 12:21:01.545738  4723 tablet_service.cc:1917] Received RequestConsensusVote() RPC: tablet_id: "6a2d49060b8f489c9078de5e6e74792e" candidate_uuid: "9659d0b9dd89484da488f8645220b79e" candidate_term: 1 candidate_status { last_received { term: 0 index: 0 } } ignore_live_leader: false dest_uuid: "e27d30ccbce84bea88c140e87d165280" is_pre_election: true
I20260630 12:21:01.546437  4723 raft_consensus.cc:2468] T 6a2d49060b8f489c9078de5e6e74792e P e27d30ccbce84bea88c140e87d165280 [term 0 FOLLOWER]: Leader pre-election vote request: Granting yes vote for candidate 9659d0b9dd89484da488f8645220b79e in term 0.
W20260630 12:21:01.547441  4765 leader_election.cc:343] T 97e9b8ef41b24412b537d4b3d189058f P 9659d0b9dd89484da488f8645220b79e [CANDIDATE]: Term 1 pre-election: Tablet error from VoteRequest() call to peer e27d30ccbce84bea88c140e87d165280 (127.3.226.2:46001): Illegal state: must be running to vote when last-logged opid is not known
W20260630 12:21:01.548389  4765 leader_election.cc:343] T 97e9b8ef41b24412b537d4b3d189058f P 9659d0b9dd89484da488f8645220b79e [CANDIDATE]: Term 1 election: Tablet error from VoteRequest() call to peer e27d30ccbce84bea88c140e87d165280 (127.3.226.2:46001): Illegal state: must be running to vote when last-logged opid is not known
I20260630 12:21:01.548817  4765 leader_election.cc:304] T 97e9b8ef41b24412b537d4b3d189058f P 9659d0b9dd89484da488f8645220b79e [CANDIDATE]: Term 1 election: Election decided. Result: candidate lost. Election summary: received 3 responses out of 3 voters: 1 yes votes; 2 no votes. yes voters: 9659d0b9dd89484da488f8645220b79e; no voters: 417c1b7fa1b649fa82803d5928533825, e27d30ccbce84bea88c140e87d165280
I20260630 12:21:01.549907  4724 tablet_service.cc:1917] Received RequestConsensusVote() RPC: tablet_id: "3595d7700adf4307a5f5e40cf2b725c4" candidate_uuid: "9659d0b9dd89484da488f8645220b79e" candidate_term: 1 candidate_status { last_received { term: 0 index: 0 } } ignore_live_leader: false dest_uuid: "e27d30ccbce84bea88c140e87d165280"
I20260630 12:21:01.551018  4765 leader_election.cc:304] T 36df55cea8f646b095c476417727d752 P 9659d0b9dd89484da488f8645220b79e [CANDIDATE]: Term 1 pre-election: Election decided. Result: candidate lost. Election summary: received 3 responses out of 3 voters: 1 yes votes; 2 no votes. yes voters: 9659d0b9dd89484da488f8645220b79e; no voters: 417c1b7fa1b649fa82803d5928533825, e27d30ccbce84bea88c140e87d165280
I20260630 12:21:01.549383  4848 tablet_bootstrap.cc:654] T 7f37dc8fd87f4dda817208b6846bd978 P 417c1b7fa1b649fa82803d5928533825: Neither blocks nor log segments found. Creating new log.
I20260630 12:21:01.551823  4847 tablet_bootstrap.cc:654] T 16d06faace0d4aebabf15c48021ecae6 P e27d30ccbce84bea88c140e87d165280: Neither blocks nor log segments found. Creating new log.
I20260630 12:21:01.552683  4879 raft_consensus.cc:2749] T 36df55cea8f646b095c476417727d752 P 9659d0b9dd89484da488f8645220b79e [term 1 FOLLOWER]: Leader pre-election lost for term 1. Reason: could not achieve majority
I20260630 12:21:01.553032  4849 tablet_bootstrap.cc:492] T 9c3cc51e2725482bb72672bd34b57abd P 9659d0b9dd89484da488f8645220b79e: No bootstrap required, opened a new log
I20260630 12:21:01.552397  4878 raft_consensus.cc:2749] T 97e9b8ef41b24412b537d4b3d189058f P 9659d0b9dd89484da488f8645220b79e [term 1 FOLLOWER]: Leader election lost for term 1. Reason: could not achieve majority
I20260630 12:21:01.554206  4849 ts_tablet_manager.cc:1403] T 9c3cc51e2725482bb72672bd34b57abd P 9659d0b9dd89484da488f8645220b79e: Time spent bootstrapping tablet: real 0.144s	user 0.019s	sys 0.021s
I20260630 12:21:01.554472  4765 leader_election.cc:304] T 6a2d49060b8f489c9078de5e6e74792e P 9659d0b9dd89484da488f8645220b79e [CANDIDATE]: Term 1 pre-election: Election decided. Result: candidate won. Election summary: received 3 responses out of 3 voters: 2 yes votes; 1 no votes. yes voters: 9659d0b9dd89484da488f8645220b79e, e27d30ccbce84bea88c140e87d165280; no voters: 417c1b7fa1b649fa82803d5928533825
I20260630 12:21:01.557312  4765 leader_election.cc:304] T 3595d7700adf4307a5f5e40cf2b725c4 P 9659d0b9dd89484da488f8645220b79e [CANDIDATE]: Term 1 election: Election decided. Result: candidate lost. Election summary: received 3 responses out of 3 voters: 1 yes votes; 2 no votes. yes voters: 9659d0b9dd89484da488f8645220b79e; no voters: 417c1b7fa1b649fa82803d5928533825, e27d30ccbce84bea88c140e87d165280
I20260630 12:21:01.558058  4878 raft_consensus.cc:2804] T 6a2d49060b8f489c9078de5e6e74792e P 9659d0b9dd89484da488f8645220b79e [term 0 FOLLOWER]: Leader pre-election won for term 1
I20260630 12:21:01.558542  4878 raft_consensus.cc:493] T 6a2d49060b8f489c9078de5e6e74792e P 9659d0b9dd89484da488f8645220b79e [term 0 FOLLOWER]: Starting leader election (no leader contacted us within the election timeout)
I20260630 12:21:01.552645  4726 raft_consensus.cc:2468] T 3595d7700adf4307a5f5e40cf2b725c4 P e27d30ccbce84bea88c140e87d165280 [term 1 FOLLOWER]: Leader election vote request: Granting yes vote for candidate 417c1b7fa1b649fa82803d5928533825 in term 1.
I20260630 12:21:01.558207  4849 raft_consensus.cc:359] T 9c3cc51e2725482bb72672bd34b57abd P 9659d0b9dd89484da488f8645220b79e [term 0 FOLLOWER]: Replica starting. Triggering 0 pending ops. Active config: opid_index: -1 OBSOLETE_local: false peers { permanent_uuid: "417c1b7fa1b649fa82803d5928533825" member_type: VOTER last_known_addr { host: "127.3.226.1" port: 33823 } } peers { permanent_uuid: "e27d30ccbce84bea88c140e87d165280" member_type: VOTER last_known_addr { host: "127.3.226.2" port: 46001 } } peers { permanent_uuid: "9659d0b9dd89484da488f8645220b79e" member_type: VOTER last_known_addr { host: "127.3.226.3" port: 35165 } }
I20260630 12:21:01.560192  4616 leader_election.cc:304] T 3595d7700adf4307a5f5e40cf2b725c4 P 417c1b7fa1b649fa82803d5928533825 [CANDIDATE]: Term 1 election: Election decided. Result: candidate won. Election summary: received 3 responses out of 3 voters: 2 yes votes; 1 no votes. yes voters: 417c1b7fa1b649fa82803d5928533825, e27d30ccbce84bea88c140e87d165280; no voters: 9659d0b9dd89484da488f8645220b79e
I20260630 12:21:01.561086  4849 raft_consensus.cc:385] T 9c3cc51e2725482bb72672bd34b57abd P 9659d0b9dd89484da488f8645220b79e [term 0 FOLLOWER]: Consensus starting up: Expiring failure detector timer to make a prompt election more likely
I20260630 12:21:01.561748  4849 raft_consensus.cc:740] T 9c3cc51e2725482bb72672bd34b57abd P 9659d0b9dd89484da488f8645220b79e [term 0 FOLLOWER]: Becoming Follower/Learner. State: Replica: 9659d0b9dd89484da488f8645220b79e, State: Initialized, Role: FOLLOWER
I20260630 12:21:01.558957  4883 raft_consensus.cc:515] T 36891a0aa1874dfdaaf987834683164e P e27d30ccbce84bea88c140e87d165280 [term 1 FOLLOWER]: Starting leader election with config: opid_index: -1 OBSOLETE_local: false peers { permanent_uuid: "e27d30ccbce84bea88c140e87d165280" member_type: VOTER last_known_addr { host: "127.3.226.2" port: 46001 } } peers { permanent_uuid: "417c1b7fa1b649fa82803d5928533825" member_type: VOTER last_known_addr { host: "127.3.226.1" port: 33823 } } peers { permanent_uuid: "9659d0b9dd89484da488f8645220b79e" member_type: VOTER last_known_addr { host: "127.3.226.3" port: 35165 } }
I20260630 12:21:01.563618  4849 consensus_queue.cc:260] T 9c3cc51e2725482bb72672bd34b57abd P 9659d0b9dd89484da488f8645220b79e [NON_LEADER]: Queue going to NON_LEADER mode. State: All replicated index: 0, Majority replicated index: 0, Committed index: 0, Last appended: 0.0, Last appended by leader: 0, Current term: 0, Majority size: -1, State: 0, Mode: NON_LEADER, active raft config: opid_index: -1 OBSOLETE_local: false peers { permanent_uuid: "417c1b7fa1b649fa82803d5928533825" member_type: VOTER last_known_addr { host: "127.3.226.1" port: 33823 } } peers { permanent_uuid: "e27d30ccbce84bea88c140e87d165280" member_type: VOTER last_known_addr { host: "127.3.226.2" port: 46001 } } peers { permanent_uuid: "9659d0b9dd89484da488f8645220b79e" member_type: VOTER last_known_addr { host: "127.3.226.3" port: 35165 } }
I20260630 12:21:01.561903  4863 raft_consensus.cc:2804] T 3595d7700adf4307a5f5e40cf2b725c4 P 417c1b7fa1b649fa82803d5928533825 [term 1 FOLLOWER]: Leader election won for term 1
I20260630 12:21:01.565513  4883 leader_election.cc:290] T 36891a0aa1874dfdaaf987834683164e P e27d30ccbce84bea88c140e87d165280 [CANDIDATE]: Term 1 election: Requested vote from peers 417c1b7fa1b649fa82803d5928533825 (127.3.226.1:33823), 9659d0b9dd89484da488f8645220b79e (127.3.226.3:35165)
I20260630 12:21:01.565810  4650 tablet_service.cc:1917] Received RequestConsensusVote() RPC: tablet_id: "36891a0aa1874dfdaaf987834683164e" candidate_uuid: "e27d30ccbce84bea88c140e87d165280" candidate_term: 1 candidate_status { last_received { term: 0 index: 0 } } ignore_live_leader: false dest_uuid: "417c1b7fa1b649fa82803d5928533825"
I20260630 12:21:01.565973  4863 raft_consensus.cc:697] T 3595d7700adf4307a5f5e40cf2b725c4 P 417c1b7fa1b649fa82803d5928533825 [term 1 LEADER]: Becoming Leader. State: Replica: 417c1b7fa1b649fa82803d5928533825, State: Running, Role: LEADER
I20260630 12:21:01.566421  4650 raft_consensus.cc:3060] T 36891a0aa1874dfdaaf987834683164e P 417c1b7fa1b649fa82803d5928533825 [term 0 FOLLOWER]: Advancing to term 1
I20260630 12:21:01.566665  4801 tablet_service.cc:1917] Received RequestConsensusVote() RPC: tablet_id: "36891a0aa1874dfdaaf987834683164e" candidate_uuid: "e27d30ccbce84bea88c140e87d165280" candidate_term: 1 candidate_status { last_received { term: 0 index: 0 } } ignore_live_leader: false dest_uuid: "9659d0b9dd89484da488f8645220b79e"
I20260630 12:21:01.566862  4863 consensus_queue.cc:237] T 3595d7700adf4307a5f5e40cf2b725c4 P 417c1b7fa1b649fa82803d5928533825 [LEADER]: Queue going to LEADER mode. State: All replicated index: 0, Majority replicated index: 0, Committed index: 0, Last appended: 0.0, Last appended by leader: 0, Current term: 1, Majority size: 2, State: 0, Mode: LEADER, active raft config: opid_index: -1 OBSOLETE_local: false peers { permanent_uuid: "417c1b7fa1b649fa82803d5928533825" member_type: VOTER last_known_addr { host: "127.3.226.1" port: 33823 } } peers { permanent_uuid: "e27d30ccbce84bea88c140e87d165280" member_type: VOTER last_known_addr { host: "127.3.226.2" port: 46001 } } peers { permanent_uuid: "9659d0b9dd89484da488f8645220b79e" member_type: VOTER last_known_addr { host: "127.3.226.3" port: 35165 } }
W20260630 12:21:01.568194  4693 leader_election.cc:343] T 36891a0aa1874dfdaaf987834683164e P e27d30ccbce84bea88c140e87d165280 [CANDIDATE]: Term 1 election: Tablet error from VoteRequest() call to peer 9659d0b9dd89484da488f8645220b79e (127.3.226.3:35165): Illegal state: must be running to vote when last-logged opid is not known
I20260630 12:21:01.569069  4879 raft_consensus.cc:2749] T 3595d7700adf4307a5f5e40cf2b725c4 P 9659d0b9dd89484da488f8645220b79e [term 1 FOLLOWER]: Leader election lost for term 1. Reason: could not achieve majority
I20260630 12:21:01.562286  4878 raft_consensus.cc:3060] T 6a2d49060b8f489c9078de5e6e74792e P 9659d0b9dd89484da488f8645220b79e [term 0 FOLLOWER]: Advancing to term 1
I20260630 12:21:01.571944  4650 raft_consensus.cc:2468] T 36891a0aa1874dfdaaf987834683164e P 417c1b7fa1b649fa82803d5928533825 [term 1 FOLLOWER]: Leader election vote request: Granting yes vote for candidate e27d30ccbce84bea88c140e87d165280 in term 1.
I20260630 12:21:01.573518  4691 leader_election.cc:304] T 36891a0aa1874dfdaaf987834683164e P e27d30ccbce84bea88c140e87d165280 [CANDIDATE]: Term 1 election: Election decided. Result: candidate won. Election summary: received 3 responses out of 3 voters: 2 yes votes; 1 no votes. yes voters: 417c1b7fa1b649fa82803d5928533825, e27d30ccbce84bea88c140e87d165280; no voters: 9659d0b9dd89484da488f8645220b79e
I20260630 12:21:01.575202  4883 raft_consensus.cc:2804] T 36891a0aa1874dfdaaf987834683164e P e27d30ccbce84bea88c140e87d165280 [term 1 FOLLOWER]: Leader election won for term 1
I20260630 12:21:01.577150  4883 raft_consensus.cc:697] T 36891a0aa1874dfdaaf987834683164e P e27d30ccbce84bea88c140e87d165280 [term 1 LEADER]: Becoming Leader. State: Replica: e27d30ccbce84bea88c140e87d165280, State: Running, Role: LEADER
I20260630 12:21:01.577826  4849 ts_tablet_manager.cc:1434] T 9c3cc51e2725482bb72672bd34b57abd P 9659d0b9dd89484da488f8645220b79e: Time spent starting tablet: real 0.023s	user 0.004s	sys 0.005s
I20260630 12:21:01.578955  4849 tablet_bootstrap.cc:492] T 7f37dc8fd87f4dda817208b6846bd978 P 9659d0b9dd89484da488f8645220b79e: Bootstrap starting.
I20260630 12:21:01.578361  4883 consensus_queue.cc:237] T 36891a0aa1874dfdaaf987834683164e P e27d30ccbce84bea88c140e87d165280 [LEADER]: Queue going to LEADER mode. State: All replicated index: 0, Majority replicated index: 0, Committed index: 0, Last appended: 0.0, Last appended by leader: 0, Current term: 1, Majority size: 2, State: 0, Mode: LEADER, active raft config: opid_index: -1 OBSOLETE_local: false peers { permanent_uuid: "e27d30ccbce84bea88c140e87d165280" member_type: VOTER last_known_addr { host: "127.3.226.2" port: 46001 } } peers { permanent_uuid: "417c1b7fa1b649fa82803d5928533825" member_type: VOTER last_known_addr { host: "127.3.226.1" port: 33823 } } peers { permanent_uuid: "9659d0b9dd89484da488f8645220b79e" member_type: VOTER last_known_addr { host: "127.3.226.3" port: 35165 } }
I20260630 12:21:01.586126  4847 tablet_bootstrap.cc:492] T 16d06faace0d4aebabf15c48021ecae6 P e27d30ccbce84bea88c140e87d165280: No bootstrap required, opened a new log
I20260630 12:21:01.587101  4847 ts_tablet_manager.cc:1403] T 16d06faace0d4aebabf15c48021ecae6 P e27d30ccbce84bea88c140e87d165280: Time spent bootstrapping tablet: real 0.065s	user 0.020s	sys 0.009s
I20260630 12:21:01.589746  4878 raft_consensus.cc:515] T 6a2d49060b8f489c9078de5e6e74792e P 9659d0b9dd89484da488f8645220b79e [term 1 FOLLOWER]: Starting leader election with config: opid_index: -1 OBSOLETE_local: false peers { permanent_uuid: "417c1b7fa1b649fa82803d5928533825" member_type: VOTER last_known_addr { host: "127.3.226.1" port: 33823 } } peers { permanent_uuid: "e27d30ccbce84bea88c140e87d165280" member_type: VOTER last_known_addr { host: "127.3.226.2" port: 46001 } } peers { permanent_uuid: "9659d0b9dd89484da488f8645220b79e" member_type: VOTER last_known_addr { host: "127.3.226.3" port: 35165 } }
I20260630 12:21:01.593261  4847 raft_consensus.cc:359] T 16d06faace0d4aebabf15c48021ecae6 P e27d30ccbce84bea88c140e87d165280 [term 0 FOLLOWER]: Replica starting. Triggering 0 pending ops. Active config: opid_index: -1 OBSOLETE_local: false peers { permanent_uuid: "417c1b7fa1b649fa82803d5928533825" member_type: VOTER last_known_addr { host: "127.3.226.1" port: 33823 } } peers { permanent_uuid: "e27d30ccbce84bea88c140e87d165280" member_type: VOTER last_known_addr { host: "127.3.226.2" port: 46001 } } peers { permanent_uuid: "9659d0b9dd89484da488f8645220b79e" member_type: VOTER last_known_addr { host: "127.3.226.3" port: 35165 } }
I20260630 12:21:01.595235  4878 leader_election.cc:290] T 6a2d49060b8f489c9078de5e6e74792e P 9659d0b9dd89484da488f8645220b79e [CANDIDATE]: Term 1 election: Requested vote from peers 417c1b7fa1b649fa82803d5928533825 (127.3.226.1:33823), e27d30ccbce84bea88c140e87d165280 (127.3.226.2:46001)
I20260630 12:21:01.595764  4847 raft_consensus.cc:385] T 16d06faace0d4aebabf15c48021ecae6 P e27d30ccbce84bea88c140e87d165280 [term 0 FOLLOWER]: Consensus starting up: Expiring failure detector timer to make a prompt election more likely
I20260630 12:21:01.595978  4650 tablet_service.cc:1917] Received RequestConsensusVote() RPC: tablet_id: "6a2d49060b8f489c9078de5e6e74792e" candidate_uuid: "9659d0b9dd89484da488f8645220b79e" candidate_term: 1 candidate_status { last_received { term: 0 index: 0 } } ignore_live_leader: false dest_uuid: "417c1b7fa1b649fa82803d5928533825"
I20260630 12:21:01.596133  4847 raft_consensus.cc:740] T 16d06faace0d4aebabf15c48021ecae6 P e27d30ccbce84bea88c140e87d165280 [term 0 FOLLOWER]: Becoming Follower/Learner. State: Replica: e27d30ccbce84bea88c140e87d165280, State: Initialized, Role: FOLLOWER
W20260630 12:21:01.597921  4765 leader_election.cc:343] T 6a2d49060b8f489c9078de5e6e74792e P 9659d0b9dd89484da488f8645220b79e [CANDIDATE]: Term 1 election: Tablet error from VoteRequest() call to peer 417c1b7fa1b649fa82803d5928533825 (127.3.226.1:33823): Illegal state: must be running to vote when last-logged opid is not known
I20260630 12:21:01.598619  4726 tablet_service.cc:1917] Received RequestConsensusVote() RPC: tablet_id: "6a2d49060b8f489c9078de5e6e74792e" candidate_uuid: "9659d0b9dd89484da488f8645220b79e" candidate_term: 1 candidate_status { last_received { term: 0 index: 0 } } ignore_live_leader: false dest_uuid: "e27d30ccbce84bea88c140e87d165280"
I20260630 12:21:01.599222  4726 raft_consensus.cc:3060] T 6a2d49060b8f489c9078de5e6e74792e P e27d30ccbce84bea88c140e87d165280 [term 0 FOLLOWER]: Advancing to term 1
I20260630 12:21:01.602476  4849 tablet_bootstrap.cc:654] T 7f37dc8fd87f4dda817208b6846bd978 P 9659d0b9dd89484da488f8645220b79e: Neither blocks nor log segments found. Creating new log.
I20260630 12:21:01.602842  4848 tablet_bootstrap.cc:492] T 7f37dc8fd87f4dda817208b6846bd978 P 417c1b7fa1b649fa82803d5928533825: No bootstrap required, opened a new log
I20260630 12:21:01.603310  4848 ts_tablet_manager.cc:1403] T 7f37dc8fd87f4dda817208b6846bd978 P 417c1b7fa1b649fa82803d5928533825: Time spent bootstrapping tablet: real 0.140s	user 0.015s	sys 0.001s
I20260630 12:21:01.596938  4847 consensus_queue.cc:260] T 16d06faace0d4aebabf15c48021ecae6 P e27d30ccbce84bea88c140e87d165280 [NON_LEADER]: Queue going to NON_LEADER mode. State: All replicated index: 0, Majority replicated index: 0, Committed index: 0, Last appended: 0.0, Last appended by leader: 0, Current term: 0, Majority size: -1, State: 0, Mode: NON_LEADER, active raft config: opid_index: -1 OBSOLETE_local: false peers { permanent_uuid: "417c1b7fa1b649fa82803d5928533825" member_type: VOTER last_known_addr { host: "127.3.226.1" port: 33823 } } peers { permanent_uuid: "e27d30ccbce84bea88c140e87d165280" member_type: VOTER last_known_addr { host: "127.3.226.2" port: 46001 } } peers { permanent_uuid: "9659d0b9dd89484da488f8645220b79e" member_type: VOTER last_known_addr { host: "127.3.226.3" port: 35165 } }
I20260630 12:21:01.605705  4847 ts_tablet_manager.cc:1434] T 16d06faace0d4aebabf15c48021ecae6 P e27d30ccbce84bea88c140e87d165280: Time spent starting tablet: real 0.018s	user 0.006s	sys 0.001s
I20260630 12:21:01.606043  4726 raft_consensus.cc:2468] T 6a2d49060b8f489c9078de5e6e74792e P e27d30ccbce84bea88c140e87d165280 [term 1 FOLLOWER]: Leader election vote request: Granting yes vote for candidate 9659d0b9dd89484da488f8645220b79e in term 1.
I20260630 12:21:01.606837  4847 tablet_bootstrap.cc:492] T 97e9b8ef41b24412b537d4b3d189058f P e27d30ccbce84bea88c140e87d165280: Bootstrap starting.
I20260630 12:21:01.607542  4765 leader_election.cc:304] T 6a2d49060b8f489c9078de5e6e74792e P 9659d0b9dd89484da488f8645220b79e [CANDIDATE]: Term 1 election: Election decided. Result: candidate won. Election summary: received 3 responses out of 3 voters: 2 yes votes; 1 no votes. yes voters: 9659d0b9dd89484da488f8645220b79e, e27d30ccbce84bea88c140e87d165280; no voters: 417c1b7fa1b649fa82803d5928533825
I20260630 12:21:01.610560  4848 raft_consensus.cc:359] T 7f37dc8fd87f4dda817208b6846bd978 P 417c1b7fa1b649fa82803d5928533825 [term 0 FOLLOWER]: Replica starting. Triggering 0 pending ops. Active config: opid_index: -1 OBSOLETE_local: false peers { permanent_uuid: "417c1b7fa1b649fa82803d5928533825" member_type: VOTER last_known_addr { host: "127.3.226.1" port: 33823 } } peers { permanent_uuid: "e27d30ccbce84bea88c140e87d165280" member_type: VOTER last_known_addr { host: "127.3.226.2" port: 46001 } } peers { permanent_uuid: "9659d0b9dd89484da488f8645220b79e" member_type: VOTER last_known_addr { host: "127.3.226.3" port: 35165 } }
I20260630 12:21:01.613840  4878 raft_consensus.cc:2804] T 6a2d49060b8f489c9078de5e6e74792e P 9659d0b9dd89484da488f8645220b79e [term 1 FOLLOWER]: Leader election won for term 1
I20260630 12:21:01.613914  4848 raft_consensus.cc:385] T 7f37dc8fd87f4dda817208b6846bd978 P 417c1b7fa1b649fa82803d5928533825 [term 0 FOLLOWER]: Consensus starting up: Expiring failure detector timer to make a prompt election more likely
