I20260630 12:22:54.655362  8663 raft_consensus.cc:493] T bba67dcf7ebc4417b7c6478c42216458 P 317dd2e15ba8456881df3f2eca89ad68 [term 0 FOLLOWER]: Starting pre-election (no leader contacted us within the election timeout)
I20260630 12:22:54.656126  8654 ts_tablet_manager.cc:1403] T 55c2ff12dacc4827860e9f3216ab9b98 P b067dc2b95944119b2df14b8ec1246f7: Time spent bootstrapping tablet: real 0.043s	user 0.009s	sys 0.007s
I20260630 12:22:54.655854  8663 raft_consensus.cc:515] T bba67dcf7ebc4417b7c6478c42216458 P 317dd2e15ba8456881df3f2eca89ad68 [term 0 FOLLOWER]: Starting pre-election with config: opid_index: -1 OBSOLETE_local: false peers { permanent_uuid: "b067dc2b95944119b2df14b8ec1246f7" member_type: VOTER last_known_addr { host: "127.3.226.1" port: 36627 } } peers { permanent_uuid: "317dd2e15ba8456881df3f2eca89ad68" member_type: VOTER last_known_addr { host: "127.3.226.2" port: 42373 } } peers { permanent_uuid: "78933e16f5e047029b743ccb093f2660" member_type: VOTER last_known_addr { host: "127.3.226.3" port: 44901 } }
I20260630 12:22:54.658258  8663 leader_election.cc:290] T bba67dcf7ebc4417b7c6478c42216458 P 317dd2e15ba8456881df3f2eca89ad68 [CANDIDATE]: Term 1 pre-election: Requested pre-vote from peers b067dc2b95944119b2df14b8ec1246f7 (127.3.226.1:36627), 78933e16f5e047029b743ccb093f2660 (127.3.226.3:44901)
I20260630 12:22:54.659260  8654 raft_consensus.cc:359] T 55c2ff12dacc4827860e9f3216ab9b98 P b067dc2b95944119b2df14b8ec1246f7 [term 0 FOLLOWER]: Replica starting. Triggering 0 pending ops. Active config: opid_index: -1 OBSOLETE_local: false peers { permanent_uuid: "b067dc2b95944119b2df14b8ec1246f7" member_type: VOTER last_known_addr { host: "127.3.226.1" port: 36627 } } peers { permanent_uuid: "317dd2e15ba8456881df3f2eca89ad68" member_type: VOTER last_known_addr { host: "127.3.226.2" port: 42373 } } peers { permanent_uuid: "78933e16f5e047029b743ccb093f2660" member_type: VOTER last_known_addr { host: "127.3.226.3" port: 44901 } }
I20260630 12:22:54.659986  8654 raft_consensus.cc:385] T 55c2ff12dacc4827860e9f3216ab9b98 P b067dc2b95944119b2df14b8ec1246f7 [term 0 FOLLOWER]: Consensus starting up: Expiring failure detector timer to make a prompt election more likely
I20260630 12:22:54.660039  8460 tablet_service.cc:1917] Received RequestConsensusVote() RPC: tablet_id: "bba67dcf7ebc4417b7c6478c42216458" candidate_uuid: "317dd2e15ba8456881df3f2eca89ad68" candidate_term: 1 candidate_status { last_received { term: 0 index: 0 } } ignore_live_leader: false dest_uuid: "b067dc2b95944119b2df14b8ec1246f7" is_pre_election: true
I20260630 12:22:54.660360  8654 raft_consensus.cc:740] T 55c2ff12dacc4827860e9f3216ab9b98 P b067dc2b95944119b2df14b8ec1246f7 [term 0 FOLLOWER]: Becoming Follower/Learner. State: Replica: b067dc2b95944119b2df14b8ec1246f7, State: Initialized, Role: FOLLOWER
I20260630 12:22:54.661262  8654 consensus_queue.cc:260] T 55c2ff12dacc4827860e9f3216ab9b98 P b067dc2b95944119b2df14b8ec1246f7 [NON_LEADER]: Queue going to NON_LEADER mode. State: All replicated index: 0, Majority replicated index: 0, Committed index: 0, Last appended: 0.0, Last appended by leader: 0, Current term: 0, Majority size: -1, State: 0, Mode: NON_LEADER, active raft config: opid_index: -1 OBSOLETE_local: false peers { permanent_uuid: "b067dc2b95944119b2df14b8ec1246f7" member_type: VOTER last_known_addr { host: "127.3.226.1" port: 36627 } } peers { permanent_uuid: "317dd2e15ba8456881df3f2eca89ad68" member_type: VOTER last_known_addr { host: "127.3.226.2" port: 42373 } } peers { permanent_uuid: "78933e16f5e047029b743ccb093f2660" member_type: VOTER last_known_addr { host: "127.3.226.3" port: 44901 } }
I20260630 12:22:54.661708  8608 tablet_service.cc:1917] Received RequestConsensusVote() RPC: tablet_id: "bba67dcf7ebc4417b7c6478c42216458" candidate_uuid: "317dd2e15ba8456881df3f2eca89ad68" candidate_term: 1 candidate_status { last_received { term: 0 index: 0 } } ignore_live_leader: false dest_uuid: "78933e16f5e047029b743ccb093f2660" is_pre_election: true
I20260630 12:22:54.662549  8608 raft_consensus.cc:2468] T bba67dcf7ebc4417b7c6478c42216458 P 78933e16f5e047029b743ccb093f2660 [term 0 FOLLOWER]: Leader pre-election vote request: Granting yes vote for candidate 317dd2e15ba8456881df3f2eca89ad68 in term 0.
I20260630 12:22:54.664012  8501 leader_election.cc:304] T bba67dcf7ebc4417b7c6478c42216458 P 317dd2e15ba8456881df3f2eca89ad68 [CANDIDATE]: Term 1 pre-election: Election decided. Result: candidate won. Election summary: received 2 responses out of 3 voters: 2 yes votes; 0 no votes. yes voters: 317dd2e15ba8456881df3f2eca89ad68, 78933e16f5e047029b743ccb093f2660; no voters: 
W20260630 12:22:54.664752  8499 leader_election.cc:343] T bba67dcf7ebc4417b7c6478c42216458 P 317dd2e15ba8456881df3f2eca89ad68 [CANDIDATE]: Term 1 pre-election: Tablet error from VoteRequest() call to peer b067dc2b95944119b2df14b8ec1246f7 (127.3.226.1:36627): Illegal state: must be running to vote when last-logged opid is not known
I20260630 12:22:54.665642  8663 raft_consensus.cc:2804] T bba67dcf7ebc4417b7c6478c42216458 P 317dd2e15ba8456881df3f2eca89ad68 [term 0 FOLLOWER]: Leader pre-election won for term 1
I20260630 12:22:54.666038  8663 raft_consensus.cc:493] T bba67dcf7ebc4417b7c6478c42216458 P 317dd2e15ba8456881df3f2eca89ad68 [term 0 FOLLOWER]: Starting leader election (no leader contacted us within the election timeout)
I20260630 12:22:54.666311  8654 ts_tablet_manager.cc:1434] T 55c2ff12dacc4827860e9f3216ab9b98 P b067dc2b95944119b2df14b8ec1246f7: Time spent starting tablet: real 0.010s	user 0.007s	sys 0.000s
I20260630 12:22:54.666376  8663 raft_consensus.cc:3060] T bba67dcf7ebc4417b7c6478c42216458 P 317dd2e15ba8456881df3f2eca89ad68 [term 0 FOLLOWER]: Advancing to term 1
I20260630 12:22:54.667457  8654 tablet_bootstrap.cc:492] T 7d28e14a44594bc9959523d0c7f0e8f7 P b067dc2b95944119b2df14b8ec1246f7: Bootstrap starting.
I20260630 12:22:54.657456  8656 tablet_bootstrap.cc:654] T 55c2ff12dacc4827860e9f3216ab9b98 P 78933e16f5e047029b743ccb093f2660: Neither blocks nor log segments found. Creating new log.
I20260630 12:22:54.678416  8654 tablet_bootstrap.cc:654] T 7d28e14a44594bc9959523d0c7f0e8f7 P b067dc2b95944119b2df14b8ec1246f7: Neither blocks nor log segments found. Creating new log.
I20260630 12:22:54.681358  8663 raft_consensus.cc:515] T bba67dcf7ebc4417b7c6478c42216458 P 317dd2e15ba8456881df3f2eca89ad68 [term 1 FOLLOWER]: Starting leader election with config: opid_index: -1 OBSOLETE_local: false peers { permanent_uuid: "b067dc2b95944119b2df14b8ec1246f7" member_type: VOTER last_known_addr { host: "127.3.226.1" port: 36627 } } peers { permanent_uuid: "317dd2e15ba8456881df3f2eca89ad68" member_type: VOTER last_known_addr { host: "127.3.226.2" port: 42373 } } peers { permanent_uuid: "78933e16f5e047029b743ccb093f2660" member_type: VOTER last_known_addr { host: "127.3.226.3" port: 44901 } }
I20260630 12:22:54.685614  8655 tablet_bootstrap.cc:492] T b95985c9ca4e4ae8800510944ee47304 P 317dd2e15ba8456881df3f2eca89ad68: No bootstrap required, opened a new log
I20260630 12:22:54.686331  8655 ts_tablet_manager.cc:1403] T b95985c9ca4e4ae8800510944ee47304 P 317dd2e15ba8456881df3f2eca89ad68: Time spent bootstrapping tablet: real 0.090s	user 0.036s	sys 0.020s
I20260630 12:22:54.687871  8656 tablet_bootstrap.cc:492] T 55c2ff12dacc4827860e9f3216ab9b98 P 78933e16f5e047029b743ccb093f2660: No bootstrap required, opened a new log
I20260630 12:22:54.688392  8656 ts_tablet_manager.cc:1403] T 55c2ff12dacc4827860e9f3216ab9b98 P 78933e16f5e047029b743ccb093f2660: Time spent bootstrapping tablet: real 0.067s	user 0.005s	sys 0.008s
I20260630 12:22:54.688916  8655 raft_consensus.cc:359] T b95985c9ca4e4ae8800510944ee47304 P 317dd2e15ba8456881df3f2eca89ad68 [term 0 FOLLOWER]: Replica starting. Triggering 0 pending ops. Active config: opid_index: -1 OBSOLETE_local: false peers { permanent_uuid: "b067dc2b95944119b2df14b8ec1246f7" member_type: VOTER last_known_addr { host: "127.3.226.1" port: 36627 } } peers { permanent_uuid: "317dd2e15ba8456881df3f2eca89ad68" member_type: VOTER last_known_addr { host: "127.3.226.2" port: 42373 } } peers { permanent_uuid: "78933e16f5e047029b743ccb093f2660" member_type: VOTER last_known_addr { host: "127.3.226.3" port: 44901 } }
I20260630 12:22:54.689522  8655 raft_consensus.cc:385] T b95985c9ca4e4ae8800510944ee47304 P 317dd2e15ba8456881df3f2eca89ad68 [term 0 FOLLOWER]: Consensus starting up: Expiring failure detector timer to make a prompt election more likely
I20260630 12:22:54.689800  8655 raft_consensus.cc:740] T b95985c9ca4e4ae8800510944ee47304 P 317dd2e15ba8456881df3f2eca89ad68 [term 0 FOLLOWER]: Becoming Follower/Learner. State: Replica: 317dd2e15ba8456881df3f2eca89ad68, State: Initialized, Role: FOLLOWER
I20260630 12:22:54.690661  8655 consensus_queue.cc:260] T b95985c9ca4e4ae8800510944ee47304 P 317dd2e15ba8456881df3f2eca89ad68 [NON_LEADER]: Queue going to NON_LEADER mode. State: All replicated index: 0, Majority replicated index: 0, Committed index: 0, Last appended: 0.0, Last appended by leader: 0, Current term: 0, Majority size: -1, State: 0, Mode: NON_LEADER, active raft config: opid_index: -1 OBSOLETE_local: false peers { permanent_uuid: "b067dc2b95944119b2df14b8ec1246f7" member_type: VOTER last_known_addr { host: "127.3.226.1" port: 36627 } } peers { permanent_uuid: "317dd2e15ba8456881df3f2eca89ad68" member_type: VOTER last_known_addr { host: "127.3.226.2" port: 42373 } } peers { permanent_uuid: "78933e16f5e047029b743ccb093f2660" member_type: VOTER last_known_addr { host: "127.3.226.3" port: 44901 } }
I20260630 12:22:54.691075  8460 tablet_service.cc:1917] Received RequestConsensusVote() RPC: tablet_id: "bba67dcf7ebc4417b7c6478c42216458" candidate_uuid: "317dd2e15ba8456881df3f2eca89ad68" candidate_term: 1 candidate_status { last_received { term: 0 index: 0 } } ignore_live_leader: false dest_uuid: "b067dc2b95944119b2df14b8ec1246f7"
I20260630 12:22:54.691077  8656 raft_consensus.cc:359] T 55c2ff12dacc4827860e9f3216ab9b98 P 78933e16f5e047029b743ccb093f2660 [term 0 FOLLOWER]: Replica starting. Triggering 0 pending ops. Active config: opid_index: -1 OBSOLETE_local: false peers { permanent_uuid: "b067dc2b95944119b2df14b8ec1246f7" member_type: VOTER last_known_addr { host: "127.3.226.1" port: 36627 } } peers { permanent_uuid: "317dd2e15ba8456881df3f2eca89ad68" member_type: VOTER last_known_addr { host: "127.3.226.2" port: 42373 } } peers { permanent_uuid: "78933e16f5e047029b743ccb093f2660" member_type: VOTER last_known_addr { host: "127.3.226.3" port: 44901 } }
I20260630 12:22:54.691978  8656 raft_consensus.cc:385] T 55c2ff12dacc4827860e9f3216ab9b98 P 78933e16f5e047029b743ccb093f2660 [term 0 FOLLOWER]: Consensus starting up: Expiring failure detector timer to make a prompt election more likely
I20260630 12:22:54.692255  8656 raft_consensus.cc:740] T 55c2ff12dacc4827860e9f3216ab9b98 P 78933e16f5e047029b743ccb093f2660 [term 0 FOLLOWER]: Becoming Follower/Learner. State: Replica: 78933e16f5e047029b743ccb093f2660, State: Initialized, Role: FOLLOWER
W20260630 12:22:54.693025  8499 leader_election.cc:343] T bba67dcf7ebc4417b7c6478c42216458 P 317dd2e15ba8456881df3f2eca89ad68 [CANDIDATE]: Term 1 election: Tablet error from VoteRequest() call to peer b067dc2b95944119b2df14b8ec1246f7 (127.3.226.1:36627): Illegal state: must be running to vote when last-logged opid is not known
I20260630 12:22:54.693234  8655 ts_tablet_manager.cc:1434] T b95985c9ca4e4ae8800510944ee47304 P 317dd2e15ba8456881df3f2eca89ad68: Time spent starting tablet: real 0.007s	user 0.005s	sys 0.000s
I20260630 12:22:54.692948  8656 consensus_queue.cc:260] T 55c2ff12dacc4827860e9f3216ab9b98 P 78933e16f5e047029b743ccb093f2660 [NON_LEADER]: Queue going to NON_LEADER mode. State: All replicated index: 0, Majority replicated index: 0, Committed index: 0, Last appended: 0.0, Last appended by leader: 0, Current term: 0, Majority size: -1, State: 0, Mode: NON_LEADER, active raft config: opid_index: -1 OBSOLETE_local: false peers { permanent_uuid: "b067dc2b95944119b2df14b8ec1246f7" member_type: VOTER last_known_addr { host: "127.3.226.1" port: 36627 } } peers { permanent_uuid: "317dd2e15ba8456881df3f2eca89ad68" member_type: VOTER last_known_addr { host: "127.3.226.2" port: 42373 } } peers { permanent_uuid: "78933e16f5e047029b743ccb093f2660" member_type: VOTER last_known_addr { host: "127.3.226.3" port: 44901 } }
I20260630 12:22:54.694432  8663 leader_election.cc:290] T bba67dcf7ebc4417b7c6478c42216458 P 317dd2e15ba8456881df3f2eca89ad68 [CANDIDATE]: Term 1 election: Requested vote from peers b067dc2b95944119b2df14b8ec1246f7 (127.3.226.1:36627), 78933e16f5e047029b743ccb093f2660 (127.3.226.3:44901)
I20260630 12:22:54.694759  8655 tablet_bootstrap.cc:492] T 1fbef642d3bf4f1fb395dff54e7712f7 P 317dd2e15ba8456881df3f2eca89ad68: Bootstrap starting.
I20260630 12:22:54.695446  8608 tablet_service.cc:1917] Received RequestConsensusVote() RPC: tablet_id: "bba67dcf7ebc4417b7c6478c42216458" candidate_uuid: "317dd2e15ba8456881df3f2eca89ad68" candidate_term: 1 candidate_status { last_received { term: 0 index: 0 } } ignore_live_leader: false dest_uuid: "78933e16f5e047029b743ccb093f2660"
I20260630 12:22:54.695401  8661 raft_consensus.cc:515] T bfdd7b3a7780493f85ef3e129c9372b2 P b067dc2b95944119b2df14b8ec1246f7 [term 1 FOLLOWER]: Starting leader election with config: opid_index: -1 OBSOLETE_local: false peers { permanent_uuid: "317dd2e15ba8456881df3f2eca89ad68" member_type: VOTER last_known_addr { host: "127.3.226.2" port: 42373 } } peers { permanent_uuid: "b067dc2b95944119b2df14b8ec1246f7" member_type: VOTER last_known_addr { host: "127.3.226.1" port: 36627 } } peers { permanent_uuid: "78933e16f5e047029b743ccb093f2660" member_type: VOTER last_known_addr { host: "127.3.226.3" port: 44901 } }
I20260630 12:22:54.696208  8608 raft_consensus.cc:3060] T bba67dcf7ebc4417b7c6478c42216458 P 78933e16f5e047029b743ccb093f2660 [term 0 FOLLOWER]: Advancing to term 1
I20260630 12:22:54.698305  8656 ts_tablet_manager.cc:1434] T 55c2ff12dacc4827860e9f3216ab9b98 P 78933e16f5e047029b743ccb093f2660: Time spent starting tablet: real 0.010s	user 0.008s	sys 0.000s
I20260630 12:22:54.699321  8656 tablet_bootstrap.cc:492] T 77b1f3c7a1e44ee09d80bbde39dee3d7 P 78933e16f5e047029b743ccb093f2660: Bootstrap starting.
I20260630 12:22:54.699298  8535 tablet_service.cc:1917] Received RequestConsensusVote() RPC: tablet_id: "bfdd7b3a7780493f85ef3e129c9372b2" candidate_uuid: "b067dc2b95944119b2df14b8ec1246f7" candidate_term: 1 candidate_status { last_received { term: 0 index: 0 } } ignore_live_leader: false dest_uuid: "317dd2e15ba8456881df3f2eca89ad68"
I20260630 12:22:54.700070  8535 raft_consensus.cc:3060] T bfdd7b3a7780493f85ef3e129c9372b2 P 317dd2e15ba8456881df3f2eca89ad68 [term 0 FOLLOWER]: Advancing to term 1
I20260630 12:22:54.705274  8656 tablet_bootstrap.cc:654] T 77b1f3c7a1e44ee09d80bbde39dee3d7 P 78933e16f5e047029b743ccb093f2660: Neither blocks nor log segments found. Creating new log.
I20260630 12:22:54.708182  8534 tablet_service.cc:1917] Received RequestConsensusVote() RPC: tablet_id: "1fbef642d3bf4f1fb395dff54e7712f7" candidate_uuid: "78933e16f5e047029b743ccb093f2660" candidate_term: 1 candidate_status { last_received { term: 0 index: 0 } } ignore_live_leader: false dest_uuid: "317dd2e15ba8456881df3f2eca89ad68" is_pre_election: true
W20260630 12:22:54.709750  8573 leader_election.cc:343] T 1fbef642d3bf4f1fb395dff54e7712f7 P 78933e16f5e047029b743ccb093f2660 [CANDIDATE]: Term 1 pre-election: Tablet error from VoteRequest() call to peer 317dd2e15ba8456881df3f2eca89ad68 (127.3.226.2:42373): Illegal state: must be running to vote when last-logged opid is not known
I20260630 12:22:54.709987  8535 raft_consensus.cc:2468] T bfdd7b3a7780493f85ef3e129c9372b2 P 317dd2e15ba8456881df3f2eca89ad68 [term 1 FOLLOWER]: Leader election vote request: Granting yes vote for candidate b067dc2b95944119b2df14b8ec1246f7 in term 1.
I20260630 12:22:54.711283  8424 leader_election.cc:304] T bfdd7b3a7780493f85ef3e129c9372b2 P b067dc2b95944119b2df14b8ec1246f7 [CANDIDATE]: Term 1 election: Election decided. Result: candidate won. Election summary: received 2 responses out of 3 voters: 2 yes votes; 0 no votes. yes voters: 317dd2e15ba8456881df3f2eca89ad68, b067dc2b95944119b2df14b8ec1246f7; no voters: 
I20260630 12:22:54.712278  8685 raft_consensus.cc:2804] T bfdd7b3a7780493f85ef3e129c9372b2 P b067dc2b95944119b2df14b8ec1246f7 [term 1 FOLLOWER]: Leader election won for term 1
I20260630 12:22:54.712745  8685 raft_consensus.cc:697] T bfdd7b3a7780493f85ef3e129c9372b2 P b067dc2b95944119b2df14b8ec1246f7 [term 1 LEADER]: Becoming Leader. State: Replica: b067dc2b95944119b2df14b8ec1246f7, State: Running, Role: LEADER
I20260630 12:22:54.713073  8655 tablet_bootstrap.cc:654] T 1fbef642d3bf4f1fb395dff54e7712f7 P 317dd2e15ba8456881df3f2eca89ad68: Neither blocks nor log segments found. Creating new log.
I20260630 12:22:54.713647  8685 consensus_queue.cc:237] T bfdd7b3a7780493f85ef3e129c9372b2 P b067dc2b95944119b2df14b8ec1246f7 [LEADER]: Queue going to LEADER mode. State: All replicated index: 0, Majority replicated index: 0, Committed index: 0, Last appended: 0.0, Last appended by leader: 0, Current term: 1, Majority size: 2, State: 0, Mode: LEADER, active raft config: opid_index: -1 OBSOLETE_local: false peers { permanent_uuid: "317dd2e15ba8456881df3f2eca89ad68" member_type: VOTER last_known_addr { host: "127.3.226.2" port: 42373 } } peers { permanent_uuid: "b067dc2b95944119b2df14b8ec1246f7" member_type: VOTER last_known_addr { host: "127.3.226.1" port: 36627 } } peers { permanent_uuid: "78933e16f5e047029b743ccb093f2660" member_type: VOTER last_known_addr { host: "127.3.226.3" port: 44901 } }
I20260630 12:22:54.716791  8460 tablet_service.cc:1917] Received RequestConsensusVote() RPC: tablet_id: "1fbef642d3bf4f1fb395dff54e7712f7" candidate_uuid: "78933e16f5e047029b743ccb093f2660" candidate_term: 1 candidate_status { last_received { term: 0 index: 0 } } ignore_live_leader: false dest_uuid: "b067dc2b95944119b2df14b8ec1246f7" is_pre_election: true
I20260630 12:22:54.717886  8460 raft_consensus.cc:2468] T 1fbef642d3bf4f1fb395dff54e7712f7 P b067dc2b95944119b2df14b8ec1246f7 [term 0 FOLLOWER]: Leader pre-election vote request: Granting yes vote for candidate 78933e16f5e047029b743ccb093f2660 in term 0.
I20260630 12:22:54.704661  8608 raft_consensus.cc:2468] T bba67dcf7ebc4417b7c6478c42216458 P 78933e16f5e047029b743ccb093f2660 [term 1 FOLLOWER]: Leader election vote request: Granting yes vote for candidate 317dd2e15ba8456881df3f2eca89ad68 in term 1.
I20260630 12:22:54.720152  8501 leader_election.cc:304] T bba67dcf7ebc4417b7c6478c42216458 P 317dd2e15ba8456881df3f2eca89ad68 [CANDIDATE]: Term 1 election: Election decided. Result: candidate won. Election summary: received 3 responses out of 3 voters: 2 yes votes; 1 no votes. yes voters: 317dd2e15ba8456881df3f2eca89ad68, 78933e16f5e047029b743ccb093f2660; no voters: b067dc2b95944119b2df14b8ec1246f7
I20260630 12:22:54.723272  8661 leader_election.cc:290] T bfdd7b3a7780493f85ef3e129c9372b2 P b067dc2b95944119b2df14b8ec1246f7 [CANDIDATE]: Term 1 election: Requested vote from peers 317dd2e15ba8456881df3f2eca89ad68 (127.3.226.2:42373), 78933e16f5e047029b743ccb093f2660 (127.3.226.3:44901)
I20260630 12:22:54.728971  8655 tablet_bootstrap.cc:492] T 1fbef642d3bf4f1fb395dff54e7712f7 P 317dd2e15ba8456881df3f2eca89ad68: No bootstrap required, opened a new log
I20260630 12:22:54.729249  8660 raft_consensus.cc:493] T b95985c9ca4e4ae8800510944ee47304 P 78933e16f5e047029b743ccb093f2660 [term 0 FOLLOWER]: Starting pre-election (no leader contacted us within the election timeout)
I20260630 12:22:54.729498  8655 ts_tablet_manager.cc:1403] T 1fbef642d3bf4f1fb395dff54e7712f7 P 317dd2e15ba8456881df3f2eca89ad68: Time spent bootstrapping tablet: real 0.035s	user 0.006s	sys 0.004s
I20260630 12:22:54.729760  8660 raft_consensus.cc:515] T b95985c9ca4e4ae8800510944ee47304 P 78933e16f5e047029b743ccb093f2660 [term 0 FOLLOWER]: Starting pre-election with config: opid_index: -1 OBSOLETE_local: false peers { permanent_uuid: "b067dc2b95944119b2df14b8ec1246f7" member_type: VOTER last_known_addr { host: "127.3.226.1" port: 36627 } } peers { permanent_uuid: "317dd2e15ba8456881df3f2eca89ad68" member_type: VOTER last_known_addr { host: "127.3.226.2" port: 42373 } } peers { permanent_uuid: "78933e16f5e047029b743ccb093f2660" member_type: VOTER last_known_addr { host: "127.3.226.3" port: 44901 } }
I20260630 12:22:54.731894  8660 leader_election.cc:290] T b95985c9ca4e4ae8800510944ee47304 P 78933e16f5e047029b743ccb093f2660 [CANDIDATE]: Term 1 pre-election: Requested pre-vote from peers b067dc2b95944119b2df14b8ec1246f7 (127.3.226.1:36627), 317dd2e15ba8456881df3f2eca89ad68 (127.3.226.2:42373)
I20260630 12:22:54.723706  8573 leader_election.cc:304] T 1fbef642d3bf4f1fb395dff54e7712f7 P 78933e16f5e047029b743ccb093f2660 [CANDIDATE]: Term 1 pre-election: Election decided. Result: candidate won. Election summary: received 3 responses out of 3 voters: 2 yes votes; 1 no votes. yes voters: 78933e16f5e047029b743ccb093f2660, b067dc2b95944119b2df14b8ec1246f7; no voters: 317dd2e15ba8456881df3f2eca89ad68
I20260630 12:22:54.735510  8660 raft_consensus.cc:2804] T 1fbef642d3bf4f1fb395dff54e7712f7 P 78933e16f5e047029b743ccb093f2660 [term 0 FOLLOWER]: Leader pre-election won for term 1
I20260630 12:22:54.735703  8535 tablet_service.cc:1917] Received RequestConsensusVote() RPC: tablet_id: "b95985c9ca4e4ae8800510944ee47304" candidate_uuid: "78933e16f5e047029b743ccb093f2660" candidate_term: 1 candidate_status { last_received { term: 0 index: 0 } } ignore_live_leader: false dest_uuid: "317dd2e15ba8456881df3f2eca89ad68" is_pre_election: true
I20260630 12:22:54.735957  8660 raft_consensus.cc:493] T 1fbef642d3bf4f1fb395dff54e7712f7 P 78933e16f5e047029b743ccb093f2660 [term 0 FOLLOWER]: Starting leader election (no leader contacted us within the election timeout)
I20260630 12:22:54.736466  8660 raft_consensus.cc:3060] T 1fbef642d3bf4f1fb395dff54e7712f7 P 78933e16f5e047029b743ccb093f2660 [term 0 FOLLOWER]: Advancing to term 1
I20260630 12:22:54.736361  8663 raft_consensus.cc:2804] T bba67dcf7ebc4417b7c6478c42216458 P 317dd2e15ba8456881df3f2eca89ad68 [term 1 FOLLOWER]: Leader election won for term 1
I20260630 12:22:54.735716  8460 tablet_service.cc:1917] Received RequestConsensusVote() RPC: tablet_id: "b95985c9ca4e4ae8800510944ee47304" candidate_uuid: "78933e16f5e047029b743ccb093f2660" candidate_term: 1 candidate_status { last_received { term: 0 index: 0 } } ignore_live_leader: false dest_uuid: "b067dc2b95944119b2df14b8ec1246f7" is_pre_election: true
I20260630 12:22:54.737396  8663 raft_consensus.cc:697] T bba67dcf7ebc4417b7c6478c42216458 P 317dd2e15ba8456881df3f2eca89ad68 [term 1 LEADER]: Becoming Leader. State: Replica: 317dd2e15ba8456881df3f2eca89ad68, State: Running, Role: LEADER
I20260630 12:22:54.738294  8663 consensus_queue.cc:237] T bba67dcf7ebc4417b7c6478c42216458 P 317dd2e15ba8456881df3f2eca89ad68 [LEADER]: Queue going to LEADER mode. State: All replicated index: 0, Majority replicated index: 0, Committed index: 0, Last appended: 0.0, Last appended by leader: 0, Current term: 1, Majority size: 2, State: 0, Mode: LEADER, active raft config: opid_index: -1 OBSOLETE_local: false peers { permanent_uuid: "b067dc2b95944119b2df14b8ec1246f7" member_type: VOTER last_known_addr { host: "127.3.226.1" port: 36627 } } peers { permanent_uuid: "317dd2e15ba8456881df3f2eca89ad68" member_type: VOTER last_known_addr { host: "127.3.226.2" port: 42373 } } peers { permanent_uuid: "78933e16f5e047029b743ccb093f2660" member_type: VOTER last_known_addr { host: "127.3.226.3" port: 44901 } }
I20260630 12:22:54.736150  8608 tablet_service.cc:1917] Received RequestConsensusVote() RPC: tablet_id: "bfdd7b3a7780493f85ef3e129c9372b2" candidate_uuid: "b067dc2b95944119b2df14b8ec1246f7" candidate_term: 1 candidate_status { last_received { term: 0 index: 0 } } ignore_live_leader: false dest_uuid: "78933e16f5e047029b743ccb093f2660"
W20260630 12:22:54.738946  8573 leader_election.cc:343] T b95985c9ca4e4ae8800510944ee47304 P 78933e16f5e047029b743ccb093f2660 [CANDIDATE]: Term 1 pre-election: Tablet error from VoteRequest() call to peer b067dc2b95944119b2df14b8ec1246f7 (127.3.226.1:36627): Illegal state: must be running to vote when last-logged opid is not known
I20260630 12:22:54.739466  8608 raft_consensus.cc:3060] T bfdd7b3a7780493f85ef3e129c9372b2 P 78933e16f5e047029b743ccb093f2660 [term 0 FOLLOWER]: Advancing to term 1
I20260630 12:22:54.744760  8660 raft_consensus.cc:515] T 1fbef642d3bf4f1fb395dff54e7712f7 P 78933e16f5e047029b743ccb093f2660 [term 1 FOLLOWER]: Starting leader election with config: opid_index: -1 OBSOLETE_local: false peers { permanent_uuid: "b067dc2b95944119b2df14b8ec1246f7" member_type: VOTER last_known_addr { host: "127.3.226.1" port: 36627 } } peers { permanent_uuid: "317dd2e15ba8456881df3f2eca89ad68" member_type: VOTER last_known_addr { host: "127.3.226.2" port: 42373 } } peers { permanent_uuid: "78933e16f5e047029b743ccb093f2660" member_type: VOTER last_known_addr { host: "127.3.226.3" port: 44901 } }
I20260630 12:22:54.745965  8535 raft_consensus.cc:2468] T b95985c9ca4e4ae8800510944ee47304 P 317dd2e15ba8456881df3f2eca89ad68 [term 0 FOLLOWER]: Leader pre-election vote request: Granting yes vote for candidate 78933e16f5e047029b743ccb093f2660 in term 0.
I20260630 12:22:54.734398  8655 raft_consensus.cc:359] T 1fbef642d3bf4f1fb395dff54e7712f7 P 317dd2e15ba8456881df3f2eca89ad68 [term 0 FOLLOWER]: Replica starting. Triggering 0 pending ops. Active config: opid_index: -1 OBSOLETE_local: false peers { permanent_uuid: "b067dc2b95944119b2df14b8ec1246f7" member_type: VOTER last_known_addr { host: "127.3.226.1" port: 36627 } } peers { permanent_uuid: "317dd2e15ba8456881df3f2eca89ad68" member_type: VOTER last_known_addr { host: "127.3.226.2" port: 42373 } } peers { permanent_uuid: "78933e16f5e047029b743ccb093f2660" member_type: VOTER last_known_addr { host: "127.3.226.3" port: 44901 } }
I20260630 12:22:54.749624  8573 leader_election.cc:304] T b95985c9ca4e4ae8800510944ee47304 P 78933e16f5e047029b743ccb093f2660 [CANDIDATE]: Term 1 pre-election: Election decided. Result: candidate won. Election summary: received 3 responses out of 3 voters: 2 yes votes; 1 no votes. yes voters: 317dd2e15ba8456881df3f2eca89ad68, 78933e16f5e047029b743ccb093f2660; no voters: b067dc2b95944119b2df14b8ec1246f7
I20260630 12:22:54.748255  8655 raft_consensus.cc:385] T 1fbef642d3bf4f1fb395dff54e7712f7 P 317dd2e15ba8456881df3f2eca89ad68 [term 0 FOLLOWER]: Consensus starting up: Expiring failure detector timer to make a prompt election more likely
I20260630 12:22:54.751422  8654 tablet_bootstrap.cc:492] T 7d28e14a44594bc9959523d0c7f0e8f7 P b067dc2b95944119b2df14b8ec1246f7: No bootstrap required, opened a new log
I20260630 12:22:54.751339  8655 raft_consensus.cc:740] T 1fbef642d3bf4f1fb395dff54e7712f7 P 317dd2e15ba8456881df3f2eca89ad68 [term 0 FOLLOWER]: Becoming Follower/Learner. State: Replica: 317dd2e15ba8456881df3f2eca89ad68, State: Initialized, Role: FOLLOWER
I20260630 12:22:54.753145  8654 ts_tablet_manager.cc:1403] T 7d28e14a44594bc9959523d0c7f0e8f7 P b067dc2b95944119b2df14b8ec1246f7: Time spent bootstrapping tablet: real 0.086s	user 0.012s	sys 0.029s
I20260630 12:22:54.753919  8660 leader_election.cc:290] T 1fbef642d3bf4f1fb395dff54e7712f7 P 78933e16f5e047029b743ccb093f2660 [CANDIDATE]: Term 1 election: Requested vote from peers b067dc2b95944119b2df14b8ec1246f7 (127.3.226.1:36627), 317dd2e15ba8456881df3f2eca89ad68 (127.3.226.2:42373)
I20260630 12:22:54.754812  8660 raft_consensus.cc:2804] T b95985c9ca4e4ae8800510944ee47304 P 78933e16f5e047029b743ccb093f2660 [term 0 FOLLOWER]: Leader pre-election won for term 1
I20260630 12:22:54.755278  8660 raft_consensus.cc:493] T b95985c9ca4e4ae8800510944ee47304 P 78933e16f5e047029b743ccb093f2660 [term 0 FOLLOWER]: Starting leader election (no leader contacted us within the election timeout)
I20260630 12:22:54.755826  8660 raft_consensus.cc:3060] T b95985c9ca4e4ae8800510944ee47304 P 78933e16f5e047029b743ccb093f2660 [term 0 FOLLOWER]: Advancing to term 1
I20260630 12:22:54.758147  8654 raft_consensus.cc:359] T 7d28e14a44594bc9959523d0c7f0e8f7 P b067dc2b95944119b2df14b8ec1246f7 [term 0 FOLLOWER]: Replica starting. Triggering 0 pending ops. Active config: opid_index: -1 OBSOLETE_local: false peers { permanent_uuid: "b067dc2b95944119b2df14b8ec1246f7" member_type: VOTER last_known_addr { host: "127.3.226.1" port: 36627 } } peers { permanent_uuid: "317dd2e15ba8456881df3f2eca89ad68" member_type: VOTER last_known_addr { host: "127.3.226.2" port: 42373 } } peers { permanent_uuid: "78933e16f5e047029b743ccb093f2660" member_type: VOTER last_known_addr { host: "127.3.226.3" port: 44901 } }
I20260630 12:22:54.758983  8654 raft_consensus.cc:385] T 7d28e14a44594bc9959523d0c7f0e8f7 P b067dc2b95944119b2df14b8ec1246f7 [term 0 FOLLOWER]: Consensus starting up: Expiring failure detector timer to make a prompt election more likely
I20260630 12:22:54.759275  8654 raft_consensus.cc:740] T 7d28e14a44594bc9959523d0c7f0e8f7 P b067dc2b95944119b2df14b8ec1246f7 [term 0 FOLLOWER]: Becoming Follower/Learner. State: Replica: b067dc2b95944119b2df14b8ec1246f7, State: Initialized, Role: FOLLOWER
I20260630 12:22:54.760118  8655 consensus_queue.cc:260] T 1fbef642d3bf4f1fb395dff54e7712f7 P 317dd2e15ba8456881df3f2eca89ad68 [NON_LEADER]: Queue going to NON_LEADER mode. State: All replicated index: 0, Majority replicated index: 0, Committed index: 0, Last appended: 0.0, Last appended by leader: 0, Current term: 0, Majority size: -1, State: 0, Mode: NON_LEADER, active raft config: opid_index: -1 OBSOLETE_local: false peers { permanent_uuid: "b067dc2b95944119b2df14b8ec1246f7" member_type: VOTER last_known_addr { host: "127.3.226.1" port: 36627 } } peers { permanent_uuid: "317dd2e15ba8456881df3f2eca89ad68" member_type: VOTER last_known_addr { host: "127.3.226.2" port: 42373 } } peers { permanent_uuid: "78933e16f5e047029b743ccb093f2660" member_type: VOTER last_known_addr { host: "127.3.226.3" port: 44901 } }
I20260630 12:22:54.764333  8608 raft_consensus.cc:2468] T bfdd7b3a7780493f85ef3e129c9372b2 P 78933e16f5e047029b743ccb093f2660 [term 1 FOLLOWER]: Leader election vote request: Granting yes vote for candidate b067dc2b95944119b2df14b8ec1246f7 in term 1.
I20260630 12:22:54.765825  8654 consensus_queue.cc:260] T 7d28e14a44594bc9959523d0c7f0e8f7 P b067dc2b95944119b2df14b8ec1246f7 [NON_LEADER]: Queue going to NON_LEADER mode. State: All replicated index: 0, Majority replicated index: 0, Committed index: 0, Last appended: 0.0, Last appended by leader: 0, Current term: 0, Majority size: -1, State: 0, Mode: NON_LEADER, active raft config: opid_index: -1 OBSOLETE_local: false peers { permanent_uuid: "b067dc2b95944119b2df14b8ec1246f7" member_type: VOTER last_known_addr { host: "127.3.226.1" port: 36627 } } peers { permanent_uuid: "317dd2e15ba8456881df3f2eca89ad68" member_type: VOTER last_known_addr { host: "127.3.226.2" port: 42373 } } peers { permanent_uuid: "78933e16f5e047029b743ccb093f2660" member_type: VOTER last_known_addr { host: "127.3.226.3" port: 44901 } }
I20260630 12:22:54.767084  8660 raft_consensus.cc:515] T b95985c9ca4e4ae8800510944ee47304 P 78933e16f5e047029b743ccb093f2660 [term 1 FOLLOWER]: Starting leader election with config: opid_index: -1 OBSOLETE_local: false peers { permanent_uuid: "b067dc2b95944119b2df14b8ec1246f7" member_type: VOTER last_known_addr { host: "127.3.226.1" port: 36627 } } peers { permanent_uuid: "317dd2e15ba8456881df3f2eca89ad68" member_type: VOTER last_known_addr { host: "127.3.226.2" port: 42373 } } peers { permanent_uuid: "78933e16f5e047029b743ccb093f2660" member_type: VOTER last_known_addr { host: "127.3.226.3" port: 44901 } }
I20260630 12:22:54.768316  8654 ts_tablet_manager.cc:1434] T 7d28e14a44594bc9959523d0c7f0e8f7 P b067dc2b95944119b2df14b8ec1246f7: Time spent starting tablet: real 0.015s	user 0.004s	sys 0.002s
I20260630 12:22:54.769620  8655 ts_tablet_manager.cc:1434] T 1fbef642d3bf4f1fb395dff54e7712f7 P 317dd2e15ba8456881df3f2eca89ad68: Time spent starting tablet: real 0.040s	user 0.004s	sys 0.003s
I20260630 12:22:54.770758  8655 tablet_bootstrap.cc:492] T 95e143d595cd492dac26d59379c067e0 P 317dd2e15ba8456881df3f2eca89ad68: Bootstrap starting.
I20260630 12:22:54.775631  8355 catalog_manager.cc:5697] T bba67dcf7ebc4417b7c6478c42216458 P 317dd2e15ba8456881df3f2eca89ad68 reported cstate change: term changed from 0 to 1, leader changed from <none> to 317dd2e15ba8456881df3f2eca89ad68 (127.3.226.2). New cstate: current_term: 1 leader_uuid: "317dd2e15ba8456881df3f2eca89ad68" committed_config { opid_index: -1 OBSOLETE_local: false peers { permanent_uuid: "b067dc2b95944119b2df14b8ec1246f7" member_type: VOTER last_known_addr { host: "127.3.226.1" port: 36627 } health_report { overall_health: UNKNOWN } } peers { permanent_uuid: "317dd2e15ba8456881df3f2eca89ad68" member_type: VOTER last_known_addr { host: "127.3.226.2" port: 42373 } health_report { overall_health: HEALTHY } } peers { permanent_uuid: "78933e16f5e047029b743ccb093f2660" member_type: VOTER last_known_addr { host: "127.3.226.3" port: 44901 } health_report { overall_health: UNKNOWN } } }
I20260630 12:22:54.783907  8654 tablet_bootstrap.cc:492] T 0acaf83b71b345a790ebbac5d2c71fdf P b067dc2b95944119b2df14b8ec1246f7: Bootstrap starting.
I20260630 12:22:54.785002  8460 tablet_service.cc:1917] Received RequestConsensusVote() RPC: tablet_id: "1fbef642d3bf4f1fb395dff54e7712f7" candidate_uuid: "78933e16f5e047029b743ccb093f2660" candidate_term: 1 candidate_status { last_received { term: 0 index: 0 } } ignore_live_leader: false dest_uuid: "b067dc2b95944119b2df14b8ec1246f7"
I20260630 12:22:54.786813  8460 raft_consensus.cc:3060] T 1fbef642d3bf4f1fb395dff54e7712f7 P b067dc2b95944119b2df14b8ec1246f7 [term 0 FOLLOWER]: Advancing to term 1
I20260630 12:22:54.786866  8459 tablet_service.cc:1917] Received RequestConsensusVote() RPC: tablet_id: "b95985c9ca4e4ae8800510944ee47304" candidate_uuid: "78933e16f5e047029b743ccb093f2660" candidate_term: 1 candidate_status { last_received { term: 0 index: 0 } } ignore_live_leader: false dest_uuid: "b067dc2b95944119b2df14b8ec1246f7"
I20260630 12:22:54.782270  8660 leader_election.cc:290] T b95985c9ca4e4ae8800510944ee47304 P 78933e16f5e047029b743ccb093f2660 [CANDIDATE]: Term 1 election: Requested vote from peers b067dc2b95944119b2df14b8ec1246f7 (127.3.226.1:36627), 317dd2e15ba8456881df3f2eca89ad68 (127.3.226.2:42373)
I20260630 12:22:54.787385  8701 raft_consensus.cc:493] T 0acaf83b71b345a790ebbac5d2c71fdf P 78933e16f5e047029b743ccb093f2660 [term 0 FOLLOWER]: Starting pre-election (no leader contacted us within the election timeout)
I20260630 12:22:54.786170  8535 tablet_service.cc:1917] Received RequestConsensusVote() RPC: tablet_id: "1fbef642d3bf4f1fb395dff54e7712f7" candidate_uuid: "78933e16f5e047029b743ccb093f2660" candidate_term: 1 candidate_status { last_received { term: 0 index: 0 } } ignore_live_leader: false dest_uuid: "317dd2e15ba8456881df3f2eca89ad68"
I20260630 12:22:54.788944  8701 raft_consensus.cc:515] T 0acaf83b71b345a790ebbac5d2c71fdf P 78933e16f5e047029b743ccb093f2660 [term 0 FOLLOWER]: Starting pre-election with config: opid_index: -1 OBSOLETE_local: false peers { permanent_uuid: "b067dc2b95944119b2df14b8ec1246f7" member_type: VOTER last_known_addr { host: "127.3.226.1" port: 36627 } } peers { permanent_uuid: "317dd2e15ba8456881df3f2eca89ad68" member_type: VOTER last_known_addr { host: "127.3.226.2" port: 42373 } } peers { permanent_uuid: "78933e16f5e047029b743ccb093f2660" member_type: VOTER last_known_addr { host: "127.3.226.3" port: 44901 } }
I20260630 12:22:54.790234  8535 raft_consensus.cc:3060] T 1fbef642d3bf4f1fb395dff54e7712f7 P 317dd2e15ba8456881df3f2eca89ad68 [term 0 FOLLOWER]: Advancing to term 1
I20260630 12:22:54.795466  8701 leader_election.cc:290] T 0acaf83b71b345a790ebbac5d2c71fdf P 78933e16f5e047029b743ccb093f2660 [CANDIDATE]: Term 1 pre-election: Requested pre-vote from peers b067dc2b95944119b2df14b8ec1246f7 (127.3.226.1:36627), 317dd2e15ba8456881df3f2eca89ad68 (127.3.226.2:42373)
I20260630 12:22:54.797106  8460 raft_consensus.cc:2468] T 1fbef642d3bf4f1fb395dff54e7712f7 P b067dc2b95944119b2df14b8ec1246f7 [term 1 FOLLOWER]: Leader election vote request: Granting yes vote for candidate 78933e16f5e047029b743ccb093f2660 in term 1.
I20260630 12:22:54.797461  8655 tablet_bootstrap.cc:654] T 95e143d595cd492dac26d59379c067e0 P 317dd2e15ba8456881df3f2eca89ad68: Neither blocks nor log segments found. Creating new log.
I20260630 12:22:54.797873  8358 catalog_manager.cc:5697] T bfdd7b3a7780493f85ef3e129c9372b2 P b067dc2b95944119b2df14b8ec1246f7 reported cstate change: term changed from 0 to 1, leader changed from <none> to b067dc2b95944119b2df14b8ec1246f7 (127.3.226.1). New cstate: current_term: 1 leader_uuid: "b067dc2b95944119b2df14b8ec1246f7" committed_config { opid_index: -1 OBSOLETE_local: false peers { permanent_uuid: "317dd2e15ba8456881df3f2eca89ad68" member_type: VOTER last_known_addr { host: "127.3.226.2" port: 42373 } health_report { overall_health: UNKNOWN } } peers { permanent_uuid: "b067dc2b95944119b2df14b8ec1246f7" member_type: VOTER last_known_addr { host: "127.3.226.1" port: 36627 } health_report { overall_health: HEALTHY } } peers { permanent_uuid: "78933e16f5e047029b743ccb093f2660" member_type: VOTER last_known_addr { host: "127.3.226.3" port: 44901 } health_report { overall_health: UNKNOWN } } }
I20260630 12:22:54.799994  8656 tablet_bootstrap.cc:492] T 77b1f3c7a1e44ee09d80bbde39dee3d7 P 78933e16f5e047029b743ccb093f2660: No bootstrap required, opened a new log
I20260630 12:22:54.800433  8656 ts_tablet_manager.cc:1403] T 77b1f3c7a1e44ee09d80bbde39dee3d7 P 78933e16f5e047029b743ccb093f2660: Time spent bootstrapping tablet: real 0.101s	user 0.017s	sys 0.041s
I20260630 12:22:54.801337  8535 raft_consensus.cc:2468] T 1fbef642d3bf4f1fb395dff54e7712f7 P 317dd2e15ba8456881df3f2eca89ad68 [term 1 FOLLOWER]: Leader election vote request: Granting yes vote for candidate 78933e16f5e047029b743ccb093f2660 in term 1.
I20260630 12:22:54.802796  8534 tablet_service.cc:1917] Received RequestConsensusVote() RPC: tablet_id: "b95985c9ca4e4ae8800510944ee47304" candidate_uuid: "78933e16f5e047029b743ccb093f2660" candidate_term: 1 candidate_status { last_received { term: 0 index: 0 } } ignore_live_leader: false dest_uuid: "317dd2e15ba8456881df3f2eca89ad68"
W20260630 12:22:54.802984  8573 leader_election.cc:343] T b95985c9ca4e4ae8800510944ee47304 P 78933e16f5e047029b743ccb093f2660 [CANDIDATE]: Term 1 election: Tablet error from VoteRequest() call to peer b067dc2b95944119b2df14b8ec1246f7 (127.3.226.1:36627): Illegal state: must be running to vote when last-logged opid is not known
I20260630 12:22:54.803426  8534 raft_consensus.cc:3060] T b95985c9ca4e4ae8800510944ee47304 P 317dd2e15ba8456881df3f2eca89ad68 [term 0 FOLLOWER]: Advancing to term 1
I20260630 12:22:54.803718  8573 leader_election.cc:304] T 1fbef642d3bf4f1fb395dff54e7712f7 P 78933e16f5e047029b743ccb093f2660 [CANDIDATE]: Term 1 election: Election decided. Result: candidate won. Election summary: received 2 responses out of 3 voters: 2 yes votes; 0 no votes. yes voters: 78933e16f5e047029b743ccb093f2660, b067dc2b95944119b2df14b8ec1246f7; no voters: 
I20260630 12:22:54.804663  8701 raft_consensus.cc:2804] T 1fbef642d3bf4f1fb395dff54e7712f7 P 78933e16f5e047029b743ccb093f2660 [term 1 FOLLOWER]: Leader election won for term 1
I20260630 12:22:54.805119  8701 raft_consensus.cc:697] T 1fbef642d3bf4f1fb395dff54e7712f7 P 78933e16f5e047029b743ccb093f2660 [term 1 LEADER]: Becoming Leader. State: Replica: 78933e16f5e047029b743ccb093f2660, State: Running, Role: LEADER
I20260630 12:22:54.805928  8701 consensus_queue.cc:237] T 1fbef642d3bf4f1fb395dff54e7712f7 P 78933e16f5e047029b743ccb093f2660 [LEADER]: Queue going to LEADER mode. State: All replicated index: 0, Majority replicated index: 0, Committed index: 0, Last appended: 0.0, Last appended by leader: 0, Current term: 1, Majority size: 2, State: 0, Mode: LEADER, active raft config: opid_index: -1 OBSOLETE_local: false peers { permanent_uuid: "b067dc2b95944119b2df14b8ec1246f7" member_type: VOTER last_known_addr { host: "127.3.226.1" port: 36627 } } peers { permanent_uuid: "317dd2e15ba8456881df3f2eca89ad68" member_type: VOTER last_known_addr { host: "127.3.226.2" port: 42373 } } peers { permanent_uuid: "78933e16f5e047029b743ccb093f2660" member_type: VOTER last_known_addr { host: "127.3.226.3" port: 44901 } }
I20260630 12:22:54.806770  8460 tablet_service.cc:1917] Received RequestConsensusVote() RPC: tablet_id: "0acaf83b71b345a790ebbac5d2c71fdf" candidate_uuid: "78933e16f5e047029b743ccb093f2660" candidate_term: 1 candidate_status { last_received { term: 0 index: 0 } } ignore_live_leader: false dest_uuid: "b067dc2b95944119b2df14b8ec1246f7" is_pre_election: true
W20260630 12:22:54.808585  8573 leader_election.cc:343] T 0acaf83b71b345a790ebbac5d2c71fdf P 78933e16f5e047029b743ccb093f2660 [CANDIDATE]: Term 1 pre-election: Tablet error from VoteRequest() call to peer b067dc2b95944119b2df14b8ec1246f7 (127.3.226.1:36627): Illegal state: must be running to vote when last-logged opid is not known
I20260630 12:22:54.806713  8533 tablet_service.cc:1917] Received RequestConsensusVote() RPC: tablet_id: "0acaf83b71b345a790ebbac5d2c71fdf" candidate_uuid: "78933e16f5e047029b743ccb093f2660" candidate_term: 1 candidate_status { last_received { term: 0 index: 0 } } ignore_live_leader: false dest_uuid: "317dd2e15ba8456881df3f2eca89ad68" is_pre_election: true
I20260630 12:22:54.809458  8656 raft_consensus.cc:359] T 77b1f3c7a1e44ee09d80bbde39dee3d7 P 78933e16f5e047029b743ccb093f2660 [term 0 FOLLOWER]: Replica starting. Triggering 0 pending ops. Active config: opid_index: -1 OBSOLETE_local: false peers { permanent_uuid: "b067dc2b95944119b2df14b8ec1246f7" member_type: VOTER last_known_addr { host: "127.3.226.1" port: 36627 } } peers { permanent_uuid: "317dd2e15ba8456881df3f2eca89ad68" member_type: VOTER last_known_addr { host: "127.3.226.2" port: 42373 } } peers { permanent_uuid: "78933e16f5e047029b743ccb093f2660" member_type: VOTER last_known_addr { host: "127.3.226.3" port: 44901 } }
I20260630 12:22:54.810214  8656 raft_consensus.cc:385] T 77b1f3c7a1e44ee09d80bbde39dee3d7 P 78933e16f5e047029b743ccb093f2660 [term 0 FOLLOWER]: Consensus starting up: Expiring failure detector timer to make a prompt election more likely
I20260630 12:22:54.810484  8656 raft_consensus.cc:740] T 77b1f3c7a1e44ee09d80bbde39dee3d7 P 78933e16f5e047029b743ccb093f2660 [term 0 FOLLOWER]: Becoming Follower/Learner. State: Replica: 78933e16f5e047029b743ccb093f2660, State: Initialized, Role: FOLLOWER
W20260630 12:22:54.811465  8573 leader_election.cc:343] T 0acaf83b71b345a790ebbac5d2c71fdf P 78933e16f5e047029b743ccb093f2660 [CANDIDATE]: Term 1 pre-election: Tablet error from VoteRequest() call to peer 317dd2e15ba8456881df3f2eca89ad68 (127.3.226.2:42373): Illegal state: must be running to vote when last-logged opid is not known
I20260630 12:22:54.811219  8656 consensus_queue.cc:260] T 77b1f3c7a1e44ee09d80bbde39dee3d7 P 78933e16f5e047029b743ccb093f2660 [NON_LEADER]: Queue going to NON_LEADER mode. State: All replicated index: 0, Majority replicated index: 0, Committed index: 0, Last appended: 0.0, Last appended by leader: 0, Current term: 0, Majority size: -1, State: 0, Mode: NON_LEADER, active raft config: opid_index: -1 OBSOLETE_local: false peers { permanent_uuid: "b067dc2b95944119b2df14b8ec1246f7" member_type: VOTER last_known_addr { host: "127.3.226.1" port: 36627 } } peers { permanent_uuid: "317dd2e15ba8456881df3f2eca89ad68" member_type: VOTER last_known_addr { host: "127.3.226.2" port: 42373 } } peers { permanent_uuid: "78933e16f5e047029b743ccb093f2660" member_type: VOTER last_known_addr { host: "127.3.226.3" port: 44901 } }
I20260630 12:22:54.811903  8573 leader_election.cc:304] T 0acaf83b71b345a790ebbac5d2c71fdf P 78933e16f5e047029b743ccb093f2660 [CANDIDATE]: Term 1 pre-election: Election decided. Result: candidate lost. Election summary: received 3 responses out of 3 voters: 1 yes votes; 2 no votes. yes voters: 78933e16f5e047029b743ccb093f2660; no voters: 317dd2e15ba8456881df3f2eca89ad68, b067dc2b95944119b2df14b8ec1246f7
I20260630 12:22:54.812649  8660 raft_consensus.cc:2749] T 0acaf83b71b345a790ebbac5d2c71fdf P 78933e16f5e047029b743ccb093f2660 [term 0 FOLLOWER]: Leader pre-election lost for term 1. Reason: could not achieve majority
I20260630 12:22:54.813889  8534 raft_consensus.cc:2468] T b95985c9ca4e4ae8800510944ee47304 P 317dd2e15ba8456881df3f2eca89ad68 [term 1 FOLLOWER]: Leader election vote request: Granting yes vote for candidate 78933e16f5e047029b743ccb093f2660 in term 1.
I20260630 12:22:54.791818  8654 tablet_bootstrap.cc:654] T 0acaf83b71b345a790ebbac5d2c71fdf P b067dc2b95944119b2df14b8ec1246f7: Neither blocks nor log segments found. Creating new log.
I20260630 12:22:54.815073  8656 ts_tablet_manager.cc:1434] T 77b1f3c7a1e44ee09d80bbde39dee3d7 P 78933e16f5e047029b743ccb093f2660: Time spent starting tablet: real 0.014s	user 0.006s	sys 0.000s
I20260630 12:22:54.816352  8656 tablet_bootstrap.cc:492] T 55be607a0cd64939a2219b11656a94c2 P 78933e16f5e047029b743ccb093f2660: Bootstrap starting.
I20260630 12:22:54.818105  8573 leader_election.cc:304] T b95985c9ca4e4ae8800510944ee47304 P 78933e16f5e047029b743ccb093f2660 [CANDIDATE]: Term 1 election: Election decided. Result: candidate won. Election summary: received 3 responses out of 3 voters: 2 yes votes; 1 no votes. yes voters: 317dd2e15ba8456881df3f2eca89ad68, 78933e16f5e047029b743ccb093f2660; no voters: b067dc2b95944119b2df14b8ec1246f7
I20260630 12:22:54.819065  8660 raft_consensus.cc:2804] T b95985c9ca4e4ae8800510944ee47304 P 78933e16f5e047029b743ccb093f2660 [term 1 FOLLOWER]: Leader election won for term 1
I20260630 12:22:54.836793  8663 raft_consensus.cc:493] T 77b1f3c7a1e44ee09d80bbde39dee3d7 P 317dd2e15ba8456881df3f2eca89ad68 [term 0 FOLLOWER]: Starting pre-election (no leader contacted us within the election timeout)
I20260630 12:22:54.837037  8654 tablet_bootstrap.cc:492] T 0acaf83b71b345a790ebbac5d2c71fdf P b067dc2b95944119b2df14b8ec1246f7: No bootstrap required, opened a new log
I20260630 12:22:54.832876  8356 catalog_manager.cc:5697] T 1fbef642d3bf4f1fb395dff54e7712f7 P 78933e16f5e047029b743ccb093f2660 reported cstate change: term changed from 0 to 1, leader changed from <none> to 78933e16f5e047029b743ccb093f2660 (127.3.226.3). New cstate: current_term: 1 leader_uuid: "78933e16f5e047029b743ccb093f2660" committed_config { opid_index: -1 OBSOLETE_local: false peers { permanent_uuid: "b067dc2b95944119b2df14b8ec1246f7" member_type: VOTER last_known_addr { host: "127.3.226.1" port: 36627 } health_report { overall_health: UNKNOWN } } peers { permanent_uuid: "317dd2e15ba8456881df3f2eca89ad68" member_type: VOTER last_known_addr { host: "127.3.226.2" port: 42373 } health_report { overall_health: UNKNOWN } } peers { permanent_uuid: "78933e16f5e047029b743ccb093f2660" member_type: VOTER last_known_addr { host: "127.3.226.3" port: 44901 } health_report { overall_health: HEALTHY } } }
I20260630 12:22:54.837481  8654 ts_tablet_manager.cc:1403] T 0acaf83b71b345a790ebbac5d2c71fdf P b067dc2b95944119b2df14b8ec1246f7: Time spent bootstrapping tablet: real 0.054s	user 0.014s	sys 0.010s
I20260630 12:22:54.837329  8663 raft_consensus.cc:515] T 77b1f3c7a1e44ee09d80bbde39dee3d7 P 317dd2e15ba8456881df3f2eca89ad68 [term 0 FOLLOWER]: Starting pre-election with config: opid_index: -1 OBSOLETE_local: false peers { permanent_uuid: "b067dc2b95944119b2df14b8ec1246f7" member_type: VOTER last_known_addr { host: "127.3.226.1" port: 36627 } } peers { permanent_uuid: "317dd2e15ba8456881df3f2eca89ad68" member_type: VOTER last_known_addr { host: "127.3.226.2" port: 42373 } } peers { permanent_uuid: "78933e16f5e047029b743ccb093f2660" member_type: VOTER last_known_addr { host: "127.3.226.3" port: 44901 } }
I20260630 12:22:54.838073  8655 tablet_bootstrap.cc:492] T 95e143d595cd492dac26d59379c067e0 P 317dd2e15ba8456881df3f2eca89ad68: No bootstrap required, opened a new log
I20260630 12:22:54.838518  8655 ts_tablet_manager.cc:1403] T 95e143d595cd492dac26d59379c067e0 P 317dd2e15ba8456881df3f2eca89ad68: Time spent bootstrapping tablet: real 0.068s	user 0.008s	sys 0.022s
I20260630 12:22:54.839424  8663 leader_election.cc:290] T 77b1f3c7a1e44ee09d80bbde39dee3d7 P 317dd2e15ba8456881df3f2eca89ad68 [CANDIDATE]: Term 1 pre-election: Requested pre-vote from peers b067dc2b95944119b2df14b8ec1246f7 (127.3.226.1:36627), 78933e16f5e047029b743ccb093f2660 (127.3.226.3:44901)
I20260630 12:22:54.840178  8654 raft_consensus.cc:359] T 0acaf83b71b345a790ebbac5d2c71fdf P b067dc2b95944119b2df14b8ec1246f7 [term 0 FOLLOWER]: Replica starting. Triggering 0 pending ops. Active config: opid_index: -1 OBSOLETE_local: false peers { permanent_uuid: "b067dc2b95944119b2df14b8ec1246f7" member_type: VOTER last_known_addr { host: "127.3.226.1" port: 36627 } } peers { permanent_uuid: "317dd2e15ba8456881df3f2eca89ad68" member_type: VOTER last_known_addr { host: "127.3.226.2" port: 42373 } } peers { permanent_uuid: "78933e16f5e047029b743ccb093f2660" member_type: VOTER last_known_addr { host: "127.3.226.3" port: 44901 } }
I20260630 12:22:54.840839  8654 raft_consensus.cc:385] T 0acaf83b71b345a790ebbac5d2c71fdf P b067dc2b95944119b2df14b8ec1246f7 [term 0 FOLLOWER]: Consensus starting up: Expiring failure detector timer to make a prompt election more likely
I20260630 12:22:54.841147  8654 raft_consensus.cc:740] T 0acaf83b71b345a790ebbac5d2c71fdf P b067dc2b95944119b2df14b8ec1246f7 [term 0 FOLLOWER]: Becoming Follower/Learner. State: Replica: b067dc2b95944119b2df14b8ec1246f7, State: Initialized, Role: FOLLOWER
