I20260630 12:22:55.098869 31304 consensus_queue.cc:237] T 3b852424dc7d47f59e7858a23a3bbe73 P 16b32ac9efe9491fb994888b8e961bf0 [LEADER]: Queue going to LEADER mode. State: All replicated index: 0, Majority replicated index: 24, Committed index: 24, Last appended: 1.24, Last appended by leader: 0, Current term: 1, Majority size: 2, State: 0, Mode: LEADER, active raft config: opid_index: 25 OBSOLETE_local: false peers { permanent_uuid: "16b32ac9efe9491fb994888b8e961bf0" member_type: VOTER last_known_addr { host: "127.26.51.65" port: 38065 } } peers { permanent_uuid: "38679209fabf4f4a947586c77de53988" member_type: VOTER last_known_addr { host: "127.26.51.66" port: 36917 } attrs { replace: true } } peers { permanent_uuid: "77e1988581bb4bfe8c29a9fd3816558e" member_type: VOTER last_known_addr { host: "127.26.51.67" port: 33275 } } peers { permanent_uuid: "1f752a5486ac4a59a2c968b7dbe212a2" member_type: NON_VOTER last_known_addr { host: "127.26.51.69" port: 45735 } attrs { promote: true } }
I20260630 12:22:55.106531 31451 raft_consensus.cc:1275] T 3b852424dc7d47f59e7858a23a3bbe73 P 77e1988581bb4bfe8c29a9fd3816558e [term 1 FOLLOWER]: Refusing update from remote peer 16b32ac9efe9491fb994888b8e961bf0: Log matching property violated. Preceding OpId in replica: term: 1 index: 24. Preceding OpId from leader: term: 1 index: 25. (index mismatch)
I20260630 12:22:55.108361 31895 consensus_queue.cc:1048] T 3b852424dc7d47f59e7858a23a3bbe73 P 16b32ac9efe9491fb994888b8e961bf0 [LEADER]: Connected to new peer: Peer: permanent_uuid: "77e1988581bb4bfe8c29a9fd3816558e" member_type: VOTER last_known_addr { host: "127.26.51.67" port: 33275 }, Status: LMP_MISMATCH, Last received: 0.0, Next index: 25, Last known committed idx: 24, Time since last communication: 0.000s
I20260630 12:22:55.109355 31375 raft_consensus.cc:1275] T 3b852424dc7d47f59e7858a23a3bbe73 P 38679209fabf4f4a947586c77de53988 [term 1 FOLLOWER]: Refusing update from remote peer 16b32ac9efe9491fb994888b8e961bf0: Log matching property violated. Preceding OpId in replica: term: 1 index: 24. Preceding OpId from leader: term: 1 index: 25. (index mismatch)
I20260630 12:22:55.111121 31924 consensus_queue.cc:1048] T 3b852424dc7d47f59e7858a23a3bbe73 P 16b32ac9efe9491fb994888b8e961bf0 [LEADER]: Connected to new peer: Peer: permanent_uuid: "38679209fabf4f4a947586c77de53988" member_type: VOTER last_known_addr { host: "127.26.51.66" port: 36917 } attrs { replace: true }, Status: LMP_MISMATCH, Last received: 0.0, Next index: 25, Last known committed idx: 24, Time since last communication: 0.001s
I20260630 12:22:55.117564 31895 raft_consensus.cc:2955] T 3b852424dc7d47f59e7858a23a3bbe73 P 16b32ac9efe9491fb994888b8e961bf0 [term 1 LEADER]: Committing config change with OpId 1.25: config changed from index -1 to 25, NON_VOTER 1f752a5486ac4a59a2c968b7dbe212a2 (127.26.51.69) added. New config: { opid_index: 25 OBSOLETE_local: false peers { permanent_uuid: "16b32ac9efe9491fb994888b8e961bf0" member_type: VOTER last_known_addr { host: "127.26.51.65" port: 38065 } } peers { permanent_uuid: "38679209fabf4f4a947586c77de53988" member_type: VOTER last_known_addr { host: "127.26.51.66" port: 36917 } attrs { replace: true } } peers { permanent_uuid: "77e1988581bb4bfe8c29a9fd3816558e" member_type: VOTER last_known_addr { host: "127.26.51.67" port: 33275 } } peers { permanent_uuid: "1f752a5486ac4a59a2c968b7dbe212a2" member_type: NON_VOTER last_known_addr { host: "127.26.51.69" port: 45735 } attrs { promote: true } } }
W20260630 12:22:55.120528 31269 consensus_peers.cc:597] T 3b852424dc7d47f59e7858a23a3bbe73 P 16b32ac9efe9491fb994888b8e961bf0 -> Peer 1f752a5486ac4a59a2c968b7dbe212a2 (127.26.51.69:45735): Couldn't send request to peer 1f752a5486ac4a59a2c968b7dbe212a2. Error code: TABLET_NOT_FOUND (6). Status: Not found: Tablet not found: 3b852424dc7d47f59e7858a23a3bbe73. This is attempt 1: this message will repeat every 5th retry.
I20260630 12:22:55.120733 31451 raft_consensus.cc:2955] T 3b852424dc7d47f59e7858a23a3bbe73 P 77e1988581bb4bfe8c29a9fd3816558e [term 1 FOLLOWER]: Committing config change with OpId 1.25: config changed from index -1 to 25, NON_VOTER 1f752a5486ac4a59a2c968b7dbe212a2 (127.26.51.69) added. New config: { opid_index: 25 OBSOLETE_local: false peers { permanent_uuid: "16b32ac9efe9491fb994888b8e961bf0" member_type: VOTER last_known_addr { host: "127.26.51.65" port: 38065 } } peers { permanent_uuid: "38679209fabf4f4a947586c77de53988" member_type: VOTER last_known_addr { host: "127.26.51.66" port: 36917 } attrs { replace: true } } peers { permanent_uuid: "77e1988581bb4bfe8c29a9fd3816558e" member_type: VOTER last_known_addr { host: "127.26.51.67" port: 33275 } } peers { permanent_uuid: "1f752a5486ac4a59a2c968b7dbe212a2" member_type: NON_VOTER last_known_addr { host: "127.26.51.69" port: 45735 } attrs { promote: true } } }
I20260630 12:22:55.122334 31375 raft_consensus.cc:2955] T 3b852424dc7d47f59e7858a23a3bbe73 P 38679209fabf4f4a947586c77de53988 [term 1 FOLLOWER]: Committing config change with OpId 1.25: config changed from index -1 to 25, NON_VOTER 1f752a5486ac4a59a2c968b7dbe212a2 (127.26.51.69) added. New config: { opid_index: 25 OBSOLETE_local: false peers { permanent_uuid: "16b32ac9efe9491fb994888b8e961bf0" member_type: VOTER last_known_addr { host: "127.26.51.65" port: 38065 } } peers { permanent_uuid: "38679209fabf4f4a947586c77de53988" member_type: VOTER last_known_addr { host: "127.26.51.66" port: 36917 } attrs { replace: true } } peers { permanent_uuid: "77e1988581bb4bfe8c29a9fd3816558e" member_type: VOTER last_known_addr { host: "127.26.51.67" port: 33275 } } peers { permanent_uuid: "1f752a5486ac4a59a2c968b7dbe212a2" member_type: NON_VOTER last_known_addr { host: "127.26.51.69" port: 45735 } attrs { promote: true } } }
I20260630 12:22:55.135404 31196 catalog_manager.cc:5697] T 3b852424dc7d47f59e7858a23a3bbe73 P 16b32ac9efe9491fb994888b8e961bf0 reported cstate change: config changed from index -1 to 25, NON_VOTER 1f752a5486ac4a59a2c968b7dbe212a2 (127.26.51.69) added. New cstate: current_term: 1 leader_uuid: "16b32ac9efe9491fb994888b8e961bf0" committed_config { opid_index: 25 OBSOLETE_local: false peers { permanent_uuid: "16b32ac9efe9491fb994888b8e961bf0" member_type: VOTER last_known_addr { host: "127.26.51.65" port: 38065 } health_report { overall_health: HEALTHY } } peers { permanent_uuid: "38679209fabf4f4a947586c77de53988" member_type: VOTER last_known_addr { host: "127.26.51.66" port: 36917 } attrs { replace: true } health_report { overall_health: HEALTHY } } peers { permanent_uuid: "77e1988581bb4bfe8c29a9fd3816558e" member_type: VOTER last_known_addr { host: "127.26.51.67" port: 33275 } health_report { overall_health: HEALTHY } } peers { permanent_uuid: "1f752a5486ac4a59a2c968b7dbe212a2" member_type: NON_VOTER last_known_addr { host: "127.26.51.69" port: 45735 } attrs { promote: true } health_report { overall_health: UNKNOWN } } }
I20260630 12:22:55.149844 31375 consensus_queue.cc:237] T 60abfb011a5542caac46f8b98df67983 P 38679209fabf4f4a947586c77de53988 [LEADER]: Queue going to LEADER mode. State: All replicated index: 0, Majority replicated index: 25, Committed index: 25, Last appended: 1.25, Last appended by leader: 0, Current term: 1, Majority size: 2, State: 0, Mode: LEADER, active raft config: opid_index: 26 OBSOLETE_local: false peers { permanent_uuid: "16b32ac9efe9491fb994888b8e961bf0" member_type: VOTER last_known_addr { host: "127.26.51.65" port: 38065 } } peers { permanent_uuid: "38679209fabf4f4a947586c77de53988" member_type: VOTER last_known_addr { host: "127.26.51.66" port: 36917 } } peers { permanent_uuid: "77e1988581bb4bfe8c29a9fd3816558e" member_type: VOTER last_known_addr { host: "127.26.51.67" port: 33275 } attrs { replace: true } } peers { permanent_uuid: "28b0c441bb384a1ca3ac6efaa5f0b55d" member_type: NON_VOTER last_known_addr { host: "127.26.51.70" port: 32941 } attrs { promote: true } }
I20260630 12:22:55.158533 31451 raft_consensus.cc:1275] T 60abfb011a5542caac46f8b98df67983 P 77e1988581bb4bfe8c29a9fd3816558e [term 1 FOLLOWER]: Refusing update from remote peer 38679209fabf4f4a947586c77de53988: Log matching property violated. Preceding OpId in replica: term: 1 index: 25. Preceding OpId from leader: term: 1 index: 26. (index mismatch)
I20260630 12:22:55.161079 31694 consensus_queue.cc:1048] T 60abfb011a5542caac46f8b98df67983 P 38679209fabf4f4a947586c77de53988 [LEADER]: Connected to new peer: Peer: permanent_uuid: "77e1988581bb4bfe8c29a9fd3816558e" member_type: VOTER last_known_addr { host: "127.26.51.67" port: 33275 } attrs { replace: true }, Status: LMP_MISMATCH, Last received: 0.0, Next index: 26, Last known committed idx: 25, Time since last communication: 0.000s
I20260630 12:22:55.166430 31304 raft_consensus.cc:1275] T 60abfb011a5542caac46f8b98df67983 P 16b32ac9efe9491fb994888b8e961bf0 [term 1 FOLLOWER]: Refusing update from remote peer 38679209fabf4f4a947586c77de53988: Log matching property violated. Preceding OpId in replica: term: 1 index: 25. Preceding OpId from leader: term: 1 index: 26. (index mismatch)
I20260630 12:22:55.168237 31694 consensus_queue.cc:1048] T 60abfb011a5542caac46f8b98df67983 P 38679209fabf4f4a947586c77de53988 [LEADER]: Connected to new peer: Peer: permanent_uuid: "16b32ac9efe9491fb994888b8e961bf0" member_type: VOTER last_known_addr { host: "127.26.51.65" port: 38065 }, Status: LMP_MISMATCH, Last received: 0.0, Next index: 26, Last known committed idx: 25, Time since last communication: 0.000s
I20260630 12:22:55.172070 31676 raft_consensus.cc:2955] T 60abfb011a5542caac46f8b98df67983 P 38679209fabf4f4a947586c77de53988 [term 1 LEADER]: Committing config change with OpId 1.26: config changed from index -1 to 26, NON_VOTER 28b0c441bb384a1ca3ac6efaa5f0b55d (127.26.51.70) added. New config: { opid_index: 26 OBSOLETE_local: false peers { permanent_uuid: "16b32ac9efe9491fb994888b8e961bf0" member_type: VOTER last_known_addr { host: "127.26.51.65" port: 38065 } } peers { permanent_uuid: "38679209fabf4f4a947586c77de53988" member_type: VOTER last_known_addr { host: "127.26.51.66" port: 36917 } } peers { permanent_uuid: "77e1988581bb4bfe8c29a9fd3816558e" member_type: VOTER last_known_addr { host: "127.26.51.67" port: 33275 } attrs { replace: true } } peers { permanent_uuid: "28b0c441bb384a1ca3ac6efaa5f0b55d" member_type: NON_VOTER last_known_addr { host: "127.26.51.70" port: 32941 } attrs { promote: true } } }
W20260630 12:22:55.176534 31344 consensus_peers.cc:597] T 60abfb011a5542caac46f8b98df67983 P 38679209fabf4f4a947586c77de53988 -> Peer 28b0c441bb384a1ca3ac6efaa5f0b55d (127.26.51.70:32941): Couldn't send request to peer 28b0c441bb384a1ca3ac6efaa5f0b55d. Error code: TABLET_NOT_FOUND (6). Status: Not found: Tablet not found: 60abfb011a5542caac46f8b98df67983. This is attempt 1: this message will repeat every 5th retry.
I20260630 12:22:55.178272 31451 raft_consensus.cc:2955] T 60abfb011a5542caac46f8b98df67983 P 77e1988581bb4bfe8c29a9fd3816558e [term 1 FOLLOWER]: Committing config change with OpId 1.26: config changed from index -1 to 26, NON_VOTER 28b0c441bb384a1ca3ac6efaa5f0b55d (127.26.51.70) added. New config: { opid_index: 26 OBSOLETE_local: false peers { permanent_uuid: "16b32ac9efe9491fb994888b8e961bf0" member_type: VOTER last_known_addr { host: "127.26.51.65" port: 38065 } } peers { permanent_uuid: "38679209fabf4f4a947586c77de53988" member_type: VOTER last_known_addr { host: "127.26.51.66" port: 36917 } } peers { permanent_uuid: "77e1988581bb4bfe8c29a9fd3816558e" member_type: VOTER last_known_addr { host: "127.26.51.67" port: 33275 } attrs { replace: true } } peers { permanent_uuid: "28b0c441bb384a1ca3ac6efaa5f0b55d" member_type: NON_VOTER last_known_addr { host: "127.26.51.70" port: 32941 } attrs { promote: true } } }
I20260630 12:22:55.183053 31304 raft_consensus.cc:2955] T 60abfb011a5542caac46f8b98df67983 P 16b32ac9efe9491fb994888b8e961bf0 [term 1 FOLLOWER]: Committing config change with OpId 1.26: config changed from index -1 to 26, NON_VOTER 28b0c441bb384a1ca3ac6efaa5f0b55d (127.26.51.70) added. New config: { opid_index: 26 OBSOLETE_local: false peers { permanent_uuid: "16b32ac9efe9491fb994888b8e961bf0" member_type: VOTER last_known_addr { host: "127.26.51.65" port: 38065 } } peers { permanent_uuid: "38679209fabf4f4a947586c77de53988" member_type: VOTER last_known_addr { host: "127.26.51.66" port: 36917 } } peers { permanent_uuid: "77e1988581bb4bfe8c29a9fd3816558e" member_type: VOTER last_known_addr { host: "127.26.51.67" port: 33275 } attrs { replace: true } } peers { permanent_uuid: "28b0c441bb384a1ca3ac6efaa5f0b55d" member_type: NON_VOTER last_known_addr { host: "127.26.51.70" port: 32941 } attrs { promote: true } } }
I20260630 12:22:55.195372 31196 catalog_manager.cc:5697] T 60abfb011a5542caac46f8b98df67983 P 77e1988581bb4bfe8c29a9fd3816558e reported cstate change: config changed from index -1 to 26, NON_VOTER 28b0c441bb384a1ca3ac6efaa5f0b55d (127.26.51.70) added. New cstate: current_term: 1 leader_uuid: "38679209fabf4f4a947586c77de53988" committed_config { opid_index: 26 OBSOLETE_local: false peers { permanent_uuid: "16b32ac9efe9491fb994888b8e961bf0" member_type: VOTER last_known_addr { host: "127.26.51.65" port: 38065 } } peers { permanent_uuid: "38679209fabf4f4a947586c77de53988" member_type: VOTER last_known_addr { host: "127.26.51.66" port: 36917 } } peers { permanent_uuid: "77e1988581bb4bfe8c29a9fd3816558e" member_type: VOTER last_known_addr { host: "127.26.51.67" port: 33275 } attrs { replace: true } } peers { permanent_uuid: "28b0c441bb384a1ca3ac6efaa5f0b55d" member_type: NON_VOTER last_known_addr { host: "127.26.51.70" port: 32941 } attrs { promote: true } } }
I20260630 12:22:55.197502 31375 consensus_queue.cc:237] T 35b4ccfcf06f462f93fcd697e966c01d P 38679209fabf4f4a947586c77de53988 [LEADER]: Queue going to LEADER mode. State: All replicated index: 0, Majority replicated index: 25, Committed index: 25, Last appended: 1.25, Last appended by leader: 0, Current term: 1, Majority size: 2, State: 0, Mode: LEADER, active raft config: opid_index: 26 OBSOLETE_local: false peers { permanent_uuid: "16b32ac9efe9491fb994888b8e961bf0" member_type: VOTER last_known_addr { host: "127.26.51.65" port: 38065 } attrs { replace: true } } peers { permanent_uuid: "38679209fabf4f4a947586c77de53988" member_type: VOTER last_known_addr { host: "127.26.51.66" port: 36917 } } peers { permanent_uuid: "77e1988581bb4bfe8c29a9fd3816558e" member_type: VOTER last_known_addr { host: "127.26.51.67" port: 33275 } } peers { permanent_uuid: "e290f5e96dc34aadb89d144279f0e49d" member_type: NON_VOTER last_known_addr { host: "127.26.51.68" port: 34865 } attrs { promote: true } }
I20260630 12:22:55.207661 31451 raft_consensus.cc:1275] T 35b4ccfcf06f462f93fcd697e966c01d P 77e1988581bb4bfe8c29a9fd3816558e [term 1 FOLLOWER]: Refusing update from remote peer 38679209fabf4f4a947586c77de53988: Log matching property violated. Preceding OpId in replica: term: 1 index: 25. Preceding OpId from leader: term: 1 index: 26. (index mismatch)
I20260630 12:22:55.208606 31304 raft_consensus.cc:1275] T 35b4ccfcf06f462f93fcd697e966c01d P 16b32ac9efe9491fb994888b8e961bf0 [term 1 FOLLOWER]: Refusing update from remote peer 38679209fabf4f4a947586c77de53988: Log matching property violated. Preceding OpId in replica: term: 1 index: 25. Preceding OpId from leader: term: 1 index: 26. (index mismatch)
I20260630 12:22:55.209268 31676 consensus_queue.cc:1048] T 35b4ccfcf06f462f93fcd697e966c01d P 38679209fabf4f4a947586c77de53988 [LEADER]: Connected to new peer: Peer: permanent_uuid: "77e1988581bb4bfe8c29a9fd3816558e" member_type: VOTER last_known_addr { host: "127.26.51.67" port: 33275 }, Status: LMP_MISMATCH, Last received: 0.0, Next index: 26, Last known committed idx: 25, Time since last communication: 0.000s
I20260630 12:22:55.211476 31694 consensus_queue.cc:1048] T 35b4ccfcf06f462f93fcd697e966c01d P 38679209fabf4f4a947586c77de53988 [LEADER]: Connected to new peer: Peer: permanent_uuid: "16b32ac9efe9491fb994888b8e961bf0" member_type: VOTER last_known_addr { host: "127.26.51.65" port: 38065 } attrs { replace: true }, Status: LMP_MISMATCH, Last received: 0.0, Next index: 26, Last known committed idx: 25, Time since last communication: 0.000s
I20260630 12:22:55.223397 31938 raft_consensus.cc:2955] T 35b4ccfcf06f462f93fcd697e966c01d P 38679209fabf4f4a947586c77de53988 [term 1 LEADER]: Committing config change with OpId 1.26: config changed from index -1 to 26, NON_VOTER e290f5e96dc34aadb89d144279f0e49d (127.26.51.68) added. New config: { opid_index: 26 OBSOLETE_local: false peers { permanent_uuid: "16b32ac9efe9491fb994888b8e961bf0" member_type: VOTER last_known_addr { host: "127.26.51.65" port: 38065 } attrs { replace: true } } peers { permanent_uuid: "38679209fabf4f4a947586c77de53988" member_type: VOTER last_known_addr { host: "127.26.51.66" port: 36917 } } peers { permanent_uuid: "77e1988581bb4bfe8c29a9fd3816558e" member_type: VOTER last_known_addr { host: "127.26.51.67" port: 33275 } } peers { permanent_uuid: "e290f5e96dc34aadb89d144279f0e49d" member_type: NON_VOTER last_known_addr { host: "127.26.51.68" port: 34865 } attrs { promote: true } } }
I20260630 12:22:55.229342 31301 raft_consensus.cc:2955] T 35b4ccfcf06f462f93fcd697e966c01d P 16b32ac9efe9491fb994888b8e961bf0 [term 1 FOLLOWER]: Committing config change with OpId 1.26: config changed from index -1 to 26, NON_VOTER e290f5e96dc34aadb89d144279f0e49d (127.26.51.68) added. New config: { opid_index: 26 OBSOLETE_local: false peers { permanent_uuid: "16b32ac9efe9491fb994888b8e961bf0" member_type: VOTER last_known_addr { host: "127.26.51.65" port: 38065 } attrs { replace: true } } peers { permanent_uuid: "38679209fabf4f4a947586c77de53988" member_type: VOTER last_known_addr { host: "127.26.51.66" port: 36917 } } peers { permanent_uuid: "77e1988581bb4bfe8c29a9fd3816558e" member_type: VOTER last_known_addr { host: "127.26.51.67" port: 33275 } } peers { permanent_uuid: "e290f5e96dc34aadb89d144279f0e49d" member_type: NON_VOTER last_known_addr { host: "127.26.51.68" port: 34865 } attrs { promote: true } } }
W20260630 12:22:55.231374 31344 consensus_peers.cc:597] T 35b4ccfcf06f462f93fcd697e966c01d P 38679209fabf4f4a947586c77de53988 -> Peer e290f5e96dc34aadb89d144279f0e49d (127.26.51.68:34865): Couldn't send request to peer e290f5e96dc34aadb89d144279f0e49d. Error code: TABLET_NOT_FOUND (6). Status: Not found: Tablet not found: 35b4ccfcf06f462f93fcd697e966c01d. This is attempt 1: this message will repeat every 5th retry.
I20260630 12:22:55.245292 31376 consensus_queue.cc:237] T c96c4805e7a343179c17db65bf7ec51f P 38679209fabf4f4a947586c77de53988 [LEADER]: Queue going to LEADER mode. State: All replicated index: 0, Majority replicated index: 25, Committed index: 25, Last appended: 1.25, Last appended by leader: 0, Current term: 1, Majority size: 2, State: 0, Mode: LEADER, active raft config: opid_index: 26 OBSOLETE_local: false peers { permanent_uuid: "16b32ac9efe9491fb994888b8e961bf0" member_type: VOTER last_known_addr { host: "127.26.51.65" port: 38065 } } peers { permanent_uuid: "38679209fabf4f4a947586c77de53988" member_type: VOTER last_known_addr { host: "127.26.51.66" port: 36917 } } peers { permanent_uuid: "77e1988581bb4bfe8c29a9fd3816558e" member_type: VOTER last_known_addr { host: "127.26.51.67" port: 33275 } attrs { replace: true } } peers { permanent_uuid: "28b0c441bb384a1ca3ac6efaa5f0b55d" member_type: NON_VOTER last_known_addr { host: "127.26.51.70" port: 32941 } attrs { promote: true } }
I20260630 12:22:55.245066 31202 catalog_manager.cc:5697] T 35b4ccfcf06f462f93fcd697e966c01d P 38679209fabf4f4a947586c77de53988 reported cstate change: config changed from index -1 to 26, NON_VOTER e290f5e96dc34aadb89d144279f0e49d (127.26.51.68) added. New cstate: current_term: 1 leader_uuid: "38679209fabf4f4a947586c77de53988" committed_config { opid_index: 26 OBSOLETE_local: false peers { permanent_uuid: "16b32ac9efe9491fb994888b8e961bf0" member_type: VOTER last_known_addr { host: "127.26.51.65" port: 38065 } attrs { replace: true } health_report { overall_health: HEALTHY } } peers { permanent_uuid: "38679209fabf4f4a947586c77de53988" member_type: VOTER last_known_addr { host: "127.26.51.66" port: 36917 } health_report { overall_health: HEALTHY } } peers { permanent_uuid: "77e1988581bb4bfe8c29a9fd3816558e" member_type: VOTER last_known_addr { host: "127.26.51.67" port: 33275 } health_report { overall_health: UNKNOWN } } peers { permanent_uuid: "e290f5e96dc34aadb89d144279f0e49d" member_type: NON_VOTER last_known_addr { host: "127.26.51.68" port: 34865 } attrs { promote: true } health_report { overall_health: UNKNOWN } } }
I20260630 12:22:55.256112 31451 raft_consensus.cc:2955] T 35b4ccfcf06f462f93fcd697e966c01d P 77e1988581bb4bfe8c29a9fd3816558e [term 1 FOLLOWER]: Committing config change with OpId 1.26: config changed from index -1 to 26, NON_VOTER e290f5e96dc34aadb89d144279f0e49d (127.26.51.68) added. New config: { opid_index: 26 OBSOLETE_local: false peers { permanent_uuid: "16b32ac9efe9491fb994888b8e961bf0" member_type: VOTER last_known_addr { host: "127.26.51.65" port: 38065 } attrs { replace: true } } peers { permanent_uuid: "38679209fabf4f4a947586c77de53988" member_type: VOTER last_known_addr { host: "127.26.51.66" port: 36917 } } peers { permanent_uuid: "77e1988581bb4bfe8c29a9fd3816558e" member_type: VOTER last_known_addr { host: "127.26.51.67" port: 33275 } } peers { permanent_uuid: "e290f5e96dc34aadb89d144279f0e49d" member_type: NON_VOTER last_known_addr { host: "127.26.51.68" port: 34865 } attrs { promote: true } } }
I20260630 12:22:55.259907 31450 raft_consensus.cc:1275] T c96c4805e7a343179c17db65bf7ec51f P 77e1988581bb4bfe8c29a9fd3816558e [term 1 FOLLOWER]: Refusing update from remote peer 38679209fabf4f4a947586c77de53988: Log matching property violated. Preceding OpId in replica: term: 1 index: 25. Preceding OpId from leader: term: 1 index: 26. (index mismatch)
I20260630 12:22:55.261159 31694 consensus_queue.cc:1048] T c96c4805e7a343179c17db65bf7ec51f P 38679209fabf4f4a947586c77de53988 [LEADER]: Connected to new peer: Peer: permanent_uuid: "77e1988581bb4bfe8c29a9fd3816558e" member_type: VOTER last_known_addr { host: "127.26.51.67" port: 33275 } attrs { replace: true }, Status: LMP_MISMATCH, Last received: 0.0, Next index: 26, Last known committed idx: 25, Time since last communication: 0.000s
I20260630 12:22:55.264405 31301 raft_consensus.cc:1275] T c96c4805e7a343179c17db65bf7ec51f P 16b32ac9efe9491fb994888b8e961bf0 [term 1 FOLLOWER]: Refusing update from remote peer 38679209fabf4f4a947586c77de53988: Log matching property violated. Preceding OpId in replica: term: 1 index: 25. Preceding OpId from leader: term: 1 index: 26. (index mismatch)
I20260630 12:22:55.266079 31694 consensus_queue.cc:1048] T c96c4805e7a343179c17db65bf7ec51f P 38679209fabf4f4a947586c77de53988 [LEADER]: Connected to new peer: Peer: permanent_uuid: "16b32ac9efe9491fb994888b8e961bf0" member_type: VOTER last_known_addr { host: "127.26.51.65" port: 38065 }, Status: LMP_MISMATCH, Last received: 0.0, Next index: 26, Last known committed idx: 25, Time since last communication: 0.000s
W20260630 12:22:55.269423 31344 consensus_peers.cc:597] T c96c4805e7a343179c17db65bf7ec51f P 38679209fabf4f4a947586c77de53988 -> Peer 28b0c441bb384a1ca3ac6efaa5f0b55d (127.26.51.70:32941): Couldn't send request to peer 28b0c441bb384a1ca3ac6efaa5f0b55d. Error code: TABLET_NOT_FOUND (6). Status: Not found: Tablet not found: c96c4805e7a343179c17db65bf7ec51f. This is attempt 1: this message will repeat every 5th retry.
I20260630 12:22:55.274771 31676 raft_consensus.cc:2955] T c96c4805e7a343179c17db65bf7ec51f P 38679209fabf4f4a947586c77de53988 [term 1 LEADER]: Committing config change with OpId 1.26: config changed from index -1 to 26, NON_VOTER 28b0c441bb384a1ca3ac6efaa5f0b55d (127.26.51.70) added. New config: { opid_index: 26 OBSOLETE_local: false peers { permanent_uuid: "16b32ac9efe9491fb994888b8e961bf0" member_type: VOTER last_known_addr { host: "127.26.51.65" port: 38065 } } peers { permanent_uuid: "38679209fabf4f4a947586c77de53988" member_type: VOTER last_known_addr { host: "127.26.51.66" port: 36917 } } peers { permanent_uuid: "77e1988581bb4bfe8c29a9fd3816558e" member_type: VOTER last_known_addr { host: "127.26.51.67" port: 33275 } attrs { replace: true } } peers { permanent_uuid: "28b0c441bb384a1ca3ac6efaa5f0b55d" member_type: NON_VOTER last_known_addr { host: "127.26.51.70" port: 32941 } attrs { promote: true } } }
I20260630 12:22:55.276445 31450 raft_consensus.cc:2955] T c96c4805e7a343179c17db65bf7ec51f P 77e1988581bb4bfe8c29a9fd3816558e [term 1 FOLLOWER]: Committing config change with OpId 1.26: config changed from index -1 to 26, NON_VOTER 28b0c441bb384a1ca3ac6efaa5f0b55d (127.26.51.70) added. New config: { opid_index: 26 OBSOLETE_local: false peers { permanent_uuid: "16b32ac9efe9491fb994888b8e961bf0" member_type: VOTER last_known_addr { host: "127.26.51.65" port: 38065 } } peers { permanent_uuid: "38679209fabf4f4a947586c77de53988" member_type: VOTER last_known_addr { host: "127.26.51.66" port: 36917 } } peers { permanent_uuid: "77e1988581bb4bfe8c29a9fd3816558e" member_type: VOTER last_known_addr { host: "127.26.51.67" port: 33275 } attrs { replace: true } } peers { permanent_uuid: "28b0c441bb384a1ca3ac6efaa5f0b55d" member_type: NON_VOTER last_known_addr { host: "127.26.51.70" port: 32941 } attrs { promote: true } } }
I20260630 12:22:55.283910 31301 raft_consensus.cc:2955] T c96c4805e7a343179c17db65bf7ec51f P 16b32ac9efe9491fb994888b8e961bf0 [term 1 FOLLOWER]: Committing config change with OpId 1.26: config changed from index -1 to 26, NON_VOTER 28b0c441bb384a1ca3ac6efaa5f0b55d (127.26.51.70) added. New config: { opid_index: 26 OBSOLETE_local: false peers { permanent_uuid: "16b32ac9efe9491fb994888b8e961bf0" member_type: VOTER last_known_addr { host: "127.26.51.65" port: 38065 } } peers { permanent_uuid: "38679209fabf4f4a947586c77de53988" member_type: VOTER last_known_addr { host: "127.26.51.66" port: 36917 } } peers { permanent_uuid: "77e1988581bb4bfe8c29a9fd3816558e" member_type: VOTER last_known_addr { host: "127.26.51.67" port: 33275 } attrs { replace: true } } peers { permanent_uuid: "28b0c441bb384a1ca3ac6efaa5f0b55d" member_type: NON_VOTER last_known_addr { host: "127.26.51.70" port: 32941 } attrs { promote: true } } }
I20260630 12:22:55.292783 31202 catalog_manager.cc:5697] T c96c4805e7a343179c17db65bf7ec51f P 38679209fabf4f4a947586c77de53988 reported cstate change: config changed from index -1 to 26, NON_VOTER 28b0c441bb384a1ca3ac6efaa5f0b55d (127.26.51.70) added. New cstate: current_term: 1 leader_uuid: "38679209fabf4f4a947586c77de53988" committed_config { opid_index: 26 OBSOLETE_local: false peers { permanent_uuid: "16b32ac9efe9491fb994888b8e961bf0" member_type: VOTER last_known_addr { host: "127.26.51.65" port: 38065 } health_report { overall_health: HEALTHY } } peers { permanent_uuid: "38679209fabf4f4a947586c77de53988" member_type: VOTER last_known_addr { host: "127.26.51.66" port: 36917 } health_report { overall_health: HEALTHY } } peers { permanent_uuid: "77e1988581bb4bfe8c29a9fd3816558e" member_type: VOTER last_known_addr { host: "127.26.51.67" port: 33275 } attrs { replace: true } health_report { overall_health: HEALTHY } } peers { permanent_uuid: "28b0c441bb384a1ca3ac6efaa5f0b55d" member_type: NON_VOTER last_known_addr { host: "127.26.51.70" port: 32941 } attrs { promote: true } health_report { overall_health: UNKNOWN } } }
I20260630 12:22:55.301767 31450 consensus_queue.cc:237] T ed3b217845dc489caa5070740708b277 P 77e1988581bb4bfe8c29a9fd3816558e [LEADER]: Queue going to LEADER mode. State: All replicated index: 0, Majority replicated index: 25, Committed index: 25, Last appended: 1.25, Last appended by leader: 0, Current term: 1, Majority size: 2, State: 0, Mode: LEADER, active raft config: opid_index: 26 OBSOLETE_local: false peers { permanent_uuid: "16b32ac9efe9491fb994888b8e961bf0" member_type: VOTER last_known_addr { host: "127.26.51.65" port: 38065 } } peers { permanent_uuid: "38679209fabf4f4a947586c77de53988" member_type: VOTER last_known_addr { host: "127.26.51.66" port: 36917 } attrs { replace: true } } peers { permanent_uuid: "77e1988581bb4bfe8c29a9fd3816558e" member_type: VOTER last_known_addr { host: "127.26.51.67" port: 33275 } } peers { permanent_uuid: "1f752a5486ac4a59a2c968b7dbe212a2" member_type: NON_VOTER last_known_addr { host: "127.26.51.69" port: 45735 } attrs { promote: true } }
I20260630 12:22:55.311291 31301 raft_consensus.cc:1275] T ed3b217845dc489caa5070740708b277 P 16b32ac9efe9491fb994888b8e961bf0 [term 1 FOLLOWER]: Refusing update from remote peer 77e1988581bb4bfe8c29a9fd3816558e: Log matching property violated. Preceding OpId in replica: term: 1 index: 25. Preceding OpId from leader: term: 1 index: 26. (index mismatch)
I20260630 12:22:55.311463 31376 raft_consensus.cc:1275] T ed3b217845dc489caa5070740708b277 P 38679209fabf4f4a947586c77de53988 [term 1 FOLLOWER]: Refusing update from remote peer 77e1988581bb4bfe8c29a9fd3816558e: Log matching property violated. Preceding OpId in replica: term: 1 index: 25. Preceding OpId from leader: term: 1 index: 26. (index mismatch)
I20260630 12:22:55.312965 31696 consensus_queue.cc:1048] T ed3b217845dc489caa5070740708b277 P 77e1988581bb4bfe8c29a9fd3816558e [LEADER]: Connected to new peer: Peer: permanent_uuid: "38679209fabf4f4a947586c77de53988" member_type: VOTER last_known_addr { host: "127.26.51.66" port: 36917 } attrs { replace: true }, Status: LMP_MISMATCH, Last received: 0.0, Next index: 26, Last known committed idx: 25, Time since last communication: 0.000s
I20260630 12:22:55.313817 31941 consensus_queue.cc:1048] T ed3b217845dc489caa5070740708b277 P 77e1988581bb4bfe8c29a9fd3816558e [LEADER]: Connected to new peer: Peer: permanent_uuid: "16b32ac9efe9491fb994888b8e961bf0" member_type: VOTER last_known_addr { host: "127.26.51.65" port: 38065 }, Status: LMP_MISMATCH, Last received: 0.0, Next index: 26, Last known committed idx: 25, Time since last communication: 0.000s
W20260630 12:22:55.322046 31418 consensus_peers.cc:597] T ed3b217845dc489caa5070740708b277 P 77e1988581bb4bfe8c29a9fd3816558e -> Peer 1f752a5486ac4a59a2c968b7dbe212a2 (127.26.51.69:45735): Couldn't send request to peer 1f752a5486ac4a59a2c968b7dbe212a2. Error code: TABLET_NOT_FOUND (6). Status: Not found: Tablet not found: ed3b217845dc489caa5070740708b277. This is attempt 1: this message will repeat every 5th retry.
I20260630 12:22:55.325779 31941 raft_consensus.cc:2955] T ed3b217845dc489caa5070740708b277 P 77e1988581bb4bfe8c29a9fd3816558e [term 1 LEADER]: Committing config change with OpId 1.26: config changed from index -1 to 26, NON_VOTER 1f752a5486ac4a59a2c968b7dbe212a2 (127.26.51.69) added. New config: { opid_index: 26 OBSOLETE_local: false peers { permanent_uuid: "16b32ac9efe9491fb994888b8e961bf0" member_type: VOTER last_known_addr { host: "127.26.51.65" port: 38065 } } peers { permanent_uuid: "38679209fabf4f4a947586c77de53988" member_type: VOTER last_known_addr { host: "127.26.51.66" port: 36917 } attrs { replace: true } } peers { permanent_uuid: "77e1988581bb4bfe8c29a9fd3816558e" member_type: VOTER last_known_addr { host: "127.26.51.67" port: 33275 } } peers { permanent_uuid: "1f752a5486ac4a59a2c968b7dbe212a2" member_type: NON_VOTER last_known_addr { host: "127.26.51.69" port: 45735 } attrs { promote: true } } }
I20260630 12:22:55.327589 31301 raft_consensus.cc:2955] T ed3b217845dc489caa5070740708b277 P 16b32ac9efe9491fb994888b8e961bf0 [term 1 FOLLOWER]: Committing config change with OpId 1.26: config changed from index -1 to 26, NON_VOTER 1f752a5486ac4a59a2c968b7dbe212a2 (127.26.51.69) added. New config: { opid_index: 26 OBSOLETE_local: false peers { permanent_uuid: "16b32ac9efe9491fb994888b8e961bf0" member_type: VOTER last_known_addr { host: "127.26.51.65" port: 38065 } } peers { permanent_uuid: "38679209fabf4f4a947586c77de53988" member_type: VOTER last_known_addr { host: "127.26.51.66" port: 36917 } attrs { replace: true } } peers { permanent_uuid: "77e1988581bb4bfe8c29a9fd3816558e" member_type: VOTER last_known_addr { host: "127.26.51.67" port: 33275 } } peers { permanent_uuid: "1f752a5486ac4a59a2c968b7dbe212a2" member_type: NON_VOTER last_known_addr { host: "127.26.51.69" port: 45735 } attrs { promote: true } } }
I20260630 12:22:55.333564 31376 raft_consensus.cc:2955] T ed3b217845dc489caa5070740708b277 P 38679209fabf4f4a947586c77de53988 [term 1 FOLLOWER]: Committing config change with OpId 1.26: config changed from index -1 to 26, NON_VOTER 1f752a5486ac4a59a2c968b7dbe212a2 (127.26.51.69) added. New config: { opid_index: 26 OBSOLETE_local: false peers { permanent_uuid: "16b32ac9efe9491fb994888b8e961bf0" member_type: VOTER last_known_addr { host: "127.26.51.65" port: 38065 } } peers { permanent_uuid: "38679209fabf4f4a947586c77de53988" member_type: VOTER last_known_addr { host: "127.26.51.66" port: 36917 } attrs { replace: true } } peers { permanent_uuid: "77e1988581bb4bfe8c29a9fd3816558e" member_type: VOTER last_known_addr { host: "127.26.51.67" port: 33275 } } peers { permanent_uuid: "1f752a5486ac4a59a2c968b7dbe212a2" member_type: NON_VOTER last_known_addr { host: "127.26.51.69" port: 45735 } attrs { promote: true } } }
I20260630 12:22:55.339569 31450 consensus_queue.cc:237] T 367502f3e551476a882876fc7318dc16 P 77e1988581bb4bfe8c29a9fd3816558e [LEADER]: Queue going to LEADER mode. State: All replicated index: 0, Majority replicated index: 25, Committed index: 25, Last appended: 1.25, Last appended by leader: 0, Current term: 1, Majority size: 2, State: 0, Mode: LEADER, active raft config: opid_index: 26 OBSOLETE_local: false peers { permanent_uuid: "16b32ac9efe9491fb994888b8e961bf0" member_type: VOTER last_known_addr { host: "127.26.51.65" port: 38065 } attrs { replace: true } } peers { permanent_uuid: "38679209fabf4f4a947586c77de53988" member_type: VOTER last_known_addr { host: "127.26.51.66" port: 36917 } } peers { permanent_uuid: "77e1988581bb4bfe8c29a9fd3816558e" member_type: VOTER last_known_addr { host: "127.26.51.67" port: 33275 } } peers { permanent_uuid: "e290f5e96dc34aadb89d144279f0e49d" member_type: NON_VOTER last_known_addr { host: "127.26.51.68" port: 34865 } attrs { promote: true } }
I20260630 12:22:55.342455 31200 catalog_manager.cc:5697] T ed3b217845dc489caa5070740708b277 P 16b32ac9efe9491fb994888b8e961bf0 reported cstate change: config changed from index -1 to 26, NON_VOTER 1f752a5486ac4a59a2c968b7dbe212a2 (127.26.51.69) added. New cstate: current_term: 1 leader_uuid: "77e1988581bb4bfe8c29a9fd3816558e" committed_config { opid_index: 26 OBSOLETE_local: false peers { permanent_uuid: "16b32ac9efe9491fb994888b8e961bf0" member_type: VOTER last_known_addr { host: "127.26.51.65" port: 38065 } } peers { permanent_uuid: "38679209fabf4f4a947586c77de53988" member_type: VOTER last_known_addr { host: "127.26.51.66" port: 36917 } attrs { replace: true } } peers { permanent_uuid: "77e1988581bb4bfe8c29a9fd3816558e" member_type: VOTER last_known_addr { host: "127.26.51.67" port: 33275 } } peers { permanent_uuid: "1f752a5486ac4a59a2c968b7dbe212a2" member_type: NON_VOTER last_known_addr { host: "127.26.51.69" port: 45735 } attrs { promote: true } } }
I20260630 12:22:55.353065 31376 raft_consensus.cc:1275] T 367502f3e551476a882876fc7318dc16 P 38679209fabf4f4a947586c77de53988 [term 1 FOLLOWER]: Refusing update from remote peer 77e1988581bb4bfe8c29a9fd3816558e: Log matching property violated. Preceding OpId in replica: term: 1 index: 25. Preceding OpId from leader: term: 1 index: 26. (index mismatch)
I20260630 12:22:55.355681 31301 raft_consensus.cc:1275] T 367502f3e551476a882876fc7318dc16 P 16b32ac9efe9491fb994888b8e961bf0 [term 1 FOLLOWER]: Refusing update from remote peer 77e1988581bb4bfe8c29a9fd3816558e: Log matching property violated. Preceding OpId in replica: term: 1 index: 25. Preceding OpId from leader: term: 1 index: 26. (index mismatch)
I20260630 12:22:55.356920 31941 consensus_queue.cc:1048] T 367502f3e551476a882876fc7318dc16 P 77e1988581bb4bfe8c29a9fd3816558e [LEADER]: Connected to new peer: Peer: permanent_uuid: "38679209fabf4f4a947586c77de53988" member_type: VOTER last_known_addr { host: "127.26.51.66" port: 36917 }, Status: LMP_MISMATCH, Last received: 0.0, Next index: 26, Last known committed idx: 25, Time since last communication: 0.000s
I20260630 12:22:55.357874 31945 consensus_queue.cc:1048] T 367502f3e551476a882876fc7318dc16 P 77e1988581bb4bfe8c29a9fd3816558e [LEADER]: Connected to new peer: Peer: permanent_uuid: "16b32ac9efe9491fb994888b8e961bf0" member_type: VOTER last_known_addr { host: "127.26.51.65" port: 38065 } attrs { replace: true }, Status: LMP_MISMATCH, Last received: 0.0, Next index: 26, Last known committed idx: 25, Time since last communication: 0.000s
W20260630 12:22:55.365046 31418 consensus_peers.cc:597] T 367502f3e551476a882876fc7318dc16 P 77e1988581bb4bfe8c29a9fd3816558e -> Peer e290f5e96dc34aadb89d144279f0e49d (127.26.51.68:34865): Couldn't send request to peer e290f5e96dc34aadb89d144279f0e49d. Error code: TABLET_NOT_FOUND (6). Status: Not found: Tablet not found: 367502f3e551476a882876fc7318dc16. This is attempt 1: this message will repeat every 5th retry.
I20260630 12:22:55.366650 31945 raft_consensus.cc:2955] T 367502f3e551476a882876fc7318dc16 P 77e1988581bb4bfe8c29a9fd3816558e [term 1 LEADER]: Committing config change with OpId 1.26: config changed from index -1 to 26, NON_VOTER e290f5e96dc34aadb89d144279f0e49d (127.26.51.68) added. New config: { opid_index: 26 OBSOLETE_local: false peers { permanent_uuid: "16b32ac9efe9491fb994888b8e961bf0" member_type: VOTER last_known_addr { host: "127.26.51.65" port: 38065 } attrs { replace: true } } peers { permanent_uuid: "38679209fabf4f4a947586c77de53988" member_type: VOTER last_known_addr { host: "127.26.51.66" port: 36917 } } peers { permanent_uuid: "77e1988581bb4bfe8c29a9fd3816558e" member_type: VOTER last_known_addr { host: "127.26.51.67" port: 33275 } } peers { permanent_uuid: "e290f5e96dc34aadb89d144279f0e49d" member_type: NON_VOTER last_known_addr { host: "127.26.51.68" port: 34865 } attrs { promote: true } } }
I20260630 12:22:55.368464 31301 raft_consensus.cc:2955] T 367502f3e551476a882876fc7318dc16 P 16b32ac9efe9491fb994888b8e961bf0 [term 1 FOLLOWER]: Committing config change with OpId 1.26: config changed from index -1 to 26, NON_VOTER e290f5e96dc34aadb89d144279f0e49d (127.26.51.68) added. New config: { opid_index: 26 OBSOLETE_local: false peers { permanent_uuid: "16b32ac9efe9491fb994888b8e961bf0" member_type: VOTER last_known_addr { host: "127.26.51.65" port: 38065 } attrs { replace: true } } peers { permanent_uuid: "38679209fabf4f4a947586c77de53988" member_type: VOTER last_known_addr { host: "127.26.51.66" port: 36917 } } peers { permanent_uuid: "77e1988581bb4bfe8c29a9fd3816558e" member_type: VOTER last_known_addr { host: "127.26.51.67" port: 33275 } } peers { permanent_uuid: "e290f5e96dc34aadb89d144279f0e49d" member_type: NON_VOTER last_known_addr { host: "127.26.51.68" port: 34865 } attrs { promote: true } } }
I20260630 12:22:55.369640 31376 raft_consensus.cc:2955] T 367502f3e551476a882876fc7318dc16 P 38679209fabf4f4a947586c77de53988 [term 1 FOLLOWER]: Committing config change with OpId 1.26: config changed from index -1 to 26, NON_VOTER e290f5e96dc34aadb89d144279f0e49d (127.26.51.68) added. New config: { opid_index: 26 OBSOLETE_local: false peers { permanent_uuid: "16b32ac9efe9491fb994888b8e961bf0" member_type: VOTER last_known_addr { host: "127.26.51.65" port: 38065 } attrs { replace: true } } peers { permanent_uuid: "38679209fabf4f4a947586c77de53988" member_type: VOTER last_known_addr { host: "127.26.51.66" port: 36917 } } peers { permanent_uuid: "77e1988581bb4bfe8c29a9fd3816558e" member_type: VOTER last_known_addr { host: "127.26.51.67" port: 33275 } } peers { permanent_uuid: "e290f5e96dc34aadb89d144279f0e49d" member_type: NON_VOTER last_known_addr { host: "127.26.51.68" port: 34865 } attrs { promote: true } } }
I20260630 12:22:55.374716 31768 heartbeater.cc:499] Master 127.26.51.126:34879 was elected leader, sending a full tablet report...
I20260630 12:22:55.380838 31202 catalog_manager.cc:5697] T 367502f3e551476a882876fc7318dc16 P 38679209fabf4f4a947586c77de53988 reported cstate change: config changed from index -1 to 26, NON_VOTER e290f5e96dc34aadb89d144279f0e49d (127.26.51.68) added. New cstate: current_term: 1 leader_uuid: "77e1988581bb4bfe8c29a9fd3816558e" committed_config { opid_index: 26 OBSOLETE_local: false peers { permanent_uuid: "16b32ac9efe9491fb994888b8e961bf0" member_type: VOTER last_known_addr { host: "127.26.51.65" port: 38065 } attrs { replace: true } } peers { permanent_uuid: "38679209fabf4f4a947586c77de53988" member_type: VOTER last_known_addr { host: "127.26.51.66" port: 36917 } } peers { permanent_uuid: "77e1988581bb4bfe8c29a9fd3816558e" member_type: VOTER last_known_addr { host: "127.26.51.67" port: 33275 } } peers { permanent_uuid: "e290f5e96dc34aadb89d144279f0e49d" member_type: NON_VOTER last_known_addr { host: "127.26.51.68" port: 34865 } attrs { promote: true } } }
I20260630 12:22:55.498471 31956 ts_tablet_manager.cc:933] T 3b852424dc7d47f59e7858a23a3bbe73 P 1f752a5486ac4a59a2c968b7dbe212a2: Initiating tablet copy from peer 16b32ac9efe9491fb994888b8e961bf0 (127.26.51.65:38065)
I20260630 12:22:55.500208 31956 tablet_copy_client.cc:323] T 3b852424dc7d47f59e7858a23a3bbe73 P 1f752a5486ac4a59a2c968b7dbe212a2: tablet copy: Beginning tablet copy session from remote peer at address 127.26.51.65:38065
I20260630 12:22:55.500766 31843 heartbeater.cc:499] Master 127.26.51.126:34879 was elected leader, sending a full tablet report...
I20260630 12:22:55.512913 31314 tablet_copy_service.cc:140] P 16b32ac9efe9491fb994888b8e961bf0: Received BeginTabletCopySession request for tablet 3b852424dc7d47f59e7858a23a3bbe73 from peer 1f752a5486ac4a59a2c968b7dbe212a2 ({username='slave'} at 127.0.0.1:56942)
I20260630 12:22:55.513454 31314 tablet_copy_service.cc:161] P 16b32ac9efe9491fb994888b8e961bf0: Beginning new tablet copy session on tablet 3b852424dc7d47f59e7858a23a3bbe73 from peer 1f752a5486ac4a59a2c968b7dbe212a2 at {username='slave'} at 127.0.0.1:56942: session id = 1f752a5486ac4a59a2c968b7dbe212a2-3b852424dc7d47f59e7858a23a3bbe73
I20260630 12:22:55.518934 31314 tablet_copy_source_session.cc:215] T 3b852424dc7d47f59e7858a23a3bbe73 P 16b32ac9efe9491fb994888b8e961bf0: Tablet Copy: opened 0 blocks and 1 log segments
I20260630 12:22:55.521647 31956 data_dirs.cc:400] Could only allocate 1 dirs of requested 3 for tablet 3b852424dc7d47f59e7858a23a3bbe73. 1 dirs total, 0 dirs full, 0 dirs failed
I20260630 12:22:55.535256 31956 tablet_copy_client.cc:806] T 3b852424dc7d47f59e7858a23a3bbe73 P 1f752a5486ac4a59a2c968b7dbe212a2: tablet copy: Starting download of 0 data blocks...
I20260630 12:22:55.535844 31956 tablet_copy_client.cc:670] T 3b852424dc7d47f59e7858a23a3bbe73 P 1f752a5486ac4a59a2c968b7dbe212a2: tablet copy: Starting download of 1 WAL segments...
I20260630 12:22:55.539826 31957 tablet_copy_client.cc:1025] T 3b852424dc7d47f59e7858a23a3bbe73 P 1f752a5486ac4a59a2c968b7dbe212a2: tablet copy: Injecting latency into file download: 2000
I20260630 12:22:55.635102 31959 ts_tablet_manager.cc:933] T 35b4ccfcf06f462f93fcd697e966c01d P e290f5e96dc34aadb89d144279f0e49d: Initiating tablet copy from peer 38679209fabf4f4a947586c77de53988 (127.26.51.66:36917)
I20260630 12:22:55.636906 31959 tablet_copy_client.cc:323] T 35b4ccfcf06f462f93fcd697e966c01d P e290f5e96dc34aadb89d144279f0e49d: tablet copy: Beginning tablet copy session from remote peer at address 127.26.51.66:36917
I20260630 12:22:55.647518 31389 tablet_copy_service.cc:140] P 38679209fabf4f4a947586c77de53988: Received BeginTabletCopySession request for tablet 35b4ccfcf06f462f93fcd697e966c01d from peer e290f5e96dc34aadb89d144279f0e49d ({username='slave'} at 127.0.0.1:54356)
I20260630 12:22:55.648054 31389 tablet_copy_service.cc:161] P 38679209fabf4f4a947586c77de53988: Beginning new tablet copy session on tablet 35b4ccfcf06f462f93fcd697e966c01d from peer e290f5e96dc34aadb89d144279f0e49d at {username='slave'} at 127.0.0.1:54356: session id = e290f5e96dc34aadb89d144279f0e49d-35b4ccfcf06f462f93fcd697e966c01d
I20260630 12:22:55.651170 31918 heartbeater.cc:499] Master 127.26.51.126:34879 was elected leader, sending a full tablet report...
I20260630 12:22:55.653996 31389 tablet_copy_source_session.cc:215] T 35b4ccfcf06f462f93fcd697e966c01d P 38679209fabf4f4a947586c77de53988: Tablet Copy: opened 0 blocks and 1 log segments
I20260630 12:22:55.657199 31959 data_dirs.cc:400] Could only allocate 1 dirs of requested 3 for tablet 35b4ccfcf06f462f93fcd697e966c01d. 1 dirs total, 0 dirs full, 0 dirs failed
I20260630 12:22:55.668877 31959 tablet_copy_client.cc:806] T 35b4ccfcf06f462f93fcd697e966c01d P e290f5e96dc34aadb89d144279f0e49d: tablet copy: Starting download of 0 data blocks...
I20260630 12:22:55.669483 31959 tablet_copy_client.cc:670] T 35b4ccfcf06f462f93fcd697e966c01d P e290f5e96dc34aadb89d144279f0e49d: tablet copy: Starting download of 1 WAL segments...
I20260630 12:22:55.673390 31960 tablet_copy_client.cc:1025] T 35b4ccfcf06f462f93fcd697e966c01d P e290f5e96dc34aadb89d144279f0e49d: tablet copy: Injecting latency into file download: 2000
I20260630 12:22:55.764165 31962 ts_tablet_manager.cc:933] T 60abfb011a5542caac46f8b98df67983 P 28b0c441bb384a1ca3ac6efaa5f0b55d: Initiating tablet copy from peer 38679209fabf4f4a947586c77de53988 (127.26.51.66:36917)
I20260630 12:22:55.765817 31962 tablet_copy_client.cc:323] T 60abfb011a5542caac46f8b98df67983 P 28b0c441bb384a1ca3ac6efaa5f0b55d: tablet copy: Beginning tablet copy session from remote peer at address 127.26.51.66:36917
I20260630 12:22:55.777005 31389 tablet_copy_service.cc:140] P 38679209fabf4f4a947586c77de53988: Received BeginTabletCopySession request for tablet 60abfb011a5542caac46f8b98df67983 from peer 28b0c441bb384a1ca3ac6efaa5f0b55d ({username='slave'} at 127.0.0.1:54372)
I20260630 12:22:55.777590 31389 tablet_copy_service.cc:161] P 38679209fabf4f4a947586c77de53988: Beginning new tablet copy session on tablet 60abfb011a5542caac46f8b98df67983 from peer 28b0c441bb384a1ca3ac6efaa5f0b55d at {username='slave'} at 127.0.0.1:54372: session id = 28b0c441bb384a1ca3ac6efaa5f0b55d-60abfb011a5542caac46f8b98df67983
I20260630 12:22:55.782575 31965 ts_tablet_manager.cc:933] T ed3b217845dc489caa5070740708b277 P 1f752a5486ac4a59a2c968b7dbe212a2: Initiating tablet copy from peer 77e1988581bb4bfe8c29a9fd3816558e (127.26.51.67:33275)
I20260630 12:22:55.790028 31389 tablet_copy_source_session.cc:215] T 60abfb011a5542caac46f8b98df67983 P 38679209fabf4f4a947586c77de53988: Tablet Copy: opened 0 blocks and 1 log segments
I20260630 12:22:55.792518 31965 tablet_copy_client.cc:323] T ed3b217845dc489caa5070740708b277 P 1f752a5486ac4a59a2c968b7dbe212a2: tablet copy: Beginning tablet copy session from remote peer at address 127.26.51.67:33275
I20260630 12:22:55.793634 31962 data_dirs.cc:400] Could only allocate 1 dirs of requested 3 for tablet 60abfb011a5542caac46f8b98df67983. 1 dirs total, 0 dirs full, 0 dirs failed
I20260630 12:22:55.807665 31463 tablet_copy_service.cc:140] P 77e1988581bb4bfe8c29a9fd3816558e: Received BeginTabletCopySession request for tablet ed3b217845dc489caa5070740708b277 from peer 1f752a5486ac4a59a2c968b7dbe212a2 ({username='slave'} at 127.0.0.1:52004)
I20260630 12:22:55.808202 31463 tablet_copy_service.cc:161] P 77e1988581bb4bfe8c29a9fd3816558e: Beginning new tablet copy session on tablet ed3b217845dc489caa5070740708b277 from peer 1f752a5486ac4a59a2c968b7dbe212a2 at {username='slave'} at 127.0.0.1:52004: session id = 1f752a5486ac4a59a2c968b7dbe212a2-ed3b217845dc489caa5070740708b277
I20260630 12:22:55.813011 31962 tablet_copy_client.cc:806] T 60abfb011a5542caac46f8b98df67983 P 28b0c441bb384a1ca3ac6efaa5f0b55d: tablet copy: Starting download of 0 data blocks...
I20260630 12:22:55.813621 31962 tablet_copy_client.cc:670] T 60abfb011a5542caac46f8b98df67983 P 28b0c441bb384a1ca3ac6efaa5f0b55d: tablet copy: Starting download of 1 WAL segments...
I20260630 12:22:55.815088 31967 ts_tablet_manager.cc:933] T 367502f3e551476a882876fc7318dc16 P e290f5e96dc34aadb89d144279f0e49d: Initiating tablet copy from peer 77e1988581bb4bfe8c29a9fd3816558e (127.26.51.67:33275)
I20260630 12:22:55.815531 31463 tablet_copy_source_session.cc:215] T ed3b217845dc489caa5070740708b277 P 77e1988581bb4bfe8c29a9fd3816558e: Tablet Copy: opened 0 blocks and 1 log segments
I20260630 12:22:55.818089 31963 tablet_copy_client.cc:1025] T 60abfb011a5542caac46f8b98df67983 P 28b0c441bb384a1ca3ac6efaa5f0b55d: tablet copy: Injecting latency into file download: 2000
I20260630 12:22:55.818820 31965 data_dirs.cc:400] Could only allocate 1 dirs of requested 3 for tablet ed3b217845dc489caa5070740708b277. 1 dirs total, 0 dirs full, 0 dirs failed
I20260630 12:22:55.819134 31967 tablet_copy_client.cc:323] T 367502f3e551476a882876fc7318dc16 P e290f5e96dc34aadb89d144279f0e49d: tablet copy: Beginning tablet copy session from remote peer at address 127.26.51.67:33275
I20260630 12:22:55.831301 31463 tablet_copy_service.cc:140] P 77e1988581bb4bfe8c29a9fd3816558e: Received BeginTabletCopySession request for tablet 367502f3e551476a882876fc7318dc16 from peer e290f5e96dc34aadb89d144279f0e49d ({username='slave'} at 127.0.0.1:52016)
I20260630 12:22:55.831874 31463 tablet_copy_service.cc:161] P 77e1988581bb4bfe8c29a9fd3816558e: Beginning new tablet copy session on tablet 367502f3e551476a882876fc7318dc16 from peer e290f5e96dc34aadb89d144279f0e49d at {username='slave'} at 127.0.0.1:52016: session id = e290f5e96dc34aadb89d144279f0e49d-367502f3e551476a882876fc7318dc16
I20260630 12:22:55.835121 31965 tablet_copy_client.cc:806] T ed3b217845dc489caa5070740708b277 P 1f752a5486ac4a59a2c968b7dbe212a2: tablet copy: Starting download of 0 data blocks...
I20260630 12:22:55.835719 31965 tablet_copy_client.cc:670] T ed3b217845dc489caa5070740708b277 P 1f752a5486ac4a59a2c968b7dbe212a2: tablet copy: Starting download of 1 WAL segments...
