I20260630 12:20:55.424216 31200 tablet_bootstrap.cc:492] T 5b8a2b2c30324a469f4cc797202fed18 P 67332b411f2247e985b9e97c47a7a297: Bootstrap starting.
I20260630 12:20:55.424947 31199 raft_consensus.cc:359] T 5b8a2b2c30324a469f4cc797202fed18 P 18aa2eca7b2a4ea28b8648fd74a26fc4 [term 0 FOLLOWER]: Replica starting. Triggering 0 pending ops. Active config: opid_index: -1 OBSOLETE_local: false peers { permanent_uuid: "67332b411f2247e985b9e97c47a7a297" member_type: VOTER last_known_addr { host: "127.29.159.1" port: 44575 } } peers { permanent_uuid: "18aa2eca7b2a4ea28b8648fd74a26fc4" member_type: VOTER last_known_addr { host: "127.29.159.2" port: 34391 } } peers { permanent_uuid: "deaa5a08a07a4c8cac7bacc924b814cd" member_type: VOTER last_known_addr { host: "127.29.159.3" port: 40161 } }
I20260630 12:20:55.425832 31199 raft_consensus.cc:385] T 5b8a2b2c30324a469f4cc797202fed18 P 18aa2eca7b2a4ea28b8648fd74a26fc4 [term 0 FOLLOWER]: Consensus starting up: Expiring failure detector timer to make a prompt election more likely
I20260630 12:20:55.426183 31199 raft_consensus.cc:740] T 5b8a2b2c30324a469f4cc797202fed18 P 18aa2eca7b2a4ea28b8648fd74a26fc4 [term 0 FOLLOWER]: Becoming Follower/Learner. State: Replica: 18aa2eca7b2a4ea28b8648fd74a26fc4, State: Initialized, Role: FOLLOWER
I20260630 12:20:55.427043 31199 consensus_queue.cc:260] T 5b8a2b2c30324a469f4cc797202fed18 P 18aa2eca7b2a4ea28b8648fd74a26fc4 [NON_LEADER]: Queue going to NON_LEADER mode. State: All replicated index: 0, Majority replicated index: 0, Committed index: 0, Last appended: 0.0, Last appended by leader: 0, Current term: 0, Majority size: -1, State: 0, Mode: NON_LEADER, active raft config: opid_index: -1 OBSOLETE_local: false peers { permanent_uuid: "67332b411f2247e985b9e97c47a7a297" member_type: VOTER last_known_addr { host: "127.29.159.1" port: 44575 } } peers { permanent_uuid: "18aa2eca7b2a4ea28b8648fd74a26fc4" member_type: VOTER last_known_addr { host: "127.29.159.2" port: 34391 } } peers { permanent_uuid: "deaa5a08a07a4c8cac7bacc924b814cd" member_type: VOTER last_known_addr { host: "127.29.159.3" port: 40161 } }
I20260630 12:20:55.429725 31199 ts_tablet_manager.cc:1434] T 5b8a2b2c30324a469f4cc797202fed18 P 18aa2eca7b2a4ea28b8648fd74a26fc4: Time spent starting tablet: real 0.007s	user 0.005s	sys 0.000s
I20260630 12:20:55.430693 31199 tablet_bootstrap.cc:492] T a9e1cd56419f4af783dce24ccf07ff25 P 18aa2eca7b2a4ea28b8648fd74a26fc4: Bootstrap starting.
I20260630 12:20:55.431281 31200 tablet_bootstrap.cc:654] T 5b8a2b2c30324a469f4cc797202fed18 P 67332b411f2247e985b9e97c47a7a297: Neither blocks nor log segments found. Creating new log.
I20260630 12:20:55.431241 31198 tablet_bootstrap.cc:492] T 09302f6d70e2441db4f3915d089f8ffe P deaa5a08a07a4c8cac7bacc924b814cd: No bootstrap required, opened a new log
I20260630 12:20:55.432277 31198 ts_tablet_manager.cc:1403] T 09302f6d70e2441db4f3915d089f8ffe P deaa5a08a07a4c8cac7bacc924b814cd: Time spent bootstrapping tablet: real 0.019s	user 0.010s	sys 0.007s
I20260630 12:20:55.435395 31198 raft_consensus.cc:359] T 09302f6d70e2441db4f3915d089f8ffe P deaa5a08a07a4c8cac7bacc924b814cd [term 0 FOLLOWER]: Replica starting. Triggering 0 pending ops. Active config: opid_index: -1 OBSOLETE_local: false peers { permanent_uuid: "18aa2eca7b2a4ea28b8648fd74a26fc4" member_type: VOTER last_known_addr { host: "127.29.159.2" port: 34391 } } peers { permanent_uuid: "67332b411f2247e985b9e97c47a7a297" member_type: VOTER last_known_addr { host: "127.29.159.1" port: 44575 } } peers { permanent_uuid: "deaa5a08a07a4c8cac7bacc924b814cd" member_type: VOTER last_known_addr { host: "127.29.159.3" port: 40161 } }
I20260630 12:20:55.436260 31199 tablet_bootstrap.cc:654] T a9e1cd56419f4af783dce24ccf07ff25 P 18aa2eca7b2a4ea28b8648fd74a26fc4: Neither blocks nor log segments found. Creating new log.
I20260630 12:20:55.436437 31198 raft_consensus.cc:385] T 09302f6d70e2441db4f3915d089f8ffe P deaa5a08a07a4c8cac7bacc924b814cd [term 0 FOLLOWER]: Consensus starting up: Expiring failure detector timer to make a prompt election more likely
I20260630 12:20:55.436945 31198 raft_consensus.cc:740] T 09302f6d70e2441db4f3915d089f8ffe P deaa5a08a07a4c8cac7bacc924b814cd [term 0 FOLLOWER]: Becoming Follower/Learner. State: Replica: deaa5a08a07a4c8cac7bacc924b814cd, State: Initialized, Role: FOLLOWER
I20260630 12:20:55.438154 31198 consensus_queue.cc:260] T 09302f6d70e2441db4f3915d089f8ffe P deaa5a08a07a4c8cac7bacc924b814cd [NON_LEADER]: Queue going to NON_LEADER mode. State: All replicated index: 0, Majority replicated index: 0, Committed index: 0, Last appended: 0.0, Last appended by leader: 0, Current term: 0, Majority size: -1, State: 0, Mode: NON_LEADER, active raft config: opid_index: -1 OBSOLETE_local: false peers { permanent_uuid: "18aa2eca7b2a4ea28b8648fd74a26fc4" member_type: VOTER last_known_addr { host: "127.29.159.2" port: 34391 } } peers { permanent_uuid: "67332b411f2247e985b9e97c47a7a297" member_type: VOTER last_known_addr { host: "127.29.159.1" port: 44575 } } peers { permanent_uuid: "deaa5a08a07a4c8cac7bacc924b814cd" member_type: VOTER last_known_addr { host: "127.29.159.3" port: 40161 } }
I20260630 12:20:55.443527 31198 ts_tablet_manager.cc:1434] T 09302f6d70e2441db4f3915d089f8ffe P deaa5a08a07a4c8cac7bacc924b814cd: Time spent starting tablet: real 0.011s	user 0.006s	sys 0.000s
I20260630 12:20:55.444514 31198 tablet_bootstrap.cc:492] T fee5c028c22c494d9c97838b5b13e941 P deaa5a08a07a4c8cac7bacc924b814cd: Bootstrap starting.
I20260630 12:20:55.446494 31200 tablet_bootstrap.cc:492] T 5b8a2b2c30324a469f4cc797202fed18 P 67332b411f2247e985b9e97c47a7a297: No bootstrap required, opened a new log
I20260630 12:20:55.447057 31200 ts_tablet_manager.cc:1403] T 5b8a2b2c30324a469f4cc797202fed18 P 67332b411f2247e985b9e97c47a7a297: Time spent bootstrapping tablet: real 0.023s	user 0.013s	sys 0.004s
I20260630 12:20:55.450153 31198 tablet_bootstrap.cc:654] T fee5c028c22c494d9c97838b5b13e941 P deaa5a08a07a4c8cac7bacc924b814cd: Neither blocks nor log segments found. Creating new log.
I20260630 12:20:55.449832 31200 raft_consensus.cc:359] T 5b8a2b2c30324a469f4cc797202fed18 P 67332b411f2247e985b9e97c47a7a297 [term 0 FOLLOWER]: Replica starting. Triggering 0 pending ops. Active config: opid_index: -1 OBSOLETE_local: false peers { permanent_uuid: "67332b411f2247e985b9e97c47a7a297" member_type: VOTER last_known_addr { host: "127.29.159.1" port: 44575 } } peers { permanent_uuid: "18aa2eca7b2a4ea28b8648fd74a26fc4" member_type: VOTER last_known_addr { host: "127.29.159.2" port: 34391 } } peers { permanent_uuid: "deaa5a08a07a4c8cac7bacc924b814cd" member_type: VOTER last_known_addr { host: "127.29.159.3" port: 40161 } }
I20260630 12:20:55.452680 31200 raft_consensus.cc:385] T 5b8a2b2c30324a469f4cc797202fed18 P 67332b411f2247e985b9e97c47a7a297 [term 0 FOLLOWER]: Consensus starting up: Expiring failure detector timer to make a prompt election more likely
I20260630 12:20:55.453068 31200 raft_consensus.cc:740] T 5b8a2b2c30324a469f4cc797202fed18 P 67332b411f2247e985b9e97c47a7a297 [term 0 FOLLOWER]: Becoming Follower/Learner. State: Replica: 67332b411f2247e985b9e97c47a7a297, State: Initialized, Role: FOLLOWER
I20260630 12:20:55.453128 31199 tablet_bootstrap.cc:492] T a9e1cd56419f4af783dce24ccf07ff25 P 18aa2eca7b2a4ea28b8648fd74a26fc4: No bootstrap required, opened a new log
I20260630 12:20:55.453760 31199 ts_tablet_manager.cc:1403] T a9e1cd56419f4af783dce24ccf07ff25 P 18aa2eca7b2a4ea28b8648fd74a26fc4: Time spent bootstrapping tablet: real 0.023s	user 0.019s	sys 0.003s
I20260630 12:20:55.453796 31200 consensus_queue.cc:260] T 5b8a2b2c30324a469f4cc797202fed18 P 67332b411f2247e985b9e97c47a7a297 [NON_LEADER]: Queue going to NON_LEADER mode. State: All replicated index: 0, Majority replicated index: 0, Committed index: 0, Last appended: 0.0, Last appended by leader: 0, Current term: 0, Majority size: -1, State: 0, Mode: NON_LEADER, active raft config: opid_index: -1 OBSOLETE_local: false peers { permanent_uuid: "67332b411f2247e985b9e97c47a7a297" member_type: VOTER last_known_addr { host: "127.29.159.1" port: 44575 } } peers { permanent_uuid: "18aa2eca7b2a4ea28b8648fd74a26fc4" member_type: VOTER last_known_addr { host: "127.29.159.2" port: 34391 } } peers { permanent_uuid: "deaa5a08a07a4c8cac7bacc924b814cd" member_type: VOTER last_known_addr { host: "127.29.159.3" port: 40161 } }
I20260630 12:20:55.455982 31200 ts_tablet_manager.cc:1434] T 5b8a2b2c30324a469f4cc797202fed18 P 67332b411f2247e985b9e97c47a7a297: Time spent starting tablet: real 0.009s	user 0.005s	sys 0.000s
I20260630 12:20:55.456542 31198 tablet_bootstrap.cc:492] T fee5c028c22c494d9c97838b5b13e941 P deaa5a08a07a4c8cac7bacc924b814cd: No bootstrap required, opened a new log
I20260630 12:20:55.456903 31200 tablet_bootstrap.cc:492] T a9e1cd56419f4af783dce24ccf07ff25 P 67332b411f2247e985b9e97c47a7a297: Bootstrap starting.
I20260630 12:20:55.456497 31199 raft_consensus.cc:359] T a9e1cd56419f4af783dce24ccf07ff25 P 18aa2eca7b2a4ea28b8648fd74a26fc4 [term 0 FOLLOWER]: Replica starting. Triggering 0 pending ops. Active config: opid_index: -1 OBSOLETE_local: false peers { permanent_uuid: "67332b411f2247e985b9e97c47a7a297" member_type: VOTER last_known_addr { host: "127.29.159.1" port: 44575 } } peers { permanent_uuid: "18aa2eca7b2a4ea28b8648fd74a26fc4" member_type: VOTER last_known_addr { host: "127.29.159.2" port: 34391 } } peers { permanent_uuid: "deaa5a08a07a4c8cac7bacc924b814cd" member_type: VOTER last_known_addr { host: "127.29.159.3" port: 40161 } }
I20260630 12:20:55.457322 31198 ts_tablet_manager.cc:1403] T fee5c028c22c494d9c97838b5b13e941 P deaa5a08a07a4c8cac7bacc924b814cd: Time spent bootstrapping tablet: real 0.013s	user 0.001s	sys 0.009s
I20260630 12:20:55.457432 31199 raft_consensus.cc:385] T a9e1cd56419f4af783dce24ccf07ff25 P 18aa2eca7b2a4ea28b8648fd74a26fc4 [term 0 FOLLOWER]: Consensus starting up: Expiring failure detector timer to make a prompt election more likely
I20260630 12:20:55.457885 31199 raft_consensus.cc:740] T a9e1cd56419f4af783dce24ccf07ff25 P 18aa2eca7b2a4ea28b8648fd74a26fc4 [term 0 FOLLOWER]: Becoming Follower/Learner. State: Replica: 18aa2eca7b2a4ea28b8648fd74a26fc4, State: Initialized, Role: FOLLOWER
I20260630 12:20:55.458832 31199 consensus_queue.cc:260] T a9e1cd56419f4af783dce24ccf07ff25 P 18aa2eca7b2a4ea28b8648fd74a26fc4 [NON_LEADER]: Queue going to NON_LEADER mode. State: All replicated index: 0, Majority replicated index: 0, Committed index: 0, Last appended: 0.0, Last appended by leader: 0, Current term: 0, Majority size: -1, State: 0, Mode: NON_LEADER, active raft config: opid_index: -1 OBSOLETE_local: false peers { permanent_uuid: "67332b411f2247e985b9e97c47a7a297" member_type: VOTER last_known_addr { host: "127.29.159.1" port: 44575 } } peers { permanent_uuid: "18aa2eca7b2a4ea28b8648fd74a26fc4" member_type: VOTER last_known_addr { host: "127.29.159.2" port: 34391 } } peers { permanent_uuid: "deaa5a08a07a4c8cac7bacc924b814cd" member_type: VOTER last_known_addr { host: "127.29.159.3" port: 40161 } }
I20260630 12:20:55.460019 31198 raft_consensus.cc:359] T fee5c028c22c494d9c97838b5b13e941 P deaa5a08a07a4c8cac7bacc924b814cd [term 0 FOLLOWER]: Replica starting. Triggering 0 pending ops. Active config: opid_index: -1 OBSOLETE_local: false peers { permanent_uuid: "67332b411f2247e985b9e97c47a7a297" member_type: VOTER last_known_addr { host: "127.29.159.1" port: 44575 } } peers { permanent_uuid: "18aa2eca7b2a4ea28b8648fd74a26fc4" member_type: VOTER last_known_addr { host: "127.29.159.2" port: 34391 } } peers { permanent_uuid: "deaa5a08a07a4c8cac7bacc924b814cd" member_type: VOTER last_known_addr { host: "127.29.159.3" port: 40161 } }
I20260630 12:20:55.460767 31198 raft_consensus.cc:385] T fee5c028c22c494d9c97838b5b13e941 P deaa5a08a07a4c8cac7bacc924b814cd [term 0 FOLLOWER]: Consensus starting up: Expiring failure detector timer to make a prompt election more likely
I20260630 12:20:55.461077 31198 raft_consensus.cc:740] T fee5c028c22c494d9c97838b5b13e941 P deaa5a08a07a4c8cac7bacc924b814cd [term 0 FOLLOWER]: Becoming Follower/Learner. State: Replica: deaa5a08a07a4c8cac7bacc924b814cd, State: Initialized, Role: FOLLOWER
I20260630 12:20:55.461823 31198 consensus_queue.cc:260] T fee5c028c22c494d9c97838b5b13e941 P deaa5a08a07a4c8cac7bacc924b814cd [NON_LEADER]: Queue going to NON_LEADER mode. State: All replicated index: 0, Majority replicated index: 0, Committed index: 0, Last appended: 0.0, Last appended by leader: 0, Current term: 0, Majority size: -1, State: 0, Mode: NON_LEADER, active raft config: opid_index: -1 OBSOLETE_local: false peers { permanent_uuid: "67332b411f2247e985b9e97c47a7a297" member_type: VOTER last_known_addr { host: "127.29.159.1" port: 44575 } } peers { permanent_uuid: "18aa2eca7b2a4ea28b8648fd74a26fc4" member_type: VOTER last_known_addr { host: "127.29.159.2" port: 34391 } } peers { permanent_uuid: "deaa5a08a07a4c8cac7bacc924b814cd" member_type: VOTER last_known_addr { host: "127.29.159.3" port: 40161 } }
I20260630 12:20:55.464039 31198 ts_tablet_manager.cc:1434] T fee5c028c22c494d9c97838b5b13e941 P deaa5a08a07a4c8cac7bacc924b814cd: Time spent starting tablet: real 0.006s	user 0.002s	sys 0.003s
I20260630 12:20:55.464632 31200 tablet_bootstrap.cc:654] T a9e1cd56419f4af783dce24ccf07ff25 P 67332b411f2247e985b9e97c47a7a297: Neither blocks nor log segments found. Creating new log.
I20260630 12:20:55.465047 31198 tablet_bootstrap.cc:492] T 5b8a2b2c30324a469f4cc797202fed18 P deaa5a08a07a4c8cac7bacc924b814cd: Bootstrap starting.
I20260630 12:20:55.467650 31199 ts_tablet_manager.cc:1434] T a9e1cd56419f4af783dce24ccf07ff25 P 18aa2eca7b2a4ea28b8648fd74a26fc4: Time spent starting tablet: real 0.013s	user 0.006s	sys 0.000s
I20260630 12:20:55.471979 31199 tablet_bootstrap.cc:492] T 79acbce903de47eea6863409a2e7a137 P 18aa2eca7b2a4ea28b8648fd74a26fc4: Bootstrap starting.
I20260630 12:20:55.472246 31198 tablet_bootstrap.cc:654] T 5b8a2b2c30324a469f4cc797202fed18 P deaa5a08a07a4c8cac7bacc924b814cd: Neither blocks nor log segments found. Creating new log.
I20260630 12:20:55.477254 31199 tablet_bootstrap.cc:654] T 79acbce903de47eea6863409a2e7a137 P 18aa2eca7b2a4ea28b8648fd74a26fc4: Neither blocks nor log segments found. Creating new log.
I20260630 12:20:55.481719 31200 tablet_bootstrap.cc:492] T a9e1cd56419f4af783dce24ccf07ff25 P 67332b411f2247e985b9e97c47a7a297: No bootstrap required, opened a new log
I20260630 12:20:55.482435 31200 ts_tablet_manager.cc:1403] T a9e1cd56419f4af783dce24ccf07ff25 P 67332b411f2247e985b9e97c47a7a297: Time spent bootstrapping tablet: real 0.026s	user 0.017s	sys 0.000s
I20260630 12:20:55.485212 31200 raft_consensus.cc:359] T a9e1cd56419f4af783dce24ccf07ff25 P 67332b411f2247e985b9e97c47a7a297 [term 0 FOLLOWER]: Replica starting. Triggering 0 pending ops. Active config: opid_index: -1 OBSOLETE_local: false peers { permanent_uuid: "67332b411f2247e985b9e97c47a7a297" member_type: VOTER last_known_addr { host: "127.29.159.1" port: 44575 } } peers { permanent_uuid: "18aa2eca7b2a4ea28b8648fd74a26fc4" member_type: VOTER last_known_addr { host: "127.29.159.2" port: 34391 } } peers { permanent_uuid: "deaa5a08a07a4c8cac7bacc924b814cd" member_type: VOTER last_known_addr { host: "127.29.159.3" port: 40161 } }
I20260630 12:20:55.485960 31200 raft_consensus.cc:385] T a9e1cd56419f4af783dce24ccf07ff25 P 67332b411f2247e985b9e97c47a7a297 [term 0 FOLLOWER]: Consensus starting up: Expiring failure detector timer to make a prompt election more likely
I20260630 12:20:55.486248 31200 raft_consensus.cc:740] T a9e1cd56419f4af783dce24ccf07ff25 P 67332b411f2247e985b9e97c47a7a297 [term 0 FOLLOWER]: Becoming Follower/Learner. State: Replica: 67332b411f2247e985b9e97c47a7a297, State: Initialized, Role: FOLLOWER
I20260630 12:20:55.486836 31199 tablet_bootstrap.cc:492] T 79acbce903de47eea6863409a2e7a137 P 18aa2eca7b2a4ea28b8648fd74a26fc4: No bootstrap required, opened a new log
I20260630 12:20:55.487344 31199 ts_tablet_manager.cc:1403] T 79acbce903de47eea6863409a2e7a137 P 18aa2eca7b2a4ea28b8648fd74a26fc4: Time spent bootstrapping tablet: real 0.016s	user 0.014s	sys 0.000s
I20260630 12:20:55.486976 31200 consensus_queue.cc:260] T a9e1cd56419f4af783dce24ccf07ff25 P 67332b411f2247e985b9e97c47a7a297 [NON_LEADER]: Queue going to NON_LEADER mode. State: All replicated index: 0, Majority replicated index: 0, Committed index: 0, Last appended: 0.0, Last appended by leader: 0, Current term: 0, Majority size: -1, State: 0, Mode: NON_LEADER, active raft config: opid_index: -1 OBSOLETE_local: false peers { permanent_uuid: "67332b411f2247e985b9e97c47a7a297" member_type: VOTER last_known_addr { host: "127.29.159.1" port: 44575 } } peers { permanent_uuid: "18aa2eca7b2a4ea28b8648fd74a26fc4" member_type: VOTER last_known_addr { host: "127.29.159.2" port: 34391 } } peers { permanent_uuid: "deaa5a08a07a4c8cac7bacc924b814cd" member_type: VOTER last_known_addr { host: "127.29.159.3" port: 40161 } }
I20260630 12:20:55.489158 31200 ts_tablet_manager.cc:1434] T a9e1cd56419f4af783dce24ccf07ff25 P 67332b411f2247e985b9e97c47a7a297: Time spent starting tablet: real 0.006s	user 0.001s	sys 0.003s
I20260630 12:20:55.490015 31199 raft_consensus.cc:359] T 79acbce903de47eea6863409a2e7a137 P 18aa2eca7b2a4ea28b8648fd74a26fc4 [term 0 FOLLOWER]: Replica starting. Triggering 0 pending ops. Active config: opid_index: -1 OBSOLETE_local: false peers { permanent_uuid: "67332b411f2247e985b9e97c47a7a297" member_type: VOTER last_known_addr { host: "127.29.159.1" port: 44575 } } peers { permanent_uuid: "18aa2eca7b2a4ea28b8648fd74a26fc4" member_type: VOTER last_known_addr { host: "127.29.159.2" port: 34391 } } peers { permanent_uuid: "deaa5a08a07a4c8cac7bacc924b814cd" member_type: VOTER last_known_addr { host: "127.29.159.3" port: 40161 } }
I20260630 12:20:55.490803 31199 raft_consensus.cc:385] T 79acbce903de47eea6863409a2e7a137 P 18aa2eca7b2a4ea28b8648fd74a26fc4 [term 0 FOLLOWER]: Consensus starting up: Expiring failure detector timer to make a prompt election more likely
I20260630 12:20:55.490919 31200 tablet_bootstrap.cc:492] T fee5c028c22c494d9c97838b5b13e941 P 67332b411f2247e985b9e97c47a7a297: Bootstrap starting.
I20260630 12:20:55.491144 31199 raft_consensus.cc:740] T 79acbce903de47eea6863409a2e7a137 P 18aa2eca7b2a4ea28b8648fd74a26fc4 [term 0 FOLLOWER]: Becoming Follower/Learner. State: Replica: 18aa2eca7b2a4ea28b8648fd74a26fc4, State: Initialized, Role: FOLLOWER
I20260630 12:20:55.492424 31198 tablet_bootstrap.cc:492] T 5b8a2b2c30324a469f4cc797202fed18 P deaa5a08a07a4c8cac7bacc924b814cd: No bootstrap required, opened a new log
I20260630 12:20:55.492086 31199 consensus_queue.cc:260] T 79acbce903de47eea6863409a2e7a137 P 18aa2eca7b2a4ea28b8648fd74a26fc4 [NON_LEADER]: Queue going to NON_LEADER mode. State: All replicated index: 0, Majority replicated index: 0, Committed index: 0, Last appended: 0.0, Last appended by leader: 0, Current term: 0, Majority size: -1, State: 0, Mode: NON_LEADER, active raft config: opid_index: -1 OBSOLETE_local: false peers { permanent_uuid: "67332b411f2247e985b9e97c47a7a297" member_type: VOTER last_known_addr { host: "127.29.159.1" port: 44575 } } peers { permanent_uuid: "18aa2eca7b2a4ea28b8648fd74a26fc4" member_type: VOTER last_known_addr { host: "127.29.159.2" port: 34391 } } peers { permanent_uuid: "deaa5a08a07a4c8cac7bacc924b814cd" member_type: VOTER last_known_addr { host: "127.29.159.3" port: 40161 } }
I20260630 12:20:55.492974 31198 ts_tablet_manager.cc:1403] T 5b8a2b2c30324a469f4cc797202fed18 P deaa5a08a07a4c8cac7bacc924b814cd: Time spent bootstrapping tablet: real 0.028s	user 0.017s	sys 0.009s
I20260630 12:20:55.495711 31198 raft_consensus.cc:359] T 5b8a2b2c30324a469f4cc797202fed18 P deaa5a08a07a4c8cac7bacc924b814cd [term 0 FOLLOWER]: Replica starting. Triggering 0 pending ops. Active config: opid_index: -1 OBSOLETE_local: false peers { permanent_uuid: "67332b411f2247e985b9e97c47a7a297" member_type: VOTER last_known_addr { host: "127.29.159.1" port: 44575 } } peers { permanent_uuid: "18aa2eca7b2a4ea28b8648fd74a26fc4" member_type: VOTER last_known_addr { host: "127.29.159.2" port: 34391 } } peers { permanent_uuid: "deaa5a08a07a4c8cac7bacc924b814cd" member_type: VOTER last_known_addr { host: "127.29.159.3" port: 40161 } }
I20260630 12:20:55.496464 31198 raft_consensus.cc:385] T 5b8a2b2c30324a469f4cc797202fed18 P deaa5a08a07a4c8cac7bacc924b814cd [term 0 FOLLOWER]: Consensus starting up: Expiring failure detector timer to make a prompt election more likely
I20260630 12:20:55.496790 31198 raft_consensus.cc:740] T 5b8a2b2c30324a469f4cc797202fed18 P deaa5a08a07a4c8cac7bacc924b814cd [term 0 FOLLOWER]: Becoming Follower/Learner. State: Replica: deaa5a08a07a4c8cac7bacc924b814cd, State: Initialized, Role: FOLLOWER
I20260630 12:20:55.497219 31200 tablet_bootstrap.cc:654] T fee5c028c22c494d9c97838b5b13e941 P 67332b411f2247e985b9e97c47a7a297: Neither blocks nor log segments found. Creating new log.
I20260630 12:20:55.497231 31199 ts_tablet_manager.cc:1434] T 79acbce903de47eea6863409a2e7a137 P 18aa2eca7b2a4ea28b8648fd74a26fc4: Time spent starting tablet: real 0.010s	user 0.004s	sys 0.004s
I20260630 12:20:55.497648 31198 consensus_queue.cc:260] T 5b8a2b2c30324a469f4cc797202fed18 P deaa5a08a07a4c8cac7bacc924b814cd [NON_LEADER]: Queue going to NON_LEADER mode. State: All replicated index: 0, Majority replicated index: 0, Committed index: 0, Last appended: 0.0, Last appended by leader: 0, Current term: 0, Majority size: -1, State: 0, Mode: NON_LEADER, active raft config: opid_index: -1 OBSOLETE_local: false peers { permanent_uuid: "67332b411f2247e985b9e97c47a7a297" member_type: VOTER last_known_addr { host: "127.29.159.1" port: 44575 } } peers { permanent_uuid: "18aa2eca7b2a4ea28b8648fd74a26fc4" member_type: VOTER last_known_addr { host: "127.29.159.2" port: 34391 } } peers { permanent_uuid: "deaa5a08a07a4c8cac7bacc924b814cd" member_type: VOTER last_known_addr { host: "127.29.159.3" port: 40161 } }
I20260630 12:20:55.498601 31199 tablet_bootstrap.cc:492] T 09302f6d70e2441db4f3915d089f8ffe P 18aa2eca7b2a4ea28b8648fd74a26fc4: Bootstrap starting.
I20260630 12:20:55.503497 31198 ts_tablet_manager.cc:1434] T 5b8a2b2c30324a469f4cc797202fed18 P deaa5a08a07a4c8cac7bacc924b814cd: Time spent starting tablet: real 0.010s	user 0.006s	sys 0.000s
I20260630 12:20:55.504885 31198 tablet_bootstrap.cc:492] T 9d103bc79f754c70bd8d6fafbd6b48c8 P deaa5a08a07a4c8cac7bacc924b814cd: Bootstrap starting.
I20260630 12:20:55.511409 31199 tablet_bootstrap.cc:654] T 09302f6d70e2441db4f3915d089f8ffe P 18aa2eca7b2a4ea28b8648fd74a26fc4: Neither blocks nor log segments found. Creating new log.
I20260630 12:20:55.512565 31198 tablet_bootstrap.cc:654] T 9d103bc79f754c70bd8d6fafbd6b48c8 P deaa5a08a07a4c8cac7bacc924b814cd: Neither blocks nor log segments found. Creating new log.
I20260630 12:20:55.521356 31200 tablet_bootstrap.cc:492] T fee5c028c22c494d9c97838b5b13e941 P 67332b411f2247e985b9e97c47a7a297: No bootstrap required, opened a new log
I20260630 12:20:55.521915 31200 ts_tablet_manager.cc:1403] T fee5c028c22c494d9c97838b5b13e941 P 67332b411f2247e985b9e97c47a7a297: Time spent bootstrapping tablet: real 0.031s	user 0.016s	sys 0.012s
I20260630 12:20:55.522702 31199 tablet_bootstrap.cc:492] T 09302f6d70e2441db4f3915d089f8ffe P 18aa2eca7b2a4ea28b8648fd74a26fc4: No bootstrap required, opened a new log
I20260630 12:20:55.522795 31198 tablet_bootstrap.cc:492] T 9d103bc79f754c70bd8d6fafbd6b48c8 P deaa5a08a07a4c8cac7bacc924b814cd: No bootstrap required, opened a new log
I20260630 12:20:55.523255 31199 ts_tablet_manager.cc:1403] T 09302f6d70e2441db4f3915d089f8ffe P 18aa2eca7b2a4ea28b8648fd74a26fc4: Time spent bootstrapping tablet: real 0.025s	user 0.011s	sys 0.005s
I20260630 12:20:55.523336 31198 ts_tablet_manager.cc:1403] T 9d103bc79f754c70bd8d6fafbd6b48c8 P deaa5a08a07a4c8cac7bacc924b814cd: Time spent bootstrapping tablet: real 0.019s	user 0.018s	sys 0.000s
I20260630 12:20:55.524609 31200 raft_consensus.cc:359] T fee5c028c22c494d9c97838b5b13e941 P 67332b411f2247e985b9e97c47a7a297 [term 0 FOLLOWER]: Replica starting. Triggering 0 pending ops. Active config: opid_index: -1 OBSOLETE_local: false peers { permanent_uuid: "67332b411f2247e985b9e97c47a7a297" member_type: VOTER last_known_addr { host: "127.29.159.1" port: 44575 } } peers { permanent_uuid: "18aa2eca7b2a4ea28b8648fd74a26fc4" member_type: VOTER last_known_addr { host: "127.29.159.2" port: 34391 } } peers { permanent_uuid: "deaa5a08a07a4c8cac7bacc924b814cd" member_type: VOTER last_known_addr { host: "127.29.159.3" port: 40161 } }
I20260630 12:20:55.525353 31200 raft_consensus.cc:385] T fee5c028c22c494d9c97838b5b13e941 P 67332b411f2247e985b9e97c47a7a297 [term 0 FOLLOWER]: Consensus starting up: Expiring failure detector timer to make a prompt election more likely
I20260630 12:20:55.525606 31200 raft_consensus.cc:740] T fee5c028c22c494d9c97838b5b13e941 P 67332b411f2247e985b9e97c47a7a297 [term 0 FOLLOWER]: Becoming Follower/Learner. State: Replica: 67332b411f2247e985b9e97c47a7a297, State: Initialized, Role: FOLLOWER
I20260630 12:20:55.526037 31198 raft_consensus.cc:359] T 9d103bc79f754c70bd8d6fafbd6b48c8 P deaa5a08a07a4c8cac7bacc924b814cd [term 0 FOLLOWER]: Replica starting. Triggering 0 pending ops. Active config: opid_index: -1 OBSOLETE_local: false peers { permanent_uuid: "67332b411f2247e985b9e97c47a7a297" member_type: VOTER last_known_addr { host: "127.29.159.1" port: 44575 } } peers { permanent_uuid: "18aa2eca7b2a4ea28b8648fd74a26fc4" member_type: VOTER last_known_addr { host: "127.29.159.2" port: 34391 } } peers { permanent_uuid: "deaa5a08a07a4c8cac7bacc924b814cd" member_type: VOTER last_known_addr { host: "127.29.159.3" port: 40161 } }
I20260630 12:20:55.526758 31198 raft_consensus.cc:385] T 9d103bc79f754c70bd8d6fafbd6b48c8 P deaa5a08a07a4c8cac7bacc924b814cd [term 0 FOLLOWER]: Consensus starting up: Expiring failure detector timer to make a prompt election more likely
I20260630 12:20:55.526288 31199 raft_consensus.cc:359] T 09302f6d70e2441db4f3915d089f8ffe P 18aa2eca7b2a4ea28b8648fd74a26fc4 [term 0 FOLLOWER]: Replica starting. Triggering 0 pending ops. Active config: opid_index: -1 OBSOLETE_local: false peers { permanent_uuid: "18aa2eca7b2a4ea28b8648fd74a26fc4" member_type: VOTER last_known_addr { host: "127.29.159.2" port: 34391 } } peers { permanent_uuid: "67332b411f2247e985b9e97c47a7a297" member_type: VOTER last_known_addr { host: "127.29.159.1" port: 44575 } } peers { permanent_uuid: "deaa5a08a07a4c8cac7bacc924b814cd" member_type: VOTER last_known_addr { host: "127.29.159.3" port: 40161 } }
I20260630 12:20:55.526319 31200 consensus_queue.cc:260] T fee5c028c22c494d9c97838b5b13e941 P 67332b411f2247e985b9e97c47a7a297 [NON_LEADER]: Queue going to NON_LEADER mode. State: All replicated index: 0, Majority replicated index: 0, Committed index: 0, Last appended: 0.0, Last appended by leader: 0, Current term: 0, Majority size: -1, State: 0, Mode: NON_LEADER, active raft config: opid_index: -1 OBSOLETE_local: false peers { permanent_uuid: "67332b411f2247e985b9e97c47a7a297" member_type: VOTER last_known_addr { host: "127.29.159.1" port: 44575 } } peers { permanent_uuid: "18aa2eca7b2a4ea28b8648fd74a26fc4" member_type: VOTER last_known_addr { host: "127.29.159.2" port: 34391 } } peers { permanent_uuid: "deaa5a08a07a4c8cac7bacc924b814cd" member_type: VOTER last_known_addr { host: "127.29.159.3" port: 40161 } }
I20260630 12:20:55.527052 31198 raft_consensus.cc:740] T 9d103bc79f754c70bd8d6fafbd6b48c8 P deaa5a08a07a4c8cac7bacc924b814cd [term 0 FOLLOWER]: Becoming Follower/Learner. State: Replica: deaa5a08a07a4c8cac7bacc924b814cd, State: Initialized, Role: FOLLOWER
I20260630 12:20:55.527202 31199 raft_consensus.cc:385] T 09302f6d70e2441db4f3915d089f8ffe P 18aa2eca7b2a4ea28b8648fd74a26fc4 [term 0 FOLLOWER]: Consensus starting up: Expiring failure detector timer to make a prompt election more likely
I20260630 12:20:55.527552 31199 raft_consensus.cc:740] T 09302f6d70e2441db4f3915d089f8ffe P 18aa2eca7b2a4ea28b8648fd74a26fc4 [term 0 FOLLOWER]: Becoming Follower/Learner. State: Replica: 18aa2eca7b2a4ea28b8648fd74a26fc4, State: Initialized, Role: FOLLOWER
I20260630 12:20:55.527984 31198 consensus_queue.cc:260] T 9d103bc79f754c70bd8d6fafbd6b48c8 P deaa5a08a07a4c8cac7bacc924b814cd [NON_LEADER]: Queue going to NON_LEADER mode. State: All replicated index: 0, Majority replicated index: 0, Committed index: 0, Last appended: 0.0, Last appended by leader: 0, Current term: 0, Majority size: -1, State: 0, Mode: NON_LEADER, active raft config: opid_index: -1 OBSOLETE_local: false peers { permanent_uuid: "67332b411f2247e985b9e97c47a7a297" member_type: VOTER last_known_addr { host: "127.29.159.1" port: 44575 } } peers { permanent_uuid: "18aa2eca7b2a4ea28b8648fd74a26fc4" member_type: VOTER last_known_addr { host: "127.29.159.2" port: 34391 } } peers { permanent_uuid: "deaa5a08a07a4c8cac7bacc924b814cd" member_type: VOTER last_known_addr { host: "127.29.159.3" port: 40161 } }
I20260630 12:20:55.528412 31199 consensus_queue.cc:260] T 09302f6d70e2441db4f3915d089f8ffe P 18aa2eca7b2a4ea28b8648fd74a26fc4 [NON_LEADER]: Queue going to NON_LEADER mode. State: All replicated index: 0, Majority replicated index: 0, Committed index: 0, Last appended: 0.0, Last appended by leader: 0, Current term: 0, Majority size: -1, State: 0, Mode: NON_LEADER, active raft config: opid_index: -1 OBSOLETE_local: false peers { permanent_uuid: "18aa2eca7b2a4ea28b8648fd74a26fc4" member_type: VOTER last_known_addr { host: "127.29.159.2" port: 34391 } } peers { permanent_uuid: "67332b411f2247e985b9e97c47a7a297" member_type: VOTER last_known_addr { host: "127.29.159.1" port: 44575 } } peers { permanent_uuid: "deaa5a08a07a4c8cac7bacc924b814cd" member_type: VOTER last_known_addr { host: "127.29.159.3" port: 40161 } }
I20260630 12:20:55.530257 31198 ts_tablet_manager.cc:1434] T 9d103bc79f754c70bd8d6fafbd6b48c8 P deaa5a08a07a4c8cac7bacc924b814cd: Time spent starting tablet: real 0.006s	user 0.005s	sys 0.000s
I20260630 12:20:55.531852 31198 tablet_bootstrap.cc:492] T 663bbe2f134f43cf9135ec07b1c47faa P deaa5a08a07a4c8cac7bacc924b814cd: Bootstrap starting.
I20260630 12:20:55.533262 31199 ts_tablet_manager.cc:1434] T 09302f6d70e2441db4f3915d089f8ffe P 18aa2eca7b2a4ea28b8648fd74a26fc4: Time spent starting tablet: real 0.010s	user 0.004s	sys 0.001s
I20260630 12:20:55.534296 31199 tablet_bootstrap.cc:492] T 9d103bc79f754c70bd8d6fafbd6b48c8 P 18aa2eca7b2a4ea28b8648fd74a26fc4: Bootstrap starting.
I20260630 12:20:55.535763 31200 ts_tablet_manager.cc:1434] T fee5c028c22c494d9c97838b5b13e941 P 67332b411f2247e985b9e97c47a7a297: Time spent starting tablet: real 0.014s	user 0.004s	sys 0.003s
I20260630 12:20:55.538004 31198 tablet_bootstrap.cc:654] T 663bbe2f134f43cf9135ec07b1c47faa P deaa5a08a07a4c8cac7bacc924b814cd: Neither blocks nor log segments found. Creating new log.
I20260630 12:20:55.539356 31200 tablet_bootstrap.cc:492] T 663bbe2f134f43cf9135ec07b1c47faa P 67332b411f2247e985b9e97c47a7a297: Bootstrap starting.
I20260630 12:20:55.540307 31199 tablet_bootstrap.cc:654] T 9d103bc79f754c70bd8d6fafbd6b48c8 P 18aa2eca7b2a4ea28b8648fd74a26fc4: Neither blocks nor log segments found. Creating new log.
I20260630 12:20:55.547674 31200 tablet_bootstrap.cc:654] T 663bbe2f134f43cf9135ec07b1c47faa P 67332b411f2247e985b9e97c47a7a297: Neither blocks nor log segments found. Creating new log.
I20260630 12:20:55.555233 31205 raft_consensus.cc:493] T a9e1cd56419f4af783dce24ccf07ff25 P 18aa2eca7b2a4ea28b8648fd74a26fc4 [term 0 FOLLOWER]: Starting pre-election (no leader contacted us within the election timeout)
I20260630 12:20:55.555781 31205 raft_consensus.cc:515] T a9e1cd56419f4af783dce24ccf07ff25 P 18aa2eca7b2a4ea28b8648fd74a26fc4 [term 0 FOLLOWER]: Starting pre-election with config: opid_index: -1 OBSOLETE_local: false peers { permanent_uuid: "67332b411f2247e985b9e97c47a7a297" member_type: VOTER last_known_addr { host: "127.29.159.1" port: 44575 } } peers { permanent_uuid: "18aa2eca7b2a4ea28b8648fd74a26fc4" member_type: VOTER last_known_addr { host: "127.29.159.2" port: 34391 } } peers { permanent_uuid: "deaa5a08a07a4c8cac7bacc924b814cd" member_type: VOTER last_known_addr { host: "127.29.159.3" port: 40161 } }
I20260630 12:20:55.557042 31199 tablet_bootstrap.cc:492] T 9d103bc79f754c70bd8d6fafbd6b48c8 P 18aa2eca7b2a4ea28b8648fd74a26fc4: No bootstrap required, opened a new log
I20260630 12:20:55.557546 31199 ts_tablet_manager.cc:1403] T 9d103bc79f754c70bd8d6fafbd6b48c8 P 18aa2eca7b2a4ea28b8648fd74a26fc4: Time spent bootstrapping tablet: real 0.023s	user 0.011s	sys 0.004s
I20260630 12:20:55.559630 31205 leader_election.cc:290] T a9e1cd56419f4af783dce24ccf07ff25 P 18aa2eca7b2a4ea28b8648fd74a26fc4 [CANDIDATE]: Term 1 pre-election: Requested pre-vote from peers 67332b411f2247e985b9e97c47a7a297 (127.29.159.1:44575), deaa5a08a07a4c8cac7bacc924b814cd (127.29.159.3:40161)
I20260630 12:20:55.560832 31199 raft_consensus.cc:359] T 9d103bc79f754c70bd8d6fafbd6b48c8 P 18aa2eca7b2a4ea28b8648fd74a26fc4 [term 0 FOLLOWER]: Replica starting. Triggering 0 pending ops. Active config: opid_index: -1 OBSOLETE_local: false peers { permanent_uuid: "67332b411f2247e985b9e97c47a7a297" member_type: VOTER last_known_addr { host: "127.29.159.1" port: 44575 } } peers { permanent_uuid: "18aa2eca7b2a4ea28b8648fd74a26fc4" member_type: VOTER last_known_addr { host: "127.29.159.2" port: 34391 } } peers { permanent_uuid: "deaa5a08a07a4c8cac7bacc924b814cd" member_type: VOTER last_known_addr { host: "127.29.159.3" port: 40161 } }
I20260630 12:20:55.561602 31199 raft_consensus.cc:385] T 9d103bc79f754c70bd8d6fafbd6b48c8 P 18aa2eca7b2a4ea28b8648fd74a26fc4 [term 0 FOLLOWER]: Consensus starting up: Expiring failure detector timer to make a prompt election more likely
I20260630 12:20:55.561929 31199 raft_consensus.cc:740] T 9d103bc79f754c70bd8d6fafbd6b48c8 P 18aa2eca7b2a4ea28b8648fd74a26fc4 [term 0 FOLLOWER]: Becoming Follower/Learner. State: Replica: 18aa2eca7b2a4ea28b8648fd74a26fc4, State: Initialized, Role: FOLLOWER
I20260630 12:20:55.562772 31199 consensus_queue.cc:260] T 9d103bc79f754c70bd8d6fafbd6b48c8 P 18aa2eca7b2a4ea28b8648fd74a26fc4 [NON_LEADER]: Queue going to NON_LEADER mode. State: All replicated index: 0, Majority replicated index: 0, Committed index: 0, Last appended: 0.0, Last appended by leader: 0, Current term: 0, Majority size: -1, State: 0, Mode: NON_LEADER, active raft config: opid_index: -1 OBSOLETE_local: false peers { permanent_uuid: "67332b411f2247e985b9e97c47a7a297" member_type: VOTER last_known_addr { host: "127.29.159.1" port: 44575 } } peers { permanent_uuid: "18aa2eca7b2a4ea28b8648fd74a26fc4" member_type: VOTER last_known_addr { host: "127.29.159.2" port: 34391 } } peers { permanent_uuid: "deaa5a08a07a4c8cac7bacc924b814cd" member_type: VOTER last_known_addr { host: "127.29.159.3" port: 40161 } }
I20260630 12:20:55.564169 31200 tablet_bootstrap.cc:492] T 663bbe2f134f43cf9135ec07b1c47faa P 67332b411f2247e985b9e97c47a7a297: No bootstrap required, opened a new log
I20260630 12:20:55.564699 31200 ts_tablet_manager.cc:1403] T 663bbe2f134f43cf9135ec07b1c47faa P 67332b411f2247e985b9e97c47a7a297: Time spent bootstrapping tablet: real 0.026s	user 0.015s	sys 0.005s
I20260630 12:20:55.565013 31199 ts_tablet_manager.cc:1434] T 9d103bc79f754c70bd8d6fafbd6b48c8 P 18aa2eca7b2a4ea28b8648fd74a26fc4: Time spent starting tablet: real 0.007s	user 0.007s	sys 0.000s
I20260630 12:20:55.566006 31199 tablet_bootstrap.cc:492] T 4e47bf7871044d1a90ded642f6b9da88 P 18aa2eca7b2a4ea28b8648fd74a26fc4: Bootstrap starting.
I20260630 12:20:55.570330 31206 raft_consensus.cc:493] T 5b8a2b2c30324a469f4cc797202fed18 P 67332b411f2247e985b9e97c47a7a297 [term 0 FOLLOWER]: Starting pre-election (no leader contacted us within the election timeout)
I20260630 12:20:55.570814 31206 raft_consensus.cc:515] T 5b8a2b2c30324a469f4cc797202fed18 P 67332b411f2247e985b9e97c47a7a297 [term 0 FOLLOWER]: Starting pre-election with config: opid_index: -1 OBSOLETE_local: false peers { permanent_uuid: "67332b411f2247e985b9e97c47a7a297" member_type: VOTER last_known_addr { host: "127.29.159.1" port: 44575 } } peers { permanent_uuid: "18aa2eca7b2a4ea28b8648fd74a26fc4" member_type: VOTER last_known_addr { host: "127.29.159.2" port: 34391 } } peers { permanent_uuid: "deaa5a08a07a4c8cac7bacc924b814cd" member_type: VOTER last_known_addr { host: "127.29.159.3" port: 40161 } }
I20260630 12:20:55.572139 31199 tablet_bootstrap.cc:654] T 4e47bf7871044d1a90ded642f6b9da88 P 18aa2eca7b2a4ea28b8648fd74a26fc4: Neither blocks nor log segments found. Creating new log.
I20260630 12:20:55.571266 31198 tablet_bootstrap.cc:492] T 663bbe2f134f43cf9135ec07b1c47faa P deaa5a08a07a4c8cac7bacc924b814cd: No bootstrap required, opened a new log
I20260630 12:20:55.577152 31206 leader_election.cc:290] T 5b8a2b2c30324a469f4cc797202fed18 P 67332b411f2247e985b9e97c47a7a297 [CANDIDATE]: Term 1 pre-election: Requested pre-vote from peers 18aa2eca7b2a4ea28b8648fd74a26fc4 (127.29.159.2:34391), deaa5a08a07a4c8cac7bacc924b814cd (127.29.159.3:40161)
I20260630 12:20:55.580709 31198 ts_tablet_manager.cc:1403] T 663bbe2f134f43cf9135ec07b1c47faa P deaa5a08a07a4c8cac7bacc924b814cd: Time spent bootstrapping tablet: real 0.049s	user 0.019s	sys 0.010s
I20260630 12:20:55.583091 31204 raft_consensus.cc:493] T 5b8a2b2c30324a469f4cc797202fed18 P deaa5a08a07a4c8cac7bacc924b814cd [term 0 FOLLOWER]: Starting pre-election (no leader contacted us within the election timeout)
I20260630 12:20:55.583724 31204 raft_consensus.cc:515] T 5b8a2b2c30324a469f4cc797202fed18 P deaa5a08a07a4c8cac7bacc924b814cd [term 0 FOLLOWER]: Starting pre-election with config: opid_index: -1 OBSOLETE_local: false peers { permanent_uuid: "67332b411f2247e985b9e97c47a7a297" member_type: VOTER last_known_addr { host: "127.29.159.1" port: 44575 } } peers { permanent_uuid: "18aa2eca7b2a4ea28b8648fd74a26fc4" member_type: VOTER last_known_addr { host: "127.29.159.2" port: 34391 } } peers { permanent_uuid: "deaa5a08a07a4c8cac7bacc924b814cd" member_type: VOTER last_known_addr { host: "127.29.159.3" port: 40161 } }
I20260630 12:20:55.586537 31204 leader_election.cc:290] T 5b8a2b2c30324a469f4cc797202fed18 P deaa5a08a07a4c8cac7bacc924b814cd [CANDIDATE]: Term 1 pre-election: Requested pre-vote from peers 67332b411f2247e985b9e97c47a7a297 (127.29.159.1:44575), 18aa2eca7b2a4ea28b8648fd74a26fc4 (127.29.159.2:34391)
I20260630 12:20:55.601917 31205 raft_consensus.cc:493] T 5b8a2b2c30324a469f4cc797202fed18 P 18aa2eca7b2a4ea28b8648fd74a26fc4 [term 0 FOLLOWER]: Starting pre-election (no leader contacted us within the election timeout)
I20260630 12:20:55.602559 31205 raft_consensus.cc:515] T 5b8a2b2c30324a469f4cc797202fed18 P 18aa2eca7b2a4ea28b8648fd74a26fc4 [term 0 FOLLOWER]: Starting pre-election with config: opid_index: -1 OBSOLETE_local: false peers { permanent_uuid: "67332b411f2247e985b9e97c47a7a297" member_type: VOTER last_known_addr { host: "127.29.159.1" port: 44575 } } peers { permanent_uuid: "18aa2eca7b2a4ea28b8648fd74a26fc4" member_type: VOTER last_known_addr { host: "127.29.159.2" port: 34391 } } peers { permanent_uuid: "deaa5a08a07a4c8cac7bacc924b814cd" member_type: VOTER last_known_addr { host: "127.29.159.3" port: 40161 } }
I20260630 12:20:55.603121 31200 raft_consensus.cc:359] T 663bbe2f134f43cf9135ec07b1c47faa P 67332b411f2247e985b9e97c47a7a297 [term 0 FOLLOWER]: Replica starting. Triggering 0 pending ops. Active config: opid_index: -1 OBSOLETE_local: false peers { permanent_uuid: "67332b411f2247e985b9e97c47a7a297" member_type: VOTER last_known_addr { host: "127.29.159.1" port: 44575 } } peers { permanent_uuid: "18aa2eca7b2a4ea28b8648fd74a26fc4" member_type: VOTER last_known_addr { host: "127.29.159.2" port: 34391 } } peers { permanent_uuid: "deaa5a08a07a4c8cac7bacc924b814cd" member_type: VOTER last_known_addr { host: "127.29.159.3" port: 40161 } }
I20260630 12:20:55.603279 31198 raft_consensus.cc:359] T 663bbe2f134f43cf9135ec07b1c47faa P deaa5a08a07a4c8cac7bacc924b814cd [term 0 FOLLOWER]: Replica starting. Triggering 0 pending ops. Active config: opid_index: -1 OBSOLETE_local: false peers { permanent_uuid: "67332b411f2247e985b9e97c47a7a297" member_type: VOTER last_known_addr { host: "127.29.159.1" port: 44575 } } peers { permanent_uuid: "18aa2eca7b2a4ea28b8648fd74a26fc4" member_type: VOTER last_known_addr { host: "127.29.159.2" port: 34391 } } peers { permanent_uuid: "deaa5a08a07a4c8cac7bacc924b814cd" member_type: VOTER last_known_addr { host: "127.29.159.3" port: 40161 } }
I20260630 12:20:55.603962 31200 raft_consensus.cc:385] T 663bbe2f134f43cf9135ec07b1c47faa P 67332b411f2247e985b9e97c47a7a297 [term 0 FOLLOWER]: Consensus starting up: Expiring failure detector timer to make a prompt election more likely
I20260630 12:20:55.604007 31198 raft_consensus.cc:385] T 663bbe2f134f43cf9135ec07b1c47faa P deaa5a08a07a4c8cac7bacc924b814cd [term 0 FOLLOWER]: Consensus starting up: Expiring failure detector timer to make a prompt election more likely
I20260630 12:20:55.604452 31200 raft_consensus.cc:740] T 663bbe2f134f43cf9135ec07b1c47faa P 67332b411f2247e985b9e97c47a7a297 [term 0 FOLLOWER]: Becoming Follower/Learner. State: Replica: 67332b411f2247e985b9e97c47a7a297, State: Initialized, Role: FOLLOWER
I20260630 12:20:55.604542 31198 raft_consensus.cc:740] T 663bbe2f134f43cf9135ec07b1c47faa P deaa5a08a07a4c8cac7bacc924b814cd [term 0 FOLLOWER]: Becoming Follower/Learner. State: Replica: deaa5a08a07a4c8cac7bacc924b814cd, State: Initialized, Role: FOLLOWER
I20260630 12:20:55.604997 31205 leader_election.cc:290] T 5b8a2b2c30324a469f4cc797202fed18 P 18aa2eca7b2a4ea28b8648fd74a26fc4 [CANDIDATE]: Term 1 pre-election: Requested pre-vote from peers 67332b411f2247e985b9e97c47a7a297 (127.29.159.1:44575), deaa5a08a07a4c8cac7bacc924b814cd (127.29.159.3:40161)
I20260630 12:20:55.605334 31198 consensus_queue.cc:260] T 663bbe2f134f43cf9135ec07b1c47faa P deaa5a08a07a4c8cac7bacc924b814cd [NON_LEADER]: Queue going to NON_LEADER mode. State: All replicated index: 0, Majority replicated index: 0, Committed index: 0, Last appended: 0.0, Last appended by leader: 0, Current term: 0, Majority size: -1, State: 0, Mode: NON_LEADER, active raft config: opid_index: -1 OBSOLETE_local: false peers { permanent_uuid: "67332b411f2247e985b9e97c47a7a297" member_type: VOTER last_known_addr { host: "127.29.159.1" port: 44575 } } peers { permanent_uuid: "18aa2eca7b2a4ea28b8648fd74a26fc4" member_type: VOTER last_known_addr { host: "127.29.159.2" port: 34391 } } peers { permanent_uuid: "deaa5a08a07a4c8cac7bacc924b814cd" member_type: VOTER last_known_addr { host: "127.29.159.3" port: 40161 } }
I20260630 12:20:55.609256 31153 tablet_service.cc:1917] Received RequestConsensusVote() RPC: tablet_id: "a9e1cd56419f4af783dce24ccf07ff25" candidate_uuid: "18aa2eca7b2a4ea28b8648fd74a26fc4" candidate_term: 1 candidate_status { last_received { term: 0 index: 0 } } ignore_live_leader: false dest_uuid: "deaa5a08a07a4c8cac7bacc924b814cd" is_pre_election: true
I20260630 12:20:55.609714 31198 ts_tablet_manager.cc:1434] T 663bbe2f134f43cf9135ec07b1c47faa P deaa5a08a07a4c8cac7bacc924b814cd: Time spent starting tablet: real 0.029s	user 0.013s	sys 0.001s
I20260630 12:20:55.609913 31153 raft_consensus.cc:2468] T a9e1cd56419f4af783dce24ccf07ff25 P deaa5a08a07a4c8cac7bacc924b814cd [term 0 FOLLOWER]: Leader pre-election vote request: Granting yes vote for candidate 18aa2eca7b2a4ea28b8648fd74a26fc4 in term 0.
I20260630 12:20:55.612280 31043 leader_election.cc:304] T a9e1cd56419f4af783dce24ccf07ff25 P 18aa2eca7b2a4ea28b8648fd74a26fc4 [CANDIDATE]: Term 1 pre-election: Election decided. Result: candidate won. Election summary: received 2 responses out of 3 voters: 2 yes votes; 0 no votes. yes voters: 18aa2eca7b2a4ea28b8648fd74a26fc4, deaa5a08a07a4c8cac7bacc924b814cd; no voters: 
I20260630 12:20:55.612560 31198 tablet_bootstrap.cc:492] T 4e47bf7871044d1a90ded642f6b9da88 P deaa5a08a07a4c8cac7bacc924b814cd: Bootstrap starting.
I20260630 12:20:55.613234 31205 raft_consensus.cc:2804] T a9e1cd56419f4af783dce24ccf07ff25 P 18aa2eca7b2a4ea28b8648fd74a26fc4 [term 0 FOLLOWER]: Leader pre-election won for term 1
I20260630 12:20:55.613932 31205 raft_consensus.cc:493] T a9e1cd56419f4af783dce24ccf07ff25 P 18aa2eca7b2a4ea28b8648fd74a26fc4 [term 0 FOLLOWER]: Starting leader election (no leader contacted us within the election timeout)
I20260630 12:20:55.614354 31205 raft_consensus.cc:3060] T a9e1cd56419f4af783dce24ccf07ff25 P 18aa2eca7b2a4ea28b8648fd74a26fc4 [term 0 FOLLOWER]: Advancing to term 1
I20260630 12:20:55.620661 31198 tablet_bootstrap.cc:654] T 4e47bf7871044d1a90ded642f6b9da88 P deaa5a08a07a4c8cac7bacc924b814cd: Neither blocks nor log segments found. Creating new log.
I20260630 12:20:55.613302 31153 tablet_service.cc:1917] Received RequestConsensusVote() RPC: tablet_id: "5b8a2b2c30324a469f4cc797202fed18" candidate_uuid: "18aa2eca7b2a4ea28b8648fd74a26fc4" candidate_term: 1 candidate_status { last_received { term: 0 index: 0 } } ignore_live_leader: false dest_uuid: "deaa5a08a07a4c8cac7bacc924b814cd" is_pre_election: true
I20260630 12:20:55.622848 31153 raft_consensus.cc:2468] T 5b8a2b2c30324a469f4cc797202fed18 P deaa5a08a07a4c8cac7bacc924b814cd [term 0 FOLLOWER]: Leader pre-election vote request: Granting yes vote for candidate 18aa2eca7b2a4ea28b8648fd74a26fc4 in term 0.
I20260630 12:20:55.623780 31205 raft_consensus.cc:515] T a9e1cd56419f4af783dce24ccf07ff25 P 18aa2eca7b2a4ea28b8648fd74a26fc4 [term 1 FOLLOWER]: Starting leader election with config: opid_index: -1 OBSOLETE_local: false peers { permanent_uuid: "67332b411f2247e985b9e97c47a7a297" member_type: VOTER last_known_addr { host: "127.29.159.1" port: 44575 } } peers { permanent_uuid: "18aa2eca7b2a4ea28b8648fd74a26fc4" member_type: VOTER last_known_addr { host: "127.29.159.2" port: 34391 } } peers { permanent_uuid: "deaa5a08a07a4c8cac7bacc924b814cd" member_type: VOTER last_known_addr { host: "127.29.159.3" port: 40161 } }
I20260630 12:20:55.624511 31043 leader_election.cc:304] T 5b8a2b2c30324a469f4cc797202fed18 P 18aa2eca7b2a4ea28b8648fd74a26fc4 [CANDIDATE]: Term 1 pre-election: Election decided. Result: candidate won. Election summary: received 2 responses out of 3 voters: 2 yes votes; 0 no votes. yes voters: 18aa2eca7b2a4ea28b8648fd74a26fc4, deaa5a08a07a4c8cac7bacc924b814cd; no voters: 
I20260630 12:20:55.626672 31205 leader_election.cc:290] T a9e1cd56419f4af783dce24ccf07ff25 P 18aa2eca7b2a4ea28b8648fd74a26fc4 [CANDIDATE]: Term 1 election: Requested vote from peers 67332b411f2247e985b9e97c47a7a297 (127.29.159.1:44575), deaa5a08a07a4c8cac7bacc924b814cd (127.29.159.3:40161)
I20260630 12:20:55.627480 31205 raft_consensus.cc:2804] T 5b8a2b2c30324a469f4cc797202fed18 P 18aa2eca7b2a4ea28b8648fd74a26fc4 [term 0 FOLLOWER]: Leader pre-election won for term 1
I20260630 12:20:55.627187 31200 consensus_queue.cc:260] T 663bbe2f134f43cf9135ec07b1c47faa P 67332b411f2247e985b9e97c47a7a297 [NON_LEADER]: Queue going to NON_LEADER mode. State: All replicated index: 0, Majority replicated index: 0, Committed index: 0, Last appended: 0.0, Last appended by leader: 0, Current term: 0, Majority size: -1, State: 0, Mode: NON_LEADER, active raft config: opid_index: -1 OBSOLETE_local: false peers { permanent_uuid: "67332b411f2247e985b9e97c47a7a297" member_type: VOTER last_known_addr { host: "127.29.159.1" port: 44575 } } peers { permanent_uuid: "18aa2eca7b2a4ea28b8648fd74a26fc4" member_type: VOTER last_known_addr { host: "127.29.159.2" port: 34391 } } peers { permanent_uuid: "deaa5a08a07a4c8cac7bacc924b814cd" member_type: VOTER last_known_addr { host: "127.29.159.3" port: 40161 } }
I20260630 12:20:55.627945 31205 raft_consensus.cc:493] T 5b8a2b2c30324a469f4cc797202fed18 P 18aa2eca7b2a4ea28b8648fd74a26fc4 [term 0 FOLLOWER]: Starting leader election (no leader contacted us within the election timeout)
I20260630 12:20:55.629855 31153 tablet_service.cc:1917] Received RequestConsensusVote() RPC: tablet_id: "a9e1cd56419f4af783dce24ccf07ff25" candidate_uuid: "18aa2eca7b2a4ea28b8648fd74a26fc4" candidate_term: 1 candidate_status { last_received { term: 0 index: 0 } } ignore_live_leader: false dest_uuid: "deaa5a08a07a4c8cac7bacc924b814cd"
I20260630 12:20:55.645802 31153 raft_consensus.cc:3060] T a9e1cd56419f4af783dce24ccf07ff25 P deaa5a08a07a4c8cac7bacc924b814cd [term 0 FOLLOWER]: Advancing to term 1
I20260630 12:20:55.635213 31204 raft_consensus.cc:493] T 09302f6d70e2441db4f3915d089f8ffe P deaa5a08a07a4c8cac7bacc924b814cd [term 0 FOLLOWER]: Starting pre-election (no leader contacted us within the election timeout)
I20260630 12:20:55.650732 31204 raft_consensus.cc:515] T 09302f6d70e2441db4f3915d089f8ffe P deaa5a08a07a4c8cac7bacc924b814cd [term 0 FOLLOWER]: Starting pre-election with config: opid_index: -1 OBSOLETE_local: false peers { permanent_uuid: "18aa2eca7b2a4ea28b8648fd74a26fc4" member_type: VOTER last_known_addr { host: "127.29.159.2" port: 34391 } } peers { permanent_uuid: "67332b411f2247e985b9e97c47a7a297" member_type: VOTER last_known_addr { host: "127.29.159.1" port: 44575 } } peers { permanent_uuid: "deaa5a08a07a4c8cac7bacc924b814cd" member_type: VOTER last_known_addr { host: "127.29.159.3" port: 40161 } }
I20260630 12:20:55.652714 31200 ts_tablet_manager.cc:1434] T 663bbe2f134f43cf9135ec07b1c47faa P 67332b411f2247e985b9e97c47a7a297: Time spent starting tablet: real 0.088s	user 0.006s	sys 0.001s
I20260630 12:20:55.653062 31204 leader_election.cc:290] T 09302f6d70e2441db4f3915d089f8ffe P deaa5a08a07a4c8cac7bacc924b814cd [CANDIDATE]: Term 1 pre-election: Requested pre-vote from peers 18aa2eca7b2a4ea28b8648fd74a26fc4 (127.29.159.2:34391), 67332b411f2247e985b9e97c47a7a297 (127.29.159.1:44575)
I20260630 12:20:55.637223 31004 tablet_service.cc:1917] Received RequestConsensusVote() RPC: tablet_id: "a9e1cd56419f4af783dce24ccf07ff25" candidate_uuid: "18aa2eca7b2a4ea28b8648fd74a26fc4" candidate_term: 1 candidate_status { last_received { term: 0 index: 0 } } ignore_live_leader: false dest_uuid: "67332b411f2247e985b9e97c47a7a297" is_pre_election: true
