I20260630 12:22:05.372236 29317 raft_consensus.cc:2468] T cf60673a08e842718ebc012960acd79f P 1afb9c0d0a204622b7c08c426cf3a00b [term 0 FOLLOWER]: Leader pre-election vote request: Granting yes vote for candidate cd0377ad1a814f8a9d813f55c0da5911 in term 0.
I20260630 12:22:05.373131 29208 leader_election.cc:304] T cf60673a08e842718ebc012960acd79f P cd0377ad1a814f8a9d813f55c0da5911 [CANDIDATE]: Term 1 pre-election: Election decided. Result: candidate won. Election summary: received 2 responses out of 3 voters: 2 yes votes; 0 no votes. yes voters: 358cbf481c194ac691864e191a84b44c, cd0377ad1a814f8a9d813f55c0da5911; no voters: 
I20260630 12:22:05.373817 29368 raft_consensus.cc:2804] T cf60673a08e842718ebc012960acd79f P cd0377ad1a814f8a9d813f55c0da5911 [term 0 FOLLOWER]: Leader pre-election won for term 1
I20260630 12:22:05.374130 29368 raft_consensus.cc:493] T cf60673a08e842718ebc012960acd79f P cd0377ad1a814f8a9d813f55c0da5911 [term 0 FOLLOWER]: Starting leader election (no leader contacted us within the election timeout)
I20260630 12:22:05.374387 29368 raft_consensus.cc:3060] T cf60673a08e842718ebc012960acd79f P cd0377ad1a814f8a9d813f55c0da5911 [term 0 FOLLOWER]: Advancing to term 1
I20260630 12:22:05.379092 29368 raft_consensus.cc:515] T cf60673a08e842718ebc012960acd79f P cd0377ad1a814f8a9d813f55c0da5911 [term 1 FOLLOWER]: Starting leader election with config: opid_index: -1 OBSOLETE_local: false peers { permanent_uuid: "358cbf481c194ac691864e191a84b44c" member_type: VOTER last_known_addr { host: "127.25.229.193" port: 45015 } } peers { permanent_uuid: "cd0377ad1a814f8a9d813f55c0da5911" member_type: VOTER last_known_addr { host: "127.25.229.194" port: 33121 } } peers { permanent_uuid: "1afb9c0d0a204622b7c08c426cf3a00b" member_type: VOTER last_known_addr { host: "127.25.229.195" port: 37785 } }
I20260630 12:22:05.380828 29368 leader_election.cc:290] T cf60673a08e842718ebc012960acd79f P cd0377ad1a814f8a9d813f55c0da5911 [CANDIDATE]: Term 1 election: Requested vote from peers 358cbf481c194ac691864e191a84b44c (127.25.229.193:45015), 1afb9c0d0a204622b7c08c426cf3a00b (127.25.229.195:37785)
I20260630 12:22:05.381785 29167 tablet_service.cc:1917] Received RequestConsensusVote() RPC: tablet_id: "cf60673a08e842718ebc012960acd79f" candidate_uuid: "cd0377ad1a814f8a9d813f55c0da5911" candidate_term: 1 candidate_status { last_received { term: 0 index: 0 } } ignore_live_leader: false dest_uuid: "358cbf481c194ac691864e191a84b44c"
I20260630 12:22:05.382058 29317 tablet_service.cc:1917] Received RequestConsensusVote() RPC: tablet_id: "cf60673a08e842718ebc012960acd79f" candidate_uuid: "cd0377ad1a814f8a9d813f55c0da5911" candidate_term: 1 candidate_status { last_received { term: 0 index: 0 } } ignore_live_leader: false dest_uuid: "1afb9c0d0a204622b7c08c426cf3a00b"
I20260630 12:22:05.382391 29167 raft_consensus.cc:3060] T cf60673a08e842718ebc012960acd79f P 358cbf481c194ac691864e191a84b44c [term 0 FOLLOWER]: Advancing to term 1
I20260630 12:22:05.382685 29317 raft_consensus.cc:3060] T cf60673a08e842718ebc012960acd79f P 1afb9c0d0a204622b7c08c426cf3a00b [term 0 FOLLOWER]: Advancing to term 1
I20260630 12:22:05.388762 29317 raft_consensus.cc:2468] T cf60673a08e842718ebc012960acd79f P 1afb9c0d0a204622b7c08c426cf3a00b [term 1 FOLLOWER]: Leader election vote request: Granting yes vote for candidate cd0377ad1a814f8a9d813f55c0da5911 in term 1.
I20260630 12:22:05.389904 29167 raft_consensus.cc:2468] T cf60673a08e842718ebc012960acd79f P 358cbf481c194ac691864e191a84b44c [term 1 FOLLOWER]: Leader election vote request: Granting yes vote for candidate cd0377ad1a814f8a9d813f55c0da5911 in term 1.
I20260630 12:22:05.390282 29208 leader_election.cc:304] T cf60673a08e842718ebc012960acd79f P cd0377ad1a814f8a9d813f55c0da5911 [CANDIDATE]: Term 1 election: Election decided. Result: candidate won. Election summary: received 2 responses out of 3 voters: 2 yes votes; 0 no votes. yes voters: 1afb9c0d0a204622b7c08c426cf3a00b, cd0377ad1a814f8a9d813f55c0da5911; no voters: 
I20260630 12:22:05.391405 29368 raft_consensus.cc:2804] T cf60673a08e842718ebc012960acd79f P cd0377ad1a814f8a9d813f55c0da5911 [term 1 FOLLOWER]: Leader election won for term 1
I20260630 12:22:05.392127 29368 raft_consensus.cc:697] T cf60673a08e842718ebc012960acd79f P cd0377ad1a814f8a9d813f55c0da5911 [term 1 LEADER]: Becoming Leader. State: Replica: cd0377ad1a814f8a9d813f55c0da5911, State: Running, Role: LEADER
I20260630 12:22:05.393074 29368 consensus_queue.cc:237] T cf60673a08e842718ebc012960acd79f P cd0377ad1a814f8a9d813f55c0da5911 [LEADER]: Queue going to LEADER mode. State: All replicated index: 0, Majority replicated index: 0, Committed index: 0, Last appended: 0.0, Last appended by leader: 0, Current term: 1, Majority size: 2, State: 0, Mode: LEADER, active raft config: opid_index: -1 OBSOLETE_local: false peers { permanent_uuid: "358cbf481c194ac691864e191a84b44c" member_type: VOTER last_known_addr { host: "127.25.229.193" port: 45015 } } peers { permanent_uuid: "cd0377ad1a814f8a9d813f55c0da5911" member_type: VOTER last_known_addr { host: "127.25.229.194" port: 33121 } } peers { permanent_uuid: "1afb9c0d0a204622b7c08c426cf3a00b" member_type: VOTER last_known_addr { host: "127.25.229.195" port: 37785 } }
I20260630 12:22:05.400667 29066 catalog_manager.cc:5697] T cf60673a08e842718ebc012960acd79f P cd0377ad1a814f8a9d813f55c0da5911 reported cstate change: term changed from 0 to 1, leader changed from <none> to cd0377ad1a814f8a9d813f55c0da5911 (127.25.229.194). New cstate: current_term: 1 leader_uuid: "cd0377ad1a814f8a9d813f55c0da5911" committed_config { opid_index: -1 OBSOLETE_local: false peers { permanent_uuid: "358cbf481c194ac691864e191a84b44c" member_type: VOTER last_known_addr { host: "127.25.229.193" port: 45015 } health_report { overall_health: UNKNOWN } } peers { permanent_uuid: "cd0377ad1a814f8a9d813f55c0da5911" member_type: VOTER last_known_addr { host: "127.25.229.194" port: 33121 } health_report { overall_health: HEALTHY } } peers { permanent_uuid: "1afb9c0d0a204622b7c08c426cf3a00b" member_type: VOTER last_known_addr { host: "127.25.229.195" port: 37785 } health_report { overall_health: UNKNOWN } } }
I20260630 12:22:05.405550 29369 raft_consensus.cc:493] T 81aa8409b7b04f0c86360efbb1bc73f5 P 1afb9c0d0a204622b7c08c426cf3a00b [term 0 FOLLOWER]: Starting pre-election (no leader contacted us within the election timeout)
I20260630 12:22:05.406140 29369 raft_consensus.cc:515] T 81aa8409b7b04f0c86360efbb1bc73f5 P 1afb9c0d0a204622b7c08c426cf3a00b [term 0 FOLLOWER]: Starting pre-election with config: opid_index: -1 OBSOLETE_local: false peers { permanent_uuid: "358cbf481c194ac691864e191a84b44c" member_type: VOTER last_known_addr { host: "127.25.229.193" port: 45015 } } peers { permanent_uuid: "cd0377ad1a814f8a9d813f55c0da5911" member_type: VOTER last_known_addr { host: "127.25.229.194" port: 33121 } } peers { permanent_uuid: "1afb9c0d0a204622b7c08c426cf3a00b" member_type: VOTER last_known_addr { host: "127.25.229.195" port: 37785 } }
I20260630 12:22:05.407984 29369 leader_election.cc:290] T 81aa8409b7b04f0c86360efbb1bc73f5 P 1afb9c0d0a204622b7c08c426cf3a00b [CANDIDATE]: Term 1 pre-election: Requested pre-vote from peers 358cbf481c194ac691864e191a84b44c (127.25.229.193:45015), cd0377ad1a814f8a9d813f55c0da5911 (127.25.229.194:33121)
I20260630 12:22:05.408880 29167 tablet_service.cc:1917] Received RequestConsensusVote() RPC: tablet_id: "81aa8409b7b04f0c86360efbb1bc73f5" candidate_uuid: "1afb9c0d0a204622b7c08c426cf3a00b" candidate_term: 1 candidate_status { last_received { term: 0 index: 0 } } ignore_live_leader: false dest_uuid: "358cbf481c194ac691864e191a84b44c" is_pre_election: true
I20260630 12:22:05.409168 29243 tablet_service.cc:1917] Received RequestConsensusVote() RPC: tablet_id: "81aa8409b7b04f0c86360efbb1bc73f5" candidate_uuid: "1afb9c0d0a204622b7c08c426cf3a00b" candidate_term: 1 candidate_status { last_received { term: 0 index: 0 } } ignore_live_leader: false dest_uuid: "cd0377ad1a814f8a9d813f55c0da5911" is_pre_election: true
I20260630 12:22:05.409518 29167 raft_consensus.cc:2468] T 81aa8409b7b04f0c86360efbb1bc73f5 P 358cbf481c194ac691864e191a84b44c [term 0 FOLLOWER]: Leader pre-election vote request: Granting yes vote for candidate 1afb9c0d0a204622b7c08c426cf3a00b in term 0.
I20260630 12:22:05.409858 29243 raft_consensus.cc:2468] T 81aa8409b7b04f0c86360efbb1bc73f5 P cd0377ad1a814f8a9d813f55c0da5911 [term 0 FOLLOWER]: Leader pre-election vote request: Granting yes vote for candidate 1afb9c0d0a204622b7c08c426cf3a00b in term 0.
I20260630 12:22:05.410629 29282 leader_election.cc:304] T 81aa8409b7b04f0c86360efbb1bc73f5 P 1afb9c0d0a204622b7c08c426cf3a00b [CANDIDATE]: Term 1 pre-election: Election decided. Result: candidate won. Election summary: received 2 responses out of 3 voters: 2 yes votes; 0 no votes. yes voters: 1afb9c0d0a204622b7c08c426cf3a00b, 358cbf481c194ac691864e191a84b44c; no voters: 
I20260630 12:22:05.411414 29369 raft_consensus.cc:2804] T 81aa8409b7b04f0c86360efbb1bc73f5 P 1afb9c0d0a204622b7c08c426cf3a00b [term 0 FOLLOWER]: Leader pre-election won for term 1
I20260630 12:22:05.411780 29369 raft_consensus.cc:493] T 81aa8409b7b04f0c86360efbb1bc73f5 P 1afb9c0d0a204622b7c08c426cf3a00b [term 0 FOLLOWER]: Starting leader election (no leader contacted us within the election timeout)
I20260630 12:22:05.412092 29369 raft_consensus.cc:3060] T 81aa8409b7b04f0c86360efbb1bc73f5 P 1afb9c0d0a204622b7c08c426cf3a00b [term 0 FOLLOWER]: Advancing to term 1
I20260630 12:22:05.417062 29369 raft_consensus.cc:515] T 81aa8409b7b04f0c86360efbb1bc73f5 P 1afb9c0d0a204622b7c08c426cf3a00b [term 1 FOLLOWER]: Starting leader election with config: opid_index: -1 OBSOLETE_local: false peers { permanent_uuid: "358cbf481c194ac691864e191a84b44c" member_type: VOTER last_known_addr { host: "127.25.229.193" port: 45015 } } peers { permanent_uuid: "cd0377ad1a814f8a9d813f55c0da5911" member_type: VOTER last_known_addr { host: "127.25.229.194" port: 33121 } } peers { permanent_uuid: "1afb9c0d0a204622b7c08c426cf3a00b" member_type: VOTER last_known_addr { host: "127.25.229.195" port: 37785 } }
I20260630 12:22:05.418841 29369 leader_election.cc:290] T 81aa8409b7b04f0c86360efbb1bc73f5 P 1afb9c0d0a204622b7c08c426cf3a00b [CANDIDATE]: Term 1 election: Requested vote from peers 358cbf481c194ac691864e191a84b44c (127.25.229.193:45015), cd0377ad1a814f8a9d813f55c0da5911 (127.25.229.194:33121)
I20260630 12:22:05.420342 29243 tablet_service.cc:1917] Received RequestConsensusVote() RPC: tablet_id: "81aa8409b7b04f0c86360efbb1bc73f5" candidate_uuid: "1afb9c0d0a204622b7c08c426cf3a00b" candidate_term: 1 candidate_status { last_received { term: 0 index: 0 } } ignore_live_leader: false dest_uuid: "cd0377ad1a814f8a9d813f55c0da5911"
I20260630 12:22:05.420246 29167 tablet_service.cc:1917] Received RequestConsensusVote() RPC: tablet_id: "81aa8409b7b04f0c86360efbb1bc73f5" candidate_uuid: "1afb9c0d0a204622b7c08c426cf3a00b" candidate_term: 1 candidate_status { last_received { term: 0 index: 0 } } ignore_live_leader: false dest_uuid: "358cbf481c194ac691864e191a84b44c"
W20260630 12:22:05.421027 29114 auto_rebalancer.cc:298] Could not retrieve cluster info: Service unavailable: Tablet not running
I20260630 12:22:05.421129 29243 raft_consensus.cc:3060] T 81aa8409b7b04f0c86360efbb1bc73f5 P cd0377ad1a814f8a9d813f55c0da5911 [term 0 FOLLOWER]: Advancing to term 1
I20260630 12:22:05.421164 29167 raft_consensus.cc:3060] T 81aa8409b7b04f0c86360efbb1bc73f5 P 358cbf481c194ac691864e191a84b44c [term 0 FOLLOWER]: Advancing to term 1
I20260630 12:22:05.422024 29119 auto_leader_rebalancer.cc:141] leader rebalance for table range_aware_auto_rebalancer_test
W20260630 12:22:05.423570 29119 auto_leader_rebalancer.cc:524] the master instance isn't leader: Service unavailable: Tablet not running
I20260630 12:22:05.428876 29243 raft_consensus.cc:2468] T 81aa8409b7b04f0c86360efbb1bc73f5 P cd0377ad1a814f8a9d813f55c0da5911 [term 1 FOLLOWER]: Leader election vote request: Granting yes vote for candidate 1afb9c0d0a204622b7c08c426cf3a00b in term 1.
I20260630 12:22:05.428894 29167 raft_consensus.cc:2468] T 81aa8409b7b04f0c86360efbb1bc73f5 P 358cbf481c194ac691864e191a84b44c [term 1 FOLLOWER]: Leader election vote request: Granting yes vote for candidate 1afb9c0d0a204622b7c08c426cf3a00b in term 1.
I20260630 12:22:05.430459 29282 leader_election.cc:304] T 81aa8409b7b04f0c86360efbb1bc73f5 P 1afb9c0d0a204622b7c08c426cf3a00b [CANDIDATE]: Term 1 election: Election decided. Result: candidate won. Election summary: received 2 responses out of 3 voters: 2 yes votes; 0 no votes. yes voters: 1afb9c0d0a204622b7c08c426cf3a00b, 358cbf481c194ac691864e191a84b44c; no voters: 
I20260630 12:22:05.431485 29369 raft_consensus.cc:2804] T 81aa8409b7b04f0c86360efbb1bc73f5 P 1afb9c0d0a204622b7c08c426cf3a00b [term 1 FOLLOWER]: Leader election won for term 1
I20260630 12:22:05.432004 29369 raft_consensus.cc:697] T 81aa8409b7b04f0c86360efbb1bc73f5 P 1afb9c0d0a204622b7c08c426cf3a00b [term 1 LEADER]: Becoming Leader. State: Replica: 1afb9c0d0a204622b7c08c426cf3a00b, State: Running, Role: LEADER
I20260630 12:22:05.432912 29369 consensus_queue.cc:237] T 81aa8409b7b04f0c86360efbb1bc73f5 P 1afb9c0d0a204622b7c08c426cf3a00b [LEADER]: Queue going to LEADER mode. State: All replicated index: 0, Majority replicated index: 0, Committed index: 0, Last appended: 0.0, Last appended by leader: 0, Current term: 1, Majority size: 2, State: 0, Mode: LEADER, active raft config: opid_index: -1 OBSOLETE_local: false peers { permanent_uuid: "358cbf481c194ac691864e191a84b44c" member_type: VOTER last_known_addr { host: "127.25.229.193" port: 45015 } } peers { permanent_uuid: "cd0377ad1a814f8a9d813f55c0da5911" member_type: VOTER last_known_addr { host: "127.25.229.194" port: 33121 } } peers { permanent_uuid: "1afb9c0d0a204622b7c08c426cf3a00b" member_type: VOTER last_known_addr { host: "127.25.229.195" port: 37785 } }
I20260630 12:22:05.439742 29066 catalog_manager.cc:5697] T 81aa8409b7b04f0c86360efbb1bc73f5 P 1afb9c0d0a204622b7c08c426cf3a00b reported cstate change: term changed from 0 to 1, leader changed from <none> to 1afb9c0d0a204622b7c08c426cf3a00b (127.25.229.195). New cstate: current_term: 1 leader_uuid: "1afb9c0d0a204622b7c08c426cf3a00b" committed_config { opid_index: -1 OBSOLETE_local: false peers { permanent_uuid: "358cbf481c194ac691864e191a84b44c" member_type: VOTER last_known_addr { host: "127.25.229.193" port: 45015 } health_report { overall_health: UNKNOWN } } peers { permanent_uuid: "cd0377ad1a814f8a9d813f55c0da5911" member_type: VOTER last_known_addr { host: "127.25.229.194" port: 33121 } health_report { overall_health: UNKNOWN } } peers { permanent_uuid: "1afb9c0d0a204622b7c08c426cf3a00b" member_type: VOTER last_known_addr { host: "127.25.229.195" port: 37785 } health_report { overall_health: HEALTHY } } }
I20260630 12:22:05.559060 26519 tablet_server.cc:179] TabletServer@127.25.229.193:0 shutting down...
I20260630 12:22:05.583814 26519 ts_tablet_manager.cc:1507] Shutting down tablet manager...
I20260630 12:22:05.584981 26519 tablet_replica.cc:333] T cf60673a08e842718ebc012960acd79f P 358cbf481c194ac691864e191a84b44c: stopping tablet replica
I20260630 12:22:05.585619 26519 raft_consensus.cc:2243] T cf60673a08e842718ebc012960acd79f P 358cbf481c194ac691864e191a84b44c [term 1 FOLLOWER]: Raft consensus shutting down.
I20260630 12:22:05.586030 26519 raft_consensus.cc:2272] T cf60673a08e842718ebc012960acd79f P 358cbf481c194ac691864e191a84b44c [term 1 FOLLOWER]: Raft consensus is shut down!
I20260630 12:22:05.587888 26519 tablet_replica.cc:333] T 81aa8409b7b04f0c86360efbb1bc73f5 P 358cbf481c194ac691864e191a84b44c: stopping tablet replica
I20260630 12:22:05.588423 26519 raft_consensus.cc:2243] T 81aa8409b7b04f0c86360efbb1bc73f5 P 358cbf481c194ac691864e191a84b44c [term 1 FOLLOWER]: Raft consensus shutting down.
I20260630 12:22:05.588893 26519 raft_consensus.cc:2272] T 81aa8409b7b04f0c86360efbb1bc73f5 P 358cbf481c194ac691864e191a84b44c [term 1 FOLLOWER]: Raft consensus is shut down!
I20260630 12:22:05.590718 26519 tablet_replica.cc:333] T 87c59248da0d4bc6a39ae85ec91e8795 P 358cbf481c194ac691864e191a84b44c: stopping tablet replica
I20260630 12:22:05.591223 26519 raft_consensus.cc:2243] T 87c59248da0d4bc6a39ae85ec91e8795 P 358cbf481c194ac691864e191a84b44c [term 0 FOLLOWER]: Raft consensus shutting down.
I20260630 12:22:05.591598 26519 raft_consensus.cc:2272] T 87c59248da0d4bc6a39ae85ec91e8795 P 358cbf481c194ac691864e191a84b44c [term 0 FOLLOWER]: Raft consensus is shut down!
I20260630 12:22:05.593566 26519 tablet_replica.cc:333] T 38885c05430743fb9c9d417ba74505fc P 358cbf481c194ac691864e191a84b44c: stopping tablet replica
I20260630 12:22:05.594045 26519 raft_consensus.cc:2243] T 38885c05430743fb9c9d417ba74505fc P 358cbf481c194ac691864e191a84b44c [term 1 FOLLOWER]: Raft consensus shutting down.
I20260630 12:22:05.594470 26519 raft_consensus.cc:2272] T 38885c05430743fb9c9d417ba74505fc P 358cbf481c194ac691864e191a84b44c [term 1 FOLLOWER]: Raft consensus is shut down!
I20260630 12:22:05.618048 26519 tablet_server.cc:196] TabletServer@127.25.229.193:0 shutdown complete.
I20260630 12:22:05.631069 26519 tablet_server.cc:179] TabletServer@127.25.229.194:0 shutting down...
I20260630 12:22:05.653415 26519 ts_tablet_manager.cc:1507] Shutting down tablet manager...
I20260630 12:22:05.654642 26519 tablet_replica.cc:333] T 81aa8409b7b04f0c86360efbb1bc73f5 P cd0377ad1a814f8a9d813f55c0da5911: stopping tablet replica
I20260630 12:22:05.655349 26519 raft_consensus.cc:2243] T 81aa8409b7b04f0c86360efbb1bc73f5 P cd0377ad1a814f8a9d813f55c0da5911 [term 1 FOLLOWER]: Raft consensus shutting down.
I20260630 12:22:05.655939 26519 raft_consensus.cc:2272] T 81aa8409b7b04f0c86360efbb1bc73f5 P cd0377ad1a814f8a9d813f55c0da5911 [term 1 FOLLOWER]: Raft consensus is shut down!
I20260630 12:22:05.658923 26519 tablet_replica.cc:333] T cf60673a08e842718ebc012960acd79f P cd0377ad1a814f8a9d813f55c0da5911: stopping tablet replica
I20260630 12:22:05.659560 26519 raft_consensus.cc:2243] T cf60673a08e842718ebc012960acd79f P cd0377ad1a814f8a9d813f55c0da5911 [term 1 LEADER]: Raft consensus shutting down.
I20260630 12:22:05.660178 26519 pending_rounds.cc:70] T cf60673a08e842718ebc012960acd79f P cd0377ad1a814f8a9d813f55c0da5911: Trying to abort 1 pending ops.
I20260630 12:22:05.660449 26519 pending_rounds.cc:77] T cf60673a08e842718ebc012960acd79f P cd0377ad1a814f8a9d813f55c0da5911: Aborting op as it isn't in flight: id { term: 1 index: 1 } timestamp: 7302439425617113088 op_type: NO_OP noop_request { }
I20260630 12:22:05.660882 26519 raft_consensus.cc:2889] T cf60673a08e842718ebc012960acd79f P cd0377ad1a814f8a9d813f55c0da5911 [term 1 LEADER]: NO_OP replication failed: Aborted: Op aborted
I20260630 12:22:05.661194 26519 raft_consensus.cc:2272] T cf60673a08e842718ebc012960acd79f P cd0377ad1a814f8a9d813f55c0da5911 [term 1 FOLLOWER]: Raft consensus is shut down!
I20260630 12:22:05.663376 26519 tablet_replica.cc:333] T 38885c05430743fb9c9d417ba74505fc P cd0377ad1a814f8a9d813f55c0da5911: stopping tablet replica
I20260630 12:22:05.663892 26519 raft_consensus.cc:2243] T 38885c05430743fb9c9d417ba74505fc P cd0377ad1a814f8a9d813f55c0da5911 [term 1 LEADER]: Raft consensus shutting down.
I20260630 12:22:05.664597 26519 pending_rounds.cc:70] T 38885c05430743fb9c9d417ba74505fc P cd0377ad1a814f8a9d813f55c0da5911: Trying to abort 1 pending ops.
I20260630 12:22:05.664885 26519 pending_rounds.cc:77] T 38885c05430743fb9c9d417ba74505fc P cd0377ad1a814f8a9d813f55c0da5911: Aborting op as it isn't in flight: id { term: 1 index: 1 } timestamp: 7302439425403949056 op_type: NO_OP noop_request { }
I20260630 12:22:05.665222 26519 raft_consensus.cc:2889] T 38885c05430743fb9c9d417ba74505fc P cd0377ad1a814f8a9d813f55c0da5911 [term 1 LEADER]: NO_OP replication failed: Aborted: Op aborted
I20260630 12:22:05.665530 26519 raft_consensus.cc:2272] T 38885c05430743fb9c9d417ba74505fc P cd0377ad1a814f8a9d813f55c0da5911 [term 1 FOLLOWER]: Raft consensus is shut down!
I20260630 12:22:05.667712 26519 tablet_replica.cc:333] T 87c59248da0d4bc6a39ae85ec91e8795 P cd0377ad1a814f8a9d813f55c0da5911: stopping tablet replica
I20260630 12:22:05.668257 26519 raft_consensus.cc:2243] T 87c59248da0d4bc6a39ae85ec91e8795 P cd0377ad1a814f8a9d813f55c0da5911 [term 1 FOLLOWER]: Raft consensus shutting down.
I20260630 12:22:05.668676 26519 raft_consensus.cc:2272] T 87c59248da0d4bc6a39ae85ec91e8795 P cd0377ad1a814f8a9d813f55c0da5911 [term 1 FOLLOWER]: Raft consensus is shut down!
I20260630 12:22:05.691745 26519 tablet_server.cc:196] TabletServer@127.25.229.194:0 shutdown complete.
I20260630 12:22:05.705482 26519 tablet_server.cc:179] TabletServer@127.25.229.195:0 shutting down...
W20260630 12:22:05.719482 29282 proxy.cc:239] Call had error, refreshing address and retrying: Network error: Client connection negotiation failed: client connection to 127.25.229.193:45015: connect: Connection refused (error 111) [suppressed 6 similar messages]
W20260630 12:22:05.725356 29282 consensus_peers.cc:597] T 87c59248da0d4bc6a39ae85ec91e8795 P 1afb9c0d0a204622b7c08c426cf3a00b -> Peer 358cbf481c194ac691864e191a84b44c (127.25.229.193:45015): Couldn't send request to peer 358cbf481c194ac691864e191a84b44c. Status: Network error: Client connection negotiation failed: client connection to 127.25.229.193:45015: connect: Connection refused (error 111). This is attempt 1: this message will repeat every 5th retry.
I20260630 12:22:05.732272 26519 ts_tablet_manager.cc:1507] Shutting down tablet manager...
I20260630 12:22:05.733562 26519 tablet_replica.cc:333] T 38885c05430743fb9c9d417ba74505fc P 1afb9c0d0a204622b7c08c426cf3a00b: stopping tablet replica
I20260630 12:22:05.734302 26519 raft_consensus.cc:2243] T 38885c05430743fb9c9d417ba74505fc P 1afb9c0d0a204622b7c08c426cf3a00b [term 1 FOLLOWER]: Raft consensus shutting down.
I20260630 12:22:05.734781 26519 raft_consensus.cc:2272] T 38885c05430743fb9c9d417ba74505fc P 1afb9c0d0a204622b7c08c426cf3a00b [term 1 FOLLOWER]: Raft consensus is shut down!
I20260630 12:22:05.736677 26519 tablet_replica.cc:333] T 87c59248da0d4bc6a39ae85ec91e8795 P 1afb9c0d0a204622b7c08c426cf3a00b: stopping tablet replica
I20260630 12:22:05.737303 26519 raft_consensus.cc:2243] T 87c59248da0d4bc6a39ae85ec91e8795 P 1afb9c0d0a204622b7c08c426cf3a00b [term 1 LEADER]: Raft consensus shutting down.
I20260630 12:22:05.738020 26519 pending_rounds.cc:70] T 87c59248da0d4bc6a39ae85ec91e8795 P 1afb9c0d0a204622b7c08c426cf3a00b: Trying to abort 1 pending ops.
I20260630 12:22:05.738210 26519 pending_rounds.cc:77] T 87c59248da0d4bc6a39ae85ec91e8795 P 1afb9c0d0a204622b7c08c426cf3a00b: Aborting op as it isn't in flight: id { term: 1 index: 1 } timestamp: 7302439425066598400 op_type: NO_OP noop_request { }
I20260630 12:22:05.738544 26519 raft_consensus.cc:2889] T 87c59248da0d4bc6a39ae85ec91e8795 P 1afb9c0d0a204622b7c08c426cf3a00b [term 1 LEADER]: NO_OP replication failed: Aborted: Op aborted
I20260630 12:22:05.738857 26519 raft_consensus.cc:2272] T 87c59248da0d4bc6a39ae85ec91e8795 P 1afb9c0d0a204622b7c08c426cf3a00b [term 1 FOLLOWER]: Raft consensus is shut down!
I20260630 12:22:05.741593 26519 tablet_replica.cc:333] T cf60673a08e842718ebc012960acd79f P 1afb9c0d0a204622b7c08c426cf3a00b: stopping tablet replica
I20260630 12:22:05.742182 26519 raft_consensus.cc:2243] T cf60673a08e842718ebc012960acd79f P 1afb9c0d0a204622b7c08c426cf3a00b [term 1 FOLLOWER]: Raft consensus shutting down.
I20260630 12:22:05.742604 26519 raft_consensus.cc:2272] T cf60673a08e842718ebc012960acd79f P 1afb9c0d0a204622b7c08c426cf3a00b [term 1 FOLLOWER]: Raft consensus is shut down!
I20260630 12:22:05.744369 26519 tablet_replica.cc:333] T 81aa8409b7b04f0c86360efbb1bc73f5 P 1afb9c0d0a204622b7c08c426cf3a00b: stopping tablet replica
I20260630 12:22:05.745003 26519 raft_consensus.cc:2243] T 81aa8409b7b04f0c86360efbb1bc73f5 P 1afb9c0d0a204622b7c08c426cf3a00b [term 1 LEADER]: Raft consensus shutting down.
I20260630 12:22:05.745636 26519 pending_rounds.cc:70] T 81aa8409b7b04f0c86360efbb1bc73f5 P 1afb9c0d0a204622b7c08c426cf3a00b: Trying to abort 1 pending ops.
I20260630 12:22:05.745852 26519 pending_rounds.cc:77] T 81aa8409b7b04f0c86360efbb1bc73f5 P 1afb9c0d0a204622b7c08c426cf3a00b: Aborting op as it isn't in flight: id { term: 1 index: 1 } timestamp: 7302439425780547584 op_type: NO_OP noop_request { }
I20260630 12:22:05.746158 26519 raft_consensus.cc:2889] T 81aa8409b7b04f0c86360efbb1bc73f5 P 1afb9c0d0a204622b7c08c426cf3a00b [term 1 LEADER]: NO_OP replication failed: Aborted: Op aborted
I20260630 12:22:05.746448 26519 raft_consensus.cc:2272] T 81aa8409b7b04f0c86360efbb1bc73f5 P 1afb9c0d0a204622b7c08c426cf3a00b [term 1 FOLLOWER]: Raft consensus is shut down!
I20260630 12:22:05.771327 26519 tablet_server.cc:196] TabletServer@127.25.229.195:0 shutdown complete.
I20260630 12:22:05.786151 26519 master.cc:562] Master@127.25.229.254:33235 shutting down...
I20260630 12:22:05.813476 26519 raft_consensus.cc:2243] T 00000000000000000000000000000000 P 96e3277a1c6e457d82e293a812cf7df3 [term 1 LEADER]: Raft consensus shutting down.
I20260630 12:22:05.813989 26519 raft_consensus.cc:2272] T 00000000000000000000000000000000 P 96e3277a1c6e457d82e293a812cf7df3 [term 1 FOLLOWER]: Raft consensus is shut down!
I20260630 12:22:05.814283 26519 tablet_replica.cc:333] T 00000000000000000000000000000000 P 96e3277a1c6e457d82e293a812cf7df3: stopping tablet replica
I20260630 12:22:05.826187 26519 master.cc:584] Master@127.25.229.254:33235 shutdown complete.
[       OK ] AutoRebalancerTest.RangeAwareBuildClusterInfoGroupsByRange (2624 ms)
[ RUN      ] AutoRebalancerTest.RangeAwareRebalancesNewRangeReplicas
I20260630 12:22:05.874639 26519 internal_mini_cluster.cc:156] Creating distributed mini masters. Addrs: 127.25.229.254:34771
I20260630 12:22:05.875809 26519 file_cache.cc:492] Constructed file cache file cache with capacity 419430
W20260630 12:22:05.881790 29393 instance_detector.cc:116] could not retrieve Azure instance metadata: Network error: curl error: HTTP response code said error: The requested URL returned error: 404
W20260630 12:22:05.881779 29392 instance_detector.cc:116] could not retrieve AWS instance metadata: Network error: curl error: HTTP response code said error: The requested URL returned error: 404
W20260630 12:22:05.883337 29395 instance_detector.cc:116] could not retrieve OpenStack instance metadata: Network error: curl error: HTTP response code said error: The requested URL returned error: 404
I20260630 12:22:05.884482 26519 server_base.cc:1061] running on GCE node
I20260630 12:22:05.885608 26519 hybrid_clock.cc:584] initializing the hybrid clock with 'system_unsync' time source
W20260630 12:22:05.885807 26519 system_unsync_time.cc:38] NTP support is disabled. Clock error bounds will not be accurate. This configuration is not suitable for distributed clusters.
I20260630 12:22:05.885927 26519 hybrid_clock.cc:648] HybridClock initialized: now 1782822125885915 us; error 0 us; skew 500 ppm
I20260630 12:22:05.886420 26519 server_base.cc:861] Flag tcmalloc_max_total_thread_cache_bytes is not working since tcmalloc is not enabled.
I20260630 12:22:05.889467 26519 webserver.cc:533] Webserver started at http://127.25.229.254:45757/ using document root <none> and password file <none>
I20260630 12:22:05.890141 26519 fs_manager.cc:362] Metadata directory not provided
I20260630 12:22:05.890326 26519 fs_manager.cc:368] Using write-ahead log directory (fs_wal_dir) as metadata directory
I20260630 12:22:05.890554 26519 server_base.cc:909] This appears to be a new deployment of Kudu; creating new FS layout
I20260630 12:22:05.891656 26519 fs_manager.cc:1068] Generated new instance metadata in path /tmp/dist-test-taskBD0TeN/test-tmp/auto_rebalancer-test.0.AutoRebalancerTest.RangeAwareRebalancesNewRangeReplicas.1782822043704491-26519-0/minicluster-data/master-0-root/instance:
uuid: "51db0151a6354ca7bb0d121597d6cfa0"
format_stamp: "Formatted at 2026-06-30 12:22:05 on dist-test-slave-w8xb"
I20260630 12:22:05.896351 26519 fs_manager.cc:696] Time spent creating directory manager: real 0.004s	user 0.006s	sys 0.000s
I20260630 12:22:05.900202 29400 log_block_manager.cc:4031] Time spent loading block containers with low live blocks: real 0.000s	user 0.000s	sys 0.000s
I20260630 12:22:05.901134 26519 fs_manager.cc:730] Time spent opening block manager: real 0.003s	user 0.003s	sys 0.000s
I20260630 12:22:05.901446 26519 fs_manager.cc:647] Opened local filesystem: /tmp/dist-test-taskBD0TeN/test-tmp/auto_rebalancer-test.0.AutoRebalancerTest.RangeAwareRebalancesNewRangeReplicas.1782822043704491-26519-0/minicluster-data/master-0-root
uuid: "51db0151a6354ca7bb0d121597d6cfa0"
format_stamp: "Formatted at 2026-06-30 12:22:05 on dist-test-slave-w8xb"
I20260630 12:22:05.901757 26519 fs_report.cc:389] FS layout report
--------------------
wal directory: /tmp/dist-test-taskBD0TeN/test-tmp/auto_rebalancer-test.0.AutoRebalancerTest.RangeAwareRebalancesNewRangeReplicas.1782822043704491-26519-0/minicluster-data/master-0-root
metadata directory: /tmp/dist-test-taskBD0TeN/test-tmp/auto_rebalancer-test.0.AutoRebalancerTest.RangeAwareRebalancesNewRangeReplicas.1782822043704491-26519-0/minicluster-data/master-0-root
1 data directories: /tmp/dist-test-taskBD0TeN/test-tmp/auto_rebalancer-test.0.AutoRebalancerTest.RangeAwareRebalancesNewRangeReplicas.1782822043704491-26519-0/minicluster-data/master-0-root/data
Total live blocks: 0
Total live bytes: 0
Total live bytes (after alignment): 0
Total number of LBM containers: 0 (0 full)
Did not check for missing blocks
Did not check for orphaned blocks
Total full LBM containers with extra space: 0 (0 repaired)
Total full LBM container extra space in bytes: 0 (0 repaired)
Total incomplete LBM containers: 0 (0 repaired)
Total LBM partial records: 0 (0 repaired)
Total corrupted LBM metadata records in RocksDB: 0 (0 repaired)
I20260630 12:22:05.922116 26519 rpc_server.cc:225] running with OpenSSL 1.1.1  11 Sep 2018
I20260630 12:22:05.923411 26519 kserver.cc:163] Server-wide thread pool size limit: 3276
I20260630 12:22:05.967708 26519 rpc_server.cc:307] RPC server started. Bound to: 127.25.229.254:34771
I20260630 12:22:05.967819 29451 acceptor_pool.cc:272] collecting diagnostics on the listening RPC socket 127.25.229.254:34771 every 8 connection(s)
I20260630 12:22:05.972506 29452 data_dirs.cc:400] Could only allocate 1 dirs of requested 3 for tablet 00000000000000000000000000000000. 1 dirs total, 0 dirs full, 0 dirs failed
I20260630 12:22:05.986469 29452 tablet_bootstrap.cc:492] T 00000000000000000000000000000000 P 51db0151a6354ca7bb0d121597d6cfa0: Bootstrap starting.
I20260630 12:22:05.991357 29452 tablet_bootstrap.cc:654] T 00000000000000000000000000000000 P 51db0151a6354ca7bb0d121597d6cfa0: Neither blocks nor log segments found. Creating new log.
I20260630 12:22:05.996490 29452 tablet_bootstrap.cc:492] T 00000000000000000000000000000000 P 51db0151a6354ca7bb0d121597d6cfa0: No bootstrap required, opened a new log
I20260630 12:22:05.999179 29452 raft_consensus.cc:359] T 00000000000000000000000000000000 P 51db0151a6354ca7bb0d121597d6cfa0 [term 0 FOLLOWER]: Replica starting. Triggering 0 pending ops. Active config: opid_index: -1 OBSOLETE_local: true peers { permanent_uuid: "51db0151a6354ca7bb0d121597d6cfa0" member_type: VOTER }
I20260630 12:22:05.999646 29452 raft_consensus.cc:385] T 00000000000000000000000000000000 P 51db0151a6354ca7bb0d121597d6cfa0 [term 0 FOLLOWER]: Consensus starting up: Expiring failure detector timer to make a prompt election more likely
I20260630 12:22:05.999996 29452 raft_consensus.cc:740] T 00000000000000000000000000000000 P 51db0151a6354ca7bb0d121597d6cfa0 [term 0 FOLLOWER]: Becoming Follower/Learner. State: Replica: 51db0151a6354ca7bb0d121597d6cfa0, State: Initialized, Role: FOLLOWER
I20260630 12:22:06.000545 29452 consensus_queue.cc:260] T 00000000000000000000000000000000 P 51db0151a6354ca7bb0d121597d6cfa0 [NON_LEADER]: Queue going to NON_LEADER mode. State: All replicated index: 0, Majority replicated index: 0, Committed index: 0, Last appended: 0.0, Last appended by leader: 0, Current term: 0, Majority size: -1, State: 0, Mode: NON_LEADER, active raft config: opid_index: -1 OBSOLETE_local: true peers { permanent_uuid: "51db0151a6354ca7bb0d121597d6cfa0" member_type: VOTER }
I20260630 12:22:06.001010 29452 raft_consensus.cc:399] T 00000000000000000000000000000000 P 51db0151a6354ca7bb0d121597d6cfa0 [term 0 FOLLOWER]: Only one voter in the Raft config. Triggering election immediately
I20260630 12:22:06.001220 29452 raft_consensus.cc:493] T 00000000000000000000000000000000 P 51db0151a6354ca7bb0d121597d6cfa0 [term 0 FOLLOWER]: Starting leader election (initial election of a single-replica configuration)
I20260630 12:22:06.001425 29452 raft_consensus.cc:3060] T 00000000000000000000000000000000 P 51db0151a6354ca7bb0d121597d6cfa0 [term 0 FOLLOWER]: Advancing to term 1
I20260630 12:22:06.008056 29452 raft_consensus.cc:515] T 00000000000000000000000000000000 P 51db0151a6354ca7bb0d121597d6cfa0 [term 1 FOLLOWER]: Starting leader election with config: opid_index: -1 OBSOLETE_local: true peers { permanent_uuid: "51db0151a6354ca7bb0d121597d6cfa0" member_type: VOTER }
I20260630 12:22:06.008610 29452 leader_election.cc:304] T 00000000000000000000000000000000 P 51db0151a6354ca7bb0d121597d6cfa0 [CANDIDATE]: Term 1 election: Election decided. Result: candidate won. Election summary: received 1 responses out of 1 voters: 1 yes votes; 0 no votes. yes voters: 51db0151a6354ca7bb0d121597d6cfa0; no voters: 
I20260630 12:22:06.009845 29452 leader_election.cc:290] T 00000000000000000000000000000000 P 51db0151a6354ca7bb0d121597d6cfa0 [CANDIDATE]: Term 1 election: Requested vote from peers 
I20260630 12:22:06.010214 29455 raft_consensus.cc:2804] T 00000000000000000000000000000000 P 51db0151a6354ca7bb0d121597d6cfa0 [term 1 FOLLOWER]: Leader election won for term 1
I20260630 12:22:06.011618 29455 raft_consensus.cc:697] T 00000000000000000000000000000000 P 51db0151a6354ca7bb0d121597d6cfa0 [term 1 LEADER]: Becoming Leader. State: Replica: 51db0151a6354ca7bb0d121597d6cfa0, State: Running, Role: LEADER
I20260630 12:22:06.012238 29455 consensus_queue.cc:237] T 00000000000000000000000000000000 P 51db0151a6354ca7bb0d121597d6cfa0 [LEADER]: Queue going to LEADER mode. State: All replicated index: 0, Majority replicated index: 0, Committed index: 0, Last appended: 0.0, Last appended by leader: 0, Current term: 1, Majority size: 1, State: 0, Mode: LEADER, active raft config: opid_index: -1 OBSOLETE_local: true peers { permanent_uuid: "51db0151a6354ca7bb0d121597d6cfa0" member_type: VOTER }
I20260630 12:22:06.012847 29452 sys_catalog.cc:565] T 00000000000000000000000000000000 P 51db0151a6354ca7bb0d121597d6cfa0 [sys.catalog]: configured and running, proceeding with master startup.
I20260630 12:22:06.015832 29456 sys_catalog.cc:455] T 00000000000000000000000000000000 P 51db0151a6354ca7bb0d121597d6cfa0 [sys.catalog]: SysCatalogTable state changed. Reason: RaftConsensus started. Latest consensus state: current_term: 1 leader_uuid: "51db0151a6354ca7bb0d121597d6cfa0" committed_config { opid_index: -1 OBSOLETE_local: true peers { permanent_uuid: "51db0151a6354ca7bb0d121597d6cfa0" member_type: VOTER } }
I20260630 12:22:06.016011 29457 sys_catalog.cc:455] T 00000000000000000000000000000000 P 51db0151a6354ca7bb0d121597d6cfa0 [sys.catalog]: SysCatalogTable state changed. Reason: New leader 51db0151a6354ca7bb0d121597d6cfa0. Latest consensus state: current_term: 1 leader_uuid: "51db0151a6354ca7bb0d121597d6cfa0" committed_config { opid_index: -1 OBSOLETE_local: true peers { permanent_uuid: "51db0151a6354ca7bb0d121597d6cfa0" member_type: VOTER } }
I20260630 12:22:06.016597 29456 sys_catalog.cc:458] T 00000000000000000000000000000000 P 51db0151a6354ca7bb0d121597d6cfa0 [sys.catalog]: This master's current role is: LEADER
I20260630 12:22:06.016855 29457 sys_catalog.cc:458] T 00000000000000000000000000000000 P 51db0151a6354ca7bb0d121597d6cfa0 [sys.catalog]: This master's current role is: LEADER
I20260630 12:22:06.022207 29461 catalog_manager.cc:1511] Loading table and tablet metadata into memory...
I20260630 12:22:06.027849 29461 catalog_manager.cc:1520] Initializing Kudu cluster ID...
I20260630 12:22:06.031590 26519 internal_mini_cluster.cc:184] Waiting to initialize catalog manager on master 0
I20260630 12:22:06.038242 29461 catalog_manager.cc:1383] Generated new cluster ID: e84d15e1333243dcbba472ca862ebbfb
I20260630 12:22:06.038619 29461 catalog_manager.cc:1531] Initializing Kudu internal certificate authority...
I20260630 12:22:06.064105 29461 catalog_manager.cc:1406] Generated new certificate authority record
I20260630 12:22:06.065526 29461 catalog_manager.cc:1540] Loading token signing keys...
I20260630 12:22:06.083005 29461 catalog_manager.cc:6070] T 00000000000000000000000000000000 P 51db0151a6354ca7bb0d121597d6cfa0: Generated new TSK 0
I20260630 12:22:06.083774 29461 catalog_manager.cc:1550] Initializing in-progress tserver states...
I20260630 12:22:06.099287 26519 file_cache.cc:492] Constructed file cache file cache with capacity 419430
W20260630 12:22:06.106139 29473 instance_detector.cc:116] could not retrieve AWS instance metadata: Network error: curl error: HTTP response code said error: The requested URL returned error: 404
W20260630 12:22:06.106576 29474 instance_detector.cc:116] could not retrieve Azure instance metadata: Network error: curl error: HTTP response code said error: The requested URL returned error: 404
W20260630 12:22:06.109122 29476 instance_detector.cc:116] could not retrieve OpenStack instance metadata: Network error: curl error: HTTP response code said error: The requested URL returned error: 404
I20260630 12:22:06.109349 26519 server_base.cc:1061] running on GCE node
I20260630 12:22:06.110419 26519 hybrid_clock.cc:584] initializing the hybrid clock with 'system_unsync' time source
W20260630 12:22:06.110633 26519 system_unsync_time.cc:38] NTP support is disabled. Clock error bounds will not be accurate. This configuration is not suitable for distributed clusters.
I20260630 12:22:06.110888 26519 hybrid_clock.cc:648] HybridClock initialized: now 1782822126110864 us; error 0 us; skew 500 ppm
I20260630 12:22:06.111483 26519 server_base.cc:861] Flag tcmalloc_max_total_thread_cache_bytes is not working since tcmalloc is not enabled.
I20260630 12:22:06.114567 26519 webserver.cc:533] Webserver started at http://127.25.229.193:43867/ using document root <none> and password file <none>
I20260630 12:22:06.115196 26519 fs_manager.cc:362] Metadata directory not provided
I20260630 12:22:06.115430 26519 fs_manager.cc:368] Using write-ahead log directory (fs_wal_dir) as metadata directory
I20260630 12:22:06.115761 26519 server_base.cc:909] This appears to be a new deployment of Kudu; creating new FS layout
I20260630 12:22:06.117079 26519 fs_manager.cc:1068] Generated new instance metadata in path /tmp/dist-test-taskBD0TeN/test-tmp/auto_rebalancer-test.0.AutoRebalancerTest.RangeAwareRebalancesNewRangeReplicas.1782822043704491-26519-0/minicluster-data/ts-0-root/instance:
uuid: "f48e94b6b3484e6ea73648bf36301636"
format_stamp: "Formatted at 2026-06-30 12:22:06 on dist-test-slave-w8xb"
I20260630 12:22:06.122399 26519 fs_manager.cc:696] Time spent creating directory manager: real 0.005s	user 0.005s	sys 0.000s
I20260630 12:22:06.126956 29481 log_block_manager.cc:4031] Time spent loading block containers with low live blocks: real 0.000s	user 0.000s	sys 0.000s
I20260630 12:22:06.128110 26519 fs_manager.cc:730] Time spent opening block manager: real 0.004s	user 0.004s	sys 0.000s
I20260630 12:22:06.128537 26519 fs_manager.cc:647] Opened local filesystem: /tmp/dist-test-taskBD0TeN/test-tmp/auto_rebalancer-test.0.AutoRebalancerTest.RangeAwareRebalancesNewRangeReplicas.1782822043704491-26519-0/minicluster-data/ts-0-root
uuid: "f48e94b6b3484e6ea73648bf36301636"
format_stamp: "Formatted at 2026-06-30 12:22:06 on dist-test-slave-w8xb"
I20260630 12:22:06.128948 26519 fs_report.cc:389] FS layout report
--------------------
wal directory: /tmp/dist-test-taskBD0TeN/test-tmp/auto_rebalancer-test.0.AutoRebalancerTest.RangeAwareRebalancesNewRangeReplicas.1782822043704491-26519-0/minicluster-data/ts-0-root
metadata directory: /tmp/dist-test-taskBD0TeN/test-tmp/auto_rebalancer-test.0.AutoRebalancerTest.RangeAwareRebalancesNewRangeReplicas.1782822043704491-26519-0/minicluster-data/ts-0-root
1 data directories: /tmp/dist-test-taskBD0TeN/test-tmp/auto_rebalancer-test.0.AutoRebalancerTest.RangeAwareRebalancesNewRangeReplicas.1782822043704491-26519-0/minicluster-data/ts-0-root/data
Total live blocks: 0
Total live bytes: 0
Total live bytes (after alignment): 0
Total number of LBM containers: 0 (0 full)
Did not check for missing blocks
Did not check for orphaned blocks
Total full LBM containers with extra space: 0 (0 repaired)
Total full LBM container extra space in bytes: 0 (0 repaired)
Total incomplete LBM containers: 0 (0 repaired)
Total LBM partial records: 0 (0 repaired)
Total corrupted LBM metadata records in RocksDB: 0 (0 repaired)
I20260630 12:22:06.161854 26519 rpc_server.cc:225] running with OpenSSL 1.1.1  11 Sep 2018
I20260630 12:22:06.163416 26519 kserver.cc:163] Server-wide thread pool size limit: 3276
I20260630 12:22:06.165186 26519 txn_system_client.cc:432] TxnSystemClient initialization is disabled...
I20260630 12:22:06.167811 26519 ts_tablet_manager.cc:585] Loaded tablet metadata (0 total tablets, 0 live tablets)
I20260630 12:22:06.168202 26519 ts_tablet_manager.cc:531] Time spent load tablet metadata: real 0.000s	user 0.000s	sys 0.000s
I20260630 12:22:06.168488 26519 ts_tablet_manager.cc:616] Registered 0 tablets
I20260630 12:22:06.168825 26519 ts_tablet_manager.cc:595] Time spent register tablets: real 0.000s	user 0.000s	sys 0.000s
I20260630 12:22:06.215867 26519 rpc_server.cc:307] RPC server started. Bound to: 127.25.229.193:40267
I20260630 12:22:06.216012 29543 acceptor_pool.cc:272] collecting diagnostics on the listening RPC socket 127.25.229.193:40267 every 8 connection(s)
I20260630 12:22:06.222064 26519 file_cache.cc:492] Constructed file cache file cache with capacity 419430
W20260630 12:22:06.231519 29548 instance_detector.cc:116] could not retrieve AWS instance metadata: Network error: curl error: HTTP response code said error: The requested URL returned error: 404
W20260630 12:22:06.232313 29549 instance_detector.cc:116] could not retrieve Azure instance metadata: Network error: curl error: HTTP response code said error: The requested URL returned error: 404
W20260630 12:22:06.235349 29551 instance_detector.cc:116] could not retrieve OpenStack instance metadata: Network error: curl error: HTTP response code said error: The requested URL returned error: 404
I20260630 12:22:06.236666 26519 server_base.cc:1061] running on GCE node
I20260630 12:22:06.237785 29544 heartbeater.cc:344] Connected to a master server at 127.25.229.254:34771
I20260630 12:22:06.237782 26519 hybrid_clock.cc:584] initializing the hybrid clock with 'system_unsync' time source
I20260630 12:22:06.238261 29544 heartbeater.cc:461] Registering TS with master...
W20260630 12:22:06.238293 26519 system_unsync_time.cc:38] NTP support is disabled. Clock error bounds will not be accurate. This configuration is not suitable for distributed clusters.
I20260630 12:22:06.238746 26519 hybrid_clock.cc:648] HybridClock initialized: now 1782822126238728 us; error 0 us; skew 500 ppm
I20260630 12:22:06.239344 26519 server_base.cc:861] Flag tcmalloc_max_total_thread_cache_bytes is not working since tcmalloc is not enabled.
I20260630 12:22:06.239291 29544 heartbeater.cc:507] Master 127.25.229.254:34771 requested a full tablet report, sending...
I20260630 12:22:06.242053 29417 ts_manager.cc:194] Registered new tserver with Master: f48e94b6b3484e6ea73648bf36301636 (127.25.229.193:40267)
I20260630 12:22:06.242762 26519 webserver.cc:533] Webserver started at http://127.25.229.194:38747/ using document root <none> and password file <none>
I20260630 12:22:06.243292 26519 fs_manager.cc:362] Metadata directory not provided
I20260630 12:22:06.243510 26519 fs_manager.cc:368] Using write-ahead log directory (fs_wal_dir) as metadata directory
I20260630 12:22:06.243798 26519 server_base.cc:909] This appears to be a new deployment of Kudu; creating new FS layout
I20260630 12:22:06.244112 29417 master_service.cc:502] Signed X509 certificate for tserver {username='slave'} at 127.0.0.1:34142
I20260630 12:22:06.245474 26519 fs_manager.cc:1068] Generated new instance metadata in path /tmp/dist-test-taskBD0TeN/test-tmp/auto_rebalancer-test.0.AutoRebalancerTest.RangeAwareRebalancesNewRangeReplicas.1782822043704491-26519-0/minicluster-data/ts-1-root/instance:
uuid: "6b7682f9a5344546aac87b5ee52ed81a"
format_stamp: "Formatted at 2026-06-30 12:22:06 on dist-test-slave-w8xb"
I20260630 12:22:06.250422 26519 fs_manager.cc:696] Time spent creating directory manager: real 0.004s	user 0.004s	sys 0.001s
I20260630 12:22:06.254055 29556 log_block_manager.cc:4031] Time spent loading block containers with low live blocks: real 0.000s	user 0.000s	sys 0.000s
I20260630 12:22:06.254897 26519 fs_manager.cc:730] Time spent opening block manager: real 0.002s	user 0.002s	sys 0.001s
I20260630 12:22:06.255235 26519 fs_manager.cc:647] Opened local filesystem: /tmp/dist-test-taskBD0TeN/test-tmp/auto_rebalancer-test.0.AutoRebalancerTest.RangeAwareRebalancesNewRangeReplicas.1782822043704491-26519-0/minicluster-data/ts-1-root
uuid: "6b7682f9a5344546aac87b5ee52ed81a"
format_stamp: "Formatted at 2026-06-30 12:22:06 on dist-test-slave-w8xb"
I20260630 12:22:06.255555 26519 fs_report.cc:389] FS layout report
--------------------
wal directory: /tmp/dist-test-taskBD0TeN/test-tmp/auto_rebalancer-test.0.AutoRebalancerTest.RangeAwareRebalancesNewRangeReplicas.1782822043704491-26519-0/minicluster-data/ts-1-root
metadata directory: /tmp/dist-test-taskBD0TeN/test-tmp/auto_rebalancer-test.0.AutoRebalancerTest.RangeAwareRebalancesNewRangeReplicas.1782822043704491-26519-0/minicluster-data/ts-1-root
1 data directories: /tmp/dist-test-taskBD0TeN/test-tmp/auto_rebalancer-test.0.AutoRebalancerTest.RangeAwareRebalancesNewRangeReplicas.1782822043704491-26519-0/minicluster-data/ts-1-root/data
Total live blocks: 0
Total live bytes: 0
Total live bytes (after alignment): 0
Total number of LBM containers: 0 (0 full)
Did not check for missing blocks
Did not check for orphaned blocks
Total full LBM containers with extra space: 0 (0 repaired)
Total full LBM container extra space in bytes: 0 (0 repaired)
Total incomplete LBM containers: 0 (0 repaired)
Total LBM partial records: 0 (0 repaired)
Total corrupted LBM metadata records in RocksDB: 0 (0 repaired)
I20260630 12:22:06.328163 26519 rpc_server.cc:225] running with OpenSSL 1.1.1  11 Sep 2018
I20260630 12:22:06.329406 26519 kserver.cc:163] Server-wide thread pool size limit: 3276
I20260630 12:22:06.331054 26519 txn_system_client.cc:432] TxnSystemClient initialization is disabled...
I20260630 12:22:06.333525 26519 ts_tablet_manager.cc:585] Loaded tablet metadata (0 total tablets, 0 live tablets)
I20260630 12:22:06.333773 26519 ts_tablet_manager.cc:531] Time spent load tablet metadata: real 0.000s	user 0.000s	sys 0.000s
I20260630 12:22:06.334030 26519 ts_tablet_manager.cc:616] Registered 0 tablets
I20260630 12:22:06.334205 26519 ts_tablet_manager.cc:595] Time spent register tablets: real 0.000s	user 0.000s	sys 0.000s
I20260630 12:22:06.380678 26519 rpc_server.cc:307] RPC server started. Bound to: 127.25.229.194:34713
I20260630 12:22:06.381212 29618 acceptor_pool.cc:272] collecting diagnostics on the listening RPC socket 127.25.229.194:34713 every 8 connection(s)
I20260630 12:22:06.386072 26519 file_cache.cc:492] Constructed file cache file cache with capacity 419430
W20260630 12:22:06.393190 29622 instance_detector.cc:116] could not retrieve AWS instance metadata: Network error: curl error: HTTP response code said error: The requested URL returned error: 404
W20260630 12:22:06.394340 29623 instance_detector.cc:116] could not retrieve Azure instance metadata: Network error: curl error: HTTP response code said error: The requested URL returned error: 404
I20260630 12:22:06.397671 26519 server_base.cc:1061] running on GCE node
W20260630 12:22:06.398648 29625 instance_detector.cc:116] could not retrieve OpenStack instance metadata: Network error: curl error: HTTP response code said error: The requested URL returned error: 404
I20260630 12:22:06.400007 29619 heartbeater.cc:344] Connected to a master server at 127.25.229.254:34771
I20260630 12:22:06.400246 26519 hybrid_clock.cc:584] initializing the hybrid clock with 'system_unsync' time source
I20260630 12:22:06.400393 29619 heartbeater.cc:461] Registering TS with master...
W20260630 12:22:06.400575 26519 system_unsync_time.cc:38] NTP support is disabled. Clock error bounds will not be accurate. This configuration is not suitable for distributed clusters.
I20260630 12:22:06.400879 26519 hybrid_clock.cc:648] HybridClock initialized: now 1782822126400859 us; error 0 us; skew 500 ppm
I20260630 12:22:06.401320 29619 heartbeater.cc:507] Master 127.25.229.254:34771 requested a full tablet report, sending...
I20260630 12:22:06.401573 26519 server_base.cc:861] Flag tcmalloc_max_total_thread_cache_bytes is not working since tcmalloc is not enabled.
I20260630 12:22:06.403729 29417 ts_manager.cc:194] Registered new tserver with Master: 6b7682f9a5344546aac87b5ee52ed81a (127.25.229.194:34713)
I20260630 12:22:06.405223 26519 webserver.cc:533] Webserver started at http://127.25.229.195:42425/ using document root <none> and password file <none>
I20260630 12:22:06.405941 29417 master_service.cc:502] Signed X509 certificate for tserver {username='slave'} at 127.0.0.1:34146
I20260630 12:22:06.406085 26519 fs_manager.cc:362] Metadata directory not provided
I20260630 12:22:06.406373 26519 fs_manager.cc:368] Using write-ahead log directory (fs_wal_dir) as metadata directory
I20260630 12:22:06.406710 26519 server_base.cc:909] This appears to be a new deployment of Kudu; creating new FS layout
