I20260630 12:22:08.977558 29790 raft_consensus.cc:1275] T 2d3d630342f9494f81b6f838923fec08 P 1cbe904d09204288a532a8dbb01e9eaa [term 1 FOLLOWER]: Refusing update from remote peer 9b8a1f9ab24245a299714e0baee04fe4: Log matching property violated. Preceding OpId in replica: term: 1 index: 2. Preceding OpId from leader: term: 1 index: 3. (index mismatch)
I20260630 12:22:08.978994 30140 consensus_queue.cc:1048] T 2d3d630342f9494f81b6f838923fec08 P 9b8a1f9ab24245a299714e0baee04fe4 [LEADER]: Connected to new peer: Peer: permanent_uuid: "1cbe904d09204288a532a8dbb01e9eaa" member_type: VOTER last_known_addr { host: "127.26.30.2" port: 33425 } attrs { replace: true }, Status: LMP_MISMATCH, Last received: 0.0, Next index: 3, Last known committed idx: 2, Time since last communication: 0.000s
I20260630 12:22:08.979861 30134 consensus_queue.cc:1048] T 2d3d630342f9494f81b6f838923fec08 P 9b8a1f9ab24245a299714e0baee04fe4 [LEADER]: Connected to new peer: Peer: permanent_uuid: "7b67df76d2ea45678ace4969031e82cd" member_type: VOTER last_known_addr { host: "127.26.30.1" port: 32883 }, Status: LMP_MISMATCH, Last received: 0.0, Next index: 3, Last known committed idx: 2, Time since last communication: 0.000s
I20260630 12:22:08.999120 30140 raft_consensus.cc:2955] T 2d3d630342f9494f81b6f838923fec08 P 9b8a1f9ab24245a299714e0baee04fe4 [term 1 LEADER]: Committing config change with OpId 1.3: config changed from index 2 to 3, ce6bec60a7df43a99c2cbcdef75f1f4f (127.26.30.4) changed from NON_VOTER to VOTER. New config: { opid_index: 3 OBSOLETE_local: false peers { permanent_uuid: "1cbe904d09204288a532a8dbb01e9eaa" member_type: VOTER last_known_addr { host: "127.26.30.2" port: 33425 } attrs { replace: true } } peers { permanent_uuid: "7b67df76d2ea45678ace4969031e82cd" member_type: VOTER last_known_addr { host: "127.26.30.1" port: 32883 } } peers { permanent_uuid: "9b8a1f9ab24245a299714e0baee04fe4" member_type: VOTER last_known_addr { host: "127.26.30.3" port: 39431 } } peers { permanent_uuid: "ce6bec60a7df43a99c2cbcdef75f1f4f" member_type: VOTER last_known_addr { host: "127.26.30.4" port: 44079 } attrs { promote: false } } }
I20260630 12:22:09.001859 29717 raft_consensus.cc:2955] T 2d3d630342f9494f81b6f838923fec08 P 7b67df76d2ea45678ace4969031e82cd [term 1 FOLLOWER]: Committing config change with OpId 1.3: config changed from index 2 to 3, ce6bec60a7df43a99c2cbcdef75f1f4f (127.26.30.4) changed from NON_VOTER to VOTER. New config: { opid_index: 3 OBSOLETE_local: false peers { permanent_uuid: "1cbe904d09204288a532a8dbb01e9eaa" member_type: VOTER last_known_addr { host: "127.26.30.2" port: 33425 } attrs { replace: true } } peers { permanent_uuid: "7b67df76d2ea45678ace4969031e82cd" member_type: VOTER last_known_addr { host: "127.26.30.1" port: 32883 } } peers { permanent_uuid: "9b8a1f9ab24245a299714e0baee04fe4" member_type: VOTER last_known_addr { host: "127.26.30.3" port: 39431 } } peers { permanent_uuid: "ce6bec60a7df43a99c2cbcdef75f1f4f" member_type: VOTER last_known_addr { host: "127.26.30.4" port: 44079 } attrs { promote: false } } }
I20260630 12:22:09.001991 29790 raft_consensus.cc:2955] T 2d3d630342f9494f81b6f838923fec08 P 1cbe904d09204288a532a8dbb01e9eaa [term 1 FOLLOWER]: Committing config change with OpId 1.3: config changed from index 2 to 3, ce6bec60a7df43a99c2cbcdef75f1f4f (127.26.30.4) changed from NON_VOTER to VOTER. New config: { opid_index: 3 OBSOLETE_local: false peers { permanent_uuid: "1cbe904d09204288a532a8dbb01e9eaa" member_type: VOTER last_known_addr { host: "127.26.30.2" port: 33425 } attrs { replace: true } } peers { permanent_uuid: "7b67df76d2ea45678ace4969031e82cd" member_type: VOTER last_known_addr { host: "127.26.30.1" port: 32883 } } peers { permanent_uuid: "9b8a1f9ab24245a299714e0baee04fe4" member_type: VOTER last_known_addr { host: "127.26.30.3" port: 39431 } } peers { permanent_uuid: "ce6bec60a7df43a99c2cbcdef75f1f4f" member_type: VOTER last_known_addr { host: "127.26.30.4" port: 44079 } attrs { promote: false } } }
I20260630 12:22:09.016556 29614 catalog_manager.cc:5697] T 2d3d630342f9494f81b6f838923fec08 P 9b8a1f9ab24245a299714e0baee04fe4 reported cstate change: config changed from index 2 to 3, ce6bec60a7df43a99c2cbcdef75f1f4f (127.26.30.4) changed from NON_VOTER to VOTER. New cstate: current_term: 1 leader_uuid: "9b8a1f9ab24245a299714e0baee04fe4" committed_config { opid_index: 3 OBSOLETE_local: false peers { permanent_uuid: "1cbe904d09204288a532a8dbb01e9eaa" member_type: VOTER last_known_addr { host: "127.26.30.2" port: 33425 } attrs { replace: true } health_report { overall_health: HEALTHY } } peers { permanent_uuid: "7b67df76d2ea45678ace4969031e82cd" member_type: VOTER last_known_addr { host: "127.26.30.1" port: 32883 } health_report { overall_health: HEALTHY } } peers { permanent_uuid: "9b8a1f9ab24245a299714e0baee04fe4" member_type: VOTER last_known_addr { host: "127.26.30.3" port: 39431 } health_report { overall_health: HEALTHY } } peers { permanent_uuid: "ce6bec60a7df43a99c2cbcdef75f1f4f" member_type: VOTER last_known_addr { host: "127.26.30.4" port: 44079 } attrs { promote: false } health_report { overall_health: HEALTHY } } }
I20260630 12:22:09.020510 30019 raft_consensus.cc:2955] T 2d3d630342f9494f81b6f838923fec08 P ce6bec60a7df43a99c2cbcdef75f1f4f [term 1 FOLLOWER]: Committing config change with OpId 1.3: config changed from index 2 to 3, ce6bec60a7df43a99c2cbcdef75f1f4f (127.26.30.4) changed from NON_VOTER to VOTER. New config: { opid_index: 3 OBSOLETE_local: false peers { permanent_uuid: "1cbe904d09204288a532a8dbb01e9eaa" member_type: VOTER last_known_addr { host: "127.26.30.2" port: 33425 } attrs { replace: true } } peers { permanent_uuid: "7b67df76d2ea45678ace4969031e82cd" member_type: VOTER last_known_addr { host: "127.26.30.1" port: 32883 } } peers { permanent_uuid: "9b8a1f9ab24245a299714e0baee04fe4" member_type: VOTER last_known_addr { host: "127.26.30.3" port: 39431 } } peers { permanent_uuid: "ce6bec60a7df43a99c2cbcdef75f1f4f" member_type: VOTER last_known_addr { host: "127.26.30.4" port: 44079 } attrs { promote: false } } }
I20260630 12:22:09.035393 29867 consensus_queue.cc:237] T 2d3d630342f9494f81b6f838923fec08 P 9b8a1f9ab24245a299714e0baee04fe4 [LEADER]: Queue going to LEADER mode. State: All replicated index: 0, Majority replicated index: 3, Committed index: 3, Last appended: 1.3, Last appended by leader: 0, Current term: 1, Majority size: 2, State: 0, Mode: LEADER, active raft config: opid_index: 4 OBSOLETE_local: false peers { permanent_uuid: "7b67df76d2ea45678ace4969031e82cd" member_type: VOTER last_known_addr { host: "127.26.30.1" port: 32883 } } peers { permanent_uuid: "9b8a1f9ab24245a299714e0baee04fe4" member_type: VOTER last_known_addr { host: "127.26.30.3" port: 39431 } } peers { permanent_uuid: "ce6bec60a7df43a99c2cbcdef75f1f4f" member_type: VOTER last_known_addr { host: "127.26.30.4" port: 44079 } attrs { promote: false } }
I20260630 12:22:09.041453 29717 raft_consensus.cc:1275] T 2d3d630342f9494f81b6f838923fec08 P 7b67df76d2ea45678ace4969031e82cd [term 1 FOLLOWER]: Refusing update from remote peer 9b8a1f9ab24245a299714e0baee04fe4: Log matching property violated. Preceding OpId in replica: term: 1 index: 3. Preceding OpId from leader: term: 1 index: 4. (index mismatch)
I20260630 12:22:09.042861 30140 consensus_queue.cc:1048] T 2d3d630342f9494f81b6f838923fec08 P 9b8a1f9ab24245a299714e0baee04fe4 [LEADER]: Connected to new peer: Peer: permanent_uuid: "7b67df76d2ea45678ace4969031e82cd" member_type: VOTER last_known_addr { host: "127.26.30.1" port: 32883 }, Status: LMP_MISMATCH, Last received: 0.0, Next index: 4, Last known committed idx: 3, Time since last communication: 0.000s
I20260630 12:22:09.044744 30019 raft_consensus.cc:1275] T 2d3d630342f9494f81b6f838923fec08 P ce6bec60a7df43a99c2cbcdef75f1f4f [term 1 FOLLOWER]: Refusing update from remote peer 9b8a1f9ab24245a299714e0baee04fe4: Log matching property violated. Preceding OpId in replica: term: 1 index: 3. Preceding OpId from leader: term: 1 index: 4. (index mismatch)
I20260630 12:22:09.046053 30140 consensus_queue.cc:1048] T 2d3d630342f9494f81b6f838923fec08 P 9b8a1f9ab24245a299714e0baee04fe4 [LEADER]: Connected to new peer: Peer: permanent_uuid: "ce6bec60a7df43a99c2cbcdef75f1f4f" member_type: VOTER last_known_addr { host: "127.26.30.4" port: 44079 } attrs { promote: false }, Status: LMP_MISMATCH, Last received: 0.0, Next index: 4, Last known committed idx: 3, Time since last communication: 0.000s
I20260630 12:22:09.049050 30134 raft_consensus.cc:2955] T 2d3d630342f9494f81b6f838923fec08 P 9b8a1f9ab24245a299714e0baee04fe4 [term 1 LEADER]: Committing config change with OpId 1.4: config changed from index 3 to 4, VOTER 1cbe904d09204288a532a8dbb01e9eaa (127.26.30.2) evicted. New config: { opid_index: 4 OBSOLETE_local: false peers { permanent_uuid: "7b67df76d2ea45678ace4969031e82cd" member_type: VOTER last_known_addr { host: "127.26.30.1" port: 32883 } } peers { permanent_uuid: "9b8a1f9ab24245a299714e0baee04fe4" member_type: VOTER last_known_addr { host: "127.26.30.3" port: 39431 } } peers { permanent_uuid: "ce6bec60a7df43a99c2cbcdef75f1f4f" member_type: VOTER last_known_addr { host: "127.26.30.4" port: 44079 } attrs { promote: false } } }
I20260630 12:22:09.054392 30019 raft_consensus.cc:2955] T 2d3d630342f9494f81b6f838923fec08 P ce6bec60a7df43a99c2cbcdef75f1f4f [term 1 FOLLOWER]: Committing config change with OpId 1.4: config changed from index 3 to 4, VOTER 1cbe904d09204288a532a8dbb01e9eaa (127.26.30.2) evicted. New config: { opid_index: 4 OBSOLETE_local: false peers { permanent_uuid: "7b67df76d2ea45678ace4969031e82cd" member_type: VOTER last_known_addr { host: "127.26.30.1" port: 32883 } } peers { permanent_uuid: "9b8a1f9ab24245a299714e0baee04fe4" member_type: VOTER last_known_addr { host: "127.26.30.3" port: 39431 } } peers { permanent_uuid: "ce6bec60a7df43a99c2cbcdef75f1f4f" member_type: VOTER last_known_addr { host: "127.26.30.4" port: 44079 } attrs { promote: false } } }
I20260630 12:22:09.054850 29717 raft_consensus.cc:2955] T 2d3d630342f9494f81b6f838923fec08 P 7b67df76d2ea45678ace4969031e82cd [term 1 FOLLOWER]: Committing config change with OpId 1.4: config changed from index 3 to 4, VOTER 1cbe904d09204288a532a8dbb01e9eaa (127.26.30.2) evicted. New config: { opid_index: 4 OBSOLETE_local: false peers { permanent_uuid: "7b67df76d2ea45678ace4969031e82cd" member_type: VOTER last_known_addr { host: "127.26.30.1" port: 32883 } } peers { permanent_uuid: "9b8a1f9ab24245a299714e0baee04fe4" member_type: VOTER last_known_addr { host: "127.26.30.3" port: 39431 } } peers { permanent_uuid: "ce6bec60a7df43a99c2cbcdef75f1f4f" member_type: VOTER last_known_addr { host: "127.26.30.4" port: 44079 } attrs { promote: false } } }
I20260630 12:22:09.058326 29602 catalog_manager.cc:5210] ChangeConfig:REMOVE_PEER RPC for tablet 2d3d630342f9494f81b6f838923fec08 with cas_config_opid_index 3: ChangeConfig:REMOVE_PEER succeeded (attempt 1)
I20260630 12:22:09.063608 29613 catalog_manager.cc:5697] T 2d3d630342f9494f81b6f838923fec08 P 9b8a1f9ab24245a299714e0baee04fe4 reported cstate change: config changed from index 3 to 4, VOTER 1cbe904d09204288a532a8dbb01e9eaa (127.26.30.2) evicted. New cstate: current_term: 1 leader_uuid: "9b8a1f9ab24245a299714e0baee04fe4" committed_config { opid_index: 4 OBSOLETE_local: false peers { permanent_uuid: "7b67df76d2ea45678ace4969031e82cd" member_type: VOTER last_known_addr { host: "127.26.30.1" port: 32883 } health_report { overall_health: HEALTHY } } peers { permanent_uuid: "9b8a1f9ab24245a299714e0baee04fe4" member_type: VOTER last_known_addr { host: "127.26.30.3" port: 39431 } health_report { overall_health: HEALTHY } } peers { permanent_uuid: "ce6bec60a7df43a99c2cbcdef75f1f4f" member_type: VOTER last_known_addr { host: "127.26.30.4" port: 44079 } attrs { promote: false } health_report { overall_health: HEALTHY } } }
I20260630 12:22:09.073593 29776 tablet_service.cc:1558] Processing DeleteTablet for tablet 2d3d630342f9494f81b6f838923fec08 with delete_type TABLET_DATA_TOMBSTONED (TS 1cbe904d09204288a532a8dbb01e9eaa not found in new config with opid_index 4) from {username='slave'} at 127.0.0.1:49002
I20260630 12:22:09.075544 30178 tablet_replica.cc:333] T 2d3d630342f9494f81b6f838923fec08 P 1cbe904d09204288a532a8dbb01e9eaa: stopping tablet replica
I20260630 12:22:09.076479 30178 raft_consensus.cc:2243] T 2d3d630342f9494f81b6f838923fec08 P 1cbe904d09204288a532a8dbb01e9eaa [term 1 FOLLOWER]: Raft consensus shutting down.
I20260630 12:22:09.077183 30178 raft_consensus.cc:2272] T 2d3d630342f9494f81b6f838923fec08 P 1cbe904d09204288a532a8dbb01e9eaa [term 1 FOLLOWER]: Raft consensus is shut down!
I20260630 12:22:09.079598 30178 ts_tablet_manager.cc:1916] T 2d3d630342f9494f81b6f838923fec08 P 1cbe904d09204288a532a8dbb01e9eaa: Deleting tablet data with delete state TABLET_DATA_TOMBSTONED
I20260630 12:22:09.089736 30178 ts_tablet_manager.cc:1929] T 2d3d630342f9494f81b6f838923fec08 P 1cbe904d09204288a532a8dbb01e9eaa: tablet deleted with delete type TABLET_DATA_TOMBSTONED: last-logged OpId 1.3
I20260630 12:22:09.090018 30178 log.cc:1199] T 2d3d630342f9494f81b6f838923fec08 P 1cbe904d09204288a532a8dbb01e9eaa: Deleting WAL directory at /tmp/dist-test-task0TTuCp/test-tmp/auto_rebalancer-test.0.AutoRebalancerTest.RangeAwareRebalancesNewRangeReplicas.1782822041657497-26744-0/minicluster-data/ts-1-root/wals/2d3d630342f9494f81b6f838923fec08
I20260630 12:22:09.091349 29603 catalog_manager.cc:5028] TS 1cbe904d09204288a532a8dbb01e9eaa (127.26.30.2:33425): tablet 2d3d630342f9494f81b6f838923fec08 (table range_aware_rebalance_new_range [id=e2afa98f63e04b74a7976e4d0cf1f6f2]) successfully deleted
I20260630 12:22:09.438573 29918 raft_consensus.cc:1064] T a28bd1d82ff34c3d896caebfc19ed88f P 9b8a1f9ab24245a299714e0baee04fe4: attempting to promote NON_VOTER ce6bec60a7df43a99c2cbcdef75f1f4f to VOTER
I20260630 12:22:09.441468 29918 consensus_queue.cc:237] T a28bd1d82ff34c3d896caebfc19ed88f P 9b8a1f9ab24245a299714e0baee04fe4 [LEADER]: Queue going to LEADER mode. State: All replicated index: 0, Majority replicated index: 2, Committed index: 2, Last appended: 1.2, Last appended by leader: 0, Current term: 1, Majority size: 3, State: 0, Mode: LEADER, active raft config: opid_index: 3 OBSOLETE_local: false peers { permanent_uuid: "1cbe904d09204288a532a8dbb01e9eaa" member_type: VOTER last_known_addr { host: "127.26.30.2" port: 33425 } } peers { permanent_uuid: "9b8a1f9ab24245a299714e0baee04fe4" member_type: VOTER last_known_addr { host: "127.26.30.3" port: 39431 } } peers { permanent_uuid: "7b67df76d2ea45678ace4969031e82cd" member_type: VOTER last_known_addr { host: "127.26.30.1" port: 32883 } attrs { replace: true } } peers { permanent_uuid: "ce6bec60a7df43a99c2cbcdef75f1f4f" member_type: VOTER last_known_addr { host: "127.26.30.4" port: 44079 } attrs { promote: false } }
I20260630 12:22:09.447957 30019 raft_consensus.cc:1275] T a28bd1d82ff34c3d896caebfc19ed88f P ce6bec60a7df43a99c2cbcdef75f1f4f [term 1 LEARNER]: Refusing update from remote peer 9b8a1f9ab24245a299714e0baee04fe4: Log matching property violated. Preceding OpId in replica: term: 1 index: 2. Preceding OpId from leader: term: 1 index: 3. (index mismatch)
I20260630 12:22:09.448124 29717 raft_consensus.cc:1275] T a28bd1d82ff34c3d896caebfc19ed88f P 7b67df76d2ea45678ace4969031e82cd [term 1 FOLLOWER]: Refusing update from remote peer 9b8a1f9ab24245a299714e0baee04fe4: Log matching property violated. Preceding OpId in replica: term: 1 index: 2. Preceding OpId from leader: term: 1 index: 3. (index mismatch)
I20260630 12:22:09.449548 29790 raft_consensus.cc:1275] T a28bd1d82ff34c3d896caebfc19ed88f P 1cbe904d09204288a532a8dbb01e9eaa [term 1 FOLLOWER]: Refusing update from remote peer 9b8a1f9ab24245a299714e0baee04fe4: Log matching property violated. Preceding OpId in replica: term: 1 index: 2. Preceding OpId from leader: term: 1 index: 3. (index mismatch)
I20260630 12:22:09.449601 29918 consensus_queue.cc:1048] T a28bd1d82ff34c3d896caebfc19ed88f P 9b8a1f9ab24245a299714e0baee04fe4 [LEADER]: Connected to new peer: Peer: permanent_uuid: "ce6bec60a7df43a99c2cbcdef75f1f4f" member_type: VOTER last_known_addr { host: "127.26.30.4" port: 44079 } attrs { promote: false }, Status: LMP_MISMATCH, Last received: 0.0, Next index: 3, Last known committed idx: 2, Time since last communication: 0.001s
I20260630 12:22:09.450569 30134 consensus_queue.cc:1048] T a28bd1d82ff34c3d896caebfc19ed88f P 9b8a1f9ab24245a299714e0baee04fe4 [LEADER]: Connected to new peer: Peer: permanent_uuid: "7b67df76d2ea45678ace4969031e82cd" member_type: VOTER last_known_addr { host: "127.26.30.1" port: 32883 } attrs { replace: true }, Status: LMP_MISMATCH, Last received: 0.0, Next index: 3, Last known committed idx: 2, Time since last communication: 0.000s
I20260630 12:22:09.451532 30140 consensus_queue.cc:1048] T a28bd1d82ff34c3d896caebfc19ed88f P 9b8a1f9ab24245a299714e0baee04fe4 [LEADER]: Connected to new peer: Peer: permanent_uuid: "1cbe904d09204288a532a8dbb01e9eaa" member_type: VOTER last_known_addr { host: "127.26.30.2" port: 33425 }, Status: LMP_MISMATCH, Last received: 0.0, Next index: 3, Last known committed idx: 2, Time since last communication: 0.000s
I20260630 12:22:09.472105 30140 raft_consensus.cc:2955] T a28bd1d82ff34c3d896caebfc19ed88f P 9b8a1f9ab24245a299714e0baee04fe4 [term 1 LEADER]: Committing config change with OpId 1.3: config changed from index 2 to 3, ce6bec60a7df43a99c2cbcdef75f1f4f (127.26.30.4) changed from NON_VOTER to VOTER. New config: { opid_index: 3 OBSOLETE_local: false peers { permanent_uuid: "1cbe904d09204288a532a8dbb01e9eaa" member_type: VOTER last_known_addr { host: "127.26.30.2" port: 33425 } } peers { permanent_uuid: "9b8a1f9ab24245a299714e0baee04fe4" member_type: VOTER last_known_addr { host: "127.26.30.3" port: 39431 } } peers { permanent_uuid: "7b67df76d2ea45678ace4969031e82cd" member_type: VOTER last_known_addr { host: "127.26.30.1" port: 32883 } attrs { replace: true } } peers { permanent_uuid: "ce6bec60a7df43a99c2cbcdef75f1f4f" member_type: VOTER last_known_addr { host: "127.26.30.4" port: 44079 } attrs { promote: false } } }
I20260630 12:22:09.476253 29669 auto_leader_rebalancer.cc:141] leader rebalance for table range_aware_rebalance_new_range
I20260630 12:22:09.481487 29717 raft_consensus.cc:2955] T a28bd1d82ff34c3d896caebfc19ed88f P 7b67df76d2ea45678ace4969031e82cd [term 1 FOLLOWER]: Committing config change with OpId 1.3: config changed from index 2 to 3, ce6bec60a7df43a99c2cbcdef75f1f4f (127.26.30.4) changed from NON_VOTER to VOTER. New config: { opid_index: 3 OBSOLETE_local: false peers { permanent_uuid: "1cbe904d09204288a532a8dbb01e9eaa" member_type: VOTER last_known_addr { host: "127.26.30.2" port: 33425 } } peers { permanent_uuid: "9b8a1f9ab24245a299714e0baee04fe4" member_type: VOTER last_known_addr { host: "127.26.30.3" port: 39431 } } peers { permanent_uuid: "7b67df76d2ea45678ace4969031e82cd" member_type: VOTER last_known_addr { host: "127.26.30.1" port: 32883 } attrs { replace: true } } peers { permanent_uuid: "ce6bec60a7df43a99c2cbcdef75f1f4f" member_type: VOTER last_known_addr { host: "127.26.30.4" port: 44079 } attrs { promote: false } } }
I20260630 12:22:09.489696 30019 raft_consensus.cc:2955] T a28bd1d82ff34c3d896caebfc19ed88f P ce6bec60a7df43a99c2cbcdef75f1f4f [term 1 FOLLOWER]: Committing config change with OpId 1.3: config changed from index 2 to 3, ce6bec60a7df43a99c2cbcdef75f1f4f (127.26.30.4) changed from NON_VOTER to VOTER. New config: { opid_index: 3 OBSOLETE_local: false peers { permanent_uuid: "1cbe904d09204288a532a8dbb01e9eaa" member_type: VOTER last_known_addr { host: "127.26.30.2" port: 33425 } } peers { permanent_uuid: "9b8a1f9ab24245a299714e0baee04fe4" member_type: VOTER last_known_addr { host: "127.26.30.3" port: 39431 } } peers { permanent_uuid: "7b67df76d2ea45678ace4969031e82cd" member_type: VOTER last_known_addr { host: "127.26.30.1" port: 32883 } attrs { replace: true } } peers { permanent_uuid: "ce6bec60a7df43a99c2cbcdef75f1f4f" member_type: VOTER last_known_addr { host: "127.26.30.4" port: 44079 } attrs { promote: false } } }
I20260630 12:22:09.493137 29613 catalog_manager.cc:5697] T a28bd1d82ff34c3d896caebfc19ed88f P 9b8a1f9ab24245a299714e0baee04fe4 reported cstate change: config changed from index 2 to 3, ce6bec60a7df43a99c2cbcdef75f1f4f (127.26.30.4) changed from NON_VOTER to VOTER. New cstate: current_term: 1 leader_uuid: "9b8a1f9ab24245a299714e0baee04fe4" committed_config { opid_index: 3 OBSOLETE_local: false peers { permanent_uuid: "1cbe904d09204288a532a8dbb01e9eaa" member_type: VOTER last_known_addr { host: "127.26.30.2" port: 33425 } health_report { overall_health: HEALTHY } } peers { permanent_uuid: "9b8a1f9ab24245a299714e0baee04fe4" member_type: VOTER last_known_addr { host: "127.26.30.3" port: 39431 } health_report { overall_health: HEALTHY } } peers { permanent_uuid: "7b67df76d2ea45678ace4969031e82cd" member_type: VOTER last_known_addr { host: "127.26.30.1" port: 32883 } attrs { replace: true } health_report { overall_health: HEALTHY } } peers { permanent_uuid: "ce6bec60a7df43a99c2cbcdef75f1f4f" member_type: VOTER last_known_addr { host: "127.26.30.4" port: 44079 } attrs { promote: false } health_report { overall_health: HEALTHY } } }
I20260630 12:22:09.493402 29790 raft_consensus.cc:2955] T a28bd1d82ff34c3d896caebfc19ed88f P 1cbe904d09204288a532a8dbb01e9eaa [term 1 FOLLOWER]: Committing config change with OpId 1.3: config changed from index 2 to 3, ce6bec60a7df43a99c2cbcdef75f1f4f (127.26.30.4) changed from NON_VOTER to VOTER. New config: { opid_index: 3 OBSOLETE_local: false peers { permanent_uuid: "1cbe904d09204288a532a8dbb01e9eaa" member_type: VOTER last_known_addr { host: "127.26.30.2" port: 33425 } } peers { permanent_uuid: "9b8a1f9ab24245a299714e0baee04fe4" member_type: VOTER last_known_addr { host: "127.26.30.3" port: 39431 } } peers { permanent_uuid: "7b67df76d2ea45678ace4969031e82cd" member_type: VOTER last_known_addr { host: "127.26.30.1" port: 32883 } attrs { replace: true } } peers { permanent_uuid: "ce6bec60a7df43a99c2cbcdef75f1f4f" member_type: VOTER last_known_addr { host: "127.26.30.4" port: 44079 } attrs { promote: false } } }
I20260630 12:22:09.512344 29867 consensus_queue.cc:237] T a28bd1d82ff34c3d896caebfc19ed88f P 9b8a1f9ab24245a299714e0baee04fe4 [LEADER]: Queue going to LEADER mode. State: All replicated index: 0, Majority replicated index: 3, Committed index: 3, Last appended: 1.3, Last appended by leader: 0, Current term: 1, Majority size: 2, State: 0, Mode: LEADER, active raft config: opid_index: 4 OBSOLETE_local: false peers { permanent_uuid: "1cbe904d09204288a532a8dbb01e9eaa" member_type: VOTER last_known_addr { host: "127.26.30.2" port: 33425 } } peers { permanent_uuid: "9b8a1f9ab24245a299714e0baee04fe4" member_type: VOTER last_known_addr { host: "127.26.30.3" port: 39431 } } peers { permanent_uuid: "ce6bec60a7df43a99c2cbcdef75f1f4f" member_type: VOTER last_known_addr { host: "127.26.30.4" port: 44079 } attrs { promote: false } }
I20260630 12:22:09.520948 29790 raft_consensus.cc:1275] T a28bd1d82ff34c3d896caebfc19ed88f P 1cbe904d09204288a532a8dbb01e9eaa [term 1 FOLLOWER]: Refusing update from remote peer 9b8a1f9ab24245a299714e0baee04fe4: Log matching property violated. Preceding OpId in replica: term: 1 index: 3. Preceding OpId from leader: term: 1 index: 4. (index mismatch)
I20260630 12:22:09.522863 30140 consensus_queue.cc:1048] T a28bd1d82ff34c3d896caebfc19ed88f P 9b8a1f9ab24245a299714e0baee04fe4 [LEADER]: Connected to new peer: Peer: permanent_uuid: "1cbe904d09204288a532a8dbb01e9eaa" member_type: VOTER last_known_addr { host: "127.26.30.2" port: 33425 }, Status: LMP_MISMATCH, Last received: 0.0, Next index: 4, Last known committed idx: 3, Time since last communication: 0.000s
I20260630 12:22:09.520085 30019 raft_consensus.cc:1275] T a28bd1d82ff34c3d896caebfc19ed88f P ce6bec60a7df43a99c2cbcdef75f1f4f [term 1 FOLLOWER]: Refusing update from remote peer 9b8a1f9ab24245a299714e0baee04fe4: Log matching property violated. Preceding OpId in replica: term: 1 index: 3. Preceding OpId from leader: term: 1 index: 4. (index mismatch)
I20260630 12:22:09.526376 29918 consensus_queue.cc:1048] T a28bd1d82ff34c3d896caebfc19ed88f P 9b8a1f9ab24245a299714e0baee04fe4 [LEADER]: Connected to new peer: Peer: permanent_uuid: "ce6bec60a7df43a99c2cbcdef75f1f4f" member_type: VOTER last_known_addr { host: "127.26.30.4" port: 44079 } attrs { promote: false }, Status: LMP_MISMATCH, Last received: 0.0, Next index: 4, Last known committed idx: 3, Time since last communication: 0.000s
I20260630 12:22:09.530839 29918 raft_consensus.cc:2955] T a28bd1d82ff34c3d896caebfc19ed88f P 9b8a1f9ab24245a299714e0baee04fe4 [term 1 LEADER]: Committing config change with OpId 1.4: config changed from index 3 to 4, VOTER 7b67df76d2ea45678ace4969031e82cd (127.26.30.1) evicted. New config: { opid_index: 4 OBSOLETE_local: false peers { permanent_uuid: "1cbe904d09204288a532a8dbb01e9eaa" member_type: VOTER last_known_addr { host: "127.26.30.2" port: 33425 } } peers { permanent_uuid: "9b8a1f9ab24245a299714e0baee04fe4" member_type: VOTER last_known_addr { host: "127.26.30.3" port: 39431 } } peers { permanent_uuid: "ce6bec60a7df43a99c2cbcdef75f1f4f" member_type: VOTER last_known_addr { host: "127.26.30.4" port: 44079 } attrs { promote: false } } }
I20260630 12:22:09.535339 29790 raft_consensus.cc:2955] T a28bd1d82ff34c3d896caebfc19ed88f P 1cbe904d09204288a532a8dbb01e9eaa [term 1 FOLLOWER]: Committing config change with OpId 1.4: config changed from index 3 to 4, VOTER 7b67df76d2ea45678ace4969031e82cd (127.26.30.1) evicted. New config: { opid_index: 4 OBSOLETE_local: false peers { permanent_uuid: "1cbe904d09204288a532a8dbb01e9eaa" member_type: VOTER last_known_addr { host: "127.26.30.2" port: 33425 } } peers { permanent_uuid: "9b8a1f9ab24245a299714e0baee04fe4" member_type: VOTER last_known_addr { host: "127.26.30.3" port: 39431 } } peers { permanent_uuid: "ce6bec60a7df43a99c2cbcdef75f1f4f" member_type: VOTER last_known_addr { host: "127.26.30.4" port: 44079 } attrs { promote: false } } }
I20260630 12:22:09.536921 29717 tablet_service.cc:2072] Received LeaderStepDown RPC: tablet_id: "5c7667af844f4175a5dfccf4e88ecf9a"
dest_uuid: "7b67df76d2ea45678ace4969031e82cd"
mode: GRACEFUL
new_leader_uuid: "ce6bec60a7df43a99c2cbcdef75f1f4f"
 from {username='slave'} at 127.0.0.1:48252
I20260630 12:22:09.537395 29717 raft_consensus.cc:606] T 5c7667af844f4175a5dfccf4e88ecf9a P 7b67df76d2ea45678ace4969031e82cd [term 1 LEADER]: Received request to transfer leadership to TS ce6bec60a7df43a99c2cbcdef75f1f4f
I20260630 12:22:09.538647 29669 auto_leader_rebalancer.cc:440] table: range_aware_rebalance_new_range, leader rebalance finish, leader transfer count: 1
I20260630 12:22:09.536337 30020 raft_consensus.cc:2955] T a28bd1d82ff34c3d896caebfc19ed88f P ce6bec60a7df43a99c2cbcdef75f1f4f [term 1 FOLLOWER]: Committing config change with OpId 1.4: config changed from index 3 to 4, VOTER 7b67df76d2ea45678ace4969031e82cd (127.26.30.1) evicted. New config: { opid_index: 4 OBSOLETE_local: false peers { permanent_uuid: "1cbe904d09204288a532a8dbb01e9eaa" member_type: VOTER last_known_addr { host: "127.26.30.2" port: 33425 } } peers { permanent_uuid: "9b8a1f9ab24245a299714e0baee04fe4" member_type: VOTER last_known_addr { host: "127.26.30.3" port: 39431 } } peers { permanent_uuid: "ce6bec60a7df43a99c2cbcdef75f1f4f" member_type: VOTER last_known_addr { host: "127.26.30.4" port: 44079 } attrs { promote: false } } }
I20260630 12:22:09.539539 29669 auto_leader_rebalancer.cc:515] All tables' leader rebalancing finished this round
I20260630 12:22:09.543861 29602 catalog_manager.cc:5210] ChangeConfig:REMOVE_PEER RPC for tablet a28bd1d82ff34c3d896caebfc19ed88f with cas_config_opid_index 3: ChangeConfig:REMOVE_PEER succeeded (attempt 1)
I20260630 12:22:09.549469 29613 catalog_manager.cc:5697] T a28bd1d82ff34c3d896caebfc19ed88f P 9b8a1f9ab24245a299714e0baee04fe4 reported cstate change: config changed from index 3 to 4, VOTER 7b67df76d2ea45678ace4969031e82cd (127.26.30.1) evicted. New cstate: current_term: 1 leader_uuid: "9b8a1f9ab24245a299714e0baee04fe4" committed_config { opid_index: 4 OBSOLETE_local: false peers { permanent_uuid: "1cbe904d09204288a532a8dbb01e9eaa" member_type: VOTER last_known_addr { host: "127.26.30.2" port: 33425 } health_report { overall_health: HEALTHY } } peers { permanent_uuid: "9b8a1f9ab24245a299714e0baee04fe4" member_type: VOTER last_known_addr { host: "127.26.30.3" port: 39431 } health_report { overall_health: HEALTHY } } peers { permanent_uuid: "ce6bec60a7df43a99c2cbcdef75f1f4f" member_type: VOTER last_known_addr { host: "127.26.30.4" port: 44079 } attrs { promote: false } health_report { overall_health: HEALTHY } } }
I20260630 12:22:09.562376 29706 tablet_service.cc:1558] Processing DeleteTablet for tablet a28bd1d82ff34c3d896caebfc19ed88f with delete_type TABLET_DATA_TOMBSTONED (TS 7b67df76d2ea45678ace4969031e82cd not found in new config with opid_index 4) from {username='slave'} at 127.0.0.1:48224
I20260630 12:22:09.565026 30186 tablet_replica.cc:333] T a28bd1d82ff34c3d896caebfc19ed88f P 7b67df76d2ea45678ace4969031e82cd: stopping tablet replica
I20260630 12:22:09.565910 30186 raft_consensus.cc:2243] T a28bd1d82ff34c3d896caebfc19ed88f P 7b67df76d2ea45678ace4969031e82cd [term 1 FOLLOWER]: Raft consensus shutting down.
I20260630 12:22:09.566624 30186 raft_consensus.cc:2272] T a28bd1d82ff34c3d896caebfc19ed88f P 7b67df76d2ea45678ace4969031e82cd [term 1 FOLLOWER]: Raft consensus is shut down!
I20260630 12:22:09.569444 30186 ts_tablet_manager.cc:1916] T a28bd1d82ff34c3d896caebfc19ed88f P 7b67df76d2ea45678ace4969031e82cd: Deleting tablet data with delete state TABLET_DATA_TOMBSTONED
I20260630 12:22:09.581399 30186 ts_tablet_manager.cc:1929] T a28bd1d82ff34c3d896caebfc19ed88f P 7b67df76d2ea45678ace4969031e82cd: tablet deleted with delete type TABLET_DATA_TOMBSTONED: last-logged OpId 1.3
I20260630 12:22:09.581791 30186 log.cc:1199] T a28bd1d82ff34c3d896caebfc19ed88f P 7b67df76d2ea45678ace4969031e82cd: Deleting WAL directory at /tmp/dist-test-task0TTuCp/test-tmp/auto_rebalancer-test.0.AutoRebalancerTest.RangeAwareRebalancesNewRangeReplicas.1782822041657497-26744-0/minicluster-data/ts-0-root/wals/a28bd1d82ff34c3d896caebfc19ed88f
I20260630 12:22:09.583408 29603 catalog_manager.cc:5028] TS 7b67df76d2ea45678ace4969031e82cd (127.26.30.1:32883): tablet a28bd1d82ff34c3d896caebfc19ed88f (table range_aware_rebalance_new_range [id=e2afa98f63e04b74a7976e4d0cf1f6f2]) successfully deleted
I20260630 12:22:09.850760 30169 raft_consensus.cc:993] T 5c7667af844f4175a5dfccf4e88ecf9a P 7b67df76d2ea45678ace4969031e82cd: : Instructing follower ce6bec60a7df43a99c2cbcdef75f1f4f to start an election
I20260630 12:22:09.851238 30187 raft_consensus.cc:1081] T 5c7667af844f4175a5dfccf4e88ecf9a P 7b67df76d2ea45678ace4969031e82cd [term 1 LEADER]: Signalling peer ce6bec60a7df43a99c2cbcdef75f1f4f to start an election
I20260630 12:22:09.852628 30020 tablet_service.cc:2044] Received Run Leader Election RPC: tablet_id: "5c7667af844f4175a5dfccf4e88ecf9a"
dest_uuid: "ce6bec60a7df43a99c2cbcdef75f1f4f"
 from {username='slave'} at 127.0.0.1:37114
I20260630 12:22:09.853097 30020 raft_consensus.cc:493] T 5c7667af844f4175a5dfccf4e88ecf9a P ce6bec60a7df43a99c2cbcdef75f1f4f [term 1 FOLLOWER]: Starting forced leader election (received explicit request)
I20260630 12:22:09.853384 30020 raft_consensus.cc:3060] T 5c7667af844f4175a5dfccf4e88ecf9a P ce6bec60a7df43a99c2cbcdef75f1f4f [term 1 FOLLOWER]: Advancing to term 2
I20260630 12:22:09.858127 30020 raft_consensus.cc:515] T 5c7667af844f4175a5dfccf4e88ecf9a P ce6bec60a7df43a99c2cbcdef75f1f4f [term 2 FOLLOWER]: Starting forced leader election with config: opid_index: -1 OBSOLETE_local: false peers { permanent_uuid: "ce6bec60a7df43a99c2cbcdef75f1f4f" member_type: VOTER last_known_addr { host: "127.26.30.4" port: 44079 } } peers { permanent_uuid: "7b67df76d2ea45678ace4969031e82cd" member_type: VOTER last_known_addr { host: "127.26.30.1" port: 32883 } } peers { permanent_uuid: "1cbe904d09204288a532a8dbb01e9eaa" member_type: VOTER last_known_addr { host: "127.26.30.2" port: 33425 } }
I20260630 12:22:09.859637 30020 leader_election.cc:290] T 5c7667af844f4175a5dfccf4e88ecf9a P ce6bec60a7df43a99c2cbcdef75f1f4f [CANDIDATE]: Term 2 election: Requested vote from peers 7b67df76d2ea45678ace4969031e82cd (127.26.30.1:32883), 1cbe904d09204288a532a8dbb01e9eaa (127.26.30.2:33425)
I20260630 12:22:09.860447 29717 tablet_service.cc:1917] Received RequestConsensusVote() RPC: tablet_id: "5c7667af844f4175a5dfccf4e88ecf9a" candidate_uuid: "ce6bec60a7df43a99c2cbcdef75f1f4f" candidate_term: 2 candidate_status { last_received { term: 1 index: 1 } } ignore_live_leader: true dest_uuid: "7b67df76d2ea45678ace4969031e82cd"
I20260630 12:22:09.860533 29790 tablet_service.cc:1917] Received RequestConsensusVote() RPC: tablet_id: "5c7667af844f4175a5dfccf4e88ecf9a" candidate_uuid: "ce6bec60a7df43a99c2cbcdef75f1f4f" candidate_term: 2 candidate_status { last_received { term: 1 index: 1 } } ignore_live_leader: true dest_uuid: "1cbe904d09204288a532a8dbb01e9eaa"
I20260630 12:22:09.861080 29717 raft_consensus.cc:3055] T 5c7667af844f4175a5dfccf4e88ecf9a P 7b67df76d2ea45678ace4969031e82cd [term 1 LEADER]: Stepping down as leader of term 1
I20260630 12:22:09.861125 29790 raft_consensus.cc:3060] T 5c7667af844f4175a5dfccf4e88ecf9a P 1cbe904d09204288a532a8dbb01e9eaa [term 1 FOLLOWER]: Advancing to term 2
I20260630 12:22:09.861483 29717 raft_consensus.cc:740] T 5c7667af844f4175a5dfccf4e88ecf9a P 7b67df76d2ea45678ace4969031e82cd [term 1 LEADER]: Becoming Follower/Learner. State: Replica: 7b67df76d2ea45678ace4969031e82cd, State: Running, Role: LEADER
I20260630 12:22:09.862255 29717 consensus_queue.cc:260] T 5c7667af844f4175a5dfccf4e88ecf9a P 7b67df76d2ea45678ace4969031e82cd [NON_LEADER]: Queue going to NON_LEADER mode. State: All replicated index: 0, Majority replicated index: 1, Committed index: 1, Last appended: 1.1, Last appended by leader: 1, Current term: 1, Majority size: -1, State: 0, Mode: NON_LEADER, active raft config: opid_index: -1 OBSOLETE_local: false peers { permanent_uuid: "ce6bec60a7df43a99c2cbcdef75f1f4f" member_type: VOTER last_known_addr { host: "127.26.30.4" port: 44079 } } peers { permanent_uuid: "7b67df76d2ea45678ace4969031e82cd" member_type: VOTER last_known_addr { host: "127.26.30.1" port: 32883 } } peers { permanent_uuid: "1cbe904d09204288a532a8dbb01e9eaa" member_type: VOTER last_known_addr { host: "127.26.30.2" port: 33425 } }
I20260630 12:22:09.863387 29717 raft_consensus.cc:3060] T 5c7667af844f4175a5dfccf4e88ecf9a P 7b67df76d2ea45678ace4969031e82cd [term 1 FOLLOWER]: Advancing to term 2
I20260630 12:22:09.867605 29790 raft_consensus.cc:2468] T 5c7667af844f4175a5dfccf4e88ecf9a P 1cbe904d09204288a532a8dbb01e9eaa [term 2 FOLLOWER]: Leader election vote request: Granting yes vote for candidate ce6bec60a7df43a99c2cbcdef75f1f4f in term 2.
I20260630 12:22:09.868824 29986 leader_election.cc:304] T 5c7667af844f4175a5dfccf4e88ecf9a P ce6bec60a7df43a99c2cbcdef75f1f4f [CANDIDATE]: Term 2 election: Election decided. Result: candidate won. Election summary: received 2 responses out of 3 voters: 2 yes votes; 0 no votes. yes voters: 1cbe904d09204288a532a8dbb01e9eaa, ce6bec60a7df43a99c2cbcdef75f1f4f; no voters: 
I20260630 12:22:09.869593 30158 raft_consensus.cc:2804] T 5c7667af844f4175a5dfccf4e88ecf9a P ce6bec60a7df43a99c2cbcdef75f1f4f [term 2 FOLLOWER]: Leader election won for term 2
I20260630 12:22:09.869876 29717 raft_consensus.cc:2468] T 5c7667af844f4175a5dfccf4e88ecf9a P 7b67df76d2ea45678ace4969031e82cd [term 2 FOLLOWER]: Leader election vote request: Granting yes vote for candidate ce6bec60a7df43a99c2cbcdef75f1f4f in term 2.
I20260630 12:22:09.870651 30158 raft_consensus.cc:697] T 5c7667af844f4175a5dfccf4e88ecf9a P ce6bec60a7df43a99c2cbcdef75f1f4f [term 2 LEADER]: Becoming Leader. State: Replica: ce6bec60a7df43a99c2cbcdef75f1f4f, State: Running, Role: LEADER
I20260630 12:22:09.872175 30158 consensus_queue.cc:237] T 5c7667af844f4175a5dfccf4e88ecf9a P ce6bec60a7df43a99c2cbcdef75f1f4f [LEADER]: Queue going to LEADER mode. State: All replicated index: 0, Majority replicated index: 1, Committed index: 1, Last appended: 1.1, Last appended by leader: 1, Current term: 2, Majority size: 2, State: 0, Mode: LEADER, active raft config: opid_index: -1 OBSOLETE_local: false peers { permanent_uuid: "ce6bec60a7df43a99c2cbcdef75f1f4f" member_type: VOTER last_known_addr { host: "127.26.30.4" port: 44079 } } peers { permanent_uuid: "7b67df76d2ea45678ace4969031e82cd" member_type: VOTER last_known_addr { host: "127.26.30.1" port: 32883 } } peers { permanent_uuid: "1cbe904d09204288a532a8dbb01e9eaa" member_type: VOTER last_known_addr { host: "127.26.30.2" port: 33425 } }
I20260630 12:22:09.879237 29615 catalog_manager.cc:5697] T 5c7667af844f4175a5dfccf4e88ecf9a P ce6bec60a7df43a99c2cbcdef75f1f4f reported cstate change: term changed from 1 to 2, leader changed from 7b67df76d2ea45678ace4969031e82cd (127.26.30.1) to ce6bec60a7df43a99c2cbcdef75f1f4f (127.26.30.4). New cstate: current_term: 2 leader_uuid: "ce6bec60a7df43a99c2cbcdef75f1f4f" committed_config { opid_index: -1 OBSOLETE_local: false peers { permanent_uuid: "ce6bec60a7df43a99c2cbcdef75f1f4f" member_type: VOTER last_known_addr { host: "127.26.30.4" port: 44079 } health_report { overall_health: HEALTHY } } peers { permanent_uuid: "7b67df76d2ea45678ace4969031e82cd" member_type: VOTER last_known_addr { host: "127.26.30.1" port: 32883 } health_report { overall_health: UNKNOWN } } peers { permanent_uuid: "1cbe904d09204288a532a8dbb01e9eaa" member_type: VOTER last_known_addr { host: "127.26.30.2" port: 33425 } health_report { overall_health: UNKNOWN } } }
I20260630 12:22:10.420487 29790 raft_consensus.cc:1275] T 5c7667af844f4175a5dfccf4e88ecf9a P 1cbe904d09204288a532a8dbb01e9eaa [term 2 FOLLOWER]: Refusing update from remote peer ce6bec60a7df43a99c2cbcdef75f1f4f: Log matching property violated. Preceding OpId in replica: term: 1 index: 1. Preceding OpId from leader: term: 2 index: 2. (index mismatch)
I20260630 12:22:10.421710 30158 consensus_queue.cc:1048] T 5c7667af844f4175a5dfccf4e88ecf9a P ce6bec60a7df43a99c2cbcdef75f1f4f [LEADER]: Connected to new peer: Peer: permanent_uuid: "1cbe904d09204288a532a8dbb01e9eaa" member_type: VOTER last_known_addr { host: "127.26.30.2" port: 33425 }, Status: LMP_MISMATCH, Last received: 0.0, Next index: 2, Last known committed idx: 1, Time since last communication: 0.000s
I20260630 12:22:10.427960 29717 raft_consensus.cc:1275] T 5c7667af844f4175a5dfccf4e88ecf9a P 7b67df76d2ea45678ace4969031e82cd [term 2 FOLLOWER]: Refusing update from remote peer ce6bec60a7df43a99c2cbcdef75f1f4f: Log matching property violated. Preceding OpId in replica: term: 1 index: 1. Preceding OpId from leader: term: 2 index: 2. (index mismatch)
I20260630 12:22:10.430047 30191 consensus_queue.cc:1048] T 5c7667af844f4175a5dfccf4e88ecf9a P ce6bec60a7df43a99c2cbcdef75f1f4f [LEADER]: Connected to new peer: Peer: permanent_uuid: "7b67df76d2ea45678ace4969031e82cd" member_type: VOTER last_known_addr { host: "127.26.30.1" port: 32883 }, Status: LMP_MISMATCH, Last received: 0.0, Next index: 2, Last known committed idx: 1, Time since last communication: 0.000s
I20260630 12:22:10.582828 29790 consensus_queue.cc:237] T c2b14df54f6145cab8a092305a94eb43 P 1cbe904d09204288a532a8dbb01e9eaa [LEADER]: Queue going to LEADER mode. State: All replicated index: 0, Majority replicated index: 1, Committed index: 1, Last appended: 1.1, Last appended by leader: 0, Current term: 1, Majority size: 2, State: 0, Mode: LEADER, active raft config: opid_index: 2 OBSOLETE_local: false peers { permanent_uuid: "7b67df76d2ea45678ace4969031e82cd" member_type: VOTER last_known_addr { host: "127.26.30.1" port: 32883 } } peers { permanent_uuid: "1cbe904d09204288a532a8dbb01e9eaa" member_type: VOTER last_known_addr { host: "127.26.30.2" port: 33425 } } peers { permanent_uuid: "9b8a1f9ab24245a299714e0baee04fe4" member_type: VOTER last_known_addr { host: "127.26.30.3" port: 39431 } attrs { replace: true } } peers { permanent_uuid: "ce6bec60a7df43a99c2cbcdef75f1f4f" member_type: NON_VOTER last_known_addr { host: "127.26.30.4" port: 44079 } attrs { promote: true } }
W20260630 12:22:10.589080 29756 consensus_peers.cc:597] T c2b14df54f6145cab8a092305a94eb43 P 1cbe904d09204288a532a8dbb01e9eaa -> Peer ce6bec60a7df43a99c2cbcdef75f1f4f (127.26.30.4:44079): Couldn't send request to peer ce6bec60a7df43a99c2cbcdef75f1f4f. Error code: TABLET_NOT_FOUND (6). Status: Not found: Tablet not found: c2b14df54f6145cab8a092305a94eb43. This is attempt 1: this message will repeat every 5th retry.
I20260630 12:22:10.589661 29867 raft_consensus.cc:1275] T c2b14df54f6145cab8a092305a94eb43 P 9b8a1f9ab24245a299714e0baee04fe4 [term 1 FOLLOWER]: Refusing update from remote peer 1cbe904d09204288a532a8dbb01e9eaa: Log matching property violated. Preceding OpId in replica: term: 1 index: 1. Preceding OpId from leader: term: 1 index: 2. (index mismatch)
I20260630 12:22:10.589797 29717 raft_consensus.cc:1275] T c2b14df54f6145cab8a092305a94eb43 P 7b67df76d2ea45678ace4969031e82cd [term 1 FOLLOWER]: Refusing update from remote peer 1cbe904d09204288a532a8dbb01e9eaa: Log matching property violated. Preceding OpId in replica: term: 1 index: 1. Preceding OpId from leader: term: 1 index: 2. (index mismatch)
I20260630 12:22:10.590843 30199 consensus_queue.cc:1048] T c2b14df54f6145cab8a092305a94eb43 P 1cbe904d09204288a532a8dbb01e9eaa [LEADER]: Connected to new peer: Peer: permanent_uuid: "9b8a1f9ab24245a299714e0baee04fe4" member_type: VOTER last_known_addr { host: "127.26.30.3" port: 39431 } attrs { replace: true }, Status: LMP_MISMATCH, Last received: 0.0, Next index: 2, Last known committed idx: 1, Time since last communication: 0.000s
I20260630 12:22:10.591583 30066 consensus_queue.cc:1048] T c2b14df54f6145cab8a092305a94eb43 P 1cbe904d09204288a532a8dbb01e9eaa [LEADER]: Connected to new peer: Peer: permanent_uuid: "7b67df76d2ea45678ace4969031e82cd" member_type: VOTER last_known_addr { host: "127.26.30.1" port: 32883 }, Status: LMP_MISMATCH, Last received: 0.0, Next index: 2, Last known committed idx: 1, Time since last communication: 0.000s
I20260630 12:22:10.598992 30066 raft_consensus.cc:2955] T c2b14df54f6145cab8a092305a94eb43 P 1cbe904d09204288a532a8dbb01e9eaa [term 1 LEADER]: Committing config change with OpId 1.2: config changed from index -1 to 2, NON_VOTER ce6bec60a7df43a99c2cbcdef75f1f4f (127.26.30.4) added. New config: { opid_index: 2 OBSOLETE_local: false peers { permanent_uuid: "7b67df76d2ea45678ace4969031e82cd" member_type: VOTER last_known_addr { host: "127.26.30.1" port: 32883 } } peers { permanent_uuid: "1cbe904d09204288a532a8dbb01e9eaa" member_type: VOTER last_known_addr { host: "127.26.30.2" port: 33425 } } peers { permanent_uuid: "9b8a1f9ab24245a299714e0baee04fe4" member_type: VOTER last_known_addr { host: "127.26.30.3" port: 39431 } attrs { replace: true } } peers { permanent_uuid: "ce6bec60a7df43a99c2cbcdef75f1f4f" member_type: NON_VOTER last_known_addr { host: "127.26.30.4" port: 44079 } attrs { promote: true } } }
I20260630 12:22:10.600157 29717 raft_consensus.cc:2955] T c2b14df54f6145cab8a092305a94eb43 P 7b67df76d2ea45678ace4969031e82cd [term 1 FOLLOWER]: Committing config change with OpId 1.2: config changed from index -1 to 2, NON_VOTER ce6bec60a7df43a99c2cbcdef75f1f4f (127.26.30.4) added. New config: { opid_index: 2 OBSOLETE_local: false peers { permanent_uuid: "7b67df76d2ea45678ace4969031e82cd" member_type: VOTER last_known_addr { host: "127.26.30.1" port: 32883 } } peers { permanent_uuid: "1cbe904d09204288a532a8dbb01e9eaa" member_type: VOTER last_known_addr { host: "127.26.30.2" port: 33425 } } peers { permanent_uuid: "9b8a1f9ab24245a299714e0baee04fe4" member_type: VOTER last_known_addr { host: "127.26.30.3" port: 39431 } attrs { replace: true } } peers { permanent_uuid: "ce6bec60a7df43a99c2cbcdef75f1f4f" member_type: NON_VOTER last_known_addr { host: "127.26.30.4" port: 44079 } attrs { promote: true } } }
I20260630 12:22:10.600664 29867 raft_consensus.cc:2955] T c2b14df54f6145cab8a092305a94eb43 P 9b8a1f9ab24245a299714e0baee04fe4 [term 1 FOLLOWER]: Committing config change with OpId 1.2: config changed from index -1 to 2, NON_VOTER ce6bec60a7df43a99c2cbcdef75f1f4f (127.26.30.4) added. New config: { opid_index: 2 OBSOLETE_local: false peers { permanent_uuid: "7b67df76d2ea45678ace4969031e82cd" member_type: VOTER last_known_addr { host: "127.26.30.1" port: 32883 } } peers { permanent_uuid: "1cbe904d09204288a532a8dbb01e9eaa" member_type: VOTER last_known_addr { host: "127.26.30.2" port: 33425 } } peers { permanent_uuid: "9b8a1f9ab24245a299714e0baee04fe4" member_type: VOTER last_known_addr { host: "127.26.30.3" port: 39431 } attrs { replace: true } } peers { permanent_uuid: "ce6bec60a7df43a99c2cbcdef75f1f4f" member_type: NON_VOTER last_known_addr { host: "127.26.30.4" port: 44079 } attrs { promote: true } } }
I20260630 12:22:10.612160 29614 catalog_manager.cc:5697] T c2b14df54f6145cab8a092305a94eb43 P 9b8a1f9ab24245a299714e0baee04fe4 reported cstate change: config changed from index -1 to 2, NON_VOTER ce6bec60a7df43a99c2cbcdef75f1f4f (127.26.30.4) added. New cstate: current_term: 1 leader_uuid: "1cbe904d09204288a532a8dbb01e9eaa" committed_config { opid_index: 2 OBSOLETE_local: false peers { permanent_uuid: "7b67df76d2ea45678ace4969031e82cd" member_type: VOTER last_known_addr { host: "127.26.30.1" port: 32883 } } peers { permanent_uuid: "1cbe904d09204288a532a8dbb01e9eaa" member_type: VOTER last_known_addr { host: "127.26.30.2" port: 33425 } } peers { permanent_uuid: "9b8a1f9ab24245a299714e0baee04fe4" member_type: VOTER last_known_addr { host: "127.26.30.3" port: 39431 } attrs { replace: true } } peers { permanent_uuid: "ce6bec60a7df43a99c2cbcdef75f1f4f" member_type: NON_VOTER last_known_addr { host: "127.26.30.4" port: 44079 } attrs { promote: true } } }
I20260630 12:22:10.616473 29790 consensus_queue.cc:237] T 2d2f337c549d4f61ba876503b67043e3 P 1cbe904d09204288a532a8dbb01e9eaa [LEADER]: Queue going to LEADER mode. State: All replicated index: 0, Majority replicated index: 1, Committed index: 1, Last appended: 1.1, Last appended by leader: 0, Current term: 1, Majority size: 2, State: 0, Mode: LEADER, active raft config: opid_index: 2 OBSOLETE_local: false peers { permanent_uuid: "7b67df76d2ea45678ace4969031e82cd" member_type: VOTER last_known_addr { host: "127.26.30.1" port: 32883 } attrs { replace: true } } peers { permanent_uuid: "1cbe904d09204288a532a8dbb01e9eaa" member_type: VOTER last_known_addr { host: "127.26.30.2" port: 33425 } } peers { permanent_uuid: "9b8a1f9ab24245a299714e0baee04fe4" member_type: VOTER last_known_addr { host: "127.26.30.3" port: 39431 } } peers { permanent_uuid: "ce6bec60a7df43a99c2cbcdef75f1f4f" member_type: NON_VOTER last_known_addr { host: "127.26.30.4" port: 44079 } attrs { promote: true } }
I20260630 12:22:10.622777 29867 raft_consensus.cc:1275] T 2d2f337c549d4f61ba876503b67043e3 P 9b8a1f9ab24245a299714e0baee04fe4 [term 1 FOLLOWER]: Refusing update from remote peer 1cbe904d09204288a532a8dbb01e9eaa: Log matching property violated. Preceding OpId in replica: term: 1 index: 1. Preceding OpId from leader: term: 1 index: 2. (index mismatch)
I20260630 12:22:10.623335 29717 raft_consensus.cc:1275] T 2d2f337c549d4f61ba876503b67043e3 P 7b67df76d2ea45678ace4969031e82cd [term 1 FOLLOWER]: Refusing update from remote peer 1cbe904d09204288a532a8dbb01e9eaa: Log matching property violated. Preceding OpId in replica: term: 1 index: 1. Preceding OpId from leader: term: 1 index: 2. (index mismatch)
I20260630 12:22:10.624464 30202 consensus_queue.cc:1048] T 2d2f337c549d4f61ba876503b67043e3 P 1cbe904d09204288a532a8dbb01e9eaa [LEADER]: Connected to new peer: Peer: permanent_uuid: "9b8a1f9ab24245a299714e0baee04fe4" member_type: VOTER last_known_addr { host: "127.26.30.3" port: 39431 }, Status: LMP_MISMATCH, Last received: 0.0, Next index: 2, Last known committed idx: 1, Time since last communication: 0.000s
W20260630 12:22:10.625408 29756 consensus_peers.cc:597] T 2d2f337c549d4f61ba876503b67043e3 P 1cbe904d09204288a532a8dbb01e9eaa -> Peer ce6bec60a7df43a99c2cbcdef75f1f4f (127.26.30.4:44079): Couldn't send request to peer ce6bec60a7df43a99c2cbcdef75f1f4f. Error code: TABLET_NOT_FOUND (6). Status: Not found: Tablet not found: 2d2f337c549d4f61ba876503b67043e3. This is attempt 1: this message will repeat every 5th retry.
I20260630 12:22:10.625870 30066 consensus_queue.cc:1048] T 2d2f337c549d4f61ba876503b67043e3 P 1cbe904d09204288a532a8dbb01e9eaa [LEADER]: Connected to new peer: Peer: permanent_uuid: "7b67df76d2ea45678ace4969031e82cd" member_type: VOTER last_known_addr { host: "127.26.30.1" port: 32883 } attrs { replace: true }, Status: LMP_MISMATCH, Last received: 0.0, Next index: 2, Last known committed idx: 1, Time since last communication: 0.000s
I20260630 12:22:10.638346 30199 raft_consensus.cc:2955] T 2d2f337c549d4f61ba876503b67043e3 P 1cbe904d09204288a532a8dbb01e9eaa [term 1 LEADER]: Committing config change with OpId 1.2: config changed from index -1 to 2, NON_VOTER ce6bec60a7df43a99c2cbcdef75f1f4f (127.26.30.4) added. New config: { opid_index: 2 OBSOLETE_local: false peers { permanent_uuid: "7b67df76d2ea45678ace4969031e82cd" member_type: VOTER last_known_addr { host: "127.26.30.1" port: 32883 } attrs { replace: true } } peers { permanent_uuid: "1cbe904d09204288a532a8dbb01e9eaa" member_type: VOTER last_known_addr { host: "127.26.30.2" port: 33425 } } peers { permanent_uuid: "9b8a1f9ab24245a299714e0baee04fe4" member_type: VOTER last_known_addr { host: "127.26.30.3" port: 39431 } } peers { permanent_uuid: "ce6bec60a7df43a99c2cbcdef75f1f4f" member_type: NON_VOTER last_known_addr { host: "127.26.30.4" port: 44079 } attrs { promote: true } } }
