I20260630 12:22:06.645239 29878 raft_consensus.cc:2468] T 8134d296666047aba47fa4b46c3f9cd2 P a0642a2a9c1a472f9535bde15af72536 [term 2 FOLLOWER]: Leader election vote request: Granting yes vote for candidate f89afeed51dd45058674fdebe7d22b08 in term 2.
I20260630 12:22:06.652880 29704 catalog_manager.cc:5697] T 8134d296666047aba47fa4b46c3f9cd2 P f89afeed51dd45058674fdebe7d22b08 reported cstate change: term changed from 1 to 2, leader changed from a0642a2a9c1a472f9535bde15af72536 (127.26.53.2) to f89afeed51dd45058674fdebe7d22b08 (127.26.53.4). New cstate: current_term: 2 leader_uuid: "f89afeed51dd45058674fdebe7d22b08" committed_config { opid_index: -1 OBSOLETE_local: false peers { permanent_uuid: "6628364aea63440b8ab879935997f385" member_type: VOTER last_known_addr { host: "127.26.53.1" port: 35079 } health_report { overall_health: UNKNOWN } } peers { permanent_uuid: "a0642a2a9c1a472f9535bde15af72536" member_type: VOTER last_known_addr { host: "127.26.53.2" port: 41719 } health_report { overall_health: UNKNOWN } } peers { permanent_uuid: "f89afeed51dd45058674fdebe7d22b08" member_type: VOTER last_known_addr { host: "127.26.53.4" port: 39513 } health_report { overall_health: HEALTHY } } }
I20260630 12:22:06.694633 30269 raft_consensus.cc:993] T 15252e9573054d69beee9c736503e14f P a0642a2a9c1a472f9535bde15af72536: : Instructing follower 6628364aea63440b8ab879935997f385 to start an election
I20260630 12:22:06.695103 30267 raft_consensus.cc:1081] T 15252e9573054d69beee9c736503e14f P a0642a2a9c1a472f9535bde15af72536 [term 1 LEADER]: Signalling peer 6628364aea63440b8ab879935997f385 to start an election
I20260630 12:22:06.696520 29804 tablet_service.cc:2044] Received Run Leader Election RPC: tablet_id: "15252e9573054d69beee9c736503e14f"
dest_uuid: "6628364aea63440b8ab879935997f385"
 from {username='slave'} at 127.0.0.1:34790
I20260630 12:22:06.697014 29804 raft_consensus.cc:493] T 15252e9573054d69beee9c736503e14f P 6628364aea63440b8ab879935997f385 [term 1 FOLLOWER]: Starting forced leader election (received explicit request)
I20260630 12:22:06.697325 29804 raft_consensus.cc:3060] T 15252e9573054d69beee9c736503e14f P 6628364aea63440b8ab879935997f385 [term 1 FOLLOWER]: Advancing to term 2
I20260630 12:22:06.702098 29804 raft_consensus.cc:515] T 15252e9573054d69beee9c736503e14f P 6628364aea63440b8ab879935997f385 [term 2 FOLLOWER]: Starting forced leader election with config: opid_index: -1 OBSOLETE_local: false peers { permanent_uuid: "6628364aea63440b8ab879935997f385" member_type: VOTER last_known_addr { host: "127.26.53.1" port: 35079 } } peers { permanent_uuid: "a0642a2a9c1a472f9535bde15af72536" member_type: VOTER last_known_addr { host: "127.26.53.2" port: 41719 } } peers { permanent_uuid: "038df2d5d93c49d29e0e029c52368772" member_type: VOTER last_known_addr { host: "127.26.53.3" port: 42225 } }
I20260630 12:22:06.704133 29804 leader_election.cc:290] T 15252e9573054d69beee9c736503e14f P 6628364aea63440b8ab879935997f385 [CANDIDATE]: Term 2 election: Requested vote from peers a0642a2a9c1a472f9535bde15af72536 (127.26.53.2:41719), 038df2d5d93c49d29e0e029c52368772 (127.26.53.3:42225)
I20260630 12:22:06.704481 29878 tablet_service.cc:1917] Received RequestConsensusVote() RPC: tablet_id: "15252e9573054d69beee9c736503e14f" candidate_uuid: "6628364aea63440b8ab879935997f385" candidate_term: 2 candidate_status { last_received { term: 1 index: 1 } } ignore_live_leader: true dest_uuid: "a0642a2a9c1a472f9535bde15af72536"
I20260630 12:22:06.704779 29955 tablet_service.cc:1917] Received RequestConsensusVote() RPC: tablet_id: "15252e9573054d69beee9c736503e14f" candidate_uuid: "6628364aea63440b8ab879935997f385" candidate_term: 2 candidate_status { last_received { term: 1 index: 1 } } ignore_live_leader: true dest_uuid: "038df2d5d93c49d29e0e029c52368772"
I20260630 12:22:06.705096 29878 raft_consensus.cc:3055] T 15252e9573054d69beee9c736503e14f P a0642a2a9c1a472f9535bde15af72536 [term 1 LEADER]: Stepping down as leader of term 1
I20260630 12:22:06.705322 29955 raft_consensus.cc:3060] T 15252e9573054d69beee9c736503e14f P 038df2d5d93c49d29e0e029c52368772 [term 1 FOLLOWER]: Advancing to term 2
I20260630 12:22:06.706005 29878 raft_consensus.cc:740] T 15252e9573054d69beee9c736503e14f P a0642a2a9c1a472f9535bde15af72536 [term 1 LEADER]: Becoming Follower/Learner. State: Replica: a0642a2a9c1a472f9535bde15af72536, State: Running, Role: LEADER
I20260630 12:22:06.706871 29878 consensus_queue.cc:260] T 15252e9573054d69beee9c736503e14f P a0642a2a9c1a472f9535bde15af72536 [NON_LEADER]: Queue going to NON_LEADER mode. State: All replicated index: 0, Majority replicated index: 1, Committed index: 1, Last appended: 1.1, Last appended by leader: 1, Current term: 1, Majority size: -1, State: 0, Mode: NON_LEADER, active raft config: opid_index: -1 OBSOLETE_local: false peers { permanent_uuid: "6628364aea63440b8ab879935997f385" member_type: VOTER last_known_addr { host: "127.26.53.1" port: 35079 } } peers { permanent_uuid: "a0642a2a9c1a472f9535bde15af72536" member_type: VOTER last_known_addr { host: "127.26.53.2" port: 41719 } } peers { permanent_uuid: "038df2d5d93c49d29e0e029c52368772" member_type: VOTER last_known_addr { host: "127.26.53.3" port: 42225 } }
I20260630 12:22:06.708112 29878 raft_consensus.cc:3060] T 15252e9573054d69beee9c736503e14f P a0642a2a9c1a472f9535bde15af72536 [term 1 FOLLOWER]: Advancing to term 2
I20260630 12:22:06.710237 29955 raft_consensus.cc:2468] T 15252e9573054d69beee9c736503e14f P 038df2d5d93c49d29e0e029c52368772 [term 2 FOLLOWER]: Leader election vote request: Granting yes vote for candidate 6628364aea63440b8ab879935997f385 in term 2.
I20260630 12:22:06.711249 29773 leader_election.cc:304] T 15252e9573054d69beee9c736503e14f P 6628364aea63440b8ab879935997f385 [CANDIDATE]: Term 2 election: Election decided. Result: candidate won. Election summary: received 2 responses out of 3 voters: 2 yes votes; 0 no votes. yes voters: 038df2d5d93c49d29e0e029c52368772, 6628364aea63440b8ab879935997f385; no voters: 
I20260630 12:22:06.711988 30141 raft_consensus.cc:2804] T 15252e9573054d69beee9c736503e14f P 6628364aea63440b8ab879935997f385 [term 2 FOLLOWER]: Leader election won for term 2
I20260630 12:22:06.712410 30141 raft_consensus.cc:697] T 15252e9573054d69beee9c736503e14f P 6628364aea63440b8ab879935997f385 [term 2 LEADER]: Becoming Leader. State: Replica: 6628364aea63440b8ab879935997f385, State: Running, Role: LEADER
I20260630 12:22:06.713186 30141 consensus_queue.cc:237] T 15252e9573054d69beee9c736503e14f P 6628364aea63440b8ab879935997f385 [LEADER]: Queue going to LEADER mode. State: All replicated index: 0, Majority replicated index: 1, Committed index: 1, Last appended: 1.1, Last appended by leader: 1, Current term: 2, Majority size: 2, State: 0, Mode: LEADER, active raft config: opid_index: -1 OBSOLETE_local: false peers { permanent_uuid: "6628364aea63440b8ab879935997f385" member_type: VOTER last_known_addr { host: "127.26.53.1" port: 35079 } } peers { permanent_uuid: "a0642a2a9c1a472f9535bde15af72536" member_type: VOTER last_known_addr { host: "127.26.53.2" port: 41719 } } peers { permanent_uuid: "038df2d5d93c49d29e0e029c52368772" member_type: VOTER last_known_addr { host: "127.26.53.3" port: 42225 } }
I20260630 12:22:06.714459 29878 raft_consensus.cc:2468] T 15252e9573054d69beee9c736503e14f P a0642a2a9c1a472f9535bde15af72536 [term 2 FOLLOWER]: Leader election vote request: Granting yes vote for candidate 6628364aea63440b8ab879935997f385 in term 2.
I20260630 12:22:06.720696 29704 catalog_manager.cc:5697] T 15252e9573054d69beee9c736503e14f P 6628364aea63440b8ab879935997f385 reported cstate change: term changed from 1 to 2, leader changed from a0642a2a9c1a472f9535bde15af72536 (127.26.53.2) to 6628364aea63440b8ab879935997f385 (127.26.53.1). New cstate: current_term: 2 leader_uuid: "6628364aea63440b8ab879935997f385" committed_config { opid_index: -1 OBSOLETE_local: false peers { permanent_uuid: "6628364aea63440b8ab879935997f385" member_type: VOTER last_known_addr { host: "127.26.53.1" port: 35079 } health_report { overall_health: HEALTHY } } peers { permanent_uuid: "a0642a2a9c1a472f9535bde15af72536" member_type: VOTER last_known_addr { host: "127.26.53.2" port: 41719 } health_report { overall_health: UNKNOWN } } peers { permanent_uuid: "038df2d5d93c49d29e0e029c52368772" member_type: VOTER last_known_addr { host: "127.26.53.3" port: 42225 } health_report { overall_health: UNKNOWN } } }
I20260630 12:22:06.768702 30190 raft_consensus.cc:1064] T e7fe6b10a8a64ad5a7705e747a2c3b5b P 038df2d5d93c49d29e0e029c52368772: attempting to promote NON_VOTER f89afeed51dd45058674fdebe7d22b08 to VOTER
I20260630 12:22:06.770927 30190 consensus_queue.cc:237] T e7fe6b10a8a64ad5a7705e747a2c3b5b P 038df2d5d93c49d29e0e029c52368772 [LEADER]: Queue going to LEADER mode. State: All replicated index: 0, Majority replicated index: 2, Committed index: 2, Last appended: 1.2, Last appended by leader: 0, Current term: 1, Majority size: 3, State: 0, Mode: LEADER, active raft config: opid_index: 3 OBSOLETE_local: false peers { permanent_uuid: "6628364aea63440b8ab879935997f385" member_type: VOTER last_known_addr { host: "127.26.53.1" port: 35079 } attrs { replace: true } } peers { permanent_uuid: "a0642a2a9c1a472f9535bde15af72536" member_type: VOTER last_known_addr { host: "127.26.53.2" port: 41719 } } peers { permanent_uuid: "038df2d5d93c49d29e0e029c52368772" member_type: VOTER last_known_addr { host: "127.26.53.3" port: 42225 } } peers { permanent_uuid: "f89afeed51dd45058674fdebe7d22b08" member_type: VOTER last_known_addr { host: "127.26.53.4" port: 39513 } attrs { promote: false } }
I20260630 12:22:06.777141 29878 raft_consensus.cc:1275] T e7fe6b10a8a64ad5a7705e747a2c3b5b P a0642a2a9c1a472f9535bde15af72536 [term 1 FOLLOWER]: Refusing update from remote peer 038df2d5d93c49d29e0e029c52368772: Log matching property violated. Preceding OpId in replica: term: 1 index: 2. Preceding OpId from leader: term: 1 index: 3. (index mismatch)
I20260630 12:22:06.777331 30103 raft_consensus.cc:1275] T e7fe6b10a8a64ad5a7705e747a2c3b5b P f89afeed51dd45058674fdebe7d22b08 [term 1 LEARNER]: Refusing update from remote peer 038df2d5d93c49d29e0e029c52368772: Log matching property violated. Preceding OpId in replica: term: 1 index: 2. Preceding OpId from leader: term: 1 index: 3. (index mismatch)
I20260630 12:22:06.778666 29804 raft_consensus.cc:1275] T e7fe6b10a8a64ad5a7705e747a2c3b5b P 6628364aea63440b8ab879935997f385 [term 1 FOLLOWER]: Refusing update from remote peer 038df2d5d93c49d29e0e029c52368772: Log matching property violated. Preceding OpId in replica: term: 1 index: 2. Preceding OpId from leader: term: 1 index: 3. (index mismatch)
I20260630 12:22:06.778908 30285 consensus_queue.cc:1048] T e7fe6b10a8a64ad5a7705e747a2c3b5b P 038df2d5d93c49d29e0e029c52368772 [LEADER]: Connected to new peer: Peer: permanent_uuid: "a0642a2a9c1a472f9535bde15af72536" member_type: VOTER last_known_addr { host: "127.26.53.2" port: 41719 }, Status: LMP_MISMATCH, Last received: 0.0, Next index: 3, Last known committed idx: 2, Time since last communication: 0.000s
I20260630 12:22:06.780323 30239 consensus_queue.cc:1048] T e7fe6b10a8a64ad5a7705e747a2c3b5b P 038df2d5d93c49d29e0e029c52368772 [LEADER]: Connected to new peer: Peer: permanent_uuid: "6628364aea63440b8ab879935997f385" member_type: VOTER last_known_addr { host: "127.26.53.1" port: 35079 } attrs { replace: true }, Status: LMP_MISMATCH, Last received: 0.0, Next index: 3, Last known committed idx: 2, Time since last communication: 0.000s
I20260630 12:22:06.783819 30190 consensus_queue.cc:1048] T e7fe6b10a8a64ad5a7705e747a2c3b5b P 038df2d5d93c49d29e0e029c52368772 [LEADER]: Connected to new peer: Peer: permanent_uuid: "f89afeed51dd45058674fdebe7d22b08" member_type: VOTER last_known_addr { host: "127.26.53.4" port: 39513 } attrs { promote: false }, Status: LMP_MISMATCH, Last received: 0.0, Next index: 3, Last known committed idx: 2, Time since last communication: 0.000s
I20260630 12:22:06.795158 30267 raft_consensus.cc:1064] T a365ce7c070a43899c8cd9e97e4ec9af P a0642a2a9c1a472f9535bde15af72536: attempting to promote NON_VOTER f89afeed51dd45058674fdebe7d22b08 to VOTER
I20260630 12:22:06.797848 30267 consensus_queue.cc:237] T a365ce7c070a43899c8cd9e97e4ec9af P a0642a2a9c1a472f9535bde15af72536 [LEADER]: Queue going to LEADER mode. State: All replicated index: 0, Majority replicated index: 2, Committed index: 2, Last appended: 1.2, Last appended by leader: 0, Current term: 1, Majority size: 3, State: 0, Mode: LEADER, active raft config: opid_index: 3 OBSOLETE_local: false peers { permanent_uuid: "6628364aea63440b8ab879935997f385" member_type: VOTER last_known_addr { host: "127.26.53.1" port: 35079 } attrs { replace: true } } peers { permanent_uuid: "a0642a2a9c1a472f9535bde15af72536" member_type: VOTER last_known_addr { host: "127.26.53.2" port: 41719 } } peers { permanent_uuid: "038df2d5d93c49d29e0e029c52368772" member_type: VOTER last_known_addr { host: "127.26.53.3" port: 42225 } } peers { permanent_uuid: "f89afeed51dd45058674fdebe7d22b08" member_type: VOTER last_known_addr { host: "127.26.53.4" port: 39513 } attrs { promote: false } }
I20260630 12:22:06.803905 30285 raft_consensus.cc:2955] T e7fe6b10a8a64ad5a7705e747a2c3b5b P 038df2d5d93c49d29e0e029c52368772 [term 1 LEADER]: Committing config change with OpId 1.3: config changed from index 2 to 3, f89afeed51dd45058674fdebe7d22b08 (127.26.53.4) changed from NON_VOTER to VOTER. New config: { opid_index: 3 OBSOLETE_local: false peers { permanent_uuid: "6628364aea63440b8ab879935997f385" member_type: VOTER last_known_addr { host: "127.26.53.1" port: 35079 } attrs { replace: true } } peers { permanent_uuid: "a0642a2a9c1a472f9535bde15af72536" member_type: VOTER last_known_addr { host: "127.26.53.2" port: 41719 } } peers { permanent_uuid: "038df2d5d93c49d29e0e029c52368772" member_type: VOTER last_known_addr { host: "127.26.53.3" port: 42225 } } peers { permanent_uuid: "f89afeed51dd45058674fdebe7d22b08" member_type: VOTER last_known_addr { host: "127.26.53.4" port: 39513 } attrs { promote: false } } }
I20260630 12:22:06.810762 30103 raft_consensus.cc:2955] T e7fe6b10a8a64ad5a7705e747a2c3b5b P f89afeed51dd45058674fdebe7d22b08 [term 1 FOLLOWER]: Committing config change with OpId 1.3: config changed from index 2 to 3, f89afeed51dd45058674fdebe7d22b08 (127.26.53.4) changed from NON_VOTER to VOTER. New config: { opid_index: 3 OBSOLETE_local: false peers { permanent_uuid: "6628364aea63440b8ab879935997f385" member_type: VOTER last_known_addr { host: "127.26.53.1" port: 35079 } attrs { replace: true } } peers { permanent_uuid: "a0642a2a9c1a472f9535bde15af72536" member_type: VOTER last_known_addr { host: "127.26.53.2" port: 41719 } } peers { permanent_uuid: "038df2d5d93c49d29e0e029c52368772" member_type: VOTER last_known_addr { host: "127.26.53.3" port: 42225 } } peers { permanent_uuid: "f89afeed51dd45058674fdebe7d22b08" member_type: VOTER last_known_addr { host: "127.26.53.4" port: 39513 } attrs { promote: false } } }
I20260630 12:22:06.820132 29878 raft_consensus.cc:2955] T e7fe6b10a8a64ad5a7705e747a2c3b5b P a0642a2a9c1a472f9535bde15af72536 [term 1 FOLLOWER]: Committing config change with OpId 1.3: config changed from index 2 to 3, f89afeed51dd45058674fdebe7d22b08 (127.26.53.4) changed from NON_VOTER to VOTER. New config: { opid_index: 3 OBSOLETE_local: false peers { permanent_uuid: "6628364aea63440b8ab879935997f385" member_type: VOTER last_known_addr { host: "127.26.53.1" port: 35079 } attrs { replace: true } } peers { permanent_uuid: "a0642a2a9c1a472f9535bde15af72536" member_type: VOTER last_known_addr { host: "127.26.53.2" port: 41719 } } peers { permanent_uuid: "038df2d5d93c49d29e0e029c52368772" member_type: VOTER last_known_addr { host: "127.26.53.3" port: 42225 } } peers { permanent_uuid: "f89afeed51dd45058674fdebe7d22b08" member_type: VOTER last_known_addr { host: "127.26.53.4" port: 39513 } attrs { promote: false } } }
I20260630 12:22:06.825940 29704 catalog_manager.cc:5697] T e7fe6b10a8a64ad5a7705e747a2c3b5b P 038df2d5d93c49d29e0e029c52368772 reported cstate change: config changed from index 2 to 3, f89afeed51dd45058674fdebe7d22b08 (127.26.53.4) changed from NON_VOTER to VOTER. New cstate: current_term: 1 leader_uuid: "038df2d5d93c49d29e0e029c52368772" committed_config { opid_index: 3 OBSOLETE_local: false peers { permanent_uuid: "6628364aea63440b8ab879935997f385" member_type: VOTER last_known_addr { host: "127.26.53.1" port: 35079 } attrs { replace: true } health_report { overall_health: UNKNOWN } } peers { permanent_uuid: "a0642a2a9c1a472f9535bde15af72536" member_type: VOTER last_known_addr { host: "127.26.53.2" port: 41719 } health_report { overall_health: UNKNOWN } } peers { permanent_uuid: "038df2d5d93c49d29e0e029c52368772" member_type: VOTER last_known_addr { host: "127.26.53.3" port: 42225 } health_report { overall_health: HEALTHY } } peers { permanent_uuid: "f89afeed51dd45058674fdebe7d22b08" member_type: VOTER last_known_addr { host: "127.26.53.4" port: 39513 } attrs { promote: false } health_report { overall_health: HEALTHY } } }
I20260630 12:22:06.829401 29804 raft_consensus.cc:1275] T a365ce7c070a43899c8cd9e97e4ec9af P 6628364aea63440b8ab879935997f385 [term 1 FOLLOWER]: Refusing update from remote peer a0642a2a9c1a472f9535bde15af72536: Log matching property violated. Preceding OpId in replica: term: 1 index: 2. Preceding OpId from leader: term: 1 index: 3. (index mismatch)
I20260630 12:22:06.830315 29955 raft_consensus.cc:1275] T a365ce7c070a43899c8cd9e97e4ec9af P 038df2d5d93c49d29e0e029c52368772 [term 1 FOLLOWER]: Refusing update from remote peer a0642a2a9c1a472f9535bde15af72536: Log matching property violated. Preceding OpId in replica: term: 1 index: 2. Preceding OpId from leader: term: 1 index: 3. (index mismatch)
I20260630 12:22:06.831506 30270 consensus_queue.cc:1048] T a365ce7c070a43899c8cd9e97e4ec9af P a0642a2a9c1a472f9535bde15af72536 [LEADER]: Connected to new peer: Peer: permanent_uuid: "6628364aea63440b8ab879935997f385" member_type: VOTER last_known_addr { host: "127.26.53.1" port: 35079 } attrs { replace: true }, Status: LMP_MISMATCH, Last received: 0.0, Next index: 3, Last known committed idx: 2, Time since last communication: 0.000s
I20260630 12:22:06.833005 30103 raft_consensus.cc:1275] T a365ce7c070a43899c8cd9e97e4ec9af P f89afeed51dd45058674fdebe7d22b08 [term 1 LEARNER]: Refusing update from remote peer a0642a2a9c1a472f9535bde15af72536: Log matching property violated. Preceding OpId in replica: term: 1 index: 2. Preceding OpId from leader: term: 1 index: 3. (index mismatch)
I20260630 12:22:06.833365 30271 consensus_queue.cc:1048] T a365ce7c070a43899c8cd9e97e4ec9af P a0642a2a9c1a472f9535bde15af72536 [LEADER]: Connected to new peer: Peer: permanent_uuid: "038df2d5d93c49d29e0e029c52368772" member_type: VOTER last_known_addr { host: "127.26.53.3" port: 42225 }, Status: LMP_MISMATCH, Last received: 0.0, Next index: 3, Last known committed idx: 2, Time since last communication: 0.000s
I20260630 12:22:06.836203 30271 consensus_queue.cc:1048] T a365ce7c070a43899c8cd9e97e4ec9af P a0642a2a9c1a472f9535bde15af72536 [LEADER]: Connected to new peer: Peer: permanent_uuid: "f89afeed51dd45058674fdebe7d22b08" member_type: VOTER last_known_addr { host: "127.26.53.4" port: 39513 } attrs { promote: false }, Status: LMP_MISMATCH, Last received: 0.0, Next index: 3, Last known committed idx: 2, Time since last communication: 0.000s
I20260630 12:22:06.849890 29803 raft_consensus.cc:2955] T e7fe6b10a8a64ad5a7705e747a2c3b5b P 6628364aea63440b8ab879935997f385 [term 1 FOLLOWER]: Committing config change with OpId 1.3: config changed from index 2 to 3, f89afeed51dd45058674fdebe7d22b08 (127.26.53.4) changed from NON_VOTER to VOTER. New config: { opid_index: 3 OBSOLETE_local: false peers { permanent_uuid: "6628364aea63440b8ab879935997f385" member_type: VOTER last_known_addr { host: "127.26.53.1" port: 35079 } attrs { replace: true } } peers { permanent_uuid: "a0642a2a9c1a472f9535bde15af72536" member_type: VOTER last_known_addr { host: "127.26.53.2" port: 41719 } } peers { permanent_uuid: "038df2d5d93c49d29e0e029c52368772" member_type: VOTER last_known_addr { host: "127.26.53.3" port: 42225 } } peers { permanent_uuid: "f89afeed51dd45058674fdebe7d22b08" member_type: VOTER last_known_addr { host: "127.26.53.4" port: 39513 } attrs { promote: false } } }
I20260630 12:22:06.858426 29881 raft_consensus.cc:1275] T 637a5155013845c685929dec4d72b78f P a0642a2a9c1a472f9535bde15af72536 [term 2 FOLLOWER]: Refusing update from remote peer f89afeed51dd45058674fdebe7d22b08: Log matching property violated. Preceding OpId in replica: term: 1 index: 1. Preceding OpId from leader: term: 2 index: 2. (index mismatch)
I20260630 12:22:06.860303 30259 consensus_queue.cc:1048] T 637a5155013845c685929dec4d72b78f P f89afeed51dd45058674fdebe7d22b08 [LEADER]: Connected to new peer: Peer: permanent_uuid: "a0642a2a9c1a472f9535bde15af72536" member_type: VOTER last_known_addr { host: "127.26.53.2" port: 41719 }, Status: LMP_MISMATCH, Last received: 0.0, Next index: 2, Last known committed idx: 1, Time since last communication: 0.000s
I20260630 12:22:06.864161 29954 consensus_queue.cc:237] T e7fe6b10a8a64ad5a7705e747a2c3b5b P 038df2d5d93c49d29e0e029c52368772 [LEADER]: Queue going to LEADER mode. State: All replicated index: 0, Majority replicated index: 3, Committed index: 3, Last appended: 1.3, Last appended by leader: 0, Current term: 1, Majority size: 2, State: 0, Mode: LEADER, active raft config: opid_index: 4 OBSOLETE_local: false peers { permanent_uuid: "a0642a2a9c1a472f9535bde15af72536" member_type: VOTER last_known_addr { host: "127.26.53.2" port: 41719 } } peers { permanent_uuid: "038df2d5d93c49d29e0e029c52368772" member_type: VOTER last_known_addr { host: "127.26.53.3" port: 42225 } } peers { permanent_uuid: "f89afeed51dd45058674fdebe7d22b08" member_type: VOTER last_known_addr { host: "127.26.53.4" port: 39513 } attrs { promote: false } }
I20260630 12:22:06.875279 30104 raft_consensus.cc:1275] T e7fe6b10a8a64ad5a7705e747a2c3b5b P f89afeed51dd45058674fdebe7d22b08 [term 1 FOLLOWER]: Refusing update from remote peer 038df2d5d93c49d29e0e029c52368772: Log matching property violated. Preceding OpId in replica: term: 1 index: 3. Preceding OpId from leader: term: 1 index: 4. (index mismatch)
I20260630 12:22:06.875976 29878 raft_consensus.cc:1275] T e7fe6b10a8a64ad5a7705e747a2c3b5b P a0642a2a9c1a472f9535bde15af72536 [term 1 FOLLOWER]: Refusing update from remote peer 038df2d5d93c49d29e0e029c52368772: Log matching property violated. Preceding OpId in replica: term: 1 index: 3. Preceding OpId from leader: term: 1 index: 4. (index mismatch)
I20260630 12:22:06.876848 30285 consensus_queue.cc:1048] T e7fe6b10a8a64ad5a7705e747a2c3b5b P 038df2d5d93c49d29e0e029c52368772 [LEADER]: Connected to new peer: Peer: permanent_uuid: "f89afeed51dd45058674fdebe7d22b08" member_type: VOTER last_known_addr { host: "127.26.53.4" port: 39513 } attrs { promote: false }, Status: LMP_MISMATCH, Last received: 0.0, Next index: 4, Last known committed idx: 3, Time since last communication: 0.000s
I20260630 12:22:06.877697 30190 consensus_queue.cc:1048] T e7fe6b10a8a64ad5a7705e747a2c3b5b P 038df2d5d93c49d29e0e029c52368772 [LEADER]: Connected to new peer: Peer: permanent_uuid: "a0642a2a9c1a472f9535bde15af72536" member_type: VOTER last_known_addr { host: "127.26.53.2" port: 41719 }, Status: LMP_MISMATCH, Last received: 0.0, Next index: 4, Last known committed idx: 3, Time since last communication: 0.000s
I20260630 12:22:06.881699 30271 raft_consensus.cc:2955] T a365ce7c070a43899c8cd9e97e4ec9af P a0642a2a9c1a472f9535bde15af72536 [term 1 LEADER]: Committing config change with OpId 1.3: config changed from index 2 to 3, f89afeed51dd45058674fdebe7d22b08 (127.26.53.4) changed from NON_VOTER to VOTER. New config: { opid_index: 3 OBSOLETE_local: false peers { permanent_uuid: "6628364aea63440b8ab879935997f385" member_type: VOTER last_known_addr { host: "127.26.53.1" port: 35079 } attrs { replace: true } } peers { permanent_uuid: "a0642a2a9c1a472f9535bde15af72536" member_type: VOTER last_known_addr { host: "127.26.53.2" port: 41719 } } peers { permanent_uuid: "038df2d5d93c49d29e0e029c52368772" member_type: VOTER last_known_addr { host: "127.26.53.3" port: 42225 } } peers { permanent_uuid: "f89afeed51dd45058674fdebe7d22b08" member_type: VOTER last_known_addr { host: "127.26.53.4" port: 39513 } attrs { promote: false } } }
I20260630 12:22:06.885087 29807 raft_consensus.cc:2955] T a365ce7c070a43899c8cd9e97e4ec9af P 6628364aea63440b8ab879935997f385 [term 1 FOLLOWER]: Committing config change with OpId 1.3: config changed from index 2 to 3, f89afeed51dd45058674fdebe7d22b08 (127.26.53.4) changed from NON_VOTER to VOTER. New config: { opid_index: 3 OBSOLETE_local: false peers { permanent_uuid: "6628364aea63440b8ab879935997f385" member_type: VOTER last_known_addr { host: "127.26.53.1" port: 35079 } attrs { replace: true } } peers { permanent_uuid: "a0642a2a9c1a472f9535bde15af72536" member_type: VOTER last_known_addr { host: "127.26.53.2" port: 41719 } } peers { permanent_uuid: "038df2d5d93c49d29e0e029c52368772" member_type: VOTER last_known_addr { host: "127.26.53.3" port: 42225 } } peers { permanent_uuid: "f89afeed51dd45058674fdebe7d22b08" member_type: VOTER last_known_addr { host: "127.26.53.4" port: 39513 } attrs { promote: false } } }
I20260630 12:22:06.890600 29879 raft_consensus.cc:2955] T e7fe6b10a8a64ad5a7705e747a2c3b5b P a0642a2a9c1a472f9535bde15af72536 [term 1 FOLLOWER]: Committing config change with OpId 1.4: config changed from index 3 to 4, VOTER 6628364aea63440b8ab879935997f385 (127.26.53.1) evicted. New config: { opid_index: 4 OBSOLETE_local: false peers { permanent_uuid: "a0642a2a9c1a472f9535bde15af72536" member_type: VOTER last_known_addr { host: "127.26.53.2" port: 41719 } } peers { permanent_uuid: "038df2d5d93c49d29e0e029c52368772" member_type: VOTER last_known_addr { host: "127.26.53.3" port: 42225 } } peers { permanent_uuid: "f89afeed51dd45058674fdebe7d22b08" member_type: VOTER last_known_addr { host: "127.26.53.4" port: 39513 } attrs { promote: false } } }
I20260630 12:22:06.905664 30104 raft_consensus.cc:2955] T e7fe6b10a8a64ad5a7705e747a2c3b5b P f89afeed51dd45058674fdebe7d22b08 [term 1 FOLLOWER]: Committing config change with OpId 1.4: config changed from index 3 to 4, VOTER 6628364aea63440b8ab879935997f385 (127.26.53.1) evicted. New config: { opid_index: 4 OBSOLETE_local: false peers { permanent_uuid: "a0642a2a9c1a472f9535bde15af72536" member_type: VOTER last_known_addr { host: "127.26.53.2" port: 41719 } } peers { permanent_uuid: "038df2d5d93c49d29e0e029c52368772" member_type: VOTER last_known_addr { host: "127.26.53.3" port: 42225 } } peers { permanent_uuid: "f89afeed51dd45058674fdebe7d22b08" member_type: VOTER last_known_addr { host: "127.26.53.4" port: 39513 } attrs { promote: false } } }
I20260630 12:22:06.919543 29704 catalog_manager.cc:5697] T e7fe6b10a8a64ad5a7705e747a2c3b5b P f89afeed51dd45058674fdebe7d22b08 reported cstate change: config changed from index 3 to 4, VOTER 6628364aea63440b8ab879935997f385 (127.26.53.1) evicted. New cstate: current_term: 1 leader_uuid: "038df2d5d93c49d29e0e029c52368772" committed_config { opid_index: 4 OBSOLETE_local: false peers { permanent_uuid: "a0642a2a9c1a472f9535bde15af72536" member_type: VOTER last_known_addr { host: "127.26.53.2" port: 41719 } } peers { permanent_uuid: "038df2d5d93c49d29e0e029c52368772" member_type: VOTER last_known_addr { host: "127.26.53.3" port: 42225 } } peers { permanent_uuid: "f89afeed51dd45058674fdebe7d22b08" member_type: VOTER last_known_addr { host: "127.26.53.4" port: 39513 } attrs { promote: false } } }
I20260630 12:22:06.932796 30294 raft_consensus.cc:2955] T e7fe6b10a8a64ad5a7705e747a2c3b5b P 038df2d5d93c49d29e0e029c52368772 [term 1 LEADER]: Committing config change with OpId 1.4: config changed from index 3 to 4, VOTER 6628364aea63440b8ab879935997f385 (127.26.53.1) evicted. New config: { opid_index: 4 OBSOLETE_local: false peers { permanent_uuid: "a0642a2a9c1a472f9535bde15af72536" member_type: VOTER last_known_addr { host: "127.26.53.2" port: 41719 } } peers { permanent_uuid: "038df2d5d93c49d29e0e029c52368772" member_type: VOTER last_known_addr { host: "127.26.53.3" port: 42225 } } peers { permanent_uuid: "f89afeed51dd45058674fdebe7d22b08" member_type: VOTER last_known_addr { host: "127.26.53.4" port: 39513 } attrs { promote: false } } }
I20260630 12:22:06.933866 30103 raft_consensus.cc:2955] T a365ce7c070a43899c8cd9e97e4ec9af P f89afeed51dd45058674fdebe7d22b08 [term 1 FOLLOWER]: Committing config change with OpId 1.3: config changed from index 2 to 3, f89afeed51dd45058674fdebe7d22b08 (127.26.53.4) changed from NON_VOTER to VOTER. New config: { opid_index: 3 OBSOLETE_local: false peers { permanent_uuid: "6628364aea63440b8ab879935997f385" member_type: VOTER last_known_addr { host: "127.26.53.1" port: 35079 } attrs { replace: true } } peers { permanent_uuid: "a0642a2a9c1a472f9535bde15af72536" member_type: VOTER last_known_addr { host: "127.26.53.2" port: 41719 } } peers { permanent_uuid: "038df2d5d93c49d29e0e029c52368772" member_type: VOTER last_known_addr { host: "127.26.53.3" port: 42225 } } peers { permanent_uuid: "f89afeed51dd45058674fdebe7d22b08" member_type: VOTER last_known_addr { host: "127.26.53.4" port: 39513 } attrs { promote: false } } }
I20260630 12:22:06.936779 29955 raft_consensus.cc:2955] T a365ce7c070a43899c8cd9e97e4ec9af P 038df2d5d93c49d29e0e029c52368772 [term 1 FOLLOWER]: Committing config change with OpId 1.3: config changed from index 2 to 3, f89afeed51dd45058674fdebe7d22b08 (127.26.53.4) changed from NON_VOTER to VOTER. New config: { opid_index: 3 OBSOLETE_local: false peers { permanent_uuid: "6628364aea63440b8ab879935997f385" member_type: VOTER last_known_addr { host: "127.26.53.1" port: 35079 } attrs { replace: true } } peers { permanent_uuid: "a0642a2a9c1a472f9535bde15af72536" member_type: VOTER last_known_addr { host: "127.26.53.2" port: 41719 } } peers { permanent_uuid: "038df2d5d93c49d29e0e029c52368772" member_type: VOTER last_known_addr { host: "127.26.53.3" port: 42225 } } peers { permanent_uuid: "f89afeed51dd45058674fdebe7d22b08" member_type: VOTER last_known_addr { host: "127.26.53.4" port: 39513 } attrs { promote: false } } }
I20260630 12:22:06.939451 29796 tablet_service.cc:1558] Processing DeleteTablet for tablet e7fe6b10a8a64ad5a7705e747a2c3b5b with delete_type TABLET_DATA_TOMBSTONED (TS 6628364aea63440b8ab879935997f385 not found in new config with opid_index 4) from {username='slave'} at 127.0.0.1:34784
I20260630 12:22:06.939656 29705 catalog_manager.cc:5697] T a365ce7c070a43899c8cd9e97e4ec9af P 6628364aea63440b8ab879935997f385 reported cstate change: config changed from index 2 to 3, f89afeed51dd45058674fdebe7d22b08 (127.26.53.4) changed from NON_VOTER to VOTER. New cstate: current_term: 1 leader_uuid: "a0642a2a9c1a472f9535bde15af72536" committed_config { opid_index: 3 OBSOLETE_local: false peers { permanent_uuid: "6628364aea63440b8ab879935997f385" member_type: VOTER last_known_addr { host: "127.26.53.1" port: 35079 } attrs { replace: true } } peers { permanent_uuid: "a0642a2a9c1a472f9535bde15af72536" member_type: VOTER last_known_addr { host: "127.26.53.2" port: 41719 } } peers { permanent_uuid: "038df2d5d93c49d29e0e029c52368772" member_type: VOTER last_known_addr { host: "127.26.53.3" port: 42225 } } peers { permanent_uuid: "f89afeed51dd45058674fdebe7d22b08" member_type: VOTER last_known_addr { host: "127.26.53.4" port: 39513 } attrs { promote: false } } }
I20260630 12:22:06.948668 29692 catalog_manager.cc:5210] ChangeConfig:REMOVE_PEER RPC for tablet e7fe6b10a8a64ad5a7705e747a2c3b5b with cas_config_opid_index 3: ChangeConfig:REMOVE_PEER succeeded (attempt 1)
I20260630 12:22:06.956672 30271 raft_consensus.cc:1064] T 57a9c151e611443fac873c7397d05d80 P a0642a2a9c1a472f9535bde15af72536: attempting to promote NON_VOTER f89afeed51dd45058674fdebe7d22b08 to VOTER
I20260630 12:22:06.962625 29955 raft_consensus.cc:1275] T 637a5155013845c685929dec4d72b78f P 038df2d5d93c49d29e0e029c52368772 [term 2 FOLLOWER]: Refusing update from remote peer f89afeed51dd45058674fdebe7d22b08: Log matching property violated. Preceding OpId in replica: term: 1 index: 1. Preceding OpId from leader: term: 2 index: 2. (index mismatch)
I20260630 12:22:06.964610 30298 tablet_replica.cc:333] T e7fe6b10a8a64ad5a7705e747a2c3b5b P 6628364aea63440b8ab879935997f385: stopping tablet replica
I20260630 12:22:06.965668 30298 raft_consensus.cc:2243] T e7fe6b10a8a64ad5a7705e747a2c3b5b P 6628364aea63440b8ab879935997f385 [term 1 FOLLOWER]: Raft consensus shutting down.
I20260630 12:22:06.966203 30276 consensus_queue.cc:1048] T 637a5155013845c685929dec4d72b78f P f89afeed51dd45058674fdebe7d22b08 [LEADER]: Connected to new peer: Peer: permanent_uuid: "038df2d5d93c49d29e0e029c52368772" member_type: VOTER last_known_addr { host: "127.26.53.3" port: 42225 }, Status: LMP_MISMATCH, Last received: 0.0, Next index: 2, Last known committed idx: 1, Time since last communication: 0.001s
I20260630 12:22:06.964715 30271 consensus_queue.cc:237] T 57a9c151e611443fac873c7397d05d80 P a0642a2a9c1a472f9535bde15af72536 [LEADER]: Queue going to LEADER mode. State: All replicated index: 0, Majority replicated index: 2, Committed index: 2, Last appended: 1.2, Last appended by leader: 0, Current term: 1, Majority size: 3, State: 0, Mode: LEADER, active raft config: opid_index: 3 OBSOLETE_local: false peers { permanent_uuid: "a0642a2a9c1a472f9535bde15af72536" member_type: VOTER last_known_addr { host: "127.26.53.2" port: 41719 } } peers { permanent_uuid: "038df2d5d93c49d29e0e029c52368772" member_type: VOTER last_known_addr { host: "127.26.53.3" port: 42225 } attrs { replace: true } } peers { permanent_uuid: "6628364aea63440b8ab879935997f385" member_type: VOTER last_known_addr { host: "127.26.53.1" port: 35079 } } peers { permanent_uuid: "f89afeed51dd45058674fdebe7d22b08" member_type: VOTER last_known_addr { host: "127.26.53.4" port: 39513 } attrs { promote: false } }
I20260630 12:22:06.966508 30298 raft_consensus.cc:2272] T e7fe6b10a8a64ad5a7705e747a2c3b5b P 6628364aea63440b8ab879935997f385 [term 1 FOLLOWER]: Raft consensus is shut down!
I20260630 12:22:06.985553 30298 ts_tablet_manager.cc:1916] T e7fe6b10a8a64ad5a7705e747a2c3b5b P 6628364aea63440b8ab879935997f385: Deleting tablet data with delete state TABLET_DATA_TOMBSTONED
I20260630 12:22:06.989943 29804 raft_consensus.cc:1275] T 57a9c151e611443fac873c7397d05d80 P 6628364aea63440b8ab879935997f385 [term 1 FOLLOWER]: Refusing update from remote peer a0642a2a9c1a472f9535bde15af72536: Log matching property violated. Preceding OpId in replica: term: 1 index: 2. Preceding OpId from leader: term: 1 index: 3. (index mismatch)
I20260630 12:22:06.991683 30269 consensus_queue.cc:1048] T 57a9c151e611443fac873c7397d05d80 P a0642a2a9c1a472f9535bde15af72536 [LEADER]: Connected to new peer: Peer: permanent_uuid: "6628364aea63440b8ab879935997f385" member_type: VOTER last_known_addr { host: "127.26.53.1" port: 35079 }, Status: LMP_MISMATCH, Last received: 0.0, Next index: 3, Last known committed idx: 2, Time since last communication: 0.000s
I20260630 12:22:07.002240 30298 ts_tablet_manager.cc:1929] T e7fe6b10a8a64ad5a7705e747a2c3b5b P 6628364aea63440b8ab879935997f385: tablet deleted with delete type TABLET_DATA_TOMBSTONED: last-logged OpId 1.3
I20260630 12:22:07.002724 30298 log.cc:1199] T e7fe6b10a8a64ad5a7705e747a2c3b5b P 6628364aea63440b8ab879935997f385: Deleting WAL directory at /tmp/dist-test-taskjEN4rJ/test-tmp/auto_rebalancer-test.0.AutoRebalancerTest.RangeAwareRebalancesNewRangeReplicas.1782822040315165-26836-0/minicluster-data/ts-0-root/wals/e7fe6b10a8a64ad5a7705e747a2c3b5b
I20260630 12:22:07.003707 29955 raft_consensus.cc:1275] T 57a9c151e611443fac873c7397d05d80 P 038df2d5d93c49d29e0e029c52368772 [term 1 FOLLOWER]: Refusing update from remote peer a0642a2a9c1a472f9535bde15af72536: Log matching property violated. Preceding OpId in replica: term: 1 index: 2. Preceding OpId from leader: term: 1 index: 3. (index mismatch)
I20260630 12:22:07.004591 29690 catalog_manager.cc:5028] TS 6628364aea63440b8ab879935997f385 (127.26.53.1:35079): tablet e7fe6b10a8a64ad5a7705e747a2c3b5b (table range_aware_rebalance_new_range [id=6c2bb878aef94d15ab96713ed72cccfa]) successfully deleted
I20260630 12:22:07.002240 30103 raft_consensus.cc:1275] T 57a9c151e611443fac873c7397d05d80 P f89afeed51dd45058674fdebe7d22b08 [term 1 LEARNER]: Refusing update from remote peer a0642a2a9c1a472f9535bde15af72536: Log matching property violated. Preceding OpId in replica: term: 1 index: 2. Preceding OpId from leader: term: 1 index: 3. (index mismatch)
I20260630 12:22:07.007946 29879 consensus_queue.cc:237] T a365ce7c070a43899c8cd9e97e4ec9af P a0642a2a9c1a472f9535bde15af72536 [LEADER]: Queue going to LEADER mode. State: All replicated index: 0, Majority replicated index: 3, Committed index: 3, Last appended: 1.3, Last appended by leader: 0, Current term: 1, Majority size: 2, State: 0, Mode: LEADER, active raft config: opid_index: 4 OBSOLETE_local: false peers { permanent_uuid: "a0642a2a9c1a472f9535bde15af72536" member_type: VOTER last_known_addr { host: "127.26.53.2" port: 41719 } } peers { permanent_uuid: "038df2d5d93c49d29e0e029c52368772" member_type: VOTER last_known_addr { host: "127.26.53.3" port: 42225 } } peers { permanent_uuid: "f89afeed51dd45058674fdebe7d22b08" member_type: VOTER last_known_addr { host: "127.26.53.4" port: 39513 } attrs { promote: false } }
I20260630 12:22:07.018079 29955 raft_consensus.cc:1275] T a365ce7c070a43899c8cd9e97e4ec9af P 038df2d5d93c49d29e0e029c52368772 [term 1 FOLLOWER]: Refusing update from remote peer a0642a2a9c1a472f9535bde15af72536: Log matching property violated. Preceding OpId in replica: term: 1 index: 3. Preceding OpId from leader: term: 1 index: 4. (index mismatch)
I20260630 12:22:07.005321 30271 consensus_queue.cc:1048] T 57a9c151e611443fac873c7397d05d80 P a0642a2a9c1a472f9535bde15af72536 [LEADER]: Connected to new peer: Peer: permanent_uuid: "038df2d5d93c49d29e0e029c52368772" member_type: VOTER last_known_addr { host: "127.26.53.3" port: 42225 } attrs { replace: true }, Status: LMP_MISMATCH, Last received: 0.0, Next index: 3, Last known committed idx: 2, Time since last communication: 0.000s
I20260630 12:22:07.020102 30267 consensus_queue.cc:1048] T a365ce7c070a43899c8cd9e97e4ec9af P a0642a2a9c1a472f9535bde15af72536 [LEADER]: Connected to new peer: Peer: permanent_uuid: "038df2d5d93c49d29e0e029c52368772" member_type: VOTER last_known_addr { host: "127.26.53.3" port: 42225 }, Status: LMP_MISMATCH, Last received: 0.0, Next index: 4, Last known committed idx: 3, Time since last communication: 0.000s
I20260630 12:22:07.020759 30103 raft_consensus.cc:1275] T a365ce7c070a43899c8cd9e97e4ec9af P f89afeed51dd45058674fdebe7d22b08 [term 1 FOLLOWER]: Refusing update from remote peer a0642a2a9c1a472f9535bde15af72536: Log matching property violated. Preceding OpId in replica: term: 1 index: 3. Preceding OpId from leader: term: 1 index: 4. (index mismatch)
I20260630 12:22:07.022356 30267 consensus_queue.cc:1048] T a365ce7c070a43899c8cd9e97e4ec9af P a0642a2a9c1a472f9535bde15af72536 [LEADER]: Connected to new peer: Peer: permanent_uuid: "f89afeed51dd45058674fdebe7d22b08" member_type: VOTER last_known_addr { host: "127.26.53.4" port: 39513 } attrs { promote: false }, Status: LMP_MISMATCH, Last received: 0.0, Next index: 4, Last known committed idx: 3, Time since last communication: 0.000s
I20260630 12:22:07.029961 29879 raft_consensus.cc:1275] T 31580ace251e44bfa586337629a010e0 P a0642a2a9c1a472f9535bde15af72536 [term 2 FOLLOWER]: Refusing update from remote peer 038df2d5d93c49d29e0e029c52368772: Log matching property violated. Preceding OpId in replica: term: 1 index: 2. Preceding OpId from leader: term: 2 index: 3. (index mismatch)
I20260630 12:22:07.030192 30270 raft_consensus.cc:2955] T a365ce7c070a43899c8cd9e97e4ec9af P a0642a2a9c1a472f9535bde15af72536 [term 1 LEADER]: Committing config change with OpId 1.4: config changed from index 3 to 4, VOTER 6628364aea63440b8ab879935997f385 (127.26.53.1) evicted. New config: { opid_index: 4 OBSOLETE_local: false peers { permanent_uuid: "a0642a2a9c1a472f9535bde15af72536" member_type: VOTER last_known_addr { host: "127.26.53.2" port: 41719 } } peers { permanent_uuid: "038df2d5d93c49d29e0e029c52368772" member_type: VOTER last_known_addr { host: "127.26.53.3" port: 42225 } } peers { permanent_uuid: "f89afeed51dd45058674fdebe7d22b08" member_type: VOTER last_known_addr { host: "127.26.53.4" port: 39513 } attrs { promote: false } } }
I20260630 12:22:07.035145 30195 consensus_queue.cc:1048] T 57a9c151e611443fac873c7397d05d80 P a0642a2a9c1a472f9535bde15af72536 [LEADER]: Connected to new peer: Peer: permanent_uuid: "f89afeed51dd45058674fdebe7d22b08" member_type: VOTER last_known_addr { host: "127.26.53.4" port: 39513 } attrs { promote: false }, Status: LMP_MISMATCH, Last received: 0.0, Next index: 3, Last known committed idx: 2, Time since last communication: 0.001s
I20260630 12:22:07.034611 30295 consensus_queue.cc:1048] T 31580ace251e44bfa586337629a010e0 P 038df2d5d93c49d29e0e029c52368772 [LEADER]: Connected to new peer: Peer: permanent_uuid: "a0642a2a9c1a472f9535bde15af72536" member_type: VOTER last_known_addr { host: "127.26.53.2" port: 41719 } attrs { replace: true }, Status: LMP_MISMATCH, Last received: 0.0, Next index: 3, Last known committed idx: 2, Time since last communication: 0.002s
I20260630 12:22:07.043273 30103 raft_consensus.cc:2955] T a365ce7c070a43899c8cd9e97e4ec9af P f89afeed51dd45058674fdebe7d22b08 [term 1 FOLLOWER]: Committing config change with OpId 1.4: config changed from index 3 to 4, VOTER 6628364aea63440b8ab879935997f385 (127.26.53.1) evicted. New config: { opid_index: 4 OBSOLETE_local: false peers { permanent_uuid: "a0642a2a9c1a472f9535bde15af72536" member_type: VOTER last_known_addr { host: "127.26.53.2" port: 41719 } } peers { permanent_uuid: "038df2d5d93c49d29e0e029c52368772" member_type: VOTER last_known_addr { host: "127.26.53.3" port: 42225 } } peers { permanent_uuid: "f89afeed51dd45058674fdebe7d22b08" member_type: VOTER last_known_addr { host: "127.26.53.4" port: 39513 } attrs { promote: false } } }
I20260630 12:22:07.049484 29954 raft_consensus.cc:2955] T a365ce7c070a43899c8cd9e97e4ec9af P 038df2d5d93c49d29e0e029c52368772 [term 1 FOLLOWER]: Committing config change with OpId 1.4: config changed from index 3 to 4, VOTER 6628364aea63440b8ab879935997f385 (127.26.53.1) evicted. New config: { opid_index: 4 OBSOLETE_local: false peers { permanent_uuid: "a0642a2a9c1a472f9535bde15af72536" member_type: VOTER last_known_addr { host: "127.26.53.2" port: 41719 } } peers { permanent_uuid: "038df2d5d93c49d29e0e029c52368772" member_type: VOTER last_known_addr { host: "127.26.53.3" port: 42225 } } peers { permanent_uuid: "f89afeed51dd45058674fdebe7d22b08" member_type: VOTER last_known_addr { host: "127.26.53.4" port: 39513 } attrs { promote: false } } }
I20260630 12:22:07.067560 29703 catalog_manager.cc:5697] T a365ce7c070a43899c8cd9e97e4ec9af P 038df2d5d93c49d29e0e029c52368772 reported cstate change: config changed from index 3 to 4, VOTER 6628364aea63440b8ab879935997f385 (127.26.53.1) evicted. New cstate: current_term: 1 leader_uuid: "a0642a2a9c1a472f9535bde15af72536" committed_config { opid_index: 4 OBSOLETE_local: false peers { permanent_uuid: "a0642a2a9c1a472f9535bde15af72536" member_type: VOTER last_known_addr { host: "127.26.53.2" port: 41719 } } peers { permanent_uuid: "038df2d5d93c49d29e0e029c52368772" member_type: VOTER last_known_addr { host: "127.26.53.3" port: 42225 } } peers { permanent_uuid: "f89afeed51dd45058674fdebe7d22b08" member_type: VOTER last_known_addr { host: "127.26.53.4" port: 39513 } attrs { promote: false } } }
I20260630 12:22:07.073417 29689 catalog_manager.cc:5210] ChangeConfig:REMOVE_PEER RPC for tablet a365ce7c070a43899c8cd9e97e4ec9af with cas_config_opid_index 3: ChangeConfig:REMOVE_PEER succeeded (attempt 1)
I20260630 12:22:07.073328 30271 raft_consensus.cc:2955] T 57a9c151e611443fac873c7397d05d80 P a0642a2a9c1a472f9535bde15af72536 [term 1 LEADER]: Committing config change with OpId 1.3: config changed from index 2 to 3, f89afeed51dd45058674fdebe7d22b08 (127.26.53.4) changed from NON_VOTER to VOTER. New config: { opid_index: 3 OBSOLETE_local: false peers { permanent_uuid: "a0642a2a9c1a472f9535bde15af72536" member_type: VOTER last_known_addr { host: "127.26.53.2" port: 41719 } } peers { permanent_uuid: "038df2d5d93c49d29e0e029c52368772" member_type: VOTER last_known_addr { host: "127.26.53.3" port: 42225 } attrs { replace: true } } peers { permanent_uuid: "6628364aea63440b8ab879935997f385" member_type: VOTER last_known_addr { host: "127.26.53.1" port: 35079 } } peers { permanent_uuid: "f89afeed51dd45058674fdebe7d22b08" member_type: VOTER last_known_addr { host: "127.26.53.4" port: 39513 } attrs { promote: false } } }
I20260630 12:22:07.085028 29803 raft_consensus.cc:2955] T 57a9c151e611443fac873c7397d05d80 P 6628364aea63440b8ab879935997f385 [term 1 FOLLOWER]: Committing config change with OpId 1.3: config changed from index 2 to 3, f89afeed51dd45058674fdebe7d22b08 (127.26.53.4) changed from NON_VOTER to VOTER. New config: { opid_index: 3 OBSOLETE_local: false peers { permanent_uuid: "a0642a2a9c1a472f9535bde15af72536" member_type: VOTER last_known_addr { host: "127.26.53.2" port: 41719 } } peers { permanent_uuid: "038df2d5d93c49d29e0e029c52368772" member_type: VOTER last_known_addr { host: "127.26.53.3" port: 42225 } attrs { replace: true } } peers { permanent_uuid: "6628364aea63440b8ab879935997f385" member_type: VOTER last_known_addr { host: "127.26.53.1" port: 35079 } } peers { permanent_uuid: "f89afeed51dd45058674fdebe7d22b08" member_type: VOTER last_known_addr { host: "127.26.53.4" port: 39513 } attrs { promote: false } } }
I20260630 12:22:07.090107 29807 raft_consensus.cc:1275] T 8134d296666047aba47fa4b46c3f9cd2 P 6628364aea63440b8ab879935997f385 [term 2 FOLLOWER]: Refusing update from remote peer f89afeed51dd45058674fdebe7d22b08: Log matching property violated. Preceding OpId in replica: term: 1 index: 1. Preceding OpId from leader: term: 2 index: 2. (index mismatch)
I20260630 12:22:07.089578 30104 raft_consensus.cc:2955] T 57a9c151e611443fac873c7397d05d80 P f89afeed51dd45058674fdebe7d22b08 [term 1 FOLLOWER]: Committing config change with OpId 1.3: config changed from index 2 to 3, f89afeed51dd45058674fdebe7d22b08 (127.26.53.4) changed from NON_VOTER to VOTER. New config: { opid_index: 3 OBSOLETE_local: false peers { permanent_uuid: "a0642a2a9c1a472f9535bde15af72536" member_type: VOTER last_known_addr { host: "127.26.53.2" port: 41719 } } peers { permanent_uuid: "038df2d5d93c49d29e0e029c52368772" member_type: VOTER last_known_addr { host: "127.26.53.3" port: 42225 } attrs { replace: true } } peers { permanent_uuid: "6628364aea63440b8ab879935997f385" member_type: VOTER last_known_addr { host: "127.26.53.1" port: 35079 } } peers { permanent_uuid: "f89afeed51dd45058674fdebe7d22b08" member_type: VOTER last_known_addr { host: "127.26.53.4" port: 39513 } attrs { promote: false } } }
I20260630 12:22:07.091892 30276 consensus_queue.cc:1048] T 8134d296666047aba47fa4b46c3f9cd2 P f89afeed51dd45058674fdebe7d22b08 [LEADER]: Connected to new peer: Peer: permanent_uuid: "6628364aea63440b8ab879935997f385" member_type: VOTER last_known_addr { host: "127.26.53.1" port: 35079 }, Status: LMP_MISMATCH, Last received: 0.0, Next index: 2, Last known committed idx: 1, Time since last communication: 0.000s
I20260630 12:22:07.090677 29804 raft_consensus.cc:1275] T 31580ace251e44bfa586337629a010e0 P 6628364aea63440b8ab879935997f385 [term 2 FOLLOWER]: Refusing update from remote peer 038df2d5d93c49d29e0e029c52368772: Log matching property violated. Preceding OpId in replica: term: 1 index: 2. Preceding OpId from leader: term: 2 index: 3. (index mismatch)
I20260630 12:22:07.099419 30190 consensus_queue.cc:1048] T 31580ace251e44bfa586337629a010e0 P 038df2d5d93c49d29e0e029c52368772 [LEADER]: Connected to new peer: Peer: permanent_uuid: "6628364aea63440b8ab879935997f385" member_type: VOTER last_known_addr { host: "127.26.53.1" port: 35079 }, Status: LMP_MISMATCH, Last received: 0.0, Next index: 3, Last known committed idx: 2, Time since last communication: 0.000s
I20260630 12:22:07.100816 30103 raft_consensus.cc:3060] T 31580ace251e44bfa586337629a010e0 P f89afeed51dd45058674fdebe7d22b08 [term 1 LEARNER]: Advancing to term 2
I20260630 12:22:07.105798 29796 tablet_service.cc:1558] Processing DeleteTablet for tablet a365ce7c070a43899c8cd9e97e4ec9af with delete_type TABLET_DATA_TOMBSTONED (TS 6628364aea63440b8ab879935997f385 not found in new config with opid_index 4) from {username='slave'} at 127.0.0.1:34784
I20260630 12:22:07.106720 30298 tablet_replica.cc:333] T a365ce7c070a43899c8cd9e97e4ec9af P 6628364aea63440b8ab879935997f385: stopping tablet replica
I20260630 12:22:07.107683 30298 raft_consensus.cc:2243] T a365ce7c070a43899c8cd9e97e4ec9af P 6628364aea63440b8ab879935997f385 [term 1 FOLLOWER]: Raft consensus shutting down.
I20260630 12:22:07.108283 30298 raft_consensus.cc:2272] T a365ce7c070a43899c8cd9e97e4ec9af P 6628364aea63440b8ab879935997f385 [term 1 FOLLOWER]: Raft consensus is shut down!
I20260630 12:22:07.111027 30298 ts_tablet_manager.cc:1916] T a365ce7c070a43899c8cd9e97e4ec9af P 6628364aea63440b8ab879935997f385: Deleting tablet data with delete state TABLET_DATA_TOMBSTONED
