I20260630 12:22:06.350600 30119 ts_tablet_manager.cc:1403] T 23b79235faf74cb9a1d8932ff93bc005 P 75d2b78409a34d28b24850b02567f9be: Time spent bootstrapping tablet: real 0.017s	user 0.007s	sys 0.009s
I20260630 12:22:06.353058 30119 raft_consensus.cc:359] T 23b79235faf74cb9a1d8932ff93bc005 P 75d2b78409a34d28b24850b02567f9be [term 1 LEARNER]: Replica starting. Triggering 0 pending ops. Active config: opid_index: 2 OBSOLETE_local: false peers { permanent_uuid: "1e87d2ee6be944e99a248b134b6d4c64" member_type: VOTER last_known_addr { host: "127.26.34.130" port: 37755 } } peers { permanent_uuid: "eee09d57e7934c679aa7cac0b4cc515d" member_type: VOTER last_known_addr { host: "127.26.34.129" port: 45455 } attrs { replace: true } } peers { permanent_uuid: "0ad4f079916a4c00b34941a83db33029" member_type: VOTER last_known_addr { host: "127.26.34.131" port: 37589 } } peers { permanent_uuid: "75d2b78409a34d28b24850b02567f9be" member_type: NON_VOTER last_known_addr { host: "127.26.34.132" port: 44097 } attrs { promote: true } }
I20260630 12:22:06.353883 30119 raft_consensus.cc:740] T 23b79235faf74cb9a1d8932ff93bc005 P 75d2b78409a34d28b24850b02567f9be [term 1 LEARNER]: Becoming Follower/Learner. State: Replica: 75d2b78409a34d28b24850b02567f9be, State: Initialized, Role: LEARNER
I20260630 12:22:06.354368 30119 consensus_queue.cc:260] T 23b79235faf74cb9a1d8932ff93bc005 P 75d2b78409a34d28b24850b02567f9be [NON_LEADER]: Queue going to NON_LEADER mode. State: All replicated index: 0, Majority replicated index: 0, Committed index: 2, Last appended: 1.2, Last appended by leader: 2, Current term: 0, Majority size: -1, State: 0, Mode: NON_LEADER, active raft config: opid_index: 2 OBSOLETE_local: false peers { permanent_uuid: "1e87d2ee6be944e99a248b134b6d4c64" member_type: VOTER last_known_addr { host: "127.26.34.130" port: 37755 } } peers { permanent_uuid: "eee09d57e7934c679aa7cac0b4cc515d" member_type: VOTER last_known_addr { host: "127.26.34.129" port: 45455 } attrs { replace: true } } peers { permanent_uuid: "0ad4f079916a4c00b34941a83db33029" member_type: VOTER last_known_addr { host: "127.26.34.131" port: 37589 } } peers { permanent_uuid: "75d2b78409a34d28b24850b02567f9be" member_type: NON_VOTER last_known_addr { host: "127.26.34.132" port: 44097 } attrs { promote: true } }
I20260630 12:22:06.356760 30119 ts_tablet_manager.cc:1434] T 23b79235faf74cb9a1d8932ff93bc005 P 75d2b78409a34d28b24850b02567f9be: Time spent starting tablet: real 0.006s	user 0.004s	sys 0.004s
I20260630 12:22:06.358474 29780 tablet_copy_service.cc:342] P 1e87d2ee6be944e99a248b134b6d4c64: Request end of tablet copy session 75d2b78409a34d28b24850b02567f9be-23b79235faf74cb9a1d8932ff93bc005 received from {username='slave'} at 127.0.0.1:48082
I20260630 12:22:06.358886 29780 tablet_copy_service.cc:434] P 1e87d2ee6be944e99a248b134b6d4c64: ending tablet copy session 75d2b78409a34d28b24850b02567f9be-23b79235faf74cb9a1d8932ff93bc005 on tablet 23b79235faf74cb9a1d8932ff93bc005 with peer 75d2b78409a34d28b24850b02567f9be
I20260630 12:22:06.360798 29695 raft_consensus.cc:1275] T 1c835ee82afd46128e43781c91a2bcd5 P eee09d57e7934c679aa7cac0b4cc515d [term 2 FOLLOWER]: Refusing update from remote peer 0ad4f079916a4c00b34941a83db33029: Log matching property violated. Preceding OpId in replica: term: 1 index: 1. Preceding OpId from leader: term: 2 index: 2. (index mismatch)
I20260630 12:22:06.362087 30086 consensus_queue.cc:1048] T 1c835ee82afd46128e43781c91a2bcd5 P 0ad4f079916a4c00b34941a83db33029 [LEADER]: Connected to new peer: Peer: permanent_uuid: "eee09d57e7934c679aa7cac0b4cc515d" member_type: VOTER last_known_addr { host: "127.26.34.129" port: 45455 }, Status: LMP_MISMATCH, Last received: 0.0, Next index: 2, Last known committed idx: 1, Time since last communication: 0.000s
I20260630 12:22:06.375818 29770 raft_consensus.cc:1275] T 1c835ee82afd46128e43781c91a2bcd5 P 1e87d2ee6be944e99a248b134b6d4c64 [term 2 FOLLOWER]: Refusing update from remote peer 0ad4f079916a4c00b34941a83db33029: Log matching property violated. Preceding OpId in replica: term: 1 index: 1. Preceding OpId from leader: term: 2 index: 2. (index mismatch)
I20260630 12:22:06.378877 30086 consensus_queue.cc:1048] T 1c835ee82afd46128e43781c91a2bcd5 P 0ad4f079916a4c00b34941a83db33029 [LEADER]: Connected to new peer: Peer: permanent_uuid: "1e87d2ee6be944e99a248b134b6d4c64" member_type: VOTER last_known_addr { host: "127.26.34.130" port: 37755 }, Status: LMP_MISMATCH, Last received: 0.0, Next index: 2, Last known committed idx: 1, Time since last communication: 0.000s
I20260630 12:22:06.660707 30005 raft_consensus.cc:1217] T 4dfef571dc4443d3aaa99af7dc58b532 P 75d2b78409a34d28b24850b02567f9be [term 1 LEARNER]: Deduplicated request from leader. Original: 1.1->[1.2-1.2]   Dedup: 1.2->[]
I20260630 12:22:06.675468 29695 raft_consensus.cc:1275] T 58c4accddfd549e296d9effdab535d36 P eee09d57e7934c679aa7cac0b4cc515d [term 2 FOLLOWER]: Refusing update from remote peer 75d2b78409a34d28b24850b02567f9be: Log matching property violated. Preceding OpId in replica: term: 1 index: 1. Preceding OpId from leader: term: 2 index: 2. (index mismatch)
I20260630 12:22:06.677047 30124 consensus_queue.cc:1048] T 58c4accddfd549e296d9effdab535d36 P 75d2b78409a34d28b24850b02567f9be [LEADER]: Connected to new peer: Peer: permanent_uuid: "eee09d57e7934c679aa7cac0b4cc515d" member_type: VOTER last_known_addr { host: "127.26.34.129" port: 45455 }, Status: LMP_MISMATCH, Last received: 0.0, Next index: 2, Last known committed idx: 1, Time since last communication: 0.000s
I20260630 12:22:06.686930 29770 raft_consensus.cc:1275] T 58c4accddfd549e296d9effdab535d36 P 1e87d2ee6be944e99a248b134b6d4c64 [term 2 FOLLOWER]: Refusing update from remote peer 75d2b78409a34d28b24850b02567f9be: Log matching property violated. Preceding OpId in replica: term: 1 index: 1. Preceding OpId from leader: term: 2 index: 2. (index mismatch)
I20260630 12:22:06.688364 30083 consensus_queue.cc:1048] T 58c4accddfd549e296d9effdab535d36 P 75d2b78409a34d28b24850b02567f9be [LEADER]: Connected to new peer: Peer: permanent_uuid: "1e87d2ee6be944e99a248b134b6d4c64" member_type: VOTER last_known_addr { host: "127.26.34.130" port: 37755 }, Status: LMP_MISMATCH, Last received: 0.0, Next index: 2, Last known committed idx: 1, Time since last communication: 0.000s
I20260630 12:22:06.764771 29842 raft_consensus.cc:1275] T 172cd7ee0df94c1e925c1edb21ceacd0 P 0ad4f079916a4c00b34941a83db33029 [term 2 FOLLOWER]: Refusing update from remote peer 1e87d2ee6be944e99a248b134b6d4c64: Log matching property violated. Preceding OpId in replica: term: 1 index: 1. Preceding OpId from leader: term: 2 index: 2. (index mismatch)
I20260630 12:22:06.765704 29694 raft_consensus.cc:1275] T 172cd7ee0df94c1e925c1edb21ceacd0 P eee09d57e7934c679aa7cac0b4cc515d [term 2 FOLLOWER]: Refusing update from remote peer 1e87d2ee6be944e99a248b134b6d4c64: Log matching property violated. Preceding OpId in replica: term: 1 index: 1. Preceding OpId from leader: term: 2 index: 2. (index mismatch)
I20260630 12:22:06.766911 29958 consensus_queue.cc:1048] T 172cd7ee0df94c1e925c1edb21ceacd0 P 1e87d2ee6be944e99a248b134b6d4c64 [LEADER]: Connected to new peer: Peer: permanent_uuid: "0ad4f079916a4c00b34941a83db33029" member_type: VOTER last_known_addr { host: "127.26.34.131" port: 37589 }, Status: LMP_MISMATCH, Last received: 0.0, Next index: 2, Last known committed idx: 1, Time since last communication: 0.000s
I20260630 12:22:06.767671 29933 consensus_queue.cc:1048] T 172cd7ee0df94c1e925c1edb21ceacd0 P 1e87d2ee6be944e99a248b134b6d4c64 [LEADER]: Connected to new peer: Peer: permanent_uuid: "eee09d57e7934c679aa7cac0b4cc515d" member_type: VOTER last_known_addr { host: "127.26.34.129" port: 45455 }, Status: LMP_MISMATCH, Last received: 0.0, Next index: 2, Last known committed idx: 1, Time since last communication: 0.000s
I20260630 12:22:06.802893 30005 raft_consensus.cc:1217] T 23b79235faf74cb9a1d8932ff93bc005 P 75d2b78409a34d28b24850b02567f9be [term 1 LEARNER]: Deduplicated request from leader. Original: 1.1->[1.2-1.2]   Dedup: 1.2->[]
I20260630 12:22:07.235924 30129 raft_consensus.cc:1064] T 4dfef571dc4443d3aaa99af7dc58b532 P eee09d57e7934c679aa7cac0b4cc515d: attempting to promote NON_VOTER 75d2b78409a34d28b24850b02567f9be to VOTER
I20260630 12:22:07.238540 30129 consensus_queue.cc:237] T 4dfef571dc4443d3aaa99af7dc58b532 P eee09d57e7934c679aa7cac0b4cc515d [LEADER]: Queue going to LEADER mode. State: All replicated index: 0, Majority replicated index: 2, Committed index: 2, Last appended: 1.2, Last appended by leader: 0, Current term: 1, Majority size: 3, State: 0, Mode: LEADER, active raft config: opid_index: 3 OBSOLETE_local: false peers { permanent_uuid: "1e87d2ee6be944e99a248b134b6d4c64" member_type: VOTER last_known_addr { host: "127.26.34.130" port: 37755 } attrs { replace: true } } peers { permanent_uuid: "eee09d57e7934c679aa7cac0b4cc515d" member_type: VOTER last_known_addr { host: "127.26.34.129" port: 45455 } } peers { permanent_uuid: "0ad4f079916a4c00b34941a83db33029" member_type: VOTER last_known_addr { host: "127.26.34.131" port: 37589 } } peers { permanent_uuid: "75d2b78409a34d28b24850b02567f9be" member_type: VOTER last_known_addr { host: "127.26.34.132" port: 44097 } attrs { promote: false } }
I20260630 12:22:07.245322 30004 raft_consensus.cc:1275] T 4dfef571dc4443d3aaa99af7dc58b532 P 75d2b78409a34d28b24850b02567f9be [term 1 LEARNER]: Refusing update from remote peer eee09d57e7934c679aa7cac0b4cc515d: Log matching property violated. Preceding OpId in replica: term: 1 index: 2. Preceding OpId from leader: term: 1 index: 3. (index mismatch)
I20260630 12:22:07.246692 29844 raft_consensus.cc:1275] T 4dfef571dc4443d3aaa99af7dc58b532 P 0ad4f079916a4c00b34941a83db33029 [term 1 FOLLOWER]: Refusing update from remote peer eee09d57e7934c679aa7cac0b4cc515d: Log matching property violated. Preceding OpId in replica: term: 1 index: 2. Preceding OpId from leader: term: 1 index: 3. (index mismatch)
I20260630 12:22:07.249547 30097 consensus_queue.cc:1048] T 4dfef571dc4443d3aaa99af7dc58b532 P eee09d57e7934c679aa7cac0b4cc515d [LEADER]: Connected to new peer: Peer: permanent_uuid: "75d2b78409a34d28b24850b02567f9be" member_type: VOTER last_known_addr { host: "127.26.34.132" port: 44097 } attrs { promote: false }, Status: LMP_MISMATCH, Last received: 0.0, Next index: 3, Last known committed idx: 2, Time since last communication: 0.000s
I20260630 12:22:07.251600 30138 consensus_queue.cc:1048] T 4dfef571dc4443d3aaa99af7dc58b532 P eee09d57e7934c679aa7cac0b4cc515d [LEADER]: Connected to new peer: Peer: permanent_uuid: "0ad4f079916a4c00b34941a83db33029" member_type: VOTER last_known_addr { host: "127.26.34.131" port: 37589 }, Status: LMP_MISMATCH, Last received: 0.0, Next index: 3, Last known committed idx: 2, Time since last communication: 0.000s
I20260630 12:22:07.255772 30134 raft_consensus.cc:1064] T 23b79235faf74cb9a1d8932ff93bc005 P 1e87d2ee6be944e99a248b134b6d4c64: attempting to promote NON_VOTER 75d2b78409a34d28b24850b02567f9be to VOTER
I20260630 12:22:07.257817 30134 consensus_queue.cc:237] T 23b79235faf74cb9a1d8932ff93bc005 P 1e87d2ee6be944e99a248b134b6d4c64 [LEADER]: Queue going to LEADER mode. State: All replicated index: 0, Majority replicated index: 2, Committed index: 2, Last appended: 1.2, Last appended by leader: 0, Current term: 1, Majority size: 3, State: 0, Mode: LEADER, active raft config: opid_index: 3 OBSOLETE_local: false peers { permanent_uuid: "1e87d2ee6be944e99a248b134b6d4c64" member_type: VOTER last_known_addr { host: "127.26.34.130" port: 37755 } } peers { permanent_uuid: "eee09d57e7934c679aa7cac0b4cc515d" member_type: VOTER last_known_addr { host: "127.26.34.129" port: 45455 } attrs { replace: true } } peers { permanent_uuid: "0ad4f079916a4c00b34941a83db33029" member_type: VOTER last_known_addr { host: "127.26.34.131" port: 37589 } } peers { permanent_uuid: "75d2b78409a34d28b24850b02567f9be" member_type: VOTER last_known_addr { host: "127.26.34.132" port: 44097 } attrs { promote: false } }
I20260630 12:22:07.262212 29768 raft_consensus.cc:1275] T 4dfef571dc4443d3aaa99af7dc58b532 P 1e87d2ee6be944e99a248b134b6d4c64 [term 1 FOLLOWER]: Refusing update from remote peer eee09d57e7934c679aa7cac0b4cc515d: Log matching property violated. Preceding OpId in replica: term: 1 index: 2. Preceding OpId from leader: term: 1 index: 3. (index mismatch)
I20260630 12:22:07.269100 30097 consensus_queue.cc:1048] T 4dfef571dc4443d3aaa99af7dc58b532 P eee09d57e7934c679aa7cac0b4cc515d [LEADER]: Connected to new peer: Peer: permanent_uuid: "1e87d2ee6be944e99a248b134b6d4c64" member_type: VOTER last_known_addr { host: "127.26.34.130" port: 37755 } attrs { replace: true }, Status: LMP_MISMATCH, Last received: 0.0, Next index: 3, Last known committed idx: 2, Time since last communication: 0.000s
I20260630 12:22:07.278903 29694 raft_consensus.cc:1275] T 23b79235faf74cb9a1d8932ff93bc005 P eee09d57e7934c679aa7cac0b4cc515d [term 1 FOLLOWER]: Refusing update from remote peer 1e87d2ee6be944e99a248b134b6d4c64: Log matching property violated. Preceding OpId in replica: term: 1 index: 2. Preceding OpId from leader: term: 1 index: 3. (index mismatch)
I20260630 12:22:07.281203 29842 raft_consensus.cc:1275] T 23b79235faf74cb9a1d8932ff93bc005 P 0ad4f079916a4c00b34941a83db33029 [term 1 FOLLOWER]: Refusing update from remote peer 1e87d2ee6be944e99a248b134b6d4c64: Log matching property violated. Preceding OpId in replica: term: 1 index: 2. Preceding OpId from leader: term: 1 index: 3. (index mismatch)
I20260630 12:22:07.281781 30004 raft_consensus.cc:1275] T 23b79235faf74cb9a1d8932ff93bc005 P 75d2b78409a34d28b24850b02567f9be [term 1 LEARNER]: Refusing update from remote peer 1e87d2ee6be944e99a248b134b6d4c64: Log matching property violated. Preceding OpId in replica: term: 1 index: 2. Preceding OpId from leader: term: 1 index: 3. (index mismatch)
I20260630 12:22:07.282711 30110 consensus_queue.cc:1048] T 23b79235faf74cb9a1d8932ff93bc005 P 1e87d2ee6be944e99a248b134b6d4c64 [LEADER]: Connected to new peer: Peer: permanent_uuid: "eee09d57e7934c679aa7cac0b4cc515d" member_type: VOTER last_known_addr { host: "127.26.34.129" port: 45455 } attrs { replace: true }, Status: LMP_MISMATCH, Last received: 0.0, Next index: 3, Last known committed idx: 2, Time since last communication: 0.000s
I20260630 12:22:07.284333 29958 consensus_queue.cc:1048] T 23b79235faf74cb9a1d8932ff93bc005 P 1e87d2ee6be944e99a248b134b6d4c64 [LEADER]: Connected to new peer: Peer: permanent_uuid: "0ad4f079916a4c00b34941a83db33029" member_type: VOTER last_known_addr { host: "127.26.34.131" port: 37589 }, Status: LMP_MISMATCH, Last received: 0.0, Next index: 3, Last known committed idx: 2, Time since last communication: 0.000s
I20260630 12:22:07.286815 30110 consensus_queue.cc:1048] T 23b79235faf74cb9a1d8932ff93bc005 P 1e87d2ee6be944e99a248b134b6d4c64 [LEADER]: Connected to new peer: Peer: permanent_uuid: "75d2b78409a34d28b24850b02567f9be" member_type: VOTER last_known_addr { host: "127.26.34.132" port: 44097 } attrs { promote: false }, Status: LMP_MISMATCH, Last received: 0.0, Next index: 3, Last known committed idx: 2, Time since last communication: 0.000s
I20260630 12:22:07.315847 30110 raft_consensus.cc:2955] T 23b79235faf74cb9a1d8932ff93bc005 P 1e87d2ee6be944e99a248b134b6d4c64 [term 1 LEADER]: Committing config change with OpId 1.3: config changed from index 2 to 3, 75d2b78409a34d28b24850b02567f9be (127.26.34.132) changed from NON_VOTER to VOTER. New config: { opid_index: 3 OBSOLETE_local: false peers { permanent_uuid: "1e87d2ee6be944e99a248b134b6d4c64" member_type: VOTER last_known_addr { host: "127.26.34.130" port: 37755 } } peers { permanent_uuid: "eee09d57e7934c679aa7cac0b4cc515d" member_type: VOTER last_known_addr { host: "127.26.34.129" port: 45455 } attrs { replace: true } } peers { permanent_uuid: "0ad4f079916a4c00b34941a83db33029" member_type: VOTER last_known_addr { host: "127.26.34.131" port: 37589 } } peers { permanent_uuid: "75d2b78409a34d28b24850b02567f9be" member_type: VOTER last_known_addr { host: "127.26.34.132" port: 44097 } attrs { promote: false } } }
I20260630 12:22:07.317442 30097 raft_consensus.cc:2955] T 4dfef571dc4443d3aaa99af7dc58b532 P eee09d57e7934c679aa7cac0b4cc515d [term 1 LEADER]: Committing config change with OpId 1.3: config changed from index 2 to 3, 75d2b78409a34d28b24850b02567f9be (127.26.34.132) changed from NON_VOTER to VOTER. New config: { opid_index: 3 OBSOLETE_local: false peers { permanent_uuid: "1e87d2ee6be944e99a248b134b6d4c64" member_type: VOTER last_known_addr { host: "127.26.34.130" port: 37755 } attrs { replace: true } } peers { permanent_uuid: "eee09d57e7934c679aa7cac0b4cc515d" member_type: VOTER last_known_addr { host: "127.26.34.129" port: 45455 } } peers { permanent_uuid: "0ad4f079916a4c00b34941a83db33029" member_type: VOTER last_known_addr { host: "127.26.34.131" port: 37589 } } peers { permanent_uuid: "75d2b78409a34d28b24850b02567f9be" member_type: VOTER last_known_addr { host: "127.26.34.132" port: 44097 } attrs { promote: false } } }
I20260630 12:22:07.324771 29842 raft_consensus.cc:2955] T 4dfef571dc4443d3aaa99af7dc58b532 P 0ad4f079916a4c00b34941a83db33029 [term 1 FOLLOWER]: Committing config change with OpId 1.3: config changed from index 2 to 3, 75d2b78409a34d28b24850b02567f9be (127.26.34.132) changed from NON_VOTER to VOTER. New config: { opid_index: 3 OBSOLETE_local: false peers { permanent_uuid: "1e87d2ee6be944e99a248b134b6d4c64" member_type: VOTER last_known_addr { host: "127.26.34.130" port: 37755 } attrs { replace: true } } peers { permanent_uuid: "eee09d57e7934c679aa7cac0b4cc515d" member_type: VOTER last_known_addr { host: "127.26.34.129" port: 45455 } } peers { permanent_uuid: "0ad4f079916a4c00b34941a83db33029" member_type: VOTER last_known_addr { host: "127.26.34.131" port: 37589 } } peers { permanent_uuid: "75d2b78409a34d28b24850b02567f9be" member_type: VOTER last_known_addr { host: "127.26.34.132" port: 44097 } attrs { promote: false } } }
I20260630 12:22:07.326865 29694 raft_consensus.cc:2955] T 23b79235faf74cb9a1d8932ff93bc005 P eee09d57e7934c679aa7cac0b4cc515d [term 1 FOLLOWER]: Committing config change with OpId 1.3: config changed from index 2 to 3, 75d2b78409a34d28b24850b02567f9be (127.26.34.132) changed from NON_VOTER to VOTER. New config: { opid_index: 3 OBSOLETE_local: false peers { permanent_uuid: "1e87d2ee6be944e99a248b134b6d4c64" member_type: VOTER last_known_addr { host: "127.26.34.130" port: 37755 } } peers { permanent_uuid: "eee09d57e7934c679aa7cac0b4cc515d" member_type: VOTER last_known_addr { host: "127.26.34.129" port: 45455 } attrs { replace: true } } peers { permanent_uuid: "0ad4f079916a4c00b34941a83db33029" member_type: VOTER last_known_addr { host: "127.26.34.131" port: 37589 } } peers { permanent_uuid: "75d2b78409a34d28b24850b02567f9be" member_type: VOTER last_known_addr { host: "127.26.34.132" port: 44097 } attrs { promote: false } } }
I20260630 12:22:07.331468 30005 raft_consensus.cc:2955] T 4dfef571dc4443d3aaa99af7dc58b532 P 75d2b78409a34d28b24850b02567f9be [term 1 FOLLOWER]: Committing config change with OpId 1.3: config changed from index 2 to 3, 75d2b78409a34d28b24850b02567f9be (127.26.34.132) changed from NON_VOTER to VOTER. New config: { opid_index: 3 OBSOLETE_local: false peers { permanent_uuid: "1e87d2ee6be944e99a248b134b6d4c64" member_type: VOTER last_known_addr { host: "127.26.34.130" port: 37755 } attrs { replace: true } } peers { permanent_uuid: "eee09d57e7934c679aa7cac0b4cc515d" member_type: VOTER last_known_addr { host: "127.26.34.129" port: 45455 } } peers { permanent_uuid: "0ad4f079916a4c00b34941a83db33029" member_type: VOTER last_known_addr { host: "127.26.34.131" port: 37589 } } peers { permanent_uuid: "75d2b78409a34d28b24850b02567f9be" member_type: VOTER last_known_addr { host: "127.26.34.132" port: 44097 } attrs { promote: false } } }
I20260630 12:22:07.334647 29843 raft_consensus.cc:2955] T 23b79235faf74cb9a1d8932ff93bc005 P 0ad4f079916a4c00b34941a83db33029 [term 1 FOLLOWER]: Committing config change with OpId 1.3: config changed from index 2 to 3, 75d2b78409a34d28b24850b02567f9be (127.26.34.132) changed from NON_VOTER to VOTER. New config: { opid_index: 3 OBSOLETE_local: false peers { permanent_uuid: "1e87d2ee6be944e99a248b134b6d4c64" member_type: VOTER last_known_addr { host: "127.26.34.130" port: 37755 } } peers { permanent_uuid: "eee09d57e7934c679aa7cac0b4cc515d" member_type: VOTER last_known_addr { host: "127.26.34.129" port: 45455 } attrs { replace: true } } peers { permanent_uuid: "0ad4f079916a4c00b34941a83db33029" member_type: VOTER last_known_addr { host: "127.26.34.131" port: 37589 } } peers { permanent_uuid: "75d2b78409a34d28b24850b02567f9be" member_type: VOTER last_known_addr { host: "127.26.34.132" port: 44097 } attrs { promote: false } } }
I20260630 12:22:07.340329 29768 raft_consensus.cc:2955] T 4dfef571dc4443d3aaa99af7dc58b532 P 1e87d2ee6be944e99a248b134b6d4c64 [term 1 FOLLOWER]: Committing config change with OpId 1.3: config changed from index 2 to 3, 75d2b78409a34d28b24850b02567f9be (127.26.34.132) changed from NON_VOTER to VOTER. New config: { opid_index: 3 OBSOLETE_local: false peers { permanent_uuid: "1e87d2ee6be944e99a248b134b6d4c64" member_type: VOTER last_known_addr { host: "127.26.34.130" port: 37755 } attrs { replace: true } } peers { permanent_uuid: "eee09d57e7934c679aa7cac0b4cc515d" member_type: VOTER last_known_addr { host: "127.26.34.129" port: 45455 } } peers { permanent_uuid: "0ad4f079916a4c00b34941a83db33029" member_type: VOTER last_known_addr { host: "127.26.34.131" port: 37589 } } peers { permanent_uuid: "75d2b78409a34d28b24850b02567f9be" member_type: VOTER last_known_addr { host: "127.26.34.132" port: 44097 } attrs { promote: false } } }
I20260630 12:22:07.346517 29591 catalog_manager.cc:5697] T 4dfef571dc4443d3aaa99af7dc58b532 P eee09d57e7934c679aa7cac0b4cc515d reported cstate change: config changed from index 2 to 3, 75d2b78409a34d28b24850b02567f9be (127.26.34.132) changed from NON_VOTER to VOTER. New cstate: current_term: 1 leader_uuid: "eee09d57e7934c679aa7cac0b4cc515d" committed_config { opid_index: 3 OBSOLETE_local: false peers { permanent_uuid: "1e87d2ee6be944e99a248b134b6d4c64" member_type: VOTER last_known_addr { host: "127.26.34.130" port: 37755 } attrs { replace: true } health_report { overall_health: HEALTHY } } peers { permanent_uuid: "eee09d57e7934c679aa7cac0b4cc515d" member_type: VOTER last_known_addr { host: "127.26.34.129" port: 45455 } health_report { overall_health: HEALTHY } } peers { permanent_uuid: "0ad4f079916a4c00b34941a83db33029" member_type: VOTER last_known_addr { host: "127.26.34.131" port: 37589 } health_report { overall_health: HEALTHY } } peers { permanent_uuid: "75d2b78409a34d28b24850b02567f9be" member_type: VOTER last_known_addr { host: "127.26.34.132" port: 44097 } attrs { promote: false } health_report { overall_health: HEALTHY } } }
I20260630 12:22:07.360126 30005 raft_consensus.cc:2955] T 23b79235faf74cb9a1d8932ff93bc005 P 75d2b78409a34d28b24850b02567f9be [term 1 FOLLOWER]: Committing config change with OpId 1.3: config changed from index 2 to 3, 75d2b78409a34d28b24850b02567f9be (127.26.34.132) changed from NON_VOTER to VOTER. New config: { opid_index: 3 OBSOLETE_local: false peers { permanent_uuid: "1e87d2ee6be944e99a248b134b6d4c64" member_type: VOTER last_known_addr { host: "127.26.34.130" port: 37755 } } peers { permanent_uuid: "eee09d57e7934c679aa7cac0b4cc515d" member_type: VOTER last_known_addr { host: "127.26.34.129" port: 45455 } attrs { replace: true } } peers { permanent_uuid: "0ad4f079916a4c00b34941a83db33029" member_type: VOTER last_known_addr { host: "127.26.34.131" port: 37589 } } peers { permanent_uuid: "75d2b78409a34d28b24850b02567f9be" member_type: VOTER last_known_addr { host: "127.26.34.132" port: 44097 } attrs { promote: false } } }
I20260630 12:22:07.361688 29589 catalog_manager.cc:5697] T 23b79235faf74cb9a1d8932ff93bc005 P 1e87d2ee6be944e99a248b134b6d4c64 reported cstate change: config changed from index 2 to 3, 75d2b78409a34d28b24850b02567f9be (127.26.34.132) changed from NON_VOTER to VOTER. New cstate: current_term: 1 leader_uuid: "1e87d2ee6be944e99a248b134b6d4c64" committed_config { opid_index: 3 OBSOLETE_local: false peers { permanent_uuid: "1e87d2ee6be944e99a248b134b6d4c64" member_type: VOTER last_known_addr { host: "127.26.34.130" port: 37755 } health_report { overall_health: HEALTHY } } peers { permanent_uuid: "eee09d57e7934c679aa7cac0b4cc515d" member_type: VOTER last_known_addr { host: "127.26.34.129" port: 45455 } attrs { replace: true } health_report { overall_health: HEALTHY } } peers { permanent_uuid: "0ad4f079916a4c00b34941a83db33029" member_type: VOTER last_known_addr { host: "127.26.34.131" port: 37589 } health_report { overall_health: HEALTHY } } peers { permanent_uuid: "75d2b78409a34d28b24850b02567f9be" member_type: VOTER last_known_addr { host: "127.26.34.132" port: 44097 } attrs { promote: false } health_report { overall_health: HEALTHY } } }
I20260630 12:22:07.378039 29768 consensus_queue.cc:237] T 23b79235faf74cb9a1d8932ff93bc005 P 1e87d2ee6be944e99a248b134b6d4c64 [LEADER]: Queue going to LEADER mode. State: All replicated index: 0, Majority replicated index: 3, Committed index: 3, Last appended: 1.3, Last appended by leader: 0, Current term: 1, Majority size: 2, State: 0, Mode: LEADER, active raft config: opid_index: 4 OBSOLETE_local: false peers { permanent_uuid: "1e87d2ee6be944e99a248b134b6d4c64" member_type: VOTER last_known_addr { host: "127.26.34.130" port: 37755 } } peers { permanent_uuid: "0ad4f079916a4c00b34941a83db33029" member_type: VOTER last_known_addr { host: "127.26.34.131" port: 37589 } } peers { permanent_uuid: "75d2b78409a34d28b24850b02567f9be" member_type: VOTER last_known_addr { host: "127.26.34.132" port: 44097 } attrs { promote: false } }
I20260630 12:22:07.383406 30005 raft_consensus.cc:1275] T 23b79235faf74cb9a1d8932ff93bc005 P 75d2b78409a34d28b24850b02567f9be [term 1 FOLLOWER]: Refusing update from remote peer 1e87d2ee6be944e99a248b134b6d4c64: Log matching property violated. Preceding OpId in replica: term: 1 index: 3. Preceding OpId from leader: term: 1 index: 4. (index mismatch)
I20260630 12:22:07.383637 29843 raft_consensus.cc:1275] T 23b79235faf74cb9a1d8932ff93bc005 P 0ad4f079916a4c00b34941a83db33029 [term 1 FOLLOWER]: Refusing update from remote peer 1e87d2ee6be944e99a248b134b6d4c64: Log matching property violated. Preceding OpId in replica: term: 1 index: 3. Preceding OpId from leader: term: 1 index: 4. (index mismatch)
I20260630 12:22:07.385241 29958 consensus_queue.cc:1048] T 23b79235faf74cb9a1d8932ff93bc005 P 1e87d2ee6be944e99a248b134b6d4c64 [LEADER]: Connected to new peer: Peer: permanent_uuid: "75d2b78409a34d28b24850b02567f9be" member_type: VOTER last_known_addr { host: "127.26.34.132" port: 44097 } attrs { promote: false }, Status: LMP_MISMATCH, Last received: 0.0, Next index: 4, Last known committed idx: 3, Time since last communication: 0.000s
I20260630 12:22:07.386143 30110 consensus_queue.cc:1048] T 23b79235faf74cb9a1d8932ff93bc005 P 1e87d2ee6be944e99a248b134b6d4c64 [LEADER]: Connected to new peer: Peer: permanent_uuid: "0ad4f079916a4c00b34941a83db33029" member_type: VOTER last_known_addr { host: "127.26.34.131" port: 37589 }, Status: LMP_MISMATCH, Last received: 0.0, Next index: 4, Last known committed idx: 3, Time since last communication: 0.000s
I20260630 12:22:07.386754 29694 consensus_queue.cc:237] T 4dfef571dc4443d3aaa99af7dc58b532 P eee09d57e7934c679aa7cac0b4cc515d [LEADER]: Queue going to LEADER mode. State: All replicated index: 0, Majority replicated index: 3, Committed index: 3, Last appended: 1.3, Last appended by leader: 0, Current term: 1, Majority size: 2, State: 0, Mode: LEADER, active raft config: opid_index: 4 OBSOLETE_local: false peers { permanent_uuid: "eee09d57e7934c679aa7cac0b4cc515d" member_type: VOTER last_known_addr { host: "127.26.34.129" port: 45455 } } peers { permanent_uuid: "0ad4f079916a4c00b34941a83db33029" member_type: VOTER last_known_addr { host: "127.26.34.131" port: 37589 } } peers { permanent_uuid: "75d2b78409a34d28b24850b02567f9be" member_type: VOTER last_known_addr { host: "127.26.34.132" port: 44097 } attrs { promote: false } }
I20260630 12:22:07.394233 29958 raft_consensus.cc:2955] T 23b79235faf74cb9a1d8932ff93bc005 P 1e87d2ee6be944e99a248b134b6d4c64 [term 1 LEADER]: Committing config change with OpId 1.4: config changed from index 3 to 4, VOTER eee09d57e7934c679aa7cac0b4cc515d (127.26.34.129) evicted. New config: { opid_index: 4 OBSOLETE_local: false peers { permanent_uuid: "1e87d2ee6be944e99a248b134b6d4c64" member_type: VOTER last_known_addr { host: "127.26.34.130" port: 37755 } } peers { permanent_uuid: "0ad4f079916a4c00b34941a83db33029" member_type: VOTER last_known_addr { host: "127.26.34.131" port: 37589 } } peers { permanent_uuid: "75d2b78409a34d28b24850b02567f9be" member_type: VOTER last_known_addr { host: "127.26.34.132" port: 44097 } attrs { promote: false } } }
I20260630 12:22:07.398214 29843 raft_consensus.cc:2955] T 23b79235faf74cb9a1d8932ff93bc005 P 0ad4f079916a4c00b34941a83db33029 [term 1 FOLLOWER]: Committing config change with OpId 1.4: config changed from index 3 to 4, VOTER eee09d57e7934c679aa7cac0b4cc515d (127.26.34.129) evicted. New config: { opid_index: 4 OBSOLETE_local: false peers { permanent_uuid: "1e87d2ee6be944e99a248b134b6d4c64" member_type: VOTER last_known_addr { host: "127.26.34.130" port: 37755 } } peers { permanent_uuid: "0ad4f079916a4c00b34941a83db33029" member_type: VOTER last_known_addr { host: "127.26.34.131" port: 37589 } } peers { permanent_uuid: "75d2b78409a34d28b24850b02567f9be" member_type: VOTER last_known_addr { host: "127.26.34.132" port: 44097 } attrs { promote: false } } }
I20260630 12:22:07.398427 30003 raft_consensus.cc:2955] T 23b79235faf74cb9a1d8932ff93bc005 P 75d2b78409a34d28b24850b02567f9be [term 1 FOLLOWER]: Committing config change with OpId 1.4: config changed from index 3 to 4, VOTER eee09d57e7934c679aa7cac0b4cc515d (127.26.34.129) evicted. New config: { opid_index: 4 OBSOLETE_local: false peers { permanent_uuid: "1e87d2ee6be944e99a248b134b6d4c64" member_type: VOTER last_known_addr { host: "127.26.34.130" port: 37755 } } peers { permanent_uuid: "0ad4f079916a4c00b34941a83db33029" member_type: VOTER last_known_addr { host: "127.26.34.131" port: 37589 } } peers { permanent_uuid: "75d2b78409a34d28b24850b02567f9be" member_type: VOTER last_known_addr { host: "127.26.34.132" port: 44097 } attrs { promote: false } } }
I20260630 12:22:07.402191 30004 raft_consensus.cc:1275] T 4dfef571dc4443d3aaa99af7dc58b532 P 75d2b78409a34d28b24850b02567f9be [term 1 FOLLOWER]: Refusing update from remote peer eee09d57e7934c679aa7cac0b4cc515d: Log matching property violated. Preceding OpId in replica: term: 1 index: 3. Preceding OpId from leader: term: 1 index: 4. (index mismatch)
I20260630 12:22:07.404064 29578 catalog_manager.cc:5210] ChangeConfig:REMOVE_PEER RPC for tablet 23b79235faf74cb9a1d8932ff93bc005 with cas_config_opid_index 3: ChangeConfig:REMOVE_PEER succeeded (attempt 1)
I20260630 12:22:07.404126 30129 consensus_queue.cc:1048] T 4dfef571dc4443d3aaa99af7dc58b532 P eee09d57e7934c679aa7cac0b4cc515d [LEADER]: Connected to new peer: Peer: permanent_uuid: "75d2b78409a34d28b24850b02567f9be" member_type: VOTER last_known_addr { host: "127.26.34.132" port: 44097 } attrs { promote: false }, Status: LMP_MISMATCH, Last received: 0.0, Next index: 4, Last known committed idx: 3, Time since last communication: 0.000s
I20260630 12:22:07.409010 29842 raft_consensus.cc:1275] T 4dfef571dc4443d3aaa99af7dc58b532 P 0ad4f079916a4c00b34941a83db33029 [term 1 FOLLOWER]: Refusing update from remote peer eee09d57e7934c679aa7cac0b4cc515d: Log matching property violated. Preceding OpId in replica: term: 1 index: 3. Preceding OpId from leader: term: 1 index: 4. (index mismatch)
I20260630 12:22:07.409914 29593 catalog_manager.cc:5697] T 23b79235faf74cb9a1d8932ff93bc005 P 1e87d2ee6be944e99a248b134b6d4c64 reported cstate change: config changed from index 3 to 4, VOTER eee09d57e7934c679aa7cac0b4cc515d (127.26.34.129) evicted. New cstate: current_term: 1 leader_uuid: "1e87d2ee6be944e99a248b134b6d4c64" committed_config { opid_index: 4 OBSOLETE_local: false peers { permanent_uuid: "1e87d2ee6be944e99a248b134b6d4c64" member_type: VOTER last_known_addr { host: "127.26.34.130" port: 37755 } health_report { overall_health: HEALTHY } } peers { permanent_uuid: "0ad4f079916a4c00b34941a83db33029" member_type: VOTER last_known_addr { host: "127.26.34.131" port: 37589 } health_report { overall_health: HEALTHY } } peers { permanent_uuid: "75d2b78409a34d28b24850b02567f9be" member_type: VOTER last_known_addr { host: "127.26.34.132" port: 44097 } attrs { promote: false } health_report { overall_health: HEALTHY } } }
I20260630 12:22:07.411721 30129 consensus_queue.cc:1048] T 4dfef571dc4443d3aaa99af7dc58b532 P eee09d57e7934c679aa7cac0b4cc515d [LEADER]: Connected to new peer: Peer: permanent_uuid: "0ad4f079916a4c00b34941a83db33029" member_type: VOTER last_known_addr { host: "127.26.34.131" port: 37589 }, Status: LMP_MISMATCH, Last received: 0.0, Next index: 4, Last known committed idx: 3, Time since last communication: 0.000s
I20260630 12:22:07.422610 30138 raft_consensus.cc:2955] T 4dfef571dc4443d3aaa99af7dc58b532 P eee09d57e7934c679aa7cac0b4cc515d [term 1 LEADER]: Committing config change with OpId 1.4: config changed from index 3 to 4, VOTER 1e87d2ee6be944e99a248b134b6d4c64 (127.26.34.130) evicted. New config: { opid_index: 4 OBSOLETE_local: false peers { permanent_uuid: "eee09d57e7934c679aa7cac0b4cc515d" member_type: VOTER last_known_addr { host: "127.26.34.129" port: 45455 } } peers { permanent_uuid: "0ad4f079916a4c00b34941a83db33029" member_type: VOTER last_known_addr { host: "127.26.34.131" port: 37589 } } peers { permanent_uuid: "75d2b78409a34d28b24850b02567f9be" member_type: VOTER last_known_addr { host: "127.26.34.132" port: 44097 } attrs { promote: false } } }
I20260630 12:22:07.439369 29580 catalog_manager.cc:5210] ChangeConfig:REMOVE_PEER RPC for tablet 4dfef571dc4443d3aaa99af7dc58b532 with cas_config_opid_index 3: ChangeConfig:REMOVE_PEER succeeded (attempt 1)
I20260630 12:22:07.433491 30004 raft_consensus.cc:2955] T 4dfef571dc4443d3aaa99af7dc58b532 P 75d2b78409a34d28b24850b02567f9be [term 1 FOLLOWER]: Committing config change with OpId 1.4: config changed from index 3 to 4, VOTER 1e87d2ee6be944e99a248b134b6d4c64 (127.26.34.130) evicted. New config: { opid_index: 4 OBSOLETE_local: false peers { permanent_uuid: "eee09d57e7934c679aa7cac0b4cc515d" member_type: VOTER last_known_addr { host: "127.26.34.129" port: 45455 } } peers { permanent_uuid: "0ad4f079916a4c00b34941a83db33029" member_type: VOTER last_known_addr { host: "127.26.34.131" port: 37589 } } peers { permanent_uuid: "75d2b78409a34d28b24850b02567f9be" member_type: VOTER last_known_addr { host: "127.26.34.132" port: 44097 } attrs { promote: false } } }
I20260630 12:22:07.439913 29843 raft_consensus.cc:2955] T 4dfef571dc4443d3aaa99af7dc58b532 P 0ad4f079916a4c00b34941a83db33029 [term 1 FOLLOWER]: Committing config change with OpId 1.4: config changed from index 3 to 4, VOTER 1e87d2ee6be944e99a248b134b6d4c64 (127.26.34.130) evicted. New config: { opid_index: 4 OBSOLETE_local: false peers { permanent_uuid: "eee09d57e7934c679aa7cac0b4cc515d" member_type: VOTER last_known_addr { host: "127.26.34.129" port: 45455 } } peers { permanent_uuid: "0ad4f079916a4c00b34941a83db33029" member_type: VOTER last_known_addr { host: "127.26.34.131" port: 37589 } } peers { permanent_uuid: "75d2b78409a34d28b24850b02567f9be" member_type: VOTER last_known_addr { host: "127.26.34.132" port: 44097 } attrs { promote: false } } }
I20260630 12:22:07.441427 29682 tablet_service.cc:1558] Processing DeleteTablet for tablet 23b79235faf74cb9a1d8932ff93bc005 with delete_type TABLET_DATA_TOMBSTONED (TS eee09d57e7934c679aa7cac0b4cc515d not found in new config with opid_index 4) from {username='slave'} at 127.0.0.1:43846
I20260630 12:22:07.453739 30153 tablet_replica.cc:333] T 23b79235faf74cb9a1d8932ff93bc005 P eee09d57e7934c679aa7cac0b4cc515d: stopping tablet replica
I20260630 12:22:07.456283 30153 raft_consensus.cc:2243] T 23b79235faf74cb9a1d8932ff93bc005 P eee09d57e7934c679aa7cac0b4cc515d [term 1 FOLLOWER]: Raft consensus shutting down.
I20260630 12:22:07.456980 30153 raft_consensus.cc:2272] T 23b79235faf74cb9a1d8932ff93bc005 P eee09d57e7934c679aa7cac0b4cc515d [term 1 FOLLOWER]: Raft consensus is shut down!
I20260630 12:22:07.456164 29589 catalog_manager.cc:5697] T 4dfef571dc4443d3aaa99af7dc58b532 P 75d2b78409a34d28b24850b02567f9be reported cstate change: config changed from index 3 to 4, VOTER 1e87d2ee6be944e99a248b134b6d4c64 (127.26.34.130) evicted. New cstate: current_term: 1 leader_uuid: "eee09d57e7934c679aa7cac0b4cc515d" committed_config { opid_index: 4 OBSOLETE_local: false peers { permanent_uuid: "eee09d57e7934c679aa7cac0b4cc515d" member_type: VOTER last_known_addr { host: "127.26.34.129" port: 45455 } } peers { permanent_uuid: "0ad4f079916a4c00b34941a83db33029" member_type: VOTER last_known_addr { host: "127.26.34.131" port: 37589 } } peers { permanent_uuid: "75d2b78409a34d28b24850b02567f9be" member_type: VOTER last_known_addr { host: "127.26.34.132" port: 44097 } attrs { promote: false } } }
I20260630 12:22:07.460832 30153 ts_tablet_manager.cc:1916] T 23b79235faf74cb9a1d8932ff93bc005 P eee09d57e7934c679aa7cac0b4cc515d: Deleting tablet data with delete state TABLET_DATA_TOMBSTONED
I20260630 12:22:07.467759 29759 tablet_service.cc:1558] Processing DeleteTablet for tablet 4dfef571dc4443d3aaa99af7dc58b532 with delete_type TABLET_DATA_TOMBSTONED (TS 1e87d2ee6be944e99a248b134b6d4c64 not found in new config with opid_index 4) from {username='slave'} at 127.0.0.1:48056
I20260630 12:22:07.474182 30154 tablet_replica.cc:333] T 4dfef571dc4443d3aaa99af7dc58b532 P 1e87d2ee6be944e99a248b134b6d4c64: stopping tablet replica
I20260630 12:22:07.475134 30154 raft_consensus.cc:2243] T 4dfef571dc4443d3aaa99af7dc58b532 P 1e87d2ee6be944e99a248b134b6d4c64 [term 1 FOLLOWER]: Raft consensus shutting down.
I20260630 12:22:07.475796 30154 raft_consensus.cc:2272] T 4dfef571dc4443d3aaa99af7dc58b532 P 1e87d2ee6be944e99a248b134b6d4c64 [term 1 FOLLOWER]: Raft consensus is shut down!
I20260630 12:22:07.476950 30153 ts_tablet_manager.cc:1929] T 23b79235faf74cb9a1d8932ff93bc005 P eee09d57e7934c679aa7cac0b4cc515d: tablet deleted with delete type TABLET_DATA_TOMBSTONED: last-logged OpId 1.3
I20260630 12:22:07.477337 30153 log.cc:1199] T 23b79235faf74cb9a1d8932ff93bc005 P eee09d57e7934c679aa7cac0b4cc515d: Deleting WAL directory at /tmp/dist-test-taskxfQ6NJ/test-tmp/auto_rebalancer-test.0.AutoRebalancerTest.RangeAwareRebalancesNewRangeReplicas.1782822039501247-26762-0/minicluster-data/ts-0-root/wals/23b79235faf74cb9a1d8932ff93bc005
I20260630 12:22:07.478721 29580 catalog_manager.cc:5028] TS eee09d57e7934c679aa7cac0b4cc515d (127.26.34.129:45455): tablet 23b79235faf74cb9a1d8932ff93bc005 (table range_aware_rebalance_new_range [id=72556657a3c140b7b2115ba6862e2de2]) successfully deleted
I20260630 12:22:07.478847 30154 ts_tablet_manager.cc:1916] T 4dfef571dc4443d3aaa99af7dc58b532 P 1e87d2ee6be944e99a248b134b6d4c64: Deleting tablet data with delete state TABLET_DATA_TOMBSTONED
I20260630 12:22:07.489360 30154 ts_tablet_manager.cc:1929] T 4dfef571dc4443d3aaa99af7dc58b532 P 1e87d2ee6be944e99a248b134b6d4c64: tablet deleted with delete type TABLET_DATA_TOMBSTONED: last-logged OpId 1.3
I20260630 12:22:07.489720 30154 log.cc:1199] T 4dfef571dc4443d3aaa99af7dc58b532 P 1e87d2ee6be944e99a248b134b6d4c64: Deleting WAL directory at /tmp/dist-test-taskxfQ6NJ/test-tmp/auto_rebalancer-test.0.AutoRebalancerTest.RangeAwareRebalancesNewRangeReplicas.1782822039501247-26762-0/minicluster-data/ts-1-root/wals/4dfef571dc4443d3aaa99af7dc58b532
I20260630 12:22:07.491034 29578 catalog_manager.cc:5028] TS 1e87d2ee6be944e99a248b134b6d4c64 (127.26.34.130:37755): tablet 4dfef571dc4443d3aaa99af7dc58b532 (table range_aware_rebalance_new_range [id=72556657a3c140b7b2115ba6862e2de2]) successfully deleted
I20260630 12:22:07.633325 29646 auto_leader_rebalancer.cc:141] leader rebalance for table range_aware_rebalance_new_range
I20260630 12:22:07.645965 29768 tablet_service.cc:2072] Received LeaderStepDown RPC: tablet_id: "01a18a72f7ee4ad58bef8fe6eaf7a72c"
dest_uuid: "1e87d2ee6be944e99a248b134b6d4c64"
mode: GRACEFUL
new_leader_uuid: "0ad4f079916a4c00b34941a83db33029"
 from {username='slave'} at 127.0.0.1:48098
I20260630 12:22:07.646469 29768 raft_consensus.cc:606] T 01a18a72f7ee4ad58bef8fe6eaf7a72c P 1e87d2ee6be944e99a248b134b6d4c64 [term 1 LEADER]: Received request to transfer leadership to TS 0ad4f079916a4c00b34941a83db33029
I20260630 12:22:07.648923 29843 tablet_service.cc:2072] Received LeaderStepDown RPC: tablet_id: "d506bb801bf3499b819dc970723cb4b3"
dest_uuid: "0ad4f079916a4c00b34941a83db33029"
mode: GRACEFUL
new_leader_uuid: "75d2b78409a34d28b24850b02567f9be"
 from {username='slave'} at 127.0.0.1:57792
I20260630 12:22:07.649437 29843 raft_consensus.cc:606] T d506bb801bf3499b819dc970723cb4b3 P 0ad4f079916a4c00b34941a83db33029 [term 1 LEADER]: Received request to transfer leadership to TS 75d2b78409a34d28b24850b02567f9be
I20260630 12:22:07.650696 29646 auto_leader_rebalancer.cc:440] table: range_aware_rebalance_new_range, leader rebalance finish, leader transfer count: 2
I20260630 12:22:07.651290 29646 auto_leader_rebalancer.cc:515] All tables' leader rebalancing finished this round
I20260630 12:22:07.651889 30110 raft_consensus.cc:993] T 01a18a72f7ee4ad58bef8fe6eaf7a72c P 1e87d2ee6be944e99a248b134b6d4c64: : Instructing follower 0ad4f079916a4c00b34941a83db33029 to start an election
I20260630 12:22:07.652355 29958 raft_consensus.cc:1081] T 01a18a72f7ee4ad58bef8fe6eaf7a72c P 1e87d2ee6be944e99a248b134b6d4c64 [term 1 LEADER]: Signalling peer 0ad4f079916a4c00b34941a83db33029 to start an election
I20260630 12:22:07.653715 29842 tablet_service.cc:2044] Received Run Leader Election RPC: tablet_id: "01a18a72f7ee4ad58bef8fe6eaf7a72c"
dest_uuid: "0ad4f079916a4c00b34941a83db33029"
 from {username='slave'} at 127.0.0.1:57774
I20260630 12:22:07.654153 29842 raft_consensus.cc:493] T 01a18a72f7ee4ad58bef8fe6eaf7a72c P 0ad4f079916a4c00b34941a83db33029 [term 1 FOLLOWER]: Starting forced leader election (received explicit request)
I20260630 12:22:07.654424 29842 raft_consensus.cc:3060] T 01a18a72f7ee4ad58bef8fe6eaf7a72c P 0ad4f079916a4c00b34941a83db33029 [term 1 FOLLOWER]: Advancing to term 2
I20260630 12:22:07.658965 29842 raft_consensus.cc:515] T 01a18a72f7ee4ad58bef8fe6eaf7a72c P 0ad4f079916a4c00b34941a83db33029 [term 2 FOLLOWER]: Starting forced leader election with config: opid_index: -1 OBSOLETE_local: false peers { permanent_uuid: "eee09d57e7934c679aa7cac0b4cc515d" member_type: VOTER last_known_addr { host: "127.26.34.129" port: 45455 } } peers { permanent_uuid: "1e87d2ee6be944e99a248b134b6d4c64" member_type: VOTER last_known_addr { host: "127.26.34.130" port: 37755 } } peers { permanent_uuid: "0ad4f079916a4c00b34941a83db33029" member_type: VOTER last_known_addr { host: "127.26.34.131" port: 37589 } }
I20260630 12:22:07.660692 29842 leader_election.cc:290] T 01a18a72f7ee4ad58bef8fe6eaf7a72c P 0ad4f079916a4c00b34941a83db33029 [CANDIDATE]: Term 2 election: Requested vote from peers eee09d57e7934c679aa7cac0b4cc515d (127.26.34.129:45455), 1e87d2ee6be944e99a248b134b6d4c64 (127.26.34.130:37755)
I20260630 12:22:07.661659 29694 tablet_service.cc:1917] Received RequestConsensusVote() RPC: tablet_id: "01a18a72f7ee4ad58bef8fe6eaf7a72c" candidate_uuid: "0ad4f079916a4c00b34941a83db33029" candidate_term: 2 candidate_status { last_received { term: 1 index: 1 } } ignore_live_leader: true dest_uuid: "eee09d57e7934c679aa7cac0b4cc515d"
I20260630 12:22:07.661793 29768 tablet_service.cc:1917] Received RequestConsensusVote() RPC: tablet_id: "01a18a72f7ee4ad58bef8fe6eaf7a72c" candidate_uuid: "0ad4f079916a4c00b34941a83db33029" candidate_term: 2 candidate_status { last_received { term: 1 index: 1 } } ignore_live_leader: true dest_uuid: "1e87d2ee6be944e99a248b134b6d4c64"
I20260630 12:22:07.662395 29694 raft_consensus.cc:3060] T 01a18a72f7ee4ad58bef8fe6eaf7a72c P eee09d57e7934c679aa7cac0b4cc515d [term 1 FOLLOWER]: Advancing to term 2
I20260630 12:22:07.662475 29768 raft_consensus.cc:3055] T 01a18a72f7ee4ad58bef8fe6eaf7a72c P 1e87d2ee6be944e99a248b134b6d4c64 [term 1 LEADER]: Stepping down as leader of term 1
I20260630 12:22:07.662886 29768 raft_consensus.cc:740] T 01a18a72f7ee4ad58bef8fe6eaf7a72c P 1e87d2ee6be944e99a248b134b6d4c64 [term 1 LEADER]: Becoming Follower/Learner. State: Replica: 1e87d2ee6be944e99a248b134b6d4c64, State: Running, Role: LEADER
I20260630 12:22:07.663560 29768 consensus_queue.cc:260] T 01a18a72f7ee4ad58bef8fe6eaf7a72c P 1e87d2ee6be944e99a248b134b6d4c64 [NON_LEADER]: Queue going to NON_LEADER mode. State: All replicated index: 0, Majority replicated index: 1, Committed index: 1, Last appended: 1.1, Last appended by leader: 1, Current term: 1, Majority size: -1, State: 0, Mode: NON_LEADER, active raft config: opid_index: -1 OBSOLETE_local: false peers { permanent_uuid: "eee09d57e7934c679aa7cac0b4cc515d" member_type: VOTER last_known_addr { host: "127.26.34.129" port: 45455 } } peers { permanent_uuid: "1e87d2ee6be944e99a248b134b6d4c64" member_type: VOTER last_known_addr { host: "127.26.34.130" port: 37755 } } peers { permanent_uuid: "0ad4f079916a4c00b34941a83db33029" member_type: VOTER last_known_addr { host: "127.26.34.131" port: 37589 } }
I20260630 12:22:07.664453 29768 raft_consensus.cc:3060] T 01a18a72f7ee4ad58bef8fe6eaf7a72c P 1e87d2ee6be944e99a248b134b6d4c64 [term 1 FOLLOWER]: Advancing to term 2
I20260630 12:22:07.668522 29694 raft_consensus.cc:2468] T 01a18a72f7ee4ad58bef8fe6eaf7a72c P eee09d57e7934c679aa7cac0b4cc515d [term 2 FOLLOWER]: Leader election vote request: Granting yes vote for candidate 0ad4f079916a4c00b34941a83db33029 in term 2.
I20260630 12:22:07.668576 29768 raft_consensus.cc:2468] T 01a18a72f7ee4ad58bef8fe6eaf7a72c P 1e87d2ee6be944e99a248b134b6d4c64 [term 2 FOLLOWER]: Leader election vote request: Granting yes vote for candidate 0ad4f079916a4c00b34941a83db33029 in term 2.
I20260630 12:22:07.669857 29808 leader_election.cc:304] T 01a18a72f7ee4ad58bef8fe6eaf7a72c P 0ad4f079916a4c00b34941a83db33029 [CANDIDATE]: Term 2 election: Election decided. Result: candidate won. Election summary: received 2 responses out of 3 voters: 2 yes votes; 0 no votes. yes voters: 0ad4f079916a4c00b34941a83db33029, 1e87d2ee6be944e99a248b134b6d4c64; no voters: 
I20260630 12:22:07.670626 30135 raft_consensus.cc:2804] T 01a18a72f7ee4ad58bef8fe6eaf7a72c P 0ad4f079916a4c00b34941a83db33029 [term 2 FOLLOWER]: Leader election won for term 2
I20260630 12:22:07.671049 30135 raft_consensus.cc:697] T 01a18a72f7ee4ad58bef8fe6eaf7a72c P 0ad4f079916a4c00b34941a83db33029 [term 2 LEADER]: Becoming Leader. State: Replica: 0ad4f079916a4c00b34941a83db33029, State: Running, Role: LEADER
I20260630 12:22:07.671752 30135 consensus_queue.cc:237] T 01a18a72f7ee4ad58bef8fe6eaf7a72c P 0ad4f079916a4c00b34941a83db33029 [LEADER]: Queue going to LEADER mode. State: All replicated index: 0, Majority replicated index: 1, Committed index: 1, Last appended: 1.1, Last appended by leader: 1, Current term: 2, Majority size: 2, State: 0, Mode: LEADER, active raft config: opid_index: -1 OBSOLETE_local: false peers { permanent_uuid: "eee09d57e7934c679aa7cac0b4cc515d" member_type: VOTER last_known_addr { host: "127.26.34.129" port: 45455 } } peers { permanent_uuid: "1e87d2ee6be944e99a248b134b6d4c64" member_type: VOTER last_known_addr { host: "127.26.34.130" port: 37755 } } peers { permanent_uuid: "0ad4f079916a4c00b34941a83db33029" member_type: VOTER last_known_addr { host: "127.26.34.131" port: 37589 } }
I20260630 12:22:07.677719 29593 catalog_manager.cc:5697] T 01a18a72f7ee4ad58bef8fe6eaf7a72c P 0ad4f079916a4c00b34941a83db33029 reported cstate change: term changed from 1 to 2, leader changed from 1e87d2ee6be944e99a248b134b6d4c64 (127.26.34.130) to 0ad4f079916a4c00b34941a83db33029 (127.26.34.131). New cstate: current_term: 2 leader_uuid: "0ad4f079916a4c00b34941a83db33029" committed_config { opid_index: -1 OBSOLETE_local: false peers { permanent_uuid: "eee09d57e7934c679aa7cac0b4cc515d" member_type: VOTER last_known_addr { host: "127.26.34.129" port: 45455 } health_report { overall_health: UNKNOWN } } peers { permanent_uuid: "1e87d2ee6be944e99a248b134b6d4c64" member_type: VOTER last_known_addr { host: "127.26.34.130" port: 37755 } health_report { overall_health: UNKNOWN } } peers { permanent_uuid: "0ad4f079916a4c00b34941a83db33029" member_type: VOTER last_known_addr { host: "127.26.34.131" port: 37589 } health_report { overall_health: HEALTHY } } }
I20260630 12:22:07.762328 30136 raft_consensus.cc:993] T d506bb801bf3499b819dc970723cb4b3 P 0ad4f079916a4c00b34941a83db33029: : Instructing follower 75d2b78409a34d28b24850b02567f9be to start an election
I20260630 12:22:07.762806 30135 raft_consensus.cc:1081] T d506bb801bf3499b819dc970723cb4b3 P 0ad4f079916a4c00b34941a83db33029 [term 1 LEADER]: Signalling peer 75d2b78409a34d28b24850b02567f9be to start an election
I20260630 12:22:07.764286 30005 tablet_service.cc:2044] Received Run Leader Election RPC: tablet_id: "d506bb801bf3499b819dc970723cb4b3"
dest_uuid: "75d2b78409a34d28b24850b02567f9be"
 from {username='slave'} at 127.0.0.1:34786
I20260630 12:22:07.764799 30005 raft_consensus.cc:493] T d506bb801bf3499b819dc970723cb4b3 P 75d2b78409a34d28b24850b02567f9be [term 1 FOLLOWER]: Starting forced leader election (received explicit request)
I20260630 12:22:07.765195 30005 raft_consensus.cc:3060] T d506bb801bf3499b819dc970723cb4b3 P 75d2b78409a34d28b24850b02567f9be [term 1 FOLLOWER]: Advancing to term 2
