I20260630 12:22:43.099081  1560 raft_consensus.cc:515] T 87b1b2d846a24458b932d7675a68fba6 P f9eb13b804fa43649d798e64c47027e5 [term 0 FOLLOWER]: Starting pre-election with config: opid_index: -1 OBSOLETE_local: false peers { permanent_uuid: "f9eb13b804fa43649d798e64c47027e5" member_type: VOTER last_known_addr { host: "127.28.177.193" port: 45235 } } peers { permanent_uuid: "c03bdadd9cb648579b3bccf9d9194a0e" member_type: VOTER last_known_addr { host: "127.28.177.194" port: 38589 } } peers { permanent_uuid: "139b7f849fca4f36abd9effaaa7fd082" member_type: VOTER last_known_addr { host: "127.28.177.195" port: 35671 } }
I20260630 12:22:43.100471  1553 tablet_bootstrap.cc:492] T 87b1b2d846a24458b932d7675a68fba6 P c03bdadd9cb648579b3bccf9d9194a0e: Bootstrap starting.
I20260630 12:22:43.101351  1580 raft_consensus.cc:2804] T 0109391ecf224fc8b6bf445be7f0686f P c03bdadd9cb648579b3bccf9d9194a0e [term 0 FOLLOWER]: Leader pre-election won for term 1
I20260630 12:22:43.101769  1580 raft_consensus.cc:493] T 0109391ecf224fc8b6bf445be7f0686f P c03bdadd9cb648579b3bccf9d9194a0e [term 0 FOLLOWER]: Starting leader election (no leader contacted us within the election timeout)
I20260630 12:22:43.102104  1580 raft_consensus.cc:3060] T 0109391ecf224fc8b6bf445be7f0686f P c03bdadd9cb648579b3bccf9d9194a0e [term 0 FOLLOWER]: Advancing to term 1
I20260630 12:22:43.106849  1433 raft_consensus.cc:2468] T a77b5b07870f4094a029564fbe09a62e P c03bdadd9cb648579b3bccf9d9194a0e [term 1 FOLLOWER]: Leader election vote request: Granting yes vote for candidate 139b7f849fca4f36abd9effaaa7fd082 in term 1.
I20260630 12:22:43.108206  1473 leader_election.cc:304] T a77b5b07870f4094a029564fbe09a62e P 139b7f849fca4f36abd9effaaa7fd082 [CANDIDATE]: Term 1 election: Election decided. Result: candidate won. Election summary: received 2 responses out of 3 voters: 2 yes votes; 0 no votes. yes voters: 139b7f849fca4f36abd9effaaa7fd082, c03bdadd9cb648579b3bccf9d9194a0e; no voters: 
I20260630 12:22:43.109068  1553 tablet_bootstrap.cc:654] T 87b1b2d846a24458b932d7675a68fba6 P c03bdadd9cb648579b3bccf9d9194a0e: Neither blocks nor log segments found. Creating new log.
I20260630 12:22:43.109159  1569 raft_consensus.cc:2804] T a77b5b07870f4094a029564fbe09a62e P 139b7f849fca4f36abd9effaaa7fd082 [term 1 FOLLOWER]: Leader election won for term 1
I20260630 12:22:43.109818  1569 raft_consensus.cc:697] T a77b5b07870f4094a029564fbe09a62e P 139b7f849fca4f36abd9effaaa7fd082 [term 1 LEADER]: Becoming Leader. State: Replica: 139b7f849fca4f36abd9effaaa7fd082, State: Running, Role: LEADER
I20260630 12:22:43.110683  1569 consensus_queue.cc:237] T a77b5b07870f4094a029564fbe09a62e P 139b7f849fca4f36abd9effaaa7fd082 [LEADER]: Queue going to LEADER mode. State: All replicated index: 0, Majority replicated index: 0, Committed index: 0, Last appended: 0.0, Last appended by leader: 0, Current term: 1, Majority size: 2, State: 0, Mode: LEADER, active raft config: opid_index: -1 OBSOLETE_local: false peers { permanent_uuid: "f9eb13b804fa43649d798e64c47027e5" member_type: VOTER last_known_addr { host: "127.28.177.193" port: 45235 } } peers { permanent_uuid: "c03bdadd9cb648579b3bccf9d9194a0e" member_type: VOTER last_known_addr { host: "127.28.177.194" port: 38589 } } peers { permanent_uuid: "139b7f849fca4f36abd9effaaa7fd082" member_type: VOTER last_known_addr { host: "127.28.177.195" port: 35671 } }
I20260630 12:22:43.112629  1560 leader_election.cc:290] T 87b1b2d846a24458b932d7675a68fba6 P f9eb13b804fa43649d798e64c47027e5 [CANDIDATE]: Term 1 pre-election: Requested pre-vote from peers c03bdadd9cb648579b3bccf9d9194a0e (127.28.177.194:38589), 139b7f849fca4f36abd9effaaa7fd082 (127.28.177.195:35671)
I20260630 12:22:43.114621  1357 tablet_service.cc:1917] Received RequestConsensusVote() RPC: tablet_id: "a77b5b07870f4094a029564fbe09a62e" candidate_uuid: "139b7f849fca4f36abd9effaaa7fd082" candidate_term: 1 candidate_status { last_received { term: 0 index: 0 } } ignore_live_leader: false dest_uuid: "f9eb13b804fa43649d798e64c47027e5"
W20260630 12:22:43.116470  1473 leader_election.cc:343] T a77b5b07870f4094a029564fbe09a62e P 139b7f849fca4f36abd9effaaa7fd082 [CANDIDATE]: Term 1 election: Tablet error from VoteRequest() call to peer f9eb13b804fa43649d798e64c47027e5 (127.28.177.193:45235): Illegal state: must be running to vote when last-logged opid is not known
I20260630 12:22:43.123657  1553 tablet_bootstrap.cc:492] T 87b1b2d846a24458b932d7675a68fba6 P c03bdadd9cb648579b3bccf9d9194a0e: No bootstrap required, opened a new log
I20260630 12:22:43.124437  1553 ts_tablet_manager.cc:1403] T 87b1b2d846a24458b932d7675a68fba6 P c03bdadd9cb648579b3bccf9d9194a0e: Time spent bootstrapping tablet: real 0.024s	user 0.016s	sys 0.006s
I20260630 12:22:43.127719  1553 raft_consensus.cc:359] T 87b1b2d846a24458b932d7675a68fba6 P c03bdadd9cb648579b3bccf9d9194a0e [term 0 FOLLOWER]: Replica starting. Triggering 0 pending ops. Active config: opid_index: -1 OBSOLETE_local: false peers { permanent_uuid: "f9eb13b804fa43649d798e64c47027e5" member_type: VOTER last_known_addr { host: "127.28.177.193" port: 45235 } } peers { permanent_uuid: "c03bdadd9cb648579b3bccf9d9194a0e" member_type: VOTER last_known_addr { host: "127.28.177.194" port: 38589 } } peers { permanent_uuid: "139b7f849fca4f36abd9effaaa7fd082" member_type: VOTER last_known_addr { host: "127.28.177.195" port: 35671 } }
I20260630 12:22:43.128626  1553 raft_consensus.cc:385] T 87b1b2d846a24458b932d7675a68fba6 P c03bdadd9cb648579b3bccf9d9194a0e [term 0 FOLLOWER]: Consensus starting up: Expiring failure detector timer to make a prompt election more likely
I20260630 12:22:43.129050  1553 raft_consensus.cc:740] T 87b1b2d846a24458b932d7675a68fba6 P c03bdadd9cb648579b3bccf9d9194a0e [term 0 FOLLOWER]: Becoming Follower/Learner. State: Replica: c03bdadd9cb648579b3bccf9d9194a0e, State: Initialized, Role: FOLLOWER
I20260630 12:22:43.130105  1553 consensus_queue.cc:260] T 87b1b2d846a24458b932d7675a68fba6 P c03bdadd9cb648579b3bccf9d9194a0e [NON_LEADER]: Queue going to NON_LEADER mode. State: All replicated index: 0, Majority replicated index: 0, Committed index: 0, Last appended: 0.0, Last appended by leader: 0, Current term: 0, Majority size: -1, State: 0, Mode: NON_LEADER, active raft config: opid_index: -1 OBSOLETE_local: false peers { permanent_uuid: "f9eb13b804fa43649d798e64c47027e5" member_type: VOTER last_known_addr { host: "127.28.177.193" port: 45235 } } peers { permanent_uuid: "c03bdadd9cb648579b3bccf9d9194a0e" member_type: VOTER last_known_addr { host: "127.28.177.194" port: 38589 } } peers { permanent_uuid: "139b7f849fca4f36abd9effaaa7fd082" member_type: VOTER last_known_addr { host: "127.28.177.195" port: 35671 } }
I20260630 12:22:43.131839  1580 raft_consensus.cc:515] T 0109391ecf224fc8b6bf445be7f0686f P c03bdadd9cb648579b3bccf9d9194a0e [term 1 FOLLOWER]: Starting leader election with config: opid_index: -1 OBSOLETE_local: false peers { permanent_uuid: "f9eb13b804fa43649d798e64c47027e5" member_type: VOTER last_known_addr { host: "127.28.177.193" port: 45235 } } peers { permanent_uuid: "c03bdadd9cb648579b3bccf9d9194a0e" member_type: VOTER last_known_addr { host: "127.28.177.194" port: 38589 } } peers { permanent_uuid: "139b7f849fca4f36abd9effaaa7fd082" member_type: VOTER last_known_addr { host: "127.28.177.195" port: 35671 } }
I20260630 12:22:43.138908  1593 raft_consensus.cc:493] T 3cd828148cd14e058d4b2e7f9a6f1857 P c03bdadd9cb648579b3bccf9d9194a0e [term 0 FOLLOWER]: Starting pre-election (no leader contacted us within the election timeout)
I20260630 12:22:43.096434  1561 leader_election.cc:290] T a77b5b07870f4094a029564fbe09a62e P 139b7f849fca4f36abd9effaaa7fd082 [CANDIDATE]: Term 1 election: Requested vote from peers f9eb13b804fa43649d798e64c47027e5 (127.28.177.193:45235), c03bdadd9cb648579b3bccf9d9194a0e (127.28.177.194:38589)
I20260630 12:22:43.142066  1552 ts_tablet_manager.cc:1434] T 87b1b2d846a24458b932d7675a68fba6 P f9eb13b804fa43649d798e64c47027e5: Time spent starting tablet: real 0.078s	user 0.006s	sys 0.001s
I20260630 12:22:43.147133  1553 ts_tablet_manager.cc:1434] T 87b1b2d846a24458b932d7675a68fba6 P c03bdadd9cb648579b3bccf9d9194a0e: Time spent starting tablet: real 0.022s	user 0.010s	sys 0.004s
I20260630 12:22:43.147219  1558 raft_consensus.cc:493] T 28f7cd64be6244528e1511e10909d04a P c03bdadd9cb648579b3bccf9d9194a0e [term 0 FOLLOWER]: Starting pre-election (no leader contacted us within the election timeout)
I20260630 12:22:43.150043  1558 raft_consensus.cc:515] T 28f7cd64be6244528e1511e10909d04a P c03bdadd9cb648579b3bccf9d9194a0e [term 0 FOLLOWER]: Starting pre-election with config: opid_index: -1 OBSOLETE_local: false peers { permanent_uuid: "f9eb13b804fa43649d798e64c47027e5" member_type: VOTER last_known_addr { host: "127.28.177.193" port: 45235 } } peers { permanent_uuid: "c03bdadd9cb648579b3bccf9d9194a0e" member_type: VOTER last_known_addr { host: "127.28.177.194" port: 38589 } } peers { permanent_uuid: "139b7f849fca4f36abd9effaaa7fd082" member_type: VOTER last_known_addr { host: "127.28.177.195" port: 35671 } }
I20260630 12:22:43.147919  1593 raft_consensus.cc:515] T 3cd828148cd14e058d4b2e7f9a6f1857 P c03bdadd9cb648579b3bccf9d9194a0e [term 0 FOLLOWER]: Starting pre-election with config: opid_index: -1 OBSOLETE_local: false peers { permanent_uuid: "f9eb13b804fa43649d798e64c47027e5" member_type: VOTER last_known_addr { host: "127.28.177.193" port: 45235 } } peers { permanent_uuid: "c03bdadd9cb648579b3bccf9d9194a0e" member_type: VOTER last_known_addr { host: "127.28.177.194" port: 38589 } } peers { permanent_uuid: "139b7f849fca4f36abd9effaaa7fd082" member_type: VOTER last_known_addr { host: "127.28.177.195" port: 35671 } }
I20260630 12:22:43.150044  1553 tablet_bootstrap.cc:492] T d24c06a8bd4a4c2bb5f3cb9e8448e293 P c03bdadd9cb648579b3bccf9d9194a0e: Bootstrap starting.
I20260630 12:22:43.153491  1552 tablet_bootstrap.cc:492] T a526b0de34664569ae43aa58c60da355 P f9eb13b804fa43649d798e64c47027e5: Bootstrap starting.
I20260630 12:22:43.155194  1507 tablet_service.cc:1917] Received RequestConsensusVote() RPC: tablet_id: "3cd828148cd14e058d4b2e7f9a6f1857" candidate_uuid: "c03bdadd9cb648579b3bccf9d9194a0e" candidate_term: 1 candidate_status { last_received { term: 0 index: 0 } } ignore_live_leader: false dest_uuid: "139b7f849fca4f36abd9effaaa7fd082" is_pre_election: true
I20260630 12:22:43.155958  1507 raft_consensus.cc:2468] T 3cd828148cd14e058d4b2e7f9a6f1857 P 139b7f849fca4f36abd9effaaa7fd082 [term 0 FOLLOWER]: Leader pre-election vote request: Granting yes vote for candidate c03bdadd9cb648579b3bccf9d9194a0e in term 0.
I20260630 12:22:43.161132  1396 leader_election.cc:304] T 3cd828148cd14e058d4b2e7f9a6f1857 P c03bdadd9cb648579b3bccf9d9194a0e [CANDIDATE]: Term 1 pre-election: Election decided. Result: candidate won. Election summary: received 2 responses out of 3 voters: 2 yes votes; 0 no votes. yes voters: 139b7f849fca4f36abd9effaaa7fd082, c03bdadd9cb648579b3bccf9d9194a0e; no voters: 
I20260630 12:22:43.162766  1594 raft_consensus.cc:2804] T 3cd828148cd14e058d4b2e7f9a6f1857 P c03bdadd9cb648579b3bccf9d9194a0e [term 0 FOLLOWER]: Leader pre-election won for term 1
I20260630 12:22:43.163157  1594 raft_consensus.cc:493] T 3cd828148cd14e058d4b2e7f9a6f1857 P c03bdadd9cb648579b3bccf9d9194a0e [term 0 FOLLOWER]: Starting leader election (no leader contacted us within the election timeout)
I20260630 12:22:43.163535  1552 tablet_bootstrap.cc:654] T a526b0de34664569ae43aa58c60da355 P f9eb13b804fa43649d798e64c47027e5: Neither blocks nor log segments found. Creating new log.
I20260630 12:22:43.153043  1593 leader_election.cc:290] T 3cd828148cd14e058d4b2e7f9a6f1857 P c03bdadd9cb648579b3bccf9d9194a0e [CANDIDATE]: Term 1 pre-election: Requested pre-vote from peers f9eb13b804fa43649d798e64c47027e5 (127.28.177.193:45235), 139b7f849fca4f36abd9effaaa7fd082 (127.28.177.195:35671)
I20260630 12:22:43.163486  1594 raft_consensus.cc:3060] T 3cd828148cd14e058d4b2e7f9a6f1857 P c03bdadd9cb648579b3bccf9d9194a0e [term 0 FOLLOWER]: Advancing to term 1
I20260630 12:22:43.169085  1357 tablet_service.cc:1917] Received RequestConsensusVote() RPC: tablet_id: "0109391ecf224fc8b6bf445be7f0686f" candidate_uuid: "c03bdadd9cb648579b3bccf9d9194a0e" candidate_term: 1 candidate_status { last_received { term: 0 index: 0 } } ignore_live_leader: false dest_uuid: "f9eb13b804fa43649d798e64c47027e5"
I20260630 12:22:43.169382  1358 tablet_service.cc:1917] Received RequestConsensusVote() RPC: tablet_id: "28f7cd64be6244528e1511e10909d04a" candidate_uuid: "c03bdadd9cb648579b3bccf9d9194a0e" candidate_term: 1 candidate_status { last_received { term: 0 index: 0 } } ignore_live_leader: false dest_uuid: "f9eb13b804fa43649d798e64c47027e5" is_pre_election: true
I20260630 12:22:43.169781  1357 raft_consensus.cc:3060] T 0109391ecf224fc8b6bf445be7f0686f P f9eb13b804fa43649d798e64c47027e5 [term 0 FOLLOWER]: Advancing to term 1
I20260630 12:22:43.169981  1358 raft_consensus.cc:2468] T 28f7cd64be6244528e1511e10909d04a P f9eb13b804fa43649d798e64c47027e5 [term 0 FOLLOWER]: Leader pre-election vote request: Granting yes vote for candidate c03bdadd9cb648579b3bccf9d9194a0e in term 0.
I20260630 12:22:43.171687  1358 tablet_service.cc:1917] Received RequestConsensusVote() RPC: tablet_id: "3cd828148cd14e058d4b2e7f9a6f1857" candidate_uuid: "c03bdadd9cb648579b3bccf9d9194a0e" candidate_term: 1 candidate_status { last_received { term: 0 index: 0 } } ignore_live_leader: false dest_uuid: "f9eb13b804fa43649d798e64c47027e5" is_pre_election: true
I20260630 12:22:43.173012  1399 leader_election.cc:304] T 28f7cd64be6244528e1511e10909d04a P c03bdadd9cb648579b3bccf9d9194a0e [CANDIDATE]: Term 1 pre-election: Election decided. Result: candidate won. Election summary: received 2 responses out of 3 voters: 2 yes votes; 0 no votes. yes voters: c03bdadd9cb648579b3bccf9d9194a0e, f9eb13b804fa43649d798e64c47027e5; no voters: 
I20260630 12:22:43.173918  1593 raft_consensus.cc:2804] T 28f7cd64be6244528e1511e10909d04a P c03bdadd9cb648579b3bccf9d9194a0e [term 0 FOLLOWER]: Leader pre-election won for term 1
I20260630 12:22:43.174316  1593 raft_consensus.cc:493] T 28f7cd64be6244528e1511e10909d04a P c03bdadd9cb648579b3bccf9d9194a0e [term 0 FOLLOWER]: Starting leader election (no leader contacted us within the election timeout)
W20260630 12:22:43.174383  1399 leader_election.cc:343] T 3cd828148cd14e058d4b2e7f9a6f1857 P c03bdadd9cb648579b3bccf9d9194a0e [CANDIDATE]: Term 1 pre-election: Tablet error from VoteRequest() call to peer f9eb13b804fa43649d798e64c47027e5 (127.28.177.193:45235): Illegal state: must be running to vote when last-logged opid is not known
I20260630 12:22:43.175379  1593 raft_consensus.cc:3060] T 28f7cd64be6244528e1511e10909d04a P c03bdadd9cb648579b3bccf9d9194a0e [term 0 FOLLOWER]: Advancing to term 1
I20260630 12:22:43.177424  1357 raft_consensus.cc:2468] T 0109391ecf224fc8b6bf445be7f0686f P f9eb13b804fa43649d798e64c47027e5 [term 1 FOLLOWER]: Leader election vote request: Granting yes vote for candidate c03bdadd9cb648579b3bccf9d9194a0e in term 1.
I20260630 12:22:43.178120  1552 tablet_bootstrap.cc:492] T a526b0de34664569ae43aa58c60da355 P f9eb13b804fa43649d798e64c47027e5: No bootstrap required, opened a new log
I20260630 12:22:43.178858  1580 leader_election.cc:290] T 0109391ecf224fc8b6bf445be7f0686f P c03bdadd9cb648579b3bccf9d9194a0e [CANDIDATE]: Term 1 election: Requested vote from peers f9eb13b804fa43649d798e64c47027e5 (127.28.177.193:45235), 139b7f849fca4f36abd9effaaa7fd082 (127.28.177.195:35671)
I20260630 12:22:43.179682  1552 ts_tablet_manager.cc:1403] T a526b0de34664569ae43aa58c60da355 P f9eb13b804fa43649d798e64c47027e5: Time spent bootstrapping tablet: real 0.027s	user 0.017s	sys 0.004s
I20260630 12:22:43.179756  1399 leader_election.cc:304] T 0109391ecf224fc8b6bf445be7f0686f P c03bdadd9cb648579b3bccf9d9194a0e [CANDIDATE]: Term 1 election: Election decided. Result: candidate won. Election summary: received 2 responses out of 3 voters: 2 yes votes; 0 no votes. yes voters: c03bdadd9cb648579b3bccf9d9194a0e, f9eb13b804fa43649d798e64c47027e5; no voters: 
I20260630 12:22:43.180472  1507 tablet_service.cc:1917] Received RequestConsensusVote() RPC: tablet_id: "0109391ecf224fc8b6bf445be7f0686f" candidate_uuid: "c03bdadd9cb648579b3bccf9d9194a0e" candidate_term: 1 candidate_status { last_received { term: 0 index: 0 } } ignore_live_leader: false dest_uuid: "139b7f849fca4f36abd9effaaa7fd082"
W20260630 12:22:43.182153  1396 leader_election.cc:343] T 0109391ecf224fc8b6bf445be7f0686f P c03bdadd9cb648579b3bccf9d9194a0e [CANDIDATE]: Term 1 election: Tablet error from VoteRequest() call to peer 139b7f849fca4f36abd9effaaa7fd082 (127.28.177.195:35671): Illegal state: must be running to vote when last-logged opid is not known
I20260630 12:22:43.184427  1552 raft_consensus.cc:359] T a526b0de34664569ae43aa58c60da355 P f9eb13b804fa43649d798e64c47027e5 [term 0 FOLLOWER]: Replica starting. Triggering 0 pending ops. Active config: opid_index: -1 OBSOLETE_local: false peers { permanent_uuid: "f9eb13b804fa43649d798e64c47027e5" member_type: VOTER last_known_addr { host: "127.28.177.193" port: 45235 } } peers { permanent_uuid: "c03bdadd9cb648579b3bccf9d9194a0e" member_type: VOTER last_known_addr { host: "127.28.177.194" port: 38589 } } peers { permanent_uuid: "139b7f849fca4f36abd9effaaa7fd082" member_type: VOTER last_known_addr { host: "127.28.177.195" port: 35671 } }
I20260630 12:22:43.185883  1552 raft_consensus.cc:385] T a526b0de34664569ae43aa58c60da355 P f9eb13b804fa43649d798e64c47027e5 [term 0 FOLLOWER]: Consensus starting up: Expiring failure detector timer to make a prompt election more likely
I20260630 12:22:43.186331  1552 raft_consensus.cc:740] T a526b0de34664569ae43aa58c60da355 P f9eb13b804fa43649d798e64c47027e5 [term 0 FOLLOWER]: Becoming Follower/Learner. State: Replica: f9eb13b804fa43649d798e64c47027e5, State: Initialized, Role: FOLLOWER
I20260630 12:22:43.187239  1552 consensus_queue.cc:260] T a526b0de34664569ae43aa58c60da355 P f9eb13b804fa43649d798e64c47027e5 [NON_LEADER]: Queue going to NON_LEADER mode. State: All replicated index: 0, Majority replicated index: 0, Committed index: 0, Last appended: 0.0, Last appended by leader: 0, Current term: 0, Majority size: -1, State: 0, Mode: NON_LEADER, active raft config: opid_index: -1 OBSOLETE_local: false peers { permanent_uuid: "f9eb13b804fa43649d798e64c47027e5" member_type: VOTER last_known_addr { host: "127.28.177.193" port: 45235 } } peers { permanent_uuid: "c03bdadd9cb648579b3bccf9d9194a0e" member_type: VOTER last_known_addr { host: "127.28.177.194" port: 38589 } } peers { permanent_uuid: "139b7f849fca4f36abd9effaaa7fd082" member_type: VOTER last_known_addr { host: "127.28.177.195" port: 35671 } }
I20260630 12:22:43.185446  1580 raft_consensus.cc:2804] T 0109391ecf224fc8b6bf445be7f0686f P c03bdadd9cb648579b3bccf9d9194a0e [term 1 FOLLOWER]: Leader election won for term 1
I20260630 12:22:43.191098  1580 raft_consensus.cc:697] T 0109391ecf224fc8b6bf445be7f0686f P c03bdadd9cb648579b3bccf9d9194a0e [term 1 LEADER]: Becoming Leader. State: Replica: c03bdadd9cb648579b3bccf9d9194a0e, State: Running, Role: LEADER
I20260630 12:22:43.191644  1558 leader_election.cc:290] T 28f7cd64be6244528e1511e10909d04a P c03bdadd9cb648579b3bccf9d9194a0e [CANDIDATE]: Term 1 pre-election: Requested pre-vote from peers f9eb13b804fa43649d798e64c47027e5 (127.28.177.193:45235), 139b7f849fca4f36abd9effaaa7fd082 (127.28.177.195:35671)
I20260630 12:22:43.192135  1580 consensus_queue.cc:237] T 0109391ecf224fc8b6bf445be7f0686f P c03bdadd9cb648579b3bccf9d9194a0e [LEADER]: Queue going to LEADER mode. State: All replicated index: 0, Majority replicated index: 0, Committed index: 0, Last appended: 0.0, Last appended by leader: 0, Current term: 1, Majority size: 2, State: 0, Mode: LEADER, active raft config: opid_index: -1 OBSOLETE_local: false peers { permanent_uuid: "f9eb13b804fa43649d798e64c47027e5" member_type: VOTER last_known_addr { host: "127.28.177.193" port: 45235 } } peers { permanent_uuid: "c03bdadd9cb648579b3bccf9d9194a0e" member_type: VOTER last_known_addr { host: "127.28.177.194" port: 38589 } } peers { permanent_uuid: "139b7f849fca4f36abd9effaaa7fd082" member_type: VOTER last_known_addr { host: "127.28.177.195" port: 35671 } }
I20260630 12:22:43.194054  1553 tablet_bootstrap.cc:654] T d24c06a8bd4a4c2bb5f3cb9e8448e293 P c03bdadd9cb648579b3bccf9d9194a0e: Neither blocks nor log segments found. Creating new log.
I20260630 12:22:43.195796  1507 tablet_service.cc:1917] Received RequestConsensusVote() RPC: tablet_id: "28f7cd64be6244528e1511e10909d04a" candidate_uuid: "c03bdadd9cb648579b3bccf9d9194a0e" candidate_term: 1 candidate_status { last_received { term: 0 index: 0 } } ignore_live_leader: false dest_uuid: "139b7f849fca4f36abd9effaaa7fd082" is_pre_election: true
W20260630 12:22:43.199291  1396 leader_election.cc:343] T 28f7cd64be6244528e1511e10909d04a P c03bdadd9cb648579b3bccf9d9194a0e [CANDIDATE]: Term 1 pre-election: Tablet error from VoteRequest() call to peer 139b7f849fca4f36abd9effaaa7fd082 (127.28.177.195:35671): Illegal state: must be running to vote when last-logged opid is not known
I20260630 12:22:43.199514  1552 ts_tablet_manager.cc:1434] T a526b0de34664569ae43aa58c60da355 P f9eb13b804fa43649d798e64c47027e5: Time spent starting tablet: real 0.019s	user 0.007s	sys 0.000s
I20260630 12:22:43.201113  1552 tablet_bootstrap.cc:492] T a77b5b07870f4094a029564fbe09a62e P f9eb13b804fa43649d798e64c47027e5: Bootstrap starting.
I20260630 12:22:43.207875  1552 tablet_bootstrap.cc:654] T a77b5b07870f4094a029564fbe09a62e P f9eb13b804fa43649d798e64c47027e5: Neither blocks nor log segments found. Creating new log.
I20260630 12:22:43.201522  1256 catalog_manager.cc:5697] T 52aecf06a7764038aa58207c8e82f751 P c03bdadd9cb648579b3bccf9d9194a0e reported cstate change: term changed from 0 to 1, leader changed from <none> to c03bdadd9cb648579b3bccf9d9194a0e (127.28.177.194). New cstate: current_term: 1 leader_uuid: "c03bdadd9cb648579b3bccf9d9194a0e" committed_config { opid_index: -1 OBSOLETE_local: false peers { permanent_uuid: "f9eb13b804fa43649d798e64c47027e5" member_type: VOTER last_known_addr { host: "127.28.177.193" port: 45235 } health_report { overall_health: UNKNOWN } } peers { permanent_uuid: "c03bdadd9cb648579b3bccf9d9194a0e" member_type: VOTER last_known_addr { host: "127.28.177.194" port: 38589 } health_report { overall_health: HEALTHY } } peers { permanent_uuid: "139b7f849fca4f36abd9effaaa7fd082" member_type: VOTER last_known_addr { host: "127.28.177.195" port: 35671 } health_report { overall_health: UNKNOWN } } }
I20260630 12:22:43.218027  1507 tablet_service.cc:1917] Received RequestConsensusVote() RPC: tablet_id: "87b1b2d846a24458b932d7675a68fba6" candidate_uuid: "f9eb13b804fa43649d798e64c47027e5" candidate_term: 1 candidate_status { last_received { term: 0 index: 0 } } ignore_live_leader: false dest_uuid: "139b7f849fca4f36abd9effaaa7fd082" is_pre_election: true
W20260630 12:22:43.220212  1321 leader_election.cc:343] T 87b1b2d846a24458b932d7675a68fba6 P f9eb13b804fa43649d798e64c47027e5 [CANDIDATE]: Term 1 pre-election: Tablet error from VoteRequest() call to peer 139b7f849fca4f36abd9effaaa7fd082 (127.28.177.195:35671): Illegal state: must be running to vote when last-logged opid is not known
I20260630 12:22:43.222710  1433 tablet_service.cc:1917] Received RequestConsensusVote() RPC: tablet_id: "87b1b2d846a24458b932d7675a68fba6" candidate_uuid: "f9eb13b804fa43649d798e64c47027e5" candidate_term: 1 candidate_status { last_received { term: 0 index: 0 } } ignore_live_leader: false dest_uuid: "c03bdadd9cb648579b3bccf9d9194a0e" is_pre_election: true
I20260630 12:22:43.223444  1433 raft_consensus.cc:2468] T 87b1b2d846a24458b932d7675a68fba6 P c03bdadd9cb648579b3bccf9d9194a0e [term 0 FOLLOWER]: Leader pre-election vote request: Granting yes vote for candidate f9eb13b804fa43649d798e64c47027e5 in term 0.
I20260630 12:22:43.225003  1324 leader_election.cc:304] T 87b1b2d846a24458b932d7675a68fba6 P f9eb13b804fa43649d798e64c47027e5 [CANDIDATE]: Term 1 pre-election: Election decided. Result: candidate won. Election summary: received 3 responses out of 3 voters: 2 yes votes; 1 no votes. yes voters: c03bdadd9cb648579b3bccf9d9194a0e, f9eb13b804fa43649d798e64c47027e5; no voters: 139b7f849fca4f36abd9effaaa7fd082
I20260630 12:22:43.228257  1560 raft_consensus.cc:2804] T 87b1b2d846a24458b932d7675a68fba6 P f9eb13b804fa43649d798e64c47027e5 [term 0 FOLLOWER]: Leader pre-election won for term 1
I20260630 12:22:43.229559  1560 raft_consensus.cc:493] T 87b1b2d846a24458b932d7675a68fba6 P f9eb13b804fa43649d798e64c47027e5 [term 0 FOLLOWER]: Starting leader election (no leader contacted us within the election timeout)
I20260630 12:22:43.229943  1560 raft_consensus.cc:3060] T 87b1b2d846a24458b932d7675a68fba6 P f9eb13b804fa43649d798e64c47027e5 [term 0 FOLLOWER]: Advancing to term 1
I20260630 12:22:43.230965  1554 tablet_bootstrap.cc:492] T 28f7cd64be6244528e1511e10909d04a P 139b7f849fca4f36abd9effaaa7fd082: No bootstrap required, opened a new log
I20260630 12:22:43.231505  1554 ts_tablet_manager.cc:1403] T 28f7cd64be6244528e1511e10909d04a P 139b7f849fca4f36abd9effaaa7fd082: Time spent bootstrapping tablet: real 0.172s	user 0.036s	sys 0.058s
I20260630 12:22:43.230720  1254 catalog_manager.cc:5697] T a77b5b07870f4094a029564fbe09a62e P 139b7f849fca4f36abd9effaaa7fd082 reported cstate change: term changed from 0 to 1, leader changed from <none> to 139b7f849fca4f36abd9effaaa7fd082 (127.28.177.195). New cstate: current_term: 1 leader_uuid: "139b7f849fca4f36abd9effaaa7fd082" committed_config { opid_index: -1 OBSOLETE_local: false peers { permanent_uuid: "f9eb13b804fa43649d798e64c47027e5" member_type: VOTER last_known_addr { host: "127.28.177.193" port: 45235 } health_report { overall_health: UNKNOWN } } peers { permanent_uuid: "c03bdadd9cb648579b3bccf9d9194a0e" member_type: VOTER last_known_addr { host: "127.28.177.194" port: 38589 } health_report { overall_health: UNKNOWN } } peers { permanent_uuid: "139b7f849fca4f36abd9effaaa7fd082" member_type: VOTER last_known_addr { host: "127.28.177.195" port: 35671 } health_report { overall_health: HEALTHY } } }
I20260630 12:22:43.228011  1594 raft_consensus.cc:515] T 3cd828148cd14e058d4b2e7f9a6f1857 P c03bdadd9cb648579b3bccf9d9194a0e [term 1 FOLLOWER]: Starting leader election with config: opid_index: -1 OBSOLETE_local: false peers { permanent_uuid: "f9eb13b804fa43649d798e64c47027e5" member_type: VOTER last_known_addr { host: "127.28.177.193" port: 45235 } } peers { permanent_uuid: "c03bdadd9cb648579b3bccf9d9194a0e" member_type: VOTER last_known_addr { host: "127.28.177.194" port: 38589 } } peers { permanent_uuid: "139b7f849fca4f36abd9effaaa7fd082" member_type: VOTER last_known_addr { host: "127.28.177.195" port: 35671 } }
I20260630 12:22:43.234637  1554 raft_consensus.cc:359] T 28f7cd64be6244528e1511e10909d04a P 139b7f849fca4f36abd9effaaa7fd082 [term 0 FOLLOWER]: Replica starting. Triggering 0 pending ops. Active config: opid_index: -1 OBSOLETE_local: false peers { permanent_uuid: "f9eb13b804fa43649d798e64c47027e5" member_type: VOTER last_known_addr { host: "127.28.177.193" port: 45235 } } peers { permanent_uuid: "c03bdadd9cb648579b3bccf9d9194a0e" member_type: VOTER last_known_addr { host: "127.28.177.194" port: 38589 } } peers { permanent_uuid: "139b7f849fca4f36abd9effaaa7fd082" member_type: VOTER last_known_addr { host: "127.28.177.195" port: 35671 } }
I20260630 12:22:43.235024  1357 tablet_service.cc:1917] Received RequestConsensusVote() RPC: tablet_id: "3cd828148cd14e058d4b2e7f9a6f1857" candidate_uuid: "c03bdadd9cb648579b3bccf9d9194a0e" candidate_term: 1 candidate_status { last_received { term: 0 index: 0 } } ignore_live_leader: false dest_uuid: "f9eb13b804fa43649d798e64c47027e5"
I20260630 12:22:43.235432  1554 raft_consensus.cc:385] T 28f7cd64be6244528e1511e10909d04a P 139b7f849fca4f36abd9effaaa7fd082 [term 0 FOLLOWER]: Consensus starting up: Expiring failure detector timer to make a prompt election more likely
I20260630 12:22:43.235737  1554 raft_consensus.cc:740] T 28f7cd64be6244528e1511e10909d04a P 139b7f849fca4f36abd9effaaa7fd082 [term 0 FOLLOWER]: Becoming Follower/Learner. State: Replica: 139b7f849fca4f36abd9effaaa7fd082, State: Initialized, Role: FOLLOWER
W20260630 12:22:43.236583  1399 leader_election.cc:343] T 3cd828148cd14e058d4b2e7f9a6f1857 P c03bdadd9cb648579b3bccf9d9194a0e [CANDIDATE]: Term 1 election: Tablet error from VoteRequest() call to peer f9eb13b804fa43649d798e64c47027e5 (127.28.177.193:45235): Illegal state: must be running to vote when last-logged opid is not known
I20260630 12:22:43.236485  1554 consensus_queue.cc:260] T 28f7cd64be6244528e1511e10909d04a P 139b7f849fca4f36abd9effaaa7fd082 [NON_LEADER]: Queue going to NON_LEADER mode. State: All replicated index: 0, Majority replicated index: 0, Committed index: 0, Last appended: 0.0, Last appended by leader: 0, Current term: 0, Majority size: -1, State: 0, Mode: NON_LEADER, active raft config: opid_index: -1 OBSOLETE_local: false peers { permanent_uuid: "f9eb13b804fa43649d798e64c47027e5" member_type: VOTER last_known_addr { host: "127.28.177.193" port: 45235 } } peers { permanent_uuid: "c03bdadd9cb648579b3bccf9d9194a0e" member_type: VOTER last_known_addr { host: "127.28.177.194" port: 38589 } } peers { permanent_uuid: "139b7f849fca4f36abd9effaaa7fd082" member_type: VOTER last_known_addr { host: "127.28.177.195" port: 35671 } }
I20260630 12:22:43.238777  1554 ts_tablet_manager.cc:1434] T 28f7cd64be6244528e1511e10909d04a P 139b7f849fca4f36abd9effaaa7fd082: Time spent starting tablet: real 0.007s	user 0.006s	sys 0.002s
I20260630 12:22:43.239862  1554 tablet_bootstrap.cc:492] T 0109391ecf224fc8b6bf445be7f0686f P 139b7f849fca4f36abd9effaaa7fd082: Bootstrap starting.
I20260630 12:22:43.239918  1507 tablet_service.cc:1917] Received RequestConsensusVote() RPC: tablet_id: "3cd828148cd14e058d4b2e7f9a6f1857" candidate_uuid: "c03bdadd9cb648579b3bccf9d9194a0e" candidate_term: 1 candidate_status { last_received { term: 0 index: 0 } } ignore_live_leader: false dest_uuid: "139b7f849fca4f36abd9effaaa7fd082"
I20260630 12:22:43.240566  1507 raft_consensus.cc:3060] T 3cd828148cd14e058d4b2e7f9a6f1857 P 139b7f849fca4f36abd9effaaa7fd082 [term 0 FOLLOWER]: Advancing to term 1
I20260630 12:22:43.243103  1560 raft_consensus.cc:515] T 87b1b2d846a24458b932d7675a68fba6 P f9eb13b804fa43649d798e64c47027e5 [term 1 FOLLOWER]: Starting leader election with config: opid_index: -1 OBSOLETE_local: false peers { permanent_uuid: "f9eb13b804fa43649d798e64c47027e5" member_type: VOTER last_known_addr { host: "127.28.177.193" port: 45235 } } peers { permanent_uuid: "c03bdadd9cb648579b3bccf9d9194a0e" member_type: VOTER last_known_addr { host: "127.28.177.194" port: 38589 } } peers { permanent_uuid: "139b7f849fca4f36abd9effaaa7fd082" member_type: VOTER last_known_addr { host: "127.28.177.195" port: 35671 } }
I20260630 12:22:43.246321  1433 tablet_service.cc:1917] Received RequestConsensusVote() RPC: tablet_id: "87b1b2d846a24458b932d7675a68fba6" candidate_uuid: "f9eb13b804fa43649d798e64c47027e5" candidate_term: 1 candidate_status { last_received { term: 0 index: 0 } } ignore_live_leader: false dest_uuid: "c03bdadd9cb648579b3bccf9d9194a0e"
I20260630 12:22:43.246855  1554 tablet_bootstrap.cc:654] T 0109391ecf224fc8b6bf445be7f0686f P 139b7f849fca4f36abd9effaaa7fd082: Neither blocks nor log segments found. Creating new log.
I20260630 12:22:43.246970  1433 raft_consensus.cc:3060] T 87b1b2d846a24458b932d7675a68fba6 P c03bdadd9cb648579b3bccf9d9194a0e [term 0 FOLLOWER]: Advancing to term 1
I20260630 12:22:43.252132  1594 leader_election.cc:290] T 3cd828148cd14e058d4b2e7f9a6f1857 P c03bdadd9cb648579b3bccf9d9194a0e [CANDIDATE]: Term 1 election: Requested vote from peers f9eb13b804fa43649d798e64c47027e5 (127.28.177.193:45235), 139b7f849fca4f36abd9effaaa7fd082 (127.28.177.195:35671)
I20260630 12:22:43.254163  1507 raft_consensus.cc:2468] T 3cd828148cd14e058d4b2e7f9a6f1857 P 139b7f849fca4f36abd9effaaa7fd082 [term 1 FOLLOWER]: Leader election vote request: Granting yes vote for candidate c03bdadd9cb648579b3bccf9d9194a0e in term 1.
I20260630 12:22:43.255163  1433 raft_consensus.cc:2468] T 87b1b2d846a24458b932d7675a68fba6 P c03bdadd9cb648579b3bccf9d9194a0e [term 1 FOLLOWER]: Leader election vote request: Granting yes vote for candidate f9eb13b804fa43649d798e64c47027e5 in term 1.
I20260630 12:22:43.255702  1396 leader_election.cc:304] T 3cd828148cd14e058d4b2e7f9a6f1857 P c03bdadd9cb648579b3bccf9d9194a0e [CANDIDATE]: Term 1 election: Election decided. Result: candidate won. Election summary: received 3 responses out of 3 voters: 2 yes votes; 1 no votes. yes voters: 139b7f849fca4f36abd9effaaa7fd082, c03bdadd9cb648579b3bccf9d9194a0e; no voters: f9eb13b804fa43649d798e64c47027e5
I20260630 12:22:43.256582  1324 leader_election.cc:304] T 87b1b2d846a24458b932d7675a68fba6 P f9eb13b804fa43649d798e64c47027e5 [CANDIDATE]: Term 1 election: Election decided. Result: candidate won. Election summary: received 2 responses out of 3 voters: 2 yes votes; 0 no votes. yes voters: c03bdadd9cb648579b3bccf9d9194a0e, f9eb13b804fa43649d798e64c47027e5; no voters: 
I20260630 12:22:43.231281  1593 raft_consensus.cc:515] T 28f7cd64be6244528e1511e10909d04a P c03bdadd9cb648579b3bccf9d9194a0e [term 1 FOLLOWER]: Starting leader election with config: opid_index: -1 OBSOLETE_local: false peers { permanent_uuid: "f9eb13b804fa43649d798e64c47027e5" member_type: VOTER last_known_addr { host: "127.28.177.193" port: 45235 } } peers { permanent_uuid: "c03bdadd9cb648579b3bccf9d9194a0e" member_type: VOTER last_known_addr { host: "127.28.177.194" port: 38589 } } peers { permanent_uuid: "139b7f849fca4f36abd9effaaa7fd082" member_type: VOTER last_known_addr { host: "127.28.177.195" port: 35671 } }
I20260630 12:22:43.260207  1357 tablet_service.cc:1917] Received RequestConsensusVote() RPC: tablet_id: "28f7cd64be6244528e1511e10909d04a" candidate_uuid: "c03bdadd9cb648579b3bccf9d9194a0e" candidate_term: 1 candidate_status { last_received { term: 0 index: 0 } } ignore_live_leader: false dest_uuid: "f9eb13b804fa43649d798e64c47027e5"
I20260630 12:22:43.260501  1506 tablet_service.cc:1917] Received RequestConsensusVote() RPC: tablet_id: "28f7cd64be6244528e1511e10909d04a" candidate_uuid: "c03bdadd9cb648579b3bccf9d9194a0e" candidate_term: 1 candidate_status { last_received { term: 0 index: 0 } } ignore_live_leader: false dest_uuid: "139b7f849fca4f36abd9effaaa7fd082"
I20260630 12:22:43.261049  1357 raft_consensus.cc:3060] T 28f7cd64be6244528e1511e10909d04a P f9eb13b804fa43649d798e64c47027e5 [term 0 FOLLOWER]: Advancing to term 1
I20260630 12:22:43.261216  1506 raft_consensus.cc:3060] T 28f7cd64be6244528e1511e10909d04a P 139b7f849fca4f36abd9effaaa7fd082 [term 0 FOLLOWER]: Advancing to term 1
I20260630 12:22:43.270202  1506 raft_consensus.cc:2468] T 28f7cd64be6244528e1511e10909d04a P 139b7f849fca4f36abd9effaaa7fd082 [term 1 FOLLOWER]: Leader election vote request: Granting yes vote for candidate c03bdadd9cb648579b3bccf9d9194a0e in term 1.
I20260630 12:22:43.271018  1594 raft_consensus.cc:2804] T 3cd828148cd14e058d4b2e7f9a6f1857 P c03bdadd9cb648579b3bccf9d9194a0e [term 1 FOLLOWER]: Leader election won for term 1
I20260630 12:22:43.272020  1594 raft_consensus.cc:697] T 3cd828148cd14e058d4b2e7f9a6f1857 P c03bdadd9cb648579b3bccf9d9194a0e [term 1 LEADER]: Becoming Leader. State: Replica: c03bdadd9cb648579b3bccf9d9194a0e, State: Running, Role: LEADER
I20260630 12:22:43.272979  1594 consensus_queue.cc:237] T 3cd828148cd14e058d4b2e7f9a6f1857 P c03bdadd9cb648579b3bccf9d9194a0e [LEADER]: Queue going to LEADER mode. State: All replicated index: 0, Majority replicated index: 0, Committed index: 0, Last appended: 0.0, Last appended by leader: 0, Current term: 1, Majority size: 2, State: 0, Mode: LEADER, active raft config: opid_index: -1 OBSOLETE_local: false peers { permanent_uuid: "f9eb13b804fa43649d798e64c47027e5" member_type: VOTER last_known_addr { host: "127.28.177.193" port: 45235 } } peers { permanent_uuid: "c03bdadd9cb648579b3bccf9d9194a0e" member_type: VOTER last_known_addr { host: "127.28.177.194" port: 38589 } } peers { permanent_uuid: "139b7f849fca4f36abd9effaaa7fd082" member_type: VOTER last_known_addr { host: "127.28.177.195" port: 35671 } }
I20260630 12:22:43.274803  1553 tablet_bootstrap.cc:492] T d24c06a8bd4a4c2bb5f3cb9e8448e293 P c03bdadd9cb648579b3bccf9d9194a0e: No bootstrap required, opened a new log
I20260630 12:22:43.275454  1553 ts_tablet_manager.cc:1403] T d24c06a8bd4a4c2bb5f3cb9e8448e293 P c03bdadd9cb648579b3bccf9d9194a0e: Time spent bootstrapping tablet: real 0.126s	user 0.011s	sys 0.004s
I20260630 12:22:43.276829  1593 leader_election.cc:290] T 28f7cd64be6244528e1511e10909d04a P c03bdadd9cb648579b3bccf9d9194a0e [CANDIDATE]: Term 1 election: Requested vote from peers f9eb13b804fa43649d798e64c47027e5 (127.28.177.193:45235), 139b7f849fca4f36abd9effaaa7fd082 (127.28.177.195:35671)
I20260630 12:22:43.278452  1553 raft_consensus.cc:359] T d24c06a8bd4a4c2bb5f3cb9e8448e293 P c03bdadd9cb648579b3bccf9d9194a0e [term 0 FOLLOWER]: Replica starting. Triggering 0 pending ops. Active config: opid_index: -1 OBSOLETE_local: false peers { permanent_uuid: "f9eb13b804fa43649d798e64c47027e5" member_type: VOTER last_known_addr { host: "127.28.177.193" port: 45235 } } peers { permanent_uuid: "c03bdadd9cb648579b3bccf9d9194a0e" member_type: VOTER last_known_addr { host: "127.28.177.194" port: 38589 } } peers { permanent_uuid: "139b7f849fca4f36abd9effaaa7fd082" member_type: VOTER last_known_addr { host: "127.28.177.195" port: 35671 } }
I20260630 12:22:43.279242  1396 leader_election.cc:304] T 28f7cd64be6244528e1511e10909d04a P c03bdadd9cb648579b3bccf9d9194a0e [CANDIDATE]: Term 1 election: Election decided. Result: candidate won. Election summary: received 2 responses out of 3 voters: 2 yes votes; 0 no votes. yes voters: 139b7f849fca4f36abd9effaaa7fd082, c03bdadd9cb648579b3bccf9d9194a0e; no voters: 
I20260630 12:22:43.279247  1553 raft_consensus.cc:385] T d24c06a8bd4a4c2bb5f3cb9e8448e293 P c03bdadd9cb648579b3bccf9d9194a0e [term 0 FOLLOWER]: Consensus starting up: Expiring failure detector timer to make a prompt election more likely
I20260630 12:22:43.280447  1553 raft_consensus.cc:740] T d24c06a8bd4a4c2bb5f3cb9e8448e293 P c03bdadd9cb648579b3bccf9d9194a0e [term 0 FOLLOWER]: Becoming Follower/Learner. State: Replica: c03bdadd9cb648579b3bccf9d9194a0e, State: Initialized, Role: FOLLOWER
I20260630 12:22:43.281320  1553 consensus_queue.cc:260] T d24c06a8bd4a4c2bb5f3cb9e8448e293 P c03bdadd9cb648579b3bccf9d9194a0e [NON_LEADER]: Queue going to NON_LEADER mode. State: All replicated index: 0, Majority replicated index: 0, Committed index: 0, Last appended: 0.0, Last appended by leader: 0, Current term: 0, Majority size: -1, State: 0, Mode: NON_LEADER, active raft config: opid_index: -1 OBSOLETE_local: false peers { permanent_uuid: "f9eb13b804fa43649d798e64c47027e5" member_type: VOTER last_known_addr { host: "127.28.177.193" port: 45235 } } peers { permanent_uuid: "c03bdadd9cb648579b3bccf9d9194a0e" member_type: VOTER last_known_addr { host: "127.28.177.194" port: 38589 } } peers { permanent_uuid: "139b7f849fca4f36abd9effaaa7fd082" member_type: VOTER last_known_addr { host: "127.28.177.195" port: 35671 } }
I20260630 12:22:43.282697  1581 raft_consensus.cc:2804] T 28f7cd64be6244528e1511e10909d04a P c03bdadd9cb648579b3bccf9d9194a0e [term 1 FOLLOWER]: Leader election won for term 1
I20260630 12:22:43.283213  1581 raft_consensus.cc:697] T 28f7cd64be6244528e1511e10909d04a P c03bdadd9cb648579b3bccf9d9194a0e [term 1 LEADER]: Becoming Leader. State: Replica: c03bdadd9cb648579b3bccf9d9194a0e, State: Running, Role: LEADER
I20260630 12:22:43.283421  1254 catalog_manager.cc:5697] T 0109391ecf224fc8b6bf445be7f0686f P c03bdadd9cb648579b3bccf9d9194a0e reported cstate change: term changed from 0 to 1, leader changed from <none> to c03bdadd9cb648579b3bccf9d9194a0e (127.28.177.194). New cstate: current_term: 1 leader_uuid: "c03bdadd9cb648579b3bccf9d9194a0e" committed_config { opid_index: -1 OBSOLETE_local: false peers { permanent_uuid: "f9eb13b804fa43649d798e64c47027e5" member_type: VOTER last_known_addr { host: "127.28.177.193" port: 45235 } health_report { overall_health: UNKNOWN } } peers { permanent_uuid: "c03bdadd9cb648579b3bccf9d9194a0e" member_type: VOTER last_known_addr { host: "127.28.177.194" port: 38589 } health_report { overall_health: HEALTHY } } peers { permanent_uuid: "139b7f849fca4f36abd9effaaa7fd082" member_type: VOTER last_known_addr { host: "127.28.177.195" port: 35671 } health_report { overall_health: UNKNOWN } } }
I20260630 12:22:43.284531  1581 consensus_queue.cc:237] T 28f7cd64be6244528e1511e10909d04a P c03bdadd9cb648579b3bccf9d9194a0e [LEADER]: Queue going to LEADER mode. State: All replicated index: 0, Majority replicated index: 0, Committed index: 0, Last appended: 0.0, Last appended by leader: 0, Current term: 1, Majority size: 2, State: 0, Mode: LEADER, active raft config: opid_index: -1 OBSOLETE_local: false peers { permanent_uuid: "f9eb13b804fa43649d798e64c47027e5" member_type: VOTER last_known_addr { host: "127.28.177.193" port: 45235 } } peers { permanent_uuid: "c03bdadd9cb648579b3bccf9d9194a0e" member_type: VOTER last_known_addr { host: "127.28.177.194" port: 38589 } } peers { permanent_uuid: "139b7f849fca4f36abd9effaaa7fd082" member_type: VOTER last_known_addr { host: "127.28.177.195" port: 35671 } }
I20260630 12:22:43.286077  1601 raft_consensus.cc:2804] T 87b1b2d846a24458b932d7675a68fba6 P f9eb13b804fa43649d798e64c47027e5 [term 1 FOLLOWER]: Leader election won for term 1
I20260630 12:22:43.289817  1552 tablet_bootstrap.cc:492] T a77b5b07870f4094a029564fbe09a62e P f9eb13b804fa43649d798e64c47027e5: No bootstrap required, opened a new log
I20260630 12:22:43.290503  1552 ts_tablet_manager.cc:1403] T a77b5b07870f4094a029564fbe09a62e P f9eb13b804fa43649d798e64c47027e5: Time spent bootstrapping tablet: real 0.090s	user 0.016s	sys 0.000s
I20260630 12:22:43.291965  1553 ts_tablet_manager.cc:1434] T d24c06a8bd4a4c2bb5f3cb9e8448e293 P c03bdadd9cb648579b3bccf9d9194a0e: Time spent starting tablet: real 0.016s	user 0.007s	sys 0.000s
I20260630 12:22:43.293171  1553 tablet_bootstrap.cc:492] T a57dc51476b14bbfbb269b17103787e3 P c03bdadd9cb648579b3bccf9d9194a0e: Bootstrap starting.
I20260630 12:22:43.293596  1552 raft_consensus.cc:359] T a77b5b07870f4094a029564fbe09a62e P f9eb13b804fa43649d798e64c47027e5 [term 0 FOLLOWER]: Replica starting. Triggering 0 pending ops. Active config: opid_index: -1 OBSOLETE_local: false peers { permanent_uuid: "f9eb13b804fa43649d798e64c47027e5" member_type: VOTER last_known_addr { host: "127.28.177.193" port: 45235 } } peers { permanent_uuid: "c03bdadd9cb648579b3bccf9d9194a0e" member_type: VOTER last_known_addr { host: "127.28.177.194" port: 38589 } } peers { permanent_uuid: "139b7f849fca4f36abd9effaaa7fd082" member_type: VOTER last_known_addr { host: "127.28.177.195" port: 35671 } }
I20260630 12:22:43.298637  1560 leader_election.cc:290] T 87b1b2d846a24458b932d7675a68fba6 P f9eb13b804fa43649d798e64c47027e5 [CANDIDATE]: Term 1 election: Requested vote from peers c03bdadd9cb648579b3bccf9d9194a0e (127.28.177.194:38589), 139b7f849fca4f36abd9effaaa7fd082 (127.28.177.195:35671)
I20260630 12:22:43.270206  1357 raft_consensus.cc:2468] T 28f7cd64be6244528e1511e10909d04a P f9eb13b804fa43649d798e64c47027e5 [term 1 FOLLOWER]: Leader election vote request: Granting yes vote for candidate c03bdadd9cb648579b3bccf9d9194a0e in term 1.
I20260630 12:22:43.298420  1506 tablet_service.cc:1917] Received RequestConsensusVote() RPC: tablet_id: "87b1b2d846a24458b932d7675a68fba6" candidate_uuid: "f9eb13b804fa43649d798e64c47027e5" candidate_term: 1 candidate_status { last_received { term: 0 index: 0 } } ignore_live_leader: false dest_uuid: "139b7f849fca4f36abd9effaaa7fd082"
I20260630 12:22:43.298940  1552 raft_consensus.cc:385] T a77b5b07870f4094a029564fbe09a62e P f9eb13b804fa43649d798e64c47027e5 [term 0 FOLLOWER]: Consensus starting up: Expiring failure detector timer to make a prompt election more likely
I20260630 12:22:43.296314  1601 raft_consensus.cc:697] T 87b1b2d846a24458b932d7675a68fba6 P f9eb13b804fa43649d798e64c47027e5 [term 1 LEADER]: Becoming Leader. State: Replica: f9eb13b804fa43649d798e64c47027e5, State: Running, Role: LEADER
W20260630 12:22:43.302073  1321 leader_election.cc:343] T 87b1b2d846a24458b932d7675a68fba6 P f9eb13b804fa43649d798e64c47027e5 [CANDIDATE]: Term 1 election: Tablet error from VoteRequest() call to peer 139b7f849fca4f36abd9effaaa7fd082 (127.28.177.195:35671): Illegal state: must be running to vote when last-logged opid is not known
I20260630 12:22:43.302237  1601 consensus_queue.cc:237] T 87b1b2d846a24458b932d7675a68fba6 P f9eb13b804fa43649d798e64c47027e5 [LEADER]: Queue going to LEADER mode. State: All replicated index: 0, Majority replicated index: 0, Committed index: 0, Last appended: 0.0, Last appended by leader: 0, Current term: 1, Majority size: 2, State: 0, Mode: LEADER, active raft config: opid_index: -1 OBSOLETE_local: false peers { permanent_uuid: "f9eb13b804fa43649d798e64c47027e5" member_type: VOTER last_known_addr { host: "127.28.177.193" port: 45235 } } peers { permanent_uuid: "c03bdadd9cb648579b3bccf9d9194a0e" member_type: VOTER last_known_addr { host: "127.28.177.194" port: 38589 } } peers { permanent_uuid: "139b7f849fca4f36abd9effaaa7fd082" member_type: VOTER last_known_addr { host: "127.28.177.195" port: 35671 } }
I20260630 12:22:43.301492  1552 raft_consensus.cc:740] T a77b5b07870f4094a029564fbe09a62e P f9eb13b804fa43649d798e64c47027e5 [term 0 FOLLOWER]: Becoming Follower/Learner. State: Replica: f9eb13b804fa43649d798e64c47027e5, State: Initialized, Role: FOLLOWER
I20260630 12:22:43.309336  1553 tablet_bootstrap.cc:654] T a57dc51476b14bbfbb269b17103787e3 P c03bdadd9cb648579b3bccf9d9194a0e: Neither blocks nor log segments found. Creating new log.
I20260630 12:22:43.311398  1552 consensus_queue.cc:260] T a77b5b07870f4094a029564fbe09a62e P f9eb13b804fa43649d798e64c47027e5 [NON_LEADER]: Queue going to NON_LEADER mode. State: All replicated index: 0, Majority replicated index: 0, Committed index: 0, Last appended: 0.0, Last appended by leader: 0, Current term: 0, Majority size: -1, State: 0, Mode: NON_LEADER, active raft config: opid_index: -1 OBSOLETE_local: false peers { permanent_uuid: "f9eb13b804fa43649d798e64c47027e5" member_type: VOTER last_known_addr { host: "127.28.177.193" port: 45235 } } peers { permanent_uuid: "c03bdadd9cb648579b3bccf9d9194a0e" member_type: VOTER last_known_addr { host: "127.28.177.194" port: 38589 } } peers { permanent_uuid: "139b7f849fca4f36abd9effaaa7fd082" member_type: VOTER last_known_addr { host: "127.28.177.195" port: 35671 } }
I20260630 12:22:43.316010  1552 ts_tablet_manager.cc:1434] T a77b5b07870f4094a029564fbe09a62e P f9eb13b804fa43649d798e64c47027e5: Time spent starting tablet: real 0.025s	user 0.006s	sys 0.000s
I20260630 12:22:43.315534  1254 catalog_manager.cc:5697] T 3cd828148cd14e058d4b2e7f9a6f1857 P c03bdadd9cb648579b3bccf9d9194a0e reported cstate change: term changed from 0 to 1, leader changed from <none> to c03bdadd9cb648579b3bccf9d9194a0e (127.28.177.194). New cstate: current_term: 1 leader_uuid: "c03bdadd9cb648579b3bccf9d9194a0e" committed_config { opid_index: -1 OBSOLETE_local: false peers { permanent_uuid: "f9eb13b804fa43649d798e64c47027e5" member_type: VOTER last_known_addr { host: "127.28.177.193" port: 45235 } health_report { overall_health: UNKNOWN } } peers { permanent_uuid: "c03bdadd9cb648579b3bccf9d9194a0e" member_type: VOTER last_known_addr { host: "127.28.177.194" port: 38589 } health_report { overall_health: HEALTHY } } peers { permanent_uuid: "139b7f849fca4f36abd9effaaa7fd082" member_type: VOTER last_known_addr { host: "127.28.177.195" port: 35671 } health_report { overall_health: UNKNOWN } } }
I20260630 12:22:43.316820  1554 tablet_bootstrap.cc:492] T 0109391ecf224fc8b6bf445be7f0686f P 139b7f849fca4f36abd9effaaa7fd082: No bootstrap required, opened a new log
I20260630 12:22:43.317216  1552 tablet_bootstrap.cc:492] T 3cd828148cd14e058d4b2e7f9a6f1857 P f9eb13b804fa43649d798e64c47027e5: Bootstrap starting.
I20260630 12:22:43.317299  1554 ts_tablet_manager.cc:1403] T 0109391ecf224fc8b6bf445be7f0686f P 139b7f849fca4f36abd9effaaa7fd082: Time spent bootstrapping tablet: real 0.078s	user 0.034s	sys 0.041s
I20260630 12:22:43.317808  1254 catalog_manager.cc:5697] T 28f7cd64be6244528e1511e10909d04a P c03bdadd9cb648579b3bccf9d9194a0e reported cstate change: term changed from 0 to 1, leader changed from <none> to c03bdadd9cb648579b3bccf9d9194a0e (127.28.177.194). New cstate: current_term: 1 leader_uuid: "c03bdadd9cb648579b3bccf9d9194a0e" committed_config { opid_index: -1 OBSOLETE_local: false peers { permanent_uuid: "f9eb13b804fa43649d798e64c47027e5" member_type: VOTER last_known_addr { host: "127.28.177.193" port: 45235 } health_report { overall_health: UNKNOWN } } peers { permanent_uuid: "c03bdadd9cb648579b3bccf9d9194a0e" member_type: VOTER last_known_addr { host: "127.28.177.194" port: 38589 } health_report { overall_health: HEALTHY } } peers { permanent_uuid: "139b7f849fca4f36abd9effaaa7fd082" member_type: VOTER last_known_addr { host: "127.28.177.195" port: 35671 } health_report { overall_health: UNKNOWN } } }
I20260630 12:22:43.320554  1554 raft_consensus.cc:359] T 0109391ecf224fc8b6bf445be7f0686f P 139b7f849fca4f36abd9effaaa7fd082 [term 0 FOLLOWER]: Replica starting. Triggering 0 pending ops. Active config: opid_index: -1 OBSOLETE_local: false peers { permanent_uuid: "f9eb13b804fa43649d798e64c47027e5" member_type: VOTER last_known_addr { host: "127.28.177.193" port: 45235 } } peers { permanent_uuid: "c03bdadd9cb648579b3bccf9d9194a0e" member_type: VOTER last_known_addr { host: "127.28.177.194" port: 38589 } } peers { permanent_uuid: "139b7f849fca4f36abd9effaaa7fd082" member_type: VOTER last_known_addr { host: "127.28.177.195" port: 35671 } }
