I20260630 12:20:59.871229 28434 raft_consensus.cc:3060] T 95f424ba21fc4d9e8d55e6a0c5ddf2fe P aef3d3d87fcb467799b6b42043556301 [term 0 FOLLOWER]: Advancing to term 1
I20260630 12:20:59.872190 28436 raft_consensus.cc:359] T 5e1d99215b8c426f8f53649bbec895f0 P 3760ed8938d84cabbbc13b29ab7039b1 [term 0 FOLLOWER]: Replica starting. Triggering 0 pending ops. Active config: opid_index: -1 OBSOLETE_local: true peers { permanent_uuid: "3760ed8938d84cabbbc13b29ab7039b1" member_type: VOTER last_known_addr { host: "127.26.47.129" port: 43033 } }
I20260630 12:20:59.872849 28436 raft_consensus.cc:385] T 5e1d99215b8c426f8f53649bbec895f0 P 3760ed8938d84cabbbc13b29ab7039b1 [term 0 FOLLOWER]: Consensus starting up: Expiring failure detector timer to make a prompt election more likely
I20260630 12:20:59.872951 28435 raft_consensus.cc:359] T aff9dd2614024e80ab66fe89baac9267 P dd0af0101c1e40e7ba3f3d5a8e6dbb5f [term 0 FOLLOWER]: Replica starting. Triggering 0 pending ops. Active config: opid_index: -1 OBSOLETE_local: true peers { permanent_uuid: "dd0af0101c1e40e7ba3f3d5a8e6dbb5f" member_type: VOTER last_known_addr { host: "127.26.47.130" port: 43469 } }
I20260630 12:20:59.873261 28436 raft_consensus.cc:740] T 5e1d99215b8c426f8f53649bbec895f0 P 3760ed8938d84cabbbc13b29ab7039b1 [term 0 FOLLOWER]: Becoming Follower/Learner. State: Replica: 3760ed8938d84cabbbc13b29ab7039b1, State: Initialized, Role: FOLLOWER
I20260630 12:20:59.873700 28435 raft_consensus.cc:385] T aff9dd2614024e80ab66fe89baac9267 P dd0af0101c1e40e7ba3f3d5a8e6dbb5f [term 0 FOLLOWER]: Consensus starting up: Expiring failure detector timer to make a prompt election more likely
I20260630 12:20:59.874094 28435 raft_consensus.cc:740] T aff9dd2614024e80ab66fe89baac9267 P dd0af0101c1e40e7ba3f3d5a8e6dbb5f [term 0 FOLLOWER]: Becoming Follower/Learner. State: Replica: dd0af0101c1e40e7ba3f3d5a8e6dbb5f, State: Initialized, Role: FOLLOWER
I20260630 12:20:59.874363 28436 consensus_queue.cc:260] T 5e1d99215b8c426f8f53649bbec895f0 P 3760ed8938d84cabbbc13b29ab7039b1 [NON_LEADER]: Queue going to NON_LEADER mode. State: All replicated index: 0, Majority replicated index: 0, Committed index: 0, Last appended: 0.0, Last appended by leader: 0, Current term: 0, Majority size: -1, State: 0, Mode: NON_LEADER, active raft config: opid_index: -1 OBSOLETE_local: true peers { permanent_uuid: "3760ed8938d84cabbbc13b29ab7039b1" member_type: VOTER last_known_addr { host: "127.26.47.129" port: 43033 } }
I20260630 12:20:59.874904 28435 consensus_queue.cc:260] T aff9dd2614024e80ab66fe89baac9267 P dd0af0101c1e40e7ba3f3d5a8e6dbb5f [NON_LEADER]: Queue going to NON_LEADER mode. State: All replicated index: 0, Majority replicated index: 0, Committed index: 0, Last appended: 0.0, Last appended by leader: 0, Current term: 0, Majority size: -1, State: 0, Mode: NON_LEADER, active raft config: opid_index: -1 OBSOLETE_local: true peers { permanent_uuid: "dd0af0101c1e40e7ba3f3d5a8e6dbb5f" member_type: VOTER last_known_addr { host: "127.26.47.130" port: 43469 } }
I20260630 12:20:59.875152 28436 raft_consensus.cc:399] T 5e1d99215b8c426f8f53649bbec895f0 P 3760ed8938d84cabbbc13b29ab7039b1 [term 0 FOLLOWER]: Only one voter in the Raft config. Triggering election immediately
I20260630 12:20:59.875613 28435 raft_consensus.cc:399] T aff9dd2614024e80ab66fe89baac9267 P dd0af0101c1e40e7ba3f3d5a8e6dbb5f [term 0 FOLLOWER]: Only one voter in the Raft config. Triggering election immediately
I20260630 12:20:59.875669 28436 raft_consensus.cc:493] T 5e1d99215b8c426f8f53649bbec895f0 P 3760ed8938d84cabbbc13b29ab7039b1 [term 0 FOLLOWER]: Starting leader election (initial election of a single-replica configuration)
I20260630 12:20:59.876055 28435 raft_consensus.cc:493] T aff9dd2614024e80ab66fe89baac9267 P dd0af0101c1e40e7ba3f3d5a8e6dbb5f [term 0 FOLLOWER]: Starting leader election (initial election of a single-replica configuration)
I20260630 12:20:59.876207 28436 raft_consensus.cc:3060] T 5e1d99215b8c426f8f53649bbec895f0 P 3760ed8938d84cabbbc13b29ab7039b1 [term 0 FOLLOWER]: Advancing to term 1
I20260630 12:20:59.876477 28435 raft_consensus.cc:3060] T aff9dd2614024e80ab66fe89baac9267 P dd0af0101c1e40e7ba3f3d5a8e6dbb5f [term 0 FOLLOWER]: Advancing to term 1
I20260630 12:20:59.879179 28434 raft_consensus.cc:515] T 95f424ba21fc4d9e8d55e6a0c5ddf2fe P aef3d3d87fcb467799b6b42043556301 [term 1 FOLLOWER]: Starting leader election with config: opid_index: -1 OBSOLETE_local: true peers { permanent_uuid: "aef3d3d87fcb467799b6b42043556301" member_type: VOTER last_known_addr { host: "127.26.47.131" port: 40013 } }
I20260630 12:20:59.880290 28434 leader_election.cc:304] T 95f424ba21fc4d9e8d55e6a0c5ddf2fe P aef3d3d87fcb467799b6b42043556301 [CANDIDATE]: Term 1 election: Election decided. Result: candidate won. Election summary: received 1 responses out of 1 voters: 1 yes votes; 0 no votes. yes voters: aef3d3d87fcb467799b6b42043556301; no voters: 
I20260630 12:20:59.884168 28435 raft_consensus.cc:515] T aff9dd2614024e80ab66fe89baac9267 P dd0af0101c1e40e7ba3f3d5a8e6dbb5f [term 1 FOLLOWER]: Starting leader election with config: opid_index: -1 OBSOLETE_local: true peers { permanent_uuid: "dd0af0101c1e40e7ba3f3d5a8e6dbb5f" member_type: VOTER last_known_addr { host: "127.26.47.130" port: 43469 } }
I20260630 12:20:59.884938 28435 leader_election.cc:304] T aff9dd2614024e80ab66fe89baac9267 P dd0af0101c1e40e7ba3f3d5a8e6dbb5f [CANDIDATE]: Term 1 election: Election decided. Result: candidate won. Election summary: received 1 responses out of 1 voters: 1 yes votes; 0 no votes. yes voters: dd0af0101c1e40e7ba3f3d5a8e6dbb5f; no voters: 
I20260630 12:20:59.884714 28436 raft_consensus.cc:515] T 5e1d99215b8c426f8f53649bbec895f0 P 3760ed8938d84cabbbc13b29ab7039b1 [term 1 FOLLOWER]: Starting leader election with config: opid_index: -1 OBSOLETE_local: true peers { permanent_uuid: "3760ed8938d84cabbbc13b29ab7039b1" member_type: VOTER last_known_addr { host: "127.26.47.129" port: 43033 } }
I20260630 12:20:59.886050 28436 leader_election.cc:304] T 5e1d99215b8c426f8f53649bbec895f0 P 3760ed8938d84cabbbc13b29ab7039b1 [CANDIDATE]: Term 1 election: Election decided. Result: candidate won. Election summary: received 1 responses out of 1 voters: 1 yes votes; 0 no votes. yes voters: 3760ed8938d84cabbbc13b29ab7039b1; no voters: 
I20260630 12:20:59.886570 28435 leader_election.cc:290] T aff9dd2614024e80ab66fe89baac9267 P dd0af0101c1e40e7ba3f3d5a8e6dbb5f [CANDIDATE]: Term 1 election: Requested vote from peers 
I20260630 12:20:59.887028 28441 raft_consensus.cc:2804] T aff9dd2614024e80ab66fe89baac9267 P dd0af0101c1e40e7ba3f3d5a8e6dbb5f [term 1 FOLLOWER]: Leader election won for term 1
I20260630 12:20:59.888480 28434 leader_election.cc:290] T 95f424ba21fc4d9e8d55e6a0c5ddf2fe P aef3d3d87fcb467799b6b42043556301 [CANDIDATE]: Term 1 election: Requested vote from peers 
I20260630 12:20:59.888917 28440 raft_consensus.cc:2804] T 95f424ba21fc4d9e8d55e6a0c5ddf2fe P aef3d3d87fcb467799b6b42043556301 [term 1 FOLLOWER]: Leader election won for term 1
I20260630 12:20:59.891760 28436 leader_election.cc:290] T 5e1d99215b8c426f8f53649bbec895f0 P 3760ed8938d84cabbbc13b29ab7039b1 [CANDIDATE]: Term 1 election: Requested vote from peers 
I20260630 12:20:59.892153 28443 raft_consensus.cc:2804] T 5e1d99215b8c426f8f53649bbec895f0 P 3760ed8938d84cabbbc13b29ab7039b1 [term 1 FOLLOWER]: Leader election won for term 1
I20260630 12:20:59.895638 28441 raft_consensus.cc:697] T aff9dd2614024e80ab66fe89baac9267 P dd0af0101c1e40e7ba3f3d5a8e6dbb5f [term 1 LEADER]: Becoming Leader. State: Replica: dd0af0101c1e40e7ba3f3d5a8e6dbb5f, State: Running, Role: LEADER
I20260630 12:20:59.896719 28443 raft_consensus.cc:697] T 5e1d99215b8c426f8f53649bbec895f0 P 3760ed8938d84cabbbc13b29ab7039b1 [term 1 LEADER]: Becoming Leader. State: Replica: 3760ed8938d84cabbbc13b29ab7039b1, State: Running, Role: LEADER
I20260630 12:20:59.901351 28436 ts_tablet_manager.cc:1434] T 5e1d99215b8c426f8f53649bbec895f0 P 3760ed8938d84cabbbc13b29ab7039b1: Time spent starting tablet: real 0.032s	user 0.022s	sys 0.003s
I20260630 12:20:59.901736 28443 consensus_queue.cc:237] T 5e1d99215b8c426f8f53649bbec895f0 P 3760ed8938d84cabbbc13b29ab7039b1 [LEADER]: Queue going to LEADER mode. State: All replicated index: 0, Majority replicated index: 0, Committed index: 0, Last appended: 0.0, Last appended by leader: 0, Current term: 1, Majority size: 1, State: 0, Mode: LEADER, active raft config: opid_index: -1 OBSOLETE_local: true peers { permanent_uuid: "3760ed8938d84cabbbc13b29ab7039b1" member_type: VOTER last_known_addr { host: "127.26.47.129" port: 43033 } }
I20260630 12:20:59.900331 28435 ts_tablet_manager.cc:1434] T aff9dd2614024e80ab66fe89baac9267 P dd0af0101c1e40e7ba3f3d5a8e6dbb5f: Time spent starting tablet: real 0.030s	user 0.022s	sys 0.004s
I20260630 12:20:59.902376 28440 raft_consensus.cc:697] T 95f424ba21fc4d9e8d55e6a0c5ddf2fe P aef3d3d87fcb467799b6b42043556301 [term 1 LEADER]: Becoming Leader. State: Replica: aef3d3d87fcb467799b6b42043556301, State: Running, Role: LEADER
I20260630 12:20:59.896790 28441 consensus_queue.cc:237] T aff9dd2614024e80ab66fe89baac9267 P dd0af0101c1e40e7ba3f3d5a8e6dbb5f [LEADER]: Queue going to LEADER mode. State: All replicated index: 0, Majority replicated index: 0, Committed index: 0, Last appended: 0.0, Last appended by leader: 0, Current term: 1, Majority size: 1, State: 0, Mode: LEADER, active raft config: opid_index: -1 OBSOLETE_local: true peers { permanent_uuid: "dd0af0101c1e40e7ba3f3d5a8e6dbb5f" member_type: VOTER last_known_addr { host: "127.26.47.130" port: 43469 } }
I20260630 12:20:59.908191 28434 ts_tablet_manager.cc:1434] T 95f424ba21fc4d9e8d55e6a0c5ddf2fe P aef3d3d87fcb467799b6b42043556301: Time spent starting tablet: real 0.045s	user 0.037s	sys 0.007s
I20260630 12:20:59.907670 28440 consensus_queue.cc:237] T 95f424ba21fc4d9e8d55e6a0c5ddf2fe P aef3d3d87fcb467799b6b42043556301 [LEADER]: Queue going to LEADER mode. State: All replicated index: 0, Majority replicated index: 0, Committed index: 0, Last appended: 0.0, Last appended by leader: 0, Current term: 1, Majority size: 1, State: 0, Mode: LEADER, active raft config: opid_index: -1 OBSOLETE_local: true peers { permanent_uuid: "aef3d3d87fcb467799b6b42043556301" member_type: VOTER last_known_addr { host: "127.26.47.131" port: 40013 } }
I20260630 12:20:59.918473 28082 catalog_manager.cc:5697] T 5e1d99215b8c426f8f53649bbec895f0 P 3760ed8938d84cabbbc13b29ab7039b1 reported cstate change: term changed from 0 to 1, leader changed from <none> to 3760ed8938d84cabbbc13b29ab7039b1 (127.26.47.129). New cstate: current_term: 1 leader_uuid: "3760ed8938d84cabbbc13b29ab7039b1" committed_config { opid_index: -1 OBSOLETE_local: true peers { permanent_uuid: "3760ed8938d84cabbbc13b29ab7039b1" member_type: VOTER last_known_addr { host: "127.26.47.129" port: 43033 } health_report { overall_health: HEALTHY } } }
I20260630 12:20:59.933039 28081 catalog_manager.cc:5697] T aff9dd2614024e80ab66fe89baac9267 P dd0af0101c1e40e7ba3f3d5a8e6dbb5f reported cstate change: term changed from 0 to 1, leader changed from <none> to dd0af0101c1e40e7ba3f3d5a8e6dbb5f (127.26.47.130). New cstate: current_term: 1 leader_uuid: "dd0af0101c1e40e7ba3f3d5a8e6dbb5f" committed_config { opid_index: -1 OBSOLETE_local: true peers { permanent_uuid: "dd0af0101c1e40e7ba3f3d5a8e6dbb5f" member_type: VOTER last_known_addr { host: "127.26.47.130" port: 43469 } health_report { overall_health: HEALTHY } } }
I20260630 12:20:59.934006 28080 catalog_manager.cc:5697] T 95f424ba21fc4d9e8d55e6a0c5ddf2fe P aef3d3d87fcb467799b6b42043556301 reported cstate change: term changed from 0 to 1, leader changed from <none> to aef3d3d87fcb467799b6b42043556301 (127.26.47.131). New cstate: current_term: 1 leader_uuid: "aef3d3d87fcb467799b6b42043556301" committed_config { opid_index: -1 OBSOLETE_local: true peers { permanent_uuid: "aef3d3d87fcb467799b6b42043556301" member_type: VOTER last_known_addr { host: "127.26.47.131" port: 40013 } health_report { overall_health: HEALTHY } } }
I20260630 12:21:01.610318 28158 auto_leader_rebalancer.cc:141] leader rebalance for table test-workload
I20260630 12:21:01.612777 28158 auto_leader_rebalancer.cc:515] All tables' leader rebalancing finished this round
I20260630 12:21:02.062974 26814 master.cc:562] Master@127.26.47.188:36573 shutting down...
I20260630 12:21:02.085951 26814 raft_consensus.cc:2243] T 00000000000000000000000000000000 P 38c8179a402b4f3ba60246e94d1bbed7 [term 1 LEADER]: Raft consensus shutting down.
I20260630 12:21:02.087316 26814 raft_consensus.cc:2272] T 00000000000000000000000000000000 P 38c8179a402b4f3ba60246e94d1bbed7 [term 1 FOLLOWER]: Raft consensus is shut down!
I20260630 12:21:02.087874 26814 tablet_replica.cc:333] T 00000000000000000000000000000000 P 38c8179a402b4f3ba60246e94d1bbed7: stopping tablet replica
I20260630 12:21:02.109122 26814 master.cc:584] Master@127.26.47.188:36573 shutdown complete.
W20260630 12:21:02.938383 28244 heartbeater.cc:646] Failed to heartbeat to 127.26.47.188:36573 (0 consecutive failures): Network error: Failed to send heartbeat to master: Client connection negotiation failed: client connection to 127.26.47.188:36573: connect: Connection refused (error 111)
I20260630 12:21:03.150192 28460 raft_consensus.cc:493] T 00000000000000000000000000000000 P 22518b6a7d404521992998e278d63137 [term 1 FOLLOWER]: Starting pre-election (detected failure of leader 38c8179a402b4f3ba60246e94d1bbed7)
I20260630 12:21:03.150921 28460 raft_consensus.cc:515] T 00000000000000000000000000000000 P 22518b6a7d404521992998e278d63137 [term 1 FOLLOWER]: Starting pre-election with config: opid_index: -1 OBSOLETE_local: false peers { permanent_uuid: "22518b6a7d404521992998e278d63137" member_type: VOTER last_known_addr { host: "127.26.47.190" port: 36699 } } peers { permanent_uuid: "b213dc72c9c34a5a9bd9d0133917a063" member_type: VOTER last_known_addr { host: "127.26.47.189" port: 44049 } } peers { permanent_uuid: "38c8179a402b4f3ba60246e94d1bbed7" member_type: VOTER last_known_addr { host: "127.26.47.188" port: 36573 } }
I20260630 12:21:03.152980 28460 leader_election.cc:290] T 00000000000000000000000000000000 P 22518b6a7d404521992998e278d63137 [CANDIDATE]: Term 2 pre-election: Requested pre-vote from peers b213dc72c9c34a5a9bd9d0133917a063 (127.26.47.189:44049), 38c8179a402b4f3ba60246e94d1bbed7 (127.26.47.188:36573)
I20260630 12:21:03.153996 28027 tablet_service.cc:1917] Received RequestConsensusVote() RPC: tablet_id: "00000000000000000000000000000000" candidate_uuid: "22518b6a7d404521992998e278d63137" candidate_term: 2 candidate_status { last_received { term: 1 index: 11 } } ignore_live_leader: false dest_uuid: "b213dc72c9c34a5a9bd9d0133917a063" is_pre_election: true
W20260630 12:21:03.156322 27938 proxy.cc:239] Call had error, refreshing address and retrying: Network error: Client connection negotiation failed: client connection to 127.26.47.188:36573: connect: Connection refused (error 111) [suppressed 13 similar messages]
W20260630 12:21:03.160962 27938 leader_election.cc:336] T 00000000000000000000000000000000 P 22518b6a7d404521992998e278d63137 [CANDIDATE]: Term 2 pre-election: RPC error from VoteRequest() call to peer 38c8179a402b4f3ba60246e94d1bbed7 (127.26.47.188:36573): Network error: Client connection negotiation failed: client connection to 127.26.47.188:36573: connect: Connection refused (error 111)
I20260630 12:21:03.161525 27938 leader_election.cc:304] T 00000000000000000000000000000000 P 22518b6a7d404521992998e278d63137 [CANDIDATE]: Term 2 pre-election: Election decided. Result: candidate lost. Election summary: received 3 responses out of 3 voters: 1 yes votes; 2 no votes. yes voters: 22518b6a7d404521992998e278d63137; no voters: 38c8179a402b4f3ba60246e94d1bbed7, b213dc72c9c34a5a9bd9d0133917a063
I20260630 12:21:03.162370 28460 raft_consensus.cc:2749] T 00000000000000000000000000000000 P 22518b6a7d404521992998e278d63137 [term 1 FOLLOWER]: Leader pre-election lost for term 2. Reason: could not achieve majority
I20260630 12:21:03.278561 28463 raft_consensus.cc:493] T 00000000000000000000000000000000 P b213dc72c9c34a5a9bd9d0133917a063 [term 1 FOLLOWER]: Starting pre-election (detected failure of leader 38c8179a402b4f3ba60246e94d1bbed7)
I20260630 12:21:03.279063 28463 raft_consensus.cc:515] T 00000000000000000000000000000000 P b213dc72c9c34a5a9bd9d0133917a063 [term 1 FOLLOWER]: Starting pre-election with config: opid_index: -1 OBSOLETE_local: false peers { permanent_uuid: "22518b6a7d404521992998e278d63137" member_type: VOTER last_known_addr { host: "127.26.47.190" port: 36699 } } peers { permanent_uuid: "b213dc72c9c34a5a9bd9d0133917a063" member_type: VOTER last_known_addr { host: "127.26.47.189" port: 44049 } } peers { permanent_uuid: "38c8179a402b4f3ba60246e94d1bbed7" member_type: VOTER last_known_addr { host: "127.26.47.188" port: 36573 } }
I20260630 12:21:03.281173 28463 leader_election.cc:290] T 00000000000000000000000000000000 P b213dc72c9c34a5a9bd9d0133917a063 [CANDIDATE]: Term 2 pre-election: Requested pre-vote from peers 22518b6a7d404521992998e278d63137 (127.26.47.190:36699), 38c8179a402b4f3ba60246e94d1bbed7 (127.26.47.188:36573)
I20260630 12:21:03.282392 27960 tablet_service.cc:1917] Received RequestConsensusVote() RPC: tablet_id: "00000000000000000000000000000000" candidate_uuid: "b213dc72c9c34a5a9bd9d0133917a063" candidate_term: 2 candidate_status { last_received { term: 1 index: 11 } } ignore_live_leader: false dest_uuid: "22518b6a7d404521992998e278d63137" is_pre_election: true
I20260630 12:21:03.283277 27960 raft_consensus.cc:2468] T 00000000000000000000000000000000 P 22518b6a7d404521992998e278d63137 [term 1 FOLLOWER]: Leader pre-election vote request: Granting yes vote for candidate b213dc72c9c34a5a9bd9d0133917a063 in term 1.
I20260630 12:21:03.284808 28003 leader_election.cc:304] T 00000000000000000000000000000000 P b213dc72c9c34a5a9bd9d0133917a063 [CANDIDATE]: Term 2 pre-election: Election decided. Result: candidate won. Election summary: received 2 responses out of 3 voters: 2 yes votes; 0 no votes. yes voters: 22518b6a7d404521992998e278d63137, b213dc72c9c34a5a9bd9d0133917a063; no voters: 
I20260630 12:21:03.285820 28463 raft_consensus.cc:2804] T 00000000000000000000000000000000 P b213dc72c9c34a5a9bd9d0133917a063 [term 1 FOLLOWER]: Leader pre-election won for term 2
I20260630 12:21:03.286216 28463 raft_consensus.cc:493] T 00000000000000000000000000000000 P b213dc72c9c34a5a9bd9d0133917a063 [term 1 FOLLOWER]: Starting leader election (detected failure of leader 38c8179a402b4f3ba60246e94d1bbed7)
I20260630 12:21:03.286533 28463 raft_consensus.cc:3060] T 00000000000000000000000000000000 P b213dc72c9c34a5a9bd9d0133917a063 [term 1 FOLLOWER]: Advancing to term 2
W20260630 12:21:03.287761 28004 leader_election.cc:336] T 00000000000000000000000000000000 P b213dc72c9c34a5a9bd9d0133917a063 [CANDIDATE]: Term 2 pre-election: RPC error from VoteRequest() call to peer 38c8179a402b4f3ba60246e94d1bbed7 (127.26.47.188:36573): Network error: Client connection negotiation failed: client connection to 127.26.47.188:36573: connect: Connection refused (error 111)
I20260630 12:21:03.292522 28463 raft_consensus.cc:515] T 00000000000000000000000000000000 P b213dc72c9c34a5a9bd9d0133917a063 [term 2 FOLLOWER]: Starting leader election with config: opid_index: -1 OBSOLETE_local: false peers { permanent_uuid: "22518b6a7d404521992998e278d63137" member_type: VOTER last_known_addr { host: "127.26.47.190" port: 36699 } } peers { permanent_uuid: "b213dc72c9c34a5a9bd9d0133917a063" member_type: VOTER last_known_addr { host: "127.26.47.189" port: 44049 } } peers { permanent_uuid: "38c8179a402b4f3ba60246e94d1bbed7" member_type: VOTER last_known_addr { host: "127.26.47.188" port: 36573 } }
I20260630 12:21:03.294497 28463 leader_election.cc:290] T 00000000000000000000000000000000 P b213dc72c9c34a5a9bd9d0133917a063 [CANDIDATE]: Term 2 election: Requested vote from peers 22518b6a7d404521992998e278d63137 (127.26.47.190:36699), 38c8179a402b4f3ba60246e94d1bbed7 (127.26.47.188:36573)
I20260630 12:21:03.295348 27960 tablet_service.cc:1917] Received RequestConsensusVote() RPC: tablet_id: "00000000000000000000000000000000" candidate_uuid: "b213dc72c9c34a5a9bd9d0133917a063" candidate_term: 2 candidate_status { last_received { term: 1 index: 11 } } ignore_live_leader: false dest_uuid: "22518b6a7d404521992998e278d63137"
I20260630 12:21:03.295902 27960 raft_consensus.cc:3060] T 00000000000000000000000000000000 P 22518b6a7d404521992998e278d63137 [term 1 FOLLOWER]: Advancing to term 2
W20260630 12:21:03.298974 28004 leader_election.cc:336] T 00000000000000000000000000000000 P b213dc72c9c34a5a9bd9d0133917a063 [CANDIDATE]: Term 2 election: RPC error from VoteRequest() call to peer 38c8179a402b4f3ba60246e94d1bbed7 (127.26.47.188:36573): Network error: Client connection negotiation failed: client connection to 127.26.47.188:36573: connect: Connection refused (error 111)
I20260630 12:21:03.302744 27960 raft_consensus.cc:2468] T 00000000000000000000000000000000 P 22518b6a7d404521992998e278d63137 [term 2 FOLLOWER]: Leader election vote request: Granting yes vote for candidate b213dc72c9c34a5a9bd9d0133917a063 in term 2.
I20260630 12:21:03.304266 28003 leader_election.cc:304] T 00000000000000000000000000000000 P b213dc72c9c34a5a9bd9d0133917a063 [CANDIDATE]: Term 2 election: Election decided. Result: candidate won. Election summary: received 3 responses out of 3 voters: 2 yes votes; 1 no votes. yes voters: 22518b6a7d404521992998e278d63137, b213dc72c9c34a5a9bd9d0133917a063; no voters: 38c8179a402b4f3ba60246e94d1bbed7
I20260630 12:21:03.305109 28463 raft_consensus.cc:2804] T 00000000000000000000000000000000 P b213dc72c9c34a5a9bd9d0133917a063 [term 2 FOLLOWER]: Leader election won for term 2
I20260630 12:21:03.306742 28463 raft_consensus.cc:697] T 00000000000000000000000000000000 P b213dc72c9c34a5a9bd9d0133917a063 [term 2 LEADER]: Becoming Leader. State: Replica: b213dc72c9c34a5a9bd9d0133917a063, State: Running, Role: LEADER
I20260630 12:21:03.307845 28463 consensus_queue.cc:237] T 00000000000000000000000000000000 P b213dc72c9c34a5a9bd9d0133917a063 [LEADER]: Queue going to LEADER mode. State: All replicated index: 0, Majority replicated index: 11, Committed index: 11, Last appended: 1.11, Last appended by leader: 11, Current term: 2, Majority size: 2, State: 0, Mode: LEADER, active raft config: opid_index: -1 OBSOLETE_local: false peers { permanent_uuid: "22518b6a7d404521992998e278d63137" member_type: VOTER last_known_addr { host: "127.26.47.190" port: 36699 } } peers { permanent_uuid: "b213dc72c9c34a5a9bd9d0133917a063" member_type: VOTER last_known_addr { host: "127.26.47.189" port: 44049 } } peers { permanent_uuid: "38c8179a402b4f3ba60246e94d1bbed7" member_type: VOTER last_known_addr { host: "127.26.47.188" port: 36573 } }
I20260630 12:21:03.312899 28466 sys_catalog.cc:455] T 00000000000000000000000000000000 P b213dc72c9c34a5a9bd9d0133917a063 [sys.catalog]: SysCatalogTable state changed. Reason: New leader b213dc72c9c34a5a9bd9d0133917a063. Latest consensus state: current_term: 2 leader_uuid: "b213dc72c9c34a5a9bd9d0133917a063" committed_config { opid_index: -1 OBSOLETE_local: false peers { permanent_uuid: "22518b6a7d404521992998e278d63137" member_type: VOTER last_known_addr { host: "127.26.47.190" port: 36699 } } peers { permanent_uuid: "b213dc72c9c34a5a9bd9d0133917a063" member_type: VOTER last_known_addr { host: "127.26.47.189" port: 44049 } } peers { permanent_uuid: "38c8179a402b4f3ba60246e94d1bbed7" member_type: VOTER last_known_addr { host: "127.26.47.188" port: 36573 } } }
I20260630 12:21:03.313794 28466 sys_catalog.cc:458] T 00000000000000000000000000000000 P b213dc72c9c34a5a9bd9d0133917a063 [sys.catalog]: This master's current role is: LEADER
I20260630 12:21:03.315550 28468 catalog_manager.cc:1511] Loading table and tablet metadata into memory...
I20260630 12:21:03.320777 28468 catalog_manager.cc:679] Loaded metadata for table test-workload [id=0d7b4d73abd14a7a8e308d3d43cb31ac]
I20260630 12:21:03.326431 28468 tablet_loader.cc:96] loaded metadata for tablet 5e1d99215b8c426f8f53649bbec895f0 (table test-workload [id=0d7b4d73abd14a7a8e308d3d43cb31ac])
I20260630 12:21:03.327739 28468 tablet_loader.cc:96] loaded metadata for tablet 95f424ba21fc4d9e8d55e6a0c5ddf2fe (table test-workload [id=0d7b4d73abd14a7a8e308d3d43cb31ac])
I20260630 12:21:03.329206 28468 tablet_loader.cc:96] loaded metadata for tablet aff9dd2614024e80ab66fe89baac9267 (table test-workload [id=0d7b4d73abd14a7a8e308d3d43cb31ac])
I20260630 12:21:03.330369 28468 catalog_manager.cc:1520] Initializing Kudu cluster ID...
I20260630 12:21:03.333770 28468 catalog_manager.cc:1295] Loaded cluster ID: f492e4a395534fa2be3832267b47b749
I20260630 12:21:03.334074 28468 catalog_manager.cc:1531] Initializing Kudu internal certificate authority...
I20260630 12:21:03.338356 28468 catalog_manager.cc:1540] Loading token signing keys...
I20260630 12:21:03.341786 28468 catalog_manager.cc:6081] T 00000000000000000000000000000000 P b213dc72c9c34a5a9bd9d0133917a063: Loaded TSK: 0
I20260630 12:21:03.343189 28468 catalog_manager.cc:1550] Initializing in-progress tserver states...
I20260630 12:21:03.592123 28146 auto_leader_rebalancer.cc:141] leader rebalance for table test-workload
I20260630 12:21:03.594007 28146 auto_leader_rebalancer.cc:515] All tables' leader rebalancing finished this round
I20260630 12:21:03.708086 26814 tablet_server.cc:179] TabletServer@127.26.47.129:0 shutting down...
I20260630 12:21:03.727618 26814 ts_tablet_manager.cc:1507] Shutting down tablet manager...
I20260630 12:21:03.728464 26814 tablet_replica.cc:333] T 5e1d99215b8c426f8f53649bbec895f0 P 3760ed8938d84cabbbc13b29ab7039b1: stopping tablet replica
I20260630 12:21:03.729060 26814 raft_consensus.cc:2243] T 5e1d99215b8c426f8f53649bbec895f0 P 3760ed8938d84cabbbc13b29ab7039b1 [term 1 LEADER]: Raft consensus shutting down.
I20260630 12:21:03.729547 26814 raft_consensus.cc:2272] T 5e1d99215b8c426f8f53649bbec895f0 P 3760ed8938d84cabbbc13b29ab7039b1 [term 1 FOLLOWER]: Raft consensus is shut down!
I20260630 12:21:03.748636 26814 tablet_server.cc:196] TabletServer@127.26.47.129:0 shutdown complete.
I20260630 12:21:03.758620 26814 tablet_server.cc:179] TabletServer@127.26.47.130:0 shutting down...
W20260630 12:21:03.785019 28004 consensus_peers.cc:597] T 00000000000000000000000000000000 P b213dc72c9c34a5a9bd9d0133917a063 -> Peer 38c8179a402b4f3ba60246e94d1bbed7 (127.26.47.188:36573): Couldn't send request to peer 38c8179a402b4f3ba60246e94d1bbed7. Status: Network error: Client connection negotiation failed: client connection to 127.26.47.188:36573: connect: Connection refused (error 111). This is attempt 1: this message will repeat every 5th retry.
I20260630 12:21:03.787570 26814 ts_tablet_manager.cc:1507] Shutting down tablet manager...
I20260630 12:21:03.788327 26814 tablet_replica.cc:333] T aff9dd2614024e80ab66fe89baac9267 P dd0af0101c1e40e7ba3f3d5a8e6dbb5f: stopping tablet replica
I20260630 12:21:03.788919 26814 raft_consensus.cc:2243] T aff9dd2614024e80ab66fe89baac9267 P dd0af0101c1e40e7ba3f3d5a8e6dbb5f [term 1 LEADER]: Raft consensus shutting down.
I20260630 12:21:03.789387 26814 raft_consensus.cc:2272] T aff9dd2614024e80ab66fe89baac9267 P dd0af0101c1e40e7ba3f3d5a8e6dbb5f [term 1 FOLLOWER]: Raft consensus is shut down!
I20260630 12:21:03.807667 26814 tablet_server.cc:196] TabletServer@127.26.47.130:0 shutdown complete.
I20260630 12:21:03.816625 26814 tablet_server.cc:179] TabletServer@127.26.47.131:0 shutting down...
I20260630 12:21:03.839074 26814 ts_tablet_manager.cc:1507] Shutting down tablet manager...
I20260630 12:21:03.839854 26814 tablet_replica.cc:333] T 95f424ba21fc4d9e8d55e6a0c5ddf2fe P aef3d3d87fcb467799b6b42043556301: stopping tablet replica
I20260630 12:21:03.840361 26814 raft_consensus.cc:2243] T 95f424ba21fc4d9e8d55e6a0c5ddf2fe P aef3d3d87fcb467799b6b42043556301 [term 1 LEADER]: Raft consensus shutting down.
I20260630 12:21:03.840752 26814 raft_consensus.cc:2272] T 95f424ba21fc4d9e8d55e6a0c5ddf2fe P aef3d3d87fcb467799b6b42043556301 [term 1 FOLLOWER]: Raft consensus is shut down!
I20260630 12:21:03.856523 27960 raft_consensus.cc:1275] T 00000000000000000000000000000000 P 22518b6a7d404521992998e278d63137 [term 2 FOLLOWER]: Refusing update from remote peer b213dc72c9c34a5a9bd9d0133917a063: Log matching property violated. Preceding OpId in replica: term: 1 index: 11. Preceding OpId from leader: term: 2 index: 12. (index mismatch)
I20260630 12:21:03.858268 28466 consensus_queue.cc:1048] T 00000000000000000000000000000000 P b213dc72c9c34a5a9bd9d0133917a063 [LEADER]: Connected to new peer: Peer: permanent_uuid: "22518b6a7d404521992998e278d63137" member_type: VOTER last_known_addr { host: "127.26.47.190" port: 36699 }, Status: LMP_MISMATCH, Last received: 0.0, Next index: 12, Last known committed idx: 11, Time since last communication: 0.000s
I20260630 12:21:03.860803 26814 tablet_server.cc:196] TabletServer@127.26.47.131:0 shutdown complete.
I20260630 12:21:03.865608 28469 sys_catalog.cc:455] T 00000000000000000000000000000000 P 22518b6a7d404521992998e278d63137 [sys.catalog]: SysCatalogTable state changed. Reason: New leader b213dc72c9c34a5a9bd9d0133917a063. Latest consensus state: current_term: 2 leader_uuid: "b213dc72c9c34a5a9bd9d0133917a063" committed_config { opid_index: -1 OBSOLETE_local: false peers { permanent_uuid: "22518b6a7d404521992998e278d63137" member_type: VOTER last_known_addr { host: "127.26.47.190" port: 36699 } } peers { permanent_uuid: "b213dc72c9c34a5a9bd9d0133917a063" member_type: VOTER last_known_addr { host: "127.26.47.189" port: 44049 } } peers { permanent_uuid: "38c8179a402b4f3ba60246e94d1bbed7" member_type: VOTER last_known_addr { host: "127.26.47.188" port: 36573 } } }
I20260630 12:21:03.866791 28469 sys_catalog.cc:458] T 00000000000000000000000000000000 P 22518b6a7d404521992998e278d63137 [sys.catalog]: This master's current role is: FOLLOWER
I20260630 12:21:03.870157 28466 sys_catalog.cc:455] T 00000000000000000000000000000000 P b213dc72c9c34a5a9bd9d0133917a063 [sys.catalog]: SysCatalogTable state changed. Reason: Peer health change. Latest consensus state: current_term: 2 leader_uuid: "b213dc72c9c34a5a9bd9d0133917a063" committed_config { opid_index: -1 OBSOLETE_local: false peers { permanent_uuid: "22518b6a7d404521992998e278d63137" member_type: VOTER last_known_addr { host: "127.26.47.190" port: 36699 } } peers { permanent_uuid: "b213dc72c9c34a5a9bd9d0133917a063" member_type: VOTER last_known_addr { host: "127.26.47.189" port: 44049 } } peers { permanent_uuid: "38c8179a402b4f3ba60246e94d1bbed7" member_type: VOTER last_known_addr { host: "127.26.47.188" port: 36573 } } }
I20260630 12:21:03.871340 28466 sys_catalog.cc:458] T 00000000000000000000000000000000 P b213dc72c9c34a5a9bd9d0133917a063 [sys.catalog]: This master's current role is: LEADER
I20260630 12:21:03.872936 28469 sys_catalog.cc:455] T 00000000000000000000000000000000 P 22518b6a7d404521992998e278d63137 [sys.catalog]: SysCatalogTable state changed. Reason: Replicated consensus-only round. Latest consensus state: current_term: 2 leader_uuid: "b213dc72c9c34a5a9bd9d0133917a063" committed_config { opid_index: -1 OBSOLETE_local: false peers { permanent_uuid: "22518b6a7d404521992998e278d63137" member_type: VOTER last_known_addr { host: "127.26.47.190" port: 36699 } } peers { permanent_uuid: "b213dc72c9c34a5a9bd9d0133917a063" member_type: VOTER last_known_addr { host: "127.26.47.189" port: 44049 } } peers { permanent_uuid: "38c8179a402b4f3ba60246e94d1bbed7" member_type: VOTER last_known_addr { host: "127.26.47.188" port: 36573 } } }
I20260630 12:21:03.873767 28469 sys_catalog.cc:458] T 00000000000000000000000000000000 P 22518b6a7d404521992998e278d63137 [sys.catalog]: This master's current role is: FOLLOWER
I20260630 12:21:03.873822 26814 master.cc:562] Master@127.26.47.190:36699 shutting down...
I20260630 12:21:03.895216 26814 raft_consensus.cc:2243] T 00000000000000000000000000000000 P 22518b6a7d404521992998e278d63137 [term 2 FOLLOWER]: Raft consensus shutting down.
I20260630 12:21:03.895996 26814 raft_consensus.cc:2272] T 00000000000000000000000000000000 P 22518b6a7d404521992998e278d63137 [term 2 FOLLOWER]: Raft consensus is shut down!
I20260630 12:21:03.896307 26814 tablet_replica.cc:333] T 00000000000000000000000000000000 P 22518b6a7d404521992998e278d63137: stopping tablet replica
I20260630 12:21:03.918430 26814 master.cc:584] Master@127.26.47.190:36699 shutdown complete.
I20260630 12:21:03.930794 26814 master.cc:562] Master@127.26.47.189:44049 shutting down...
I20260630 12:21:03.948807 26814 raft_consensus.cc:2243] T 00000000000000000000000000000000 P b213dc72c9c34a5a9bd9d0133917a063 [term 2 LEADER]: Raft consensus shutting down.
I20260630 12:21:03.949774 26814 raft_consensus.cc:2272] T 00000000000000000000000000000000 P b213dc72c9c34a5a9bd9d0133917a063 [term 2 FOLLOWER]: Raft consensus is shut down!
I20260630 12:21:03.950309 26814 tablet_replica.cc:333] T 00000000000000000000000000000000 P b213dc72c9c34a5a9bd9d0133917a063: stopping tablet replica
I20260630 12:21:03.970032 26814 master.cc:584] Master@127.26.47.189:44049 shutdown complete.
[       OK ] AutoRebalancerTest.NextLeaderResumesAutoRebalancing (6852 ms)
[ RUN      ] AutoRebalancerTest.MovesScheduledIfAddTserver
I20260630 12:21:04.002519 26814 internal_mini_cluster.cc:156] Creating distributed mini masters. Addrs: 127.26.47.190:45195
I20260630 12:21:04.004238 26814 file_cache.cc:492] Constructed file cache file cache with capacity 419430
W20260630 12:21:04.009948 28475 instance_detector.cc:116] could not retrieve AWS instance metadata: Network error: curl error: HTTP response code said error: The requested URL returned error: 404
W20260630 12:21:04.010207 28476 instance_detector.cc:116] could not retrieve Azure instance metadata: Network error: curl error: HTTP response code said error: The requested URL returned error: 404
W20260630 12:21:04.011045 28478 instance_detector.cc:116] could not retrieve OpenStack instance metadata: Network error: curl error: HTTP response code said error: The requested URL returned error: 404
I20260630 12:21:04.012632 26814 server_base.cc:1061] running on GCE node
I20260630 12:21:04.013464 26814 hybrid_clock.cc:584] initializing the hybrid clock with 'system_unsync' time source
W20260630 12:21:04.013641 26814 system_unsync_time.cc:38] NTP support is disabled. Clock error bounds will not be accurate. This configuration is not suitable for distributed clusters.
I20260630 12:21:04.013752 26814 hybrid_clock.cc:648] HybridClock initialized: now 1782822064013741 us; error 0 us; skew 500 ppm
I20260630 12:21:04.014252 26814 server_base.cc:861] Flag tcmalloc_max_total_thread_cache_bytes is not working since tcmalloc is not enabled.
I20260630 12:21:04.016772 26814 webserver.cc:533] Webserver started at http://127.26.47.190:45919/ using document root <none> and password file <none>
I20260630 12:21:04.017309 26814 fs_manager.cc:362] Metadata directory not provided
I20260630 12:21:04.017479 26814 fs_manager.cc:368] Using write-ahead log directory (fs_wal_dir) as metadata directory
I20260630 12:21:04.017820 26814 server_base.cc:909] This appears to be a new deployment of Kudu; creating new FS layout
I20260630 12:21:04.018904 26814 fs_manager.cc:1068] Generated new instance metadata in path /tmp/dist-test-taskRR2M0J/test-tmp/auto_rebalancer-test.0.AutoRebalancerTest.MovesScheduledIfAddTserver.1782822036995022-26814-0/minicluster-data/master-0-root/instance:
uuid: "40cb2ea5b992410db30c8367c75603b1"
format_stamp: "Formatted at 2026-06-30 12:21:04 on dist-test-slave-qd59"
I20260630 12:21:04.024523 26814 fs_manager.cc:696] Time spent creating directory manager: real 0.005s	user 0.007s	sys 0.000s
I20260630 12:21:04.028975 28483 log_block_manager.cc:4031] Time spent loading block containers with low live blocks: real 0.000s	user 0.000s	sys 0.000s
I20260630 12:21:04.030006 26814 fs_manager.cc:730] Time spent opening block manager: real 0.003s	user 0.004s	sys 0.000s
I20260630 12:21:04.030295 26814 fs_manager.cc:647] Opened local filesystem: /tmp/dist-test-taskRR2M0J/test-tmp/auto_rebalancer-test.0.AutoRebalancerTest.MovesScheduledIfAddTserver.1782822036995022-26814-0/minicluster-data/master-0-root
uuid: "40cb2ea5b992410db30c8367c75603b1"
format_stamp: "Formatted at 2026-06-30 12:21:04 on dist-test-slave-qd59"
I20260630 12:21:04.030552 26814 fs_report.cc:389] FS layout report
--------------------
wal directory: /tmp/dist-test-taskRR2M0J/test-tmp/auto_rebalancer-test.0.AutoRebalancerTest.MovesScheduledIfAddTserver.1782822036995022-26814-0/minicluster-data/master-0-root
metadata directory: /tmp/dist-test-taskRR2M0J/test-tmp/auto_rebalancer-test.0.AutoRebalancerTest.MovesScheduledIfAddTserver.1782822036995022-26814-0/minicluster-data/master-0-root
1 data directories: /tmp/dist-test-taskRR2M0J/test-tmp/auto_rebalancer-test.0.AutoRebalancerTest.MovesScheduledIfAddTserver.1782822036995022-26814-0/minicluster-data/master-0-root/data
Total live blocks: 0
Total live bytes: 0
Total live bytes (after alignment): 0
Total number of LBM containers: 0 (0 full)
Did not check for missing blocks
Did not check for orphaned blocks
Total full LBM containers with extra space: 0 (0 repaired)
Total full LBM container extra space in bytes: 0 (0 repaired)
Total incomplete LBM containers: 0 (0 repaired)
Total LBM partial records: 0 (0 repaired)
Total corrupted LBM metadata records in RocksDB: 0 (0 repaired)
I20260630 12:21:04.069612 26814 rpc_server.cc:225] running with OpenSSL 1.1.1  11 Sep 2018
I20260630 12:21:04.070725 26814 kserver.cc:163] Server-wide thread pool size limit: 3276
I20260630 12:21:04.117009 26814 rpc_server.cc:307] RPC server started. Bound to: 127.26.47.190:45195
I20260630 12:21:04.117259 28534 acceptor_pool.cc:272] collecting diagnostics on the listening RPC socket 127.26.47.190:45195 every 8 connection(s)
I20260630 12:21:04.121881 28535 data_dirs.cc:400] Could only allocate 1 dirs of requested 3 for tablet 00000000000000000000000000000000. 1 dirs total, 0 dirs full, 0 dirs failed
I20260630 12:21:04.134584 28535 tablet_bootstrap.cc:492] T 00000000000000000000000000000000 P 40cb2ea5b992410db30c8367c75603b1: Bootstrap starting.
I20260630 12:21:04.139876 28535 tablet_bootstrap.cc:654] T 00000000000000000000000000000000 P 40cb2ea5b992410db30c8367c75603b1: Neither blocks nor log segments found. Creating new log.
I20260630 12:21:04.144908 28535 tablet_bootstrap.cc:492] T 00000000000000000000000000000000 P 40cb2ea5b992410db30c8367c75603b1: No bootstrap required, opened a new log
I20260630 12:21:04.147251 28535 raft_consensus.cc:359] T 00000000000000000000000000000000 P 40cb2ea5b992410db30c8367c75603b1 [term 0 FOLLOWER]: Replica starting. Triggering 0 pending ops. Active config: opid_index: -1 OBSOLETE_local: true peers { permanent_uuid: "40cb2ea5b992410db30c8367c75603b1" member_type: VOTER }
I20260630 12:21:04.147974 28535 raft_consensus.cc:385] T 00000000000000000000000000000000 P 40cb2ea5b992410db30c8367c75603b1 [term 0 FOLLOWER]: Consensus starting up: Expiring failure detector timer to make a prompt election more likely
I20260630 12:21:04.148290 28535 raft_consensus.cc:740] T 00000000000000000000000000000000 P 40cb2ea5b992410db30c8367c75603b1 [term 0 FOLLOWER]: Becoming Follower/Learner. State: Replica: 40cb2ea5b992410db30c8367c75603b1, State: Initialized, Role: FOLLOWER
I20260630 12:21:04.149088 28535 consensus_queue.cc:260] T 00000000000000000000000000000000 P 40cb2ea5b992410db30c8367c75603b1 [NON_LEADER]: Queue going to NON_LEADER mode. State: All replicated index: 0, Majority replicated index: 0, Committed index: 0, Last appended: 0.0, Last appended by leader: 0, Current term: 0, Majority size: -1, State: 0, Mode: NON_LEADER, active raft config: opid_index: -1 OBSOLETE_local: true peers { permanent_uuid: "40cb2ea5b992410db30c8367c75603b1" member_type: VOTER }
I20260630 12:21:04.149606 28535 raft_consensus.cc:399] T 00000000000000000000000000000000 P 40cb2ea5b992410db30c8367c75603b1 [term 0 FOLLOWER]: Only one voter in the Raft config. Triggering election immediately
I20260630 12:21:04.149827 28535 raft_consensus.cc:493] T 00000000000000000000000000000000 P 40cb2ea5b992410db30c8367c75603b1 [term 0 FOLLOWER]: Starting leader election (initial election of a single-replica configuration)
I20260630 12:21:04.150152 28535 raft_consensus.cc:3060] T 00000000000000000000000000000000 P 40cb2ea5b992410db30c8367c75603b1 [term 0 FOLLOWER]: Advancing to term 1
I20260630 12:21:04.154882 28535 raft_consensus.cc:515] T 00000000000000000000000000000000 P 40cb2ea5b992410db30c8367c75603b1 [term 1 FOLLOWER]: Starting leader election with config: opid_index: -1 OBSOLETE_local: true peers { permanent_uuid: "40cb2ea5b992410db30c8367c75603b1" member_type: VOTER }
I20260630 12:21:04.155740 28535 leader_election.cc:304] T 00000000000000000000000000000000 P 40cb2ea5b992410db30c8367c75603b1 [CANDIDATE]: Term 1 election: Election decided. Result: candidate won. Election summary: received 1 responses out of 1 voters: 1 yes votes; 0 no votes. yes voters: 40cb2ea5b992410db30c8367c75603b1; no voters: 
I20260630 12:21:04.157377 28535 leader_election.cc:290] T 00000000000000000000000000000000 P 40cb2ea5b992410db30c8367c75603b1 [CANDIDATE]: Term 1 election: Requested vote from peers 
I20260630 12:21:04.157850 28538 raft_consensus.cc:2804] T 00000000000000000000000000000000 P 40cb2ea5b992410db30c8367c75603b1 [term 1 FOLLOWER]: Leader election won for term 1
I20260630 12:21:04.159507 28538 raft_consensus.cc:697] T 00000000000000000000000000000000 P 40cb2ea5b992410db30c8367c75603b1 [term 1 LEADER]: Becoming Leader. State: Replica: 40cb2ea5b992410db30c8367c75603b1, State: Running, Role: LEADER
I20260630 12:21:04.160380 28538 consensus_queue.cc:237] T 00000000000000000000000000000000 P 40cb2ea5b992410db30c8367c75603b1 [LEADER]: Queue going to LEADER mode. State: All replicated index: 0, Majority replicated index: 0, Committed index: 0, Last appended: 0.0, Last appended by leader: 0, Current term: 1, Majority size: 1, State: 0, Mode: LEADER, active raft config: opid_index: -1 OBSOLETE_local: true peers { permanent_uuid: "40cb2ea5b992410db30c8367c75603b1" member_type: VOTER }
I20260630 12:21:04.160912 28535 sys_catalog.cc:565] T 00000000000000000000000000000000 P 40cb2ea5b992410db30c8367c75603b1 [sys.catalog]: configured and running, proceeding with master startup.
I20260630 12:21:04.163467 28539 sys_catalog.cc:455] T 00000000000000000000000000000000 P 40cb2ea5b992410db30c8367c75603b1 [sys.catalog]: SysCatalogTable state changed. Reason: RaftConsensus started. Latest consensus state: current_term: 1 leader_uuid: "40cb2ea5b992410db30c8367c75603b1" committed_config { opid_index: -1 OBSOLETE_local: true peers { permanent_uuid: "40cb2ea5b992410db30c8367c75603b1" member_type: VOTER } }
I20260630 12:21:04.164230 28539 sys_catalog.cc:458] T 00000000000000000000000000000000 P 40cb2ea5b992410db30c8367c75603b1 [sys.catalog]: This master's current role is: LEADER
I20260630 12:21:04.164690 28540 sys_catalog.cc:455] T 00000000000000000000000000000000 P 40cb2ea5b992410db30c8367c75603b1 [sys.catalog]: SysCatalogTable state changed. Reason: New leader 40cb2ea5b992410db30c8367c75603b1. Latest consensus state: current_term: 1 leader_uuid: "40cb2ea5b992410db30c8367c75603b1" committed_config { opid_index: -1 OBSOLETE_local: true peers { permanent_uuid: "40cb2ea5b992410db30c8367c75603b1" member_type: VOTER } }
I20260630 12:21:04.165390 28540 sys_catalog.cc:458] T 00000000000000000000000000000000 P 40cb2ea5b992410db30c8367c75603b1 [sys.catalog]: This master's current role is: LEADER
I20260630 12:21:04.169618 28543 catalog_manager.cc:1511] Loading table and tablet metadata into memory...
I20260630 12:21:04.176752 28543 catalog_manager.cc:1520] Initializing Kudu cluster ID...
I20260630 12:21:04.177989 26814 internal_mini_cluster.cc:184] Waiting to initialize catalog manager on master 0
I20260630 12:21:04.187337 28543 catalog_manager.cc:1383] Generated new cluster ID: e6f6d018b5db46f2b9dd0ae9fdbc5683
I20260630 12:21:04.187680 28543 catalog_manager.cc:1531] Initializing Kudu internal certificate authority...
I20260630 12:21:04.206259 28543 catalog_manager.cc:1406] Generated new certificate authority record
I20260630 12:21:04.207595 28543 catalog_manager.cc:1540] Loading token signing keys...
I20260630 12:21:04.224686 28543 catalog_manager.cc:6070] T 00000000000000000000000000000000 P 40cb2ea5b992410db30c8367c75603b1: Generated new TSK 0
I20260630 12:21:04.225379 28543 catalog_manager.cc:1550] Initializing in-progress tserver states...
I20260630 12:21:04.245826 26814 file_cache.cc:492] Constructed file cache file cache with capacity 419430
W20260630 12:21:04.252111 28556 instance_detector.cc:116] could not retrieve AWS instance metadata: Network error: curl error: HTTP response code said error: The requested URL returned error: 404
W20260630 12:21:04.253361 28557 instance_detector.cc:116] could not retrieve Azure instance metadata: Network error: curl error: HTTP response code said error: The requested URL returned error: 404
W20260630 12:21:04.254930 28559 instance_detector.cc:116] could not retrieve OpenStack instance metadata: Network error: curl error: HTTP response code said error: The requested URL returned error: 404
I20260630 12:21:04.255147 26814 server_base.cc:1061] running on GCE node
I20260630 12:21:04.256114 26814 hybrid_clock.cc:584] initializing the hybrid clock with 'system_unsync' time source
W20260630 12:21:04.256309 26814 system_unsync_time.cc:38] NTP support is disabled. Clock error bounds will not be accurate. This configuration is not suitable for distributed clusters.
I20260630 12:21:04.256426 26814 hybrid_clock.cc:648] HybridClock initialized: now 1782822064256415 us; error 0 us; skew 500 ppm
I20260630 12:21:04.257220 26814 server_base.cc:861] Flag tcmalloc_max_total_thread_cache_bytes is not working since tcmalloc is not enabled.
I20260630 12:21:04.260665 26814 webserver.cc:533] Webserver started at http://127.26.47.129:45159/ using document root <none> and password file <none>
I20260630 12:21:04.261185 26814 fs_manager.cc:362] Metadata directory not provided
I20260630 12:21:04.261359 26814 fs_manager.cc:368] Using write-ahead log directory (fs_wal_dir) as metadata directory
I20260630 12:21:04.261600 26814 server_base.cc:909] This appears to be a new deployment of Kudu; creating new FS layout
I20260630 12:21:04.262909 26814 fs_manager.cc:1068] Generated new instance metadata in path /tmp/dist-test-taskRR2M0J/test-tmp/auto_rebalancer-test.0.AutoRebalancerTest.MovesScheduledIfAddTserver.1782822036995022-26814-0/minicluster-data/ts-0-root/instance:
uuid: "3882f41ec0324caba2aa5b3fcf3e19b2"
format_stamp: "Formatted at 2026-06-30 12:21:04 on dist-test-slave-qd59"
I20260630 12:21:04.268380 26814 fs_manager.cc:696] Time spent creating directory manager: real 0.005s	user 0.007s	sys 0.000s
I20260630 12:21:04.272528 28564 log_block_manager.cc:4031] Time spent loading block containers with low live blocks: real 0.000s	user 0.000s	sys 0.000s
I20260630 12:21:04.273780 26814 fs_manager.cc:730] Time spent opening block manager: real 0.003s	user 0.002s	sys 0.002s
I20260630 12:21:04.274121 26814 fs_manager.cc:647] Opened local filesystem: /tmp/dist-test-taskRR2M0J/test-tmp/auto_rebalancer-test.0.AutoRebalancerTest.MovesScheduledIfAddTserver.1782822036995022-26814-0/minicluster-data/ts-0-root
uuid: "3882f41ec0324caba2aa5b3fcf3e19b2"
format_stamp: "Formatted at 2026-06-30 12:21:04 on dist-test-slave-qd59"
I20260630 12:21:04.274376 26814 fs_report.cc:389] FS layout report
--------------------
wal directory: /tmp/dist-test-taskRR2M0J/test-tmp/auto_rebalancer-test.0.AutoRebalancerTest.MovesScheduledIfAddTserver.1782822036995022-26814-0/minicluster-data/ts-0-root
metadata directory: /tmp/dist-test-taskRR2M0J/test-tmp/auto_rebalancer-test.0.AutoRebalancerTest.MovesScheduledIfAddTserver.1782822036995022-26814-0/minicluster-data/ts-0-root
1 data directories: /tmp/dist-test-taskRR2M0J/test-tmp/auto_rebalancer-test.0.AutoRebalancerTest.MovesScheduledIfAddTserver.1782822036995022-26814-0/minicluster-data/ts-0-root/data
Total live blocks: 0
Total live bytes: 0
Total live bytes (after alignment): 0
Total number of LBM containers: 0 (0 full)
Did not check for missing blocks
Did not check for orphaned blocks
Total full LBM containers with extra space: 0 (0 repaired)
Total full LBM container extra space in bytes: 0 (0 repaired)
Total incomplete LBM containers: 0 (0 repaired)
Total LBM partial records: 0 (0 repaired)
Total corrupted LBM metadata records in RocksDB: 0 (0 repaired)
I20260630 12:21:04.287416 26814 rpc_server.cc:225] running with OpenSSL 1.1.1  11 Sep 2018
I20260630 12:21:04.288839 26814 kserver.cc:163] Server-wide thread pool size limit: 3276
I20260630 12:21:04.290691 26814 txn_system_client.cc:432] TxnSystemClient initialization is disabled...
I20260630 12:21:04.293612 26814 ts_tablet_manager.cc:585] Loaded tablet metadata (0 total tablets, 0 live tablets)
I20260630 12:21:04.293833 26814 ts_tablet_manager.cc:531] Time spent load tablet metadata: real 0.000s	user 0.000s	sys 0.000s
I20260630 12:21:04.294301 26814 ts_tablet_manager.cc:616] Registered 0 tablets
I20260630 12:21:04.294587 26814 ts_tablet_manager.cc:595] Time spent register tablets: real 0.000s	user 0.000s	sys 0.000s
I20260630 12:21:04.348287 26814 rpc_server.cc:307] RPC server started. Bound to: 127.26.47.129:44719
I20260630 12:21:04.348393 28626 acceptor_pool.cc:272] collecting diagnostics on the listening RPC socket 127.26.47.129:44719 every 8 connection(s)
I20260630 12:21:04.353813 26814 file_cache.cc:492] Constructed file cache file cache with capacity 419430
W20260630 12:21:04.361486 28631 instance_detector.cc:116] could not retrieve AWS instance metadata: Network error: curl error: HTTP response code said error: The requested URL returned error: 404
W20260630 12:21:04.361996 28632 instance_detector.cc:116] could not retrieve Azure instance metadata: Network error: curl error: HTTP response code said error: The requested URL returned error: 404
