I20260630 12:22:45.440935 30849 catalog_manager.cc:5697] T 389ebffaccfd4193b358cc9a74effd6e P ec99405ecdd74366bc4f9c06339f54fd reported cstate change: term changed from 0 to 1, leader changed from <none> to ec99405ecdd74366bc4f9c06339f54fd (127.25.216.66). New cstate: current_term: 1 leader_uuid: "ec99405ecdd74366bc4f9c06339f54fd" committed_config { opid_index: -1 OBSOLETE_local: false peers { permanent_uuid: "66ec66c0fc95498fa873e2b165d0bc37" member_type: VOTER last_known_addr { host: "127.25.216.65" port: 38393 } health_report { overall_health: UNKNOWN } } peers { permanent_uuid: "ec99405ecdd74366bc4f9c06339f54fd" member_type: VOTER last_known_addr { host: "127.25.216.66" port: 32799 } health_report { overall_health: HEALTHY } } peers { permanent_uuid: "fd71b5ab104b4d53914f678e960c0619" member_type: VOTER last_known_addr { host: "127.25.216.67" port: 38493 } health_report { overall_health: UNKNOWN } } }
I20260630 12:22:45.443519 31160 raft_consensus.cc:515] T a7ee33ff3ff24eff8fda177372f81339 P 66ec66c0fc95498fa873e2b165d0bc37 [term 1 FOLLOWER]: Starting leader election with config: opid_index: -1 OBSOLETE_local: false peers { permanent_uuid: "66ec66c0fc95498fa873e2b165d0bc37" member_type: VOTER last_known_addr { host: "127.25.216.65" port: 38393 } } peers { permanent_uuid: "ec99405ecdd74366bc4f9c06339f54fd" member_type: VOTER last_known_addr { host: "127.25.216.66" port: 32799 } } peers { permanent_uuid: "fd71b5ab104b4d53914f678e960c0619" member_type: VOTER last_known_addr { host: "127.25.216.67" port: 38493 } }
I20260630 12:22:45.447443 31024 tablet_service.cc:1917] Received RequestConsensusVote() RPC: tablet_id: "a7ee33ff3ff24eff8fda177372f81339" candidate_uuid: "66ec66c0fc95498fa873e2b165d0bc37" candidate_term: 1 candidate_status { last_received { term: 0 index: 0 } } ignore_live_leader: false dest_uuid: "ec99405ecdd74366bc4f9c06339f54fd"
I20260630 12:22:45.447656 31100 tablet_service.cc:1917] Received RequestConsensusVote() RPC: tablet_id: "a7ee33ff3ff24eff8fda177372f81339" candidate_uuid: "66ec66c0fc95498fa873e2b165d0bc37" candidate_term: 1 candidate_status { last_received { term: 0 index: 0 } } ignore_live_leader: false dest_uuid: "fd71b5ab104b4d53914f678e960c0619"
I20260630 12:22:45.448151 31100 raft_consensus.cc:3060] T a7ee33ff3ff24eff8fda177372f81339 P fd71b5ab104b4d53914f678e960c0619 [term 0 FOLLOWER]: Advancing to term 1
I20260630 12:22:45.448041 31024 raft_consensus.cc:3060] T a7ee33ff3ff24eff8fda177372f81339 P ec99405ecdd74366bc4f9c06339f54fd [term 0 FOLLOWER]: Advancing to term 1
I20260630 12:22:45.455258 31100 raft_consensus.cc:2468] T a7ee33ff3ff24eff8fda177372f81339 P fd71b5ab104b4d53914f678e960c0619 [term 1 FOLLOWER]: Leader election vote request: Granting yes vote for candidate 66ec66c0fc95498fa873e2b165d0bc37 in term 1.
I20260630 12:22:45.456547 30916 leader_election.cc:304] T a7ee33ff3ff24eff8fda177372f81339 P 66ec66c0fc95498fa873e2b165d0bc37 [CANDIDATE]: Term 1 election: Election decided. Result: candidate won. Election summary: received 2 responses out of 3 voters: 2 yes votes; 0 no votes. yes voters: 66ec66c0fc95498fa873e2b165d0bc37, fd71b5ab104b4d53914f678e960c0619; no voters: 
I20260630 12:22:45.457515 31160 leader_election.cc:290] T a7ee33ff3ff24eff8fda177372f81339 P 66ec66c0fc95498fa873e2b165d0bc37 [CANDIDATE]: Term 1 election: Requested vote from peers ec99405ecdd74366bc4f9c06339f54fd (127.25.216.66:32799), fd71b5ab104b4d53914f678e960c0619 (127.25.216.67:38493)
I20260630 12:22:45.457765 31176 raft_consensus.cc:2804] T a7ee33ff3ff24eff8fda177372f81339 P 66ec66c0fc95498fa873e2b165d0bc37 [term 1 FOLLOWER]: Leader election won for term 1
I20260630 12:22:45.458494 31176 raft_consensus.cc:697] T a7ee33ff3ff24eff8fda177372f81339 P 66ec66c0fc95498fa873e2b165d0bc37 [term 1 LEADER]: Becoming Leader. State: Replica: 66ec66c0fc95498fa873e2b165d0bc37, State: Running, Role: LEADER
I20260630 12:22:45.459904 31176 consensus_queue.cc:237] T a7ee33ff3ff24eff8fda177372f81339 P 66ec66c0fc95498fa873e2b165d0bc37 [LEADER]: Queue going to LEADER mode. State: All replicated index: 0, Majority replicated index: 0, Committed index: 0, Last appended: 0.0, Last appended by leader: 0, Current term: 1, Majority size: 2, State: 0, Mode: LEADER, active raft config: opid_index: -1 OBSOLETE_local: false peers { permanent_uuid: "66ec66c0fc95498fa873e2b165d0bc37" member_type: VOTER last_known_addr { host: "127.25.216.65" port: 38393 } } peers { permanent_uuid: "ec99405ecdd74366bc4f9c06339f54fd" member_type: VOTER last_known_addr { host: "127.25.216.66" port: 32799 } } peers { permanent_uuid: "fd71b5ab104b4d53914f678e960c0619" member_type: VOTER last_known_addr { host: "127.25.216.67" port: 38493 } }
I20260630 12:22:45.474974 31024 raft_consensus.cc:2468] T a7ee33ff3ff24eff8fda177372f81339 P ec99405ecdd74366bc4f9c06339f54fd [term 1 FOLLOWER]: Leader election vote request: Granting yes vote for candidate 66ec66c0fc95498fa873e2b165d0bc37 in term 1.
I20260630 12:22:45.483695 31153 tablet_bootstrap.cc:492] T 389ebffaccfd4193b358cc9a74effd6e P 66ec66c0fc95498fa873e2b165d0bc37: No bootstrap required, opened a new log
I20260630 12:22:45.484325 31153 ts_tablet_manager.cc:1403] T 389ebffaccfd4193b358cc9a74effd6e P 66ec66c0fc95498fa873e2b165d0bc37: Time spent bootstrapping tablet: real 0.066s	user 0.031s	sys 0.027s
I20260630 12:22:45.488082 31153 raft_consensus.cc:359] T 389ebffaccfd4193b358cc9a74effd6e P 66ec66c0fc95498fa873e2b165d0bc37 [term 0 FOLLOWER]: Replica starting. Triggering 0 pending ops. Active config: opid_index: -1 OBSOLETE_local: false peers { permanent_uuid: "66ec66c0fc95498fa873e2b165d0bc37" member_type: VOTER last_known_addr { host: "127.25.216.65" port: 38393 } } peers { permanent_uuid: "ec99405ecdd74366bc4f9c06339f54fd" member_type: VOTER last_known_addr { host: "127.25.216.66" port: 32799 } } peers { permanent_uuid: "fd71b5ab104b4d53914f678e960c0619" member_type: VOTER last_known_addr { host: "127.25.216.67" port: 38493 } }
I20260630 12:22:45.488636 31160 consensus_queue.cc:1048] T 8715e872b40f47d88b37699f57dbb510 P 66ec66c0fc95498fa873e2b165d0bc37 [LEADER]: Connected to new peer: Peer: permanent_uuid: "ec99405ecdd74366bc4f9c06339f54fd" member_type: VOTER last_known_addr { host: "127.25.216.66" port: 32799 }, Status: LMP_MISMATCH, Last received: 0.0, Next index: 1, Last known committed idx: 0, Time since last communication: 0.000s
I20260630 12:22:45.489007 31153 raft_consensus.cc:385] T 389ebffaccfd4193b358cc9a74effd6e P 66ec66c0fc95498fa873e2b165d0bc37 [term 0 FOLLOWER]: Consensus starting up: Expiring failure detector timer to make a prompt election more likely
I20260630 12:22:45.489408 31153 raft_consensus.cc:740] T 389ebffaccfd4193b358cc9a74effd6e P 66ec66c0fc95498fa873e2b165d0bc37 [term 0 FOLLOWER]: Becoming Follower/Learner. State: Replica: 66ec66c0fc95498fa873e2b165d0bc37, State: Initialized, Role: FOLLOWER
I20260630 12:22:45.490368 31153 consensus_queue.cc:260] T 389ebffaccfd4193b358cc9a74effd6e P 66ec66c0fc95498fa873e2b165d0bc37 [NON_LEADER]: Queue going to NON_LEADER mode. State: All replicated index: 0, Majority replicated index: 0, Committed index: 0, Last appended: 0.0, Last appended by leader: 0, Current term: 0, Majority size: -1, State: 0, Mode: NON_LEADER, active raft config: opid_index: -1 OBSOLETE_local: false peers { permanent_uuid: "66ec66c0fc95498fa873e2b165d0bc37" member_type: VOTER last_known_addr { host: "127.25.216.65" port: 38393 } } peers { permanent_uuid: "ec99405ecdd74366bc4f9c06339f54fd" member_type: VOTER last_known_addr { host: "127.25.216.66" port: 32799 } } peers { permanent_uuid: "fd71b5ab104b4d53914f678e960c0619" member_type: VOTER last_known_addr { host: "127.25.216.67" port: 38493 } }
I20260630 12:22:45.490149 30848 catalog_manager.cc:5697] T 77d7a8a06dbd46df8a4fbe49eb262827 P ec99405ecdd74366bc4f9c06339f54fd reported cstate change: term changed from 0 to 1, leader changed from <none> to ec99405ecdd74366bc4f9c06339f54fd (127.25.216.66). New cstate: current_term: 1 leader_uuid: "ec99405ecdd74366bc4f9c06339f54fd" committed_config { opid_index: -1 OBSOLETE_local: false peers { permanent_uuid: "66ec66c0fc95498fa873e2b165d0bc37" member_type: VOTER last_known_addr { host: "127.25.216.65" port: 38393 } health_report { overall_health: UNKNOWN } } peers { permanent_uuid: "ec99405ecdd74366bc4f9c06339f54fd" member_type: VOTER last_known_addr { host: "127.25.216.66" port: 32799 } health_report { overall_health: HEALTHY } } peers { permanent_uuid: "fd71b5ab104b4d53914f678e960c0619" member_type: VOTER last_known_addr { host: "127.25.216.67" port: 38493 } health_report { overall_health: UNKNOWN } } }
I20260630 12:22:45.497972 31099 raft_consensus.cc:3060] T 8715e872b40f47d88b37699f57dbb510 P fd71b5ab104b4d53914f678e960c0619 [term 0 FOLLOWER]: Advancing to term 1
I20260630 12:22:45.510396 31160 consensus_queue.cc:1048] T 8715e872b40f47d88b37699f57dbb510 P 66ec66c0fc95498fa873e2b165d0bc37 [LEADER]: Connected to new peer: Peer: permanent_uuid: "fd71b5ab104b4d53914f678e960c0619" member_type: VOTER last_known_addr { host: "127.25.216.67" port: 38493 }, Status: LMP_MISMATCH, Last received: 0.0, Next index: 1, Last known committed idx: 0, Time since last communication: 0.001s
I20260630 12:22:45.511080 30849 catalog_manager.cc:5697] T 0d18de48be4049e8accdf2922a6504a0 P fd71b5ab104b4d53914f678e960c0619 reported cstate change: term changed from 0 to 1, leader changed from <none> to fd71b5ab104b4d53914f678e960c0619 (127.25.216.67). New cstate: current_term: 1 leader_uuid: "fd71b5ab104b4d53914f678e960c0619" committed_config { opid_index: -1 OBSOLETE_local: false peers { permanent_uuid: "66ec66c0fc95498fa873e2b165d0bc37" member_type: VOTER last_known_addr { host: "127.25.216.65" port: 38393 } health_report { overall_health: UNKNOWN } } peers { permanent_uuid: "ec99405ecdd74366bc4f9c06339f54fd" member_type: VOTER last_known_addr { host: "127.25.216.66" port: 32799 } health_report { overall_health: UNKNOWN } } peers { permanent_uuid: "fd71b5ab104b4d53914f678e960c0619" member_type: VOTER last_known_addr { host: "127.25.216.67" port: 38493 } health_report { overall_health: HEALTHY } } }
I20260630 12:22:45.517136 31153 ts_tablet_manager.cc:1434] T 389ebffaccfd4193b358cc9a74effd6e P 66ec66c0fc95498fa873e2b165d0bc37: Time spent starting tablet: real 0.032s	user 0.010s	sys 0.005s
I20260630 12:22:45.520671 31025 raft_consensus.cc:3060] T bc23dda6c39c468c804de6e0de2b90a3 P ec99405ecdd74366bc4f9c06339f54fd [term 0 FOLLOWER]: Advancing to term 1
I20260630 12:22:45.533969 31151 raft_consensus.cc:493] T bc23dda6c39c468c804de6e0de2b90a3 P ec99405ecdd74366bc4f9c06339f54fd [term 1 FOLLOWER]: Starting pre-election (no leader contacted us within the election timeout)
I20260630 12:22:45.534547 31151 raft_consensus.cc:515] T bc23dda6c39c468c804de6e0de2b90a3 P ec99405ecdd74366bc4f9c06339f54fd [term 1 FOLLOWER]: Starting pre-election with config: opid_index: -1 OBSOLETE_local: false peers { permanent_uuid: "66ec66c0fc95498fa873e2b165d0bc37" member_type: VOTER last_known_addr { host: "127.25.216.65" port: 38393 } } peers { permanent_uuid: "ec99405ecdd74366bc4f9c06339f54fd" member_type: VOTER last_known_addr { host: "127.25.216.66" port: 32799 } } peers { permanent_uuid: "fd71b5ab104b4d53914f678e960c0619" member_type: VOTER last_known_addr { host: "127.25.216.67" port: 38493 } }
I20260630 12:22:45.538322 31228 consensus_queue.cc:1048] T bc23dda6c39c468c804de6e0de2b90a3 P 66ec66c0fc95498fa873e2b165d0bc37 [LEADER]: Connected to new peer: Peer: permanent_uuid: "ec99405ecdd74366bc4f9c06339f54fd" member_type: VOTER last_known_addr { host: "127.25.216.66" port: 32799 }, Status: LMP_MISMATCH, Last received: 0.0, Next index: 1, Last known committed idx: 0, Time since last communication: 0.001s
I20260630 12:22:45.540306 31151 leader_election.cc:290] T bc23dda6c39c468c804de6e0de2b90a3 P ec99405ecdd74366bc4f9c06339f54fd [CANDIDATE]: Term 2 pre-election: Requested pre-vote from peers 66ec66c0fc95498fa873e2b165d0bc37 (127.25.216.65:38393), fd71b5ab104b4d53914f678e960c0619 (127.25.216.67:38493)
I20260630 12:22:45.541628 30951 tablet_service.cc:1917] Received RequestConsensusVote() RPC: tablet_id: "bc23dda6c39c468c804de6e0de2b90a3" candidate_uuid: "ec99405ecdd74366bc4f9c06339f54fd" candidate_term: 2 candidate_status { last_received { term: 0 index: 0 } } ignore_live_leader: false dest_uuid: "66ec66c0fc95498fa873e2b165d0bc37" is_pre_election: true
I20260630 12:22:45.543229 30848 catalog_manager.cc:5697] T a7ee33ff3ff24eff8fda177372f81339 P 66ec66c0fc95498fa873e2b165d0bc37 reported cstate change: term changed from 0 to 1, leader changed from <none> to 66ec66c0fc95498fa873e2b165d0bc37 (127.25.216.65). New cstate: current_term: 1 leader_uuid: "66ec66c0fc95498fa873e2b165d0bc37" committed_config { opid_index: -1 OBSOLETE_local: false peers { permanent_uuid: "66ec66c0fc95498fa873e2b165d0bc37" member_type: VOTER last_known_addr { host: "127.25.216.65" port: 38393 } health_report { overall_health: HEALTHY } } peers { permanent_uuid: "ec99405ecdd74366bc4f9c06339f54fd" member_type: VOTER last_known_addr { host: "127.25.216.66" port: 32799 } health_report { overall_health: UNKNOWN } } peers { permanent_uuid: "fd71b5ab104b4d53914f678e960c0619" member_type: VOTER last_known_addr { host: "127.25.216.67" port: 38493 } health_report { overall_health: UNKNOWN } } }
I20260630 12:22:45.543592 31098 tablet_service.cc:1917] Received RequestConsensusVote() RPC: tablet_id: "bc23dda6c39c468c804de6e0de2b90a3" candidate_uuid: "ec99405ecdd74366bc4f9c06339f54fd" candidate_term: 2 candidate_status { last_received { term: 0 index: 0 } } ignore_live_leader: false dest_uuid: "fd71b5ab104b4d53914f678e960c0619" is_pre_election: true
I20260630 12:22:45.544574 31098 raft_consensus.cc:2468] T bc23dda6c39c468c804de6e0de2b90a3 P fd71b5ab104b4d53914f678e960c0619 [term 1 FOLLOWER]: Leader pre-election vote request: Granting yes vote for candidate ec99405ecdd74366bc4f9c06339f54fd in term 1.
I20260630 12:22:45.546231 30991 leader_election.cc:304] T bc23dda6c39c468c804de6e0de2b90a3 P ec99405ecdd74366bc4f9c06339f54fd [CANDIDATE]: Term 2 pre-election: Election decided. Result: candidate won. Election summary: received 2 responses out of 3 voters: 2 yes votes; 0 no votes. yes voters: ec99405ecdd74366bc4f9c06339f54fd, fd71b5ab104b4d53914f678e960c0619; no voters: 
I20260630 12:22:45.547320 31151 raft_consensus.cc:2804] T bc23dda6c39c468c804de6e0de2b90a3 P ec99405ecdd74366bc4f9c06339f54fd [term 1 FOLLOWER]: Leader pre-election won for term 2
I20260630 12:22:45.547897 31151 raft_consensus.cc:493] T bc23dda6c39c468c804de6e0de2b90a3 P ec99405ecdd74366bc4f9c06339f54fd [term 1 FOLLOWER]: Starting leader election (no leader contacted us within the election timeout)
I20260630 12:22:45.548382 31151 raft_consensus.cc:3060] T bc23dda6c39c468c804de6e0de2b90a3 P ec99405ecdd74366bc4f9c06339f54fd [term 1 FOLLOWER]: Advancing to term 2
I20260630 12:22:45.559916 31151 raft_consensus.cc:515] T bc23dda6c39c468c804de6e0de2b90a3 P ec99405ecdd74366bc4f9c06339f54fd [term 2 FOLLOWER]: Starting leader election with config: opid_index: -1 OBSOLETE_local: false peers { permanent_uuid: "66ec66c0fc95498fa873e2b165d0bc37" member_type: VOTER last_known_addr { host: "127.25.216.65" port: 38393 } } peers { permanent_uuid: "ec99405ecdd74366bc4f9c06339f54fd" member_type: VOTER last_known_addr { host: "127.25.216.66" port: 32799 } } peers { permanent_uuid: "fd71b5ab104b4d53914f678e960c0619" member_type: VOTER last_known_addr { host: "127.25.216.67" port: 38493 } }
I20260630 12:22:45.561424 31025 raft_consensus.cc:1240] T bc23dda6c39c468c804de6e0de2b90a3 P ec99405ecdd74366bc4f9c06339f54fd [term 2 FOLLOWER]: Rejecting Update request from peer 66ec66c0fc95498fa873e2b165d0bc37 for earlier term 1. Current term is 2. Ops: [1.1-1.1]
I20260630 12:22:45.564181 31151 leader_election.cc:290] T bc23dda6c39c468c804de6e0de2b90a3 P ec99405ecdd74366bc4f9c06339f54fd [CANDIDATE]: Term 2 election: Requested vote from peers 66ec66c0fc95498fa873e2b165d0bc37 (127.25.216.65:38393), fd71b5ab104b4d53914f678e960c0619 (127.25.216.67:38493)
I20260630 12:22:45.564288 30951 tablet_service.cc:1917] Received RequestConsensusVote() RPC: tablet_id: "bc23dda6c39c468c804de6e0de2b90a3" candidate_uuid: "ec99405ecdd74366bc4f9c06339f54fd" candidate_term: 2 candidate_status { last_received { term: 0 index: 0 } } ignore_live_leader: false dest_uuid: "66ec66c0fc95498fa873e2b165d0bc37"
I20260630 12:22:45.566262 31226 consensus_queue.cc:1059] T bc23dda6c39c468c804de6e0de2b90a3 P 66ec66c0fc95498fa873e2b165d0bc37 [LEADER]: Peer responded invalid term: Peer: permanent_uuid: "ec99405ecdd74366bc4f9c06339f54fd" member_type: VOTER last_known_addr { host: "127.25.216.66" port: 32799 }, Status: INVALID_TERM, Last received: 0.0, Next index: 1, Last known committed idx: 0, Time since last communication: 0.001s
I20260630 12:22:45.567260 31226 raft_consensus.cc:3055] T bc23dda6c39c468c804de6e0de2b90a3 P 66ec66c0fc95498fa873e2b165d0bc37 [term 1 LEADER]: Stepping down as leader of term 1
I20260630 12:22:45.567580 31226 raft_consensus.cc:740] T bc23dda6c39c468c804de6e0de2b90a3 P 66ec66c0fc95498fa873e2b165d0bc37 [term 1 LEADER]: Becoming Follower/Learner. State: Replica: 66ec66c0fc95498fa873e2b165d0bc37, State: Running, Role: LEADER
I20260630 12:22:45.567683 31099 tablet_service.cc:1917] Received RequestConsensusVote() RPC: tablet_id: "bc23dda6c39c468c804de6e0de2b90a3" candidate_uuid: "ec99405ecdd74366bc4f9c06339f54fd" candidate_term: 2 candidate_status { last_received { term: 0 index: 0 } } ignore_live_leader: false dest_uuid: "fd71b5ab104b4d53914f678e960c0619"
I20260630 12:22:45.568267 31099 raft_consensus.cc:3060] T bc23dda6c39c468c804de6e0de2b90a3 P fd71b5ab104b4d53914f678e960c0619 [term 1 FOLLOWER]: Advancing to term 2
I20260630 12:22:45.568441 31226 consensus_queue.cc:260] T bc23dda6c39c468c804de6e0de2b90a3 P 66ec66c0fc95498fa873e2b165d0bc37 [NON_LEADER]: Queue going to NON_LEADER mode. State: All replicated index: 0, Majority replicated index: 0, Committed index: 0, Last appended: 1.1, Last appended by leader: 1, Current term: 1, Majority size: -1, State: 0, Mode: NON_LEADER, active raft config: opid_index: -1 OBSOLETE_local: false peers { permanent_uuid: "66ec66c0fc95498fa873e2b165d0bc37" member_type: VOTER last_known_addr { host: "127.25.216.65" port: 38393 } } peers { permanent_uuid: "ec99405ecdd74366bc4f9c06339f54fd" member_type: VOTER last_known_addr { host: "127.25.216.66" port: 32799 } } peers { permanent_uuid: "fd71b5ab104b4d53914f678e960c0619" member_type: VOTER last_known_addr { host: "127.25.216.67" port: 38493 } }
I20260630 12:22:45.569954 31226 raft_consensus.cc:3060] T bc23dda6c39c468c804de6e0de2b90a3 P 66ec66c0fc95498fa873e2b165d0bc37 [term 1 FOLLOWER]: Advancing to term 2
I20260630 12:22:45.576022 31099 raft_consensus.cc:2468] T bc23dda6c39c468c804de6e0de2b90a3 P fd71b5ab104b4d53914f678e960c0619 [term 2 FOLLOWER]: Leader election vote request: Granting yes vote for candidate ec99405ecdd74366bc4f9c06339f54fd in term 2.
I20260630 12:22:45.577641 30991 leader_election.cc:304] T bc23dda6c39c468c804de6e0de2b90a3 P ec99405ecdd74366bc4f9c06339f54fd [CANDIDATE]: Term 2 election: Election decided. Result: candidate won. Election summary: received 3 responses out of 3 voters: 2 yes votes; 1 no votes. yes voters: ec99405ecdd74366bc4f9c06339f54fd, fd71b5ab104b4d53914f678e960c0619; no voters: 66ec66c0fc95498fa873e2b165d0bc37
I20260630 12:22:45.580245 31151 raft_consensus.cc:2804] T bc23dda6c39c468c804de6e0de2b90a3 P ec99405ecdd74366bc4f9c06339f54fd [term 2 FOLLOWER]: Leader election won for term 2
I20260630 12:22:45.581103 31151 raft_consensus.cc:697] T bc23dda6c39c468c804de6e0de2b90a3 P ec99405ecdd74366bc4f9c06339f54fd [term 2 LEADER]: Becoming Leader. State: Replica: ec99405ecdd74366bc4f9c06339f54fd, State: Running, Role: LEADER
I20260630 12:22:45.582113 31151 consensus_queue.cc:237] T bc23dda6c39c468c804de6e0de2b90a3 P ec99405ecdd74366bc4f9c06339f54fd [LEADER]: Queue going to LEADER mode. State: All replicated index: 0, Majority replicated index: 0, Committed index: 0, Last appended: 0.0, Last appended by leader: 0, Current term: 2, Majority size: 2, State: 0, Mode: LEADER, active raft config: opid_index: -1 OBSOLETE_local: false peers { permanent_uuid: "66ec66c0fc95498fa873e2b165d0bc37" member_type: VOTER last_known_addr { host: "127.25.216.65" port: 38393 } } peers { permanent_uuid: "ec99405ecdd74366bc4f9c06339f54fd" member_type: VOTER last_known_addr { host: "127.25.216.66" port: 32799 } } peers { permanent_uuid: "fd71b5ab104b4d53914f678e960c0619" member_type: VOTER last_known_addr { host: "127.25.216.67" port: 38493 } }
I20260630 12:22:45.589774 31150 consensus_queue.cc:1048] T 09203c4df2884fef927ce01380334176 P fd71b5ab104b4d53914f678e960c0619 [LEADER]: Connected to new peer: Peer: permanent_uuid: "66ec66c0fc95498fa873e2b165d0bc37" member_type: VOTER last_known_addr { host: "127.25.216.65" port: 38393 }, Status: LMP_MISMATCH, Last received: 0.0, Next index: 1, Last known committed idx: 0, Time since last communication: 0.000s
I20260630 12:22:45.592566 30846 catalog_manager.cc:5697] T bc23dda6c39c468c804de6e0de2b90a3 P ec99405ecdd74366bc4f9c06339f54fd reported cstate change: term changed from 1 to 2, leader changed from 66ec66c0fc95498fa873e2b165d0bc37 (127.25.216.65) to ec99405ecdd74366bc4f9c06339f54fd (127.25.216.66). New cstate: current_term: 2 leader_uuid: "ec99405ecdd74366bc4f9c06339f54fd" committed_config { opid_index: -1 OBSOLETE_local: false peers { permanent_uuid: "66ec66c0fc95498fa873e2b165d0bc37" member_type: VOTER last_known_addr { host: "127.25.216.65" port: 38393 } health_report { overall_health: UNKNOWN } } peers { permanent_uuid: "ec99405ecdd74366bc4f9c06339f54fd" member_type: VOTER last_known_addr { host: "127.25.216.66" port: 32799 } health_report { overall_health: HEALTHY } } peers { permanent_uuid: "fd71b5ab104b4d53914f678e960c0619" member_type: VOTER last_known_addr { host: "127.25.216.67" port: 38493 } health_report { overall_health: UNKNOWN } } }
I20260630 12:22:45.605186 31150 consensus_queue.cc:1048] T 09203c4df2884fef927ce01380334176 P fd71b5ab104b4d53914f678e960c0619 [LEADER]: Connected to new peer: Peer: permanent_uuid: "ec99405ecdd74366bc4f9c06339f54fd" member_type: VOTER last_known_addr { host: "127.25.216.66" port: 32799 }, Status: LMP_MISMATCH, Last received: 0.0, Next index: 1, Last known committed idx: 0, Time since last communication: 0.001s
I20260630 12:22:45.607658 31151 consensus_queue.cc:1048] T 4bee890d31c6476f80b488deb07c99c4 P ec99405ecdd74366bc4f9c06339f54fd [LEADER]: Connected to new peer: Peer: permanent_uuid: "66ec66c0fc95498fa873e2b165d0bc37" member_type: VOTER last_known_addr { host: "127.25.216.65" port: 38393 }, Status: LMP_MISMATCH, Last received: 0.0, Next index: 1, Last known committed idx: 0, Time since last communication: 0.001s
I20260630 12:22:45.623459 31214 consensus_queue.cc:1048] T 4bee890d31c6476f80b488deb07c99c4 P ec99405ecdd74366bc4f9c06339f54fd [LEADER]: Connected to new peer: Peer: permanent_uuid: "fd71b5ab104b4d53914f678e960c0619" member_type: VOTER last_known_addr { host: "127.25.216.67" port: 38493 }, Status: LMP_MISMATCH, Last received: 0.0, Next index: 1, Last known committed idx: 0, Time since last communication: 0.000s
I20260630 12:22:45.634176 31226 raft_consensus.cc:493] T 389ebffaccfd4193b358cc9a74effd6e P 66ec66c0fc95498fa873e2b165d0bc37 [term 0 FOLLOWER]: Starting pre-election (no leader contacted us within the election timeout)
I20260630 12:22:45.634650 31226 raft_consensus.cc:515] T 389ebffaccfd4193b358cc9a74effd6e P 66ec66c0fc95498fa873e2b165d0bc37 [term 0 FOLLOWER]: Starting pre-election with config: opid_index: -1 OBSOLETE_local: false peers { permanent_uuid: "66ec66c0fc95498fa873e2b165d0bc37" member_type: VOTER last_known_addr { host: "127.25.216.65" port: 38393 } } peers { permanent_uuid: "ec99405ecdd74366bc4f9c06339f54fd" member_type: VOTER last_known_addr { host: "127.25.216.66" port: 32799 } } peers { permanent_uuid: "fd71b5ab104b4d53914f678e960c0619" member_type: VOTER last_known_addr { host: "127.25.216.67" port: 38493 } }
I20260630 12:22:45.636530 31226 leader_election.cc:290] T 389ebffaccfd4193b358cc9a74effd6e P 66ec66c0fc95498fa873e2b165d0bc37 [CANDIDATE]: Term 1 pre-election: Requested pre-vote from peers ec99405ecdd74366bc4f9c06339f54fd (127.25.216.66:32799), fd71b5ab104b4d53914f678e960c0619 (127.25.216.67:38493)
I20260630 12:22:45.637226 31025 tablet_service.cc:1917] Received RequestConsensusVote() RPC: tablet_id: "389ebffaccfd4193b358cc9a74effd6e" candidate_uuid: "66ec66c0fc95498fa873e2b165d0bc37" candidate_term: 1 candidate_status { last_received { term: 0 index: 0 } } ignore_live_leader: false dest_uuid: "ec99405ecdd74366bc4f9c06339f54fd" is_pre_election: true
I20260630 12:22:45.637928 31099 tablet_service.cc:1917] Received RequestConsensusVote() RPC: tablet_id: "389ebffaccfd4193b358cc9a74effd6e" candidate_uuid: "66ec66c0fc95498fa873e2b165d0bc37" candidate_term: 1 candidate_status { last_received { term: 0 index: 0 } } ignore_live_leader: false dest_uuid: "fd71b5ab104b4d53914f678e960c0619" is_pre_election: true
I20260630 12:22:45.638720 31099 raft_consensus.cc:2393] T 389ebffaccfd4193b358cc9a74effd6e P fd71b5ab104b4d53914f678e960c0619 [term 1 FOLLOWER]: Leader pre-election vote request: Denying vote to candidate 66ec66c0fc95498fa873e2b165d0bc37 in current term 1: Already voted for candidate ec99405ecdd74366bc4f9c06339f54fd in this term.
I20260630 12:22:45.640112 30916 leader_election.cc:304] T 389ebffaccfd4193b358cc9a74effd6e P 66ec66c0fc95498fa873e2b165d0bc37 [CANDIDATE]: Term 1 pre-election: Election decided. Result: candidate lost. Election summary: received 3 responses out of 3 voters: 1 yes votes; 2 no votes. yes voters: 66ec66c0fc95498fa873e2b165d0bc37; no voters: ec99405ecdd74366bc4f9c06339f54fd, fd71b5ab104b4d53914f678e960c0619
I20260630 12:22:45.640153 31150 consensus_queue.cc:1048] T c73ad55a5dbb40aebb2becc950a225b0 P fd71b5ab104b4d53914f678e960c0619 [LEADER]: Connected to new peer: Peer: permanent_uuid: "66ec66c0fc95498fa873e2b165d0bc37" member_type: VOTER last_known_addr { host: "127.25.216.65" port: 38393 }, Status: LMP_MISMATCH, Last received: 0.0, Next index: 1, Last known committed idx: 0, Time since last communication: 0.000s
I20260630 12:22:45.641039 31226 raft_consensus.cc:3060] T 389ebffaccfd4193b358cc9a74effd6e P 66ec66c0fc95498fa873e2b165d0bc37 [term 0 FOLLOWER]: Advancing to term 1
I20260630 12:22:45.650169 31226 raft_consensus.cc:2749] T 389ebffaccfd4193b358cc9a74effd6e P 66ec66c0fc95498fa873e2b165d0bc37 [term 1 FOLLOWER]: Leader pre-election lost for term 1. Reason: could not achieve majority
I20260630 12:22:45.653899 31150 consensus_queue.cc:1048] T c73ad55a5dbb40aebb2becc950a225b0 P fd71b5ab104b4d53914f678e960c0619 [LEADER]: Connected to new peer: Peer: permanent_uuid: "ec99405ecdd74366bc4f9c06339f54fd" member_type: VOTER last_known_addr { host: "127.25.216.66" port: 32799 }, Status: LMP_MISMATCH, Last received: 0.0, Next index: 1, Last known committed idx: 0, Time since last communication: 0.000s
I20260630 12:22:45.731098 31150 consensus_queue.cc:1048] T 8135afd446074f9f858f15d0fa71910a P fd71b5ab104b4d53914f678e960c0619 [LEADER]: Connected to new peer: Peer: permanent_uuid: "66ec66c0fc95498fa873e2b165d0bc37" member_type: VOTER last_known_addr { host: "127.25.216.65" port: 38393 }, Status: LMP_MISMATCH, Last received: 0.0, Next index: 1, Last known committed idx: 0, Time since last communication: 0.001s
I20260630 12:22:45.739893 31192 consensus_queue.cc:1048] T 8135afd446074f9f858f15d0fa71910a P fd71b5ab104b4d53914f678e960c0619 [LEADER]: Connected to new peer: Peer: permanent_uuid: "ec99405ecdd74366bc4f9c06339f54fd" member_type: VOTER last_known_addr { host: "127.25.216.66" port: 32799 }, Status: LMP_MISMATCH, Last received: 0.0, Next index: 1, Last known committed idx: 0, Time since last communication: 0.000s
I20260630 12:22:45.748526 31226 raft_consensus.cc:493] T 0d18de48be4049e8accdf2922a6504a0 P 66ec66c0fc95498fa873e2b165d0bc37 [term 0 FOLLOWER]: Starting pre-election (no leader contacted us within the election timeout)
I20260630 12:22:45.749099 31226 raft_consensus.cc:515] T 0d18de48be4049e8accdf2922a6504a0 P 66ec66c0fc95498fa873e2b165d0bc37 [term 0 FOLLOWER]: Starting pre-election with config: opid_index: -1 OBSOLETE_local: false peers { permanent_uuid: "66ec66c0fc95498fa873e2b165d0bc37" member_type: VOTER last_known_addr { host: "127.25.216.65" port: 38393 } } peers { permanent_uuid: "ec99405ecdd74366bc4f9c06339f54fd" member_type: VOTER last_known_addr { host: "127.25.216.66" port: 32799 } } peers { permanent_uuid: "fd71b5ab104b4d53914f678e960c0619" member_type: VOTER last_known_addr { host: "127.25.216.67" port: 38493 } }
I20260630 12:22:45.751334 31226 leader_election.cc:290] T 0d18de48be4049e8accdf2922a6504a0 P 66ec66c0fc95498fa873e2b165d0bc37 [CANDIDATE]: Term 1 pre-election: Requested pre-vote from peers ec99405ecdd74366bc4f9c06339f54fd (127.25.216.66:32799), fd71b5ab104b4d53914f678e960c0619 (127.25.216.67:38493)
I20260630 12:22:45.752902 31024 tablet_service.cc:1917] Received RequestConsensusVote() RPC: tablet_id: "0d18de48be4049e8accdf2922a6504a0" candidate_uuid: "66ec66c0fc95498fa873e2b165d0bc37" candidate_term: 1 candidate_status { last_received { term: 0 index: 0 } } ignore_live_leader: false dest_uuid: "ec99405ecdd74366bc4f9c06339f54fd" is_pre_election: true
I20260630 12:22:45.753799 31024 raft_consensus.cc:2393] T 0d18de48be4049e8accdf2922a6504a0 P ec99405ecdd74366bc4f9c06339f54fd [term 1 FOLLOWER]: Leader pre-election vote request: Denying vote to candidate 66ec66c0fc95498fa873e2b165d0bc37 in current term 1: Already voted for candidate fd71b5ab104b4d53914f678e960c0619 in this term.
I20260630 12:22:45.756508 31099 tablet_service.cc:1917] Received RequestConsensusVote() RPC: tablet_id: "0d18de48be4049e8accdf2922a6504a0" candidate_uuid: "66ec66c0fc95498fa873e2b165d0bc37" candidate_term: 1 candidate_status { last_received { term: 0 index: 0 } } ignore_live_leader: false dest_uuid: "fd71b5ab104b4d53914f678e960c0619" is_pre_election: true
I20260630 12:22:45.758298 30916 leader_election.cc:304] T 0d18de48be4049e8accdf2922a6504a0 P 66ec66c0fc95498fa873e2b165d0bc37 [CANDIDATE]: Term 1 pre-election: Election decided. Result: candidate lost. Election summary: received 3 responses out of 3 voters: 1 yes votes; 2 no votes. yes voters: 66ec66c0fc95498fa873e2b165d0bc37; no voters: ec99405ecdd74366bc4f9c06339f54fd, fd71b5ab104b4d53914f678e960c0619
I20260630 12:22:45.759564 31226 raft_consensus.cc:3060] T 0d18de48be4049e8accdf2922a6504a0 P 66ec66c0fc95498fa873e2b165d0bc37 [term 0 FOLLOWER]: Advancing to term 1
I20260630 12:22:45.773553 31150 consensus_queue.cc:1048] T 13ddf3c713fa4ef39dd32c83a9937ef3 P fd71b5ab104b4d53914f678e960c0619 [LEADER]: Connected to new peer: Peer: permanent_uuid: "66ec66c0fc95498fa873e2b165d0bc37" member_type: VOTER last_known_addr { host: "127.25.216.65" port: 38393 }, Status: LMP_MISMATCH, Last received: 0.0, Next index: 1, Last known committed idx: 0, Time since last communication: 0.001s
I20260630 12:22:45.803817 31226 raft_consensus.cc:2749] T 0d18de48be4049e8accdf2922a6504a0 P 66ec66c0fc95498fa873e2b165d0bc37 [term 1 FOLLOWER]: Leader pre-election lost for term 1. Reason: could not achieve majority
I20260630 12:22:45.813135 31192 consensus_queue.cc:1048] T 13ddf3c713fa4ef39dd32c83a9937ef3 P fd71b5ab104b4d53914f678e960c0619 [LEADER]: Connected to new peer: Peer: permanent_uuid: "ec99405ecdd74366bc4f9c06339f54fd" member_type: VOTER last_known_addr { host: "127.25.216.66" port: 32799 }, Status: LMP_MISMATCH, Last received: 0.0, Next index: 1, Last known committed idx: 0, Time since last communication: 0.000s
I20260630 12:22:45.816998 31150 consensus_queue.cc:1048] T 0d18de48be4049e8accdf2922a6504a0 P fd71b5ab104b4d53914f678e960c0619 [LEADER]: Connected to new peer: Peer: permanent_uuid: "66ec66c0fc95498fa873e2b165d0bc37" member_type: VOTER last_known_addr { host: "127.25.216.65" port: 38393 }, Status: LMP_MISMATCH, Last received: 0.0, Next index: 1, Last known committed idx: 0, Time since last communication: 0.002s
I20260630 12:22:45.833323 31214 consensus_queue.cc:1048] T 389ebffaccfd4193b358cc9a74effd6e P ec99405ecdd74366bc4f9c06339f54fd [LEADER]: Connected to new peer: Peer: permanent_uuid: "66ec66c0fc95498fa873e2b165d0bc37" member_type: VOTER last_known_addr { host: "127.25.216.65" port: 38393 }, Status: LMP_MISMATCH, Last received: 0.0, Next index: 1, Last known committed idx: 0, Time since last communication: 0.000s
I20260630 12:22:45.915452 31203 consensus_queue.cc:1048] T 0d18de48be4049e8accdf2922a6504a0 P fd71b5ab104b4d53914f678e960c0619 [LEADER]: Connected to new peer: Peer: permanent_uuid: "ec99405ecdd74366bc4f9c06339f54fd" member_type: VOTER last_known_addr { host: "127.25.216.66" port: 32799 }, Status: LMP_MISMATCH, Last received: 0.0, Next index: 1, Last known committed idx: 0, Time since last communication: 0.000s
I20260630 12:22:45.920585 31226 consensus_queue.cc:1048] T a7ee33ff3ff24eff8fda177372f81339 P 66ec66c0fc95498fa873e2b165d0bc37 [LEADER]: Connected to new peer: Peer: permanent_uuid: "ec99405ecdd74366bc4f9c06339f54fd" member_type: VOTER last_known_addr { host: "127.25.216.66" port: 32799 }, Status: LMP_MISMATCH, Last received: 0.0, Next index: 1, Last known committed idx: 0, Time since last communication: 0.001s
I20260630 12:22:45.922335 31151 consensus_queue.cc:1048] T 389ebffaccfd4193b358cc9a74effd6e P ec99405ecdd74366bc4f9c06339f54fd [LEADER]: Connected to new peer: Peer: permanent_uuid: "fd71b5ab104b4d53914f678e960c0619" member_type: VOTER last_known_addr { host: "127.25.216.67" port: 38493 }, Status: LMP_MISMATCH, Last received: 0.0, Next index: 1, Last known committed idx: 0, Time since last communication: 0.000s
I20260630 12:22:45.923771 31151 consensus_queue.cc:1048] T 77d7a8a06dbd46df8a4fbe49eb262827 P ec99405ecdd74366bc4f9c06339f54fd [LEADER]: Connected to new peer: Peer: permanent_uuid: "fd71b5ab104b4d53914f678e960c0619" member_type: VOTER last_known_addr { host: "127.25.216.67" port: 38493 }, Status: LMP_MISMATCH, Last received: 0.0, Next index: 1, Last known committed idx: 0, Time since last communication: 0.000s
I20260630 12:22:45.937834 31152 consensus_queue.cc:1048] T 77d7a8a06dbd46df8a4fbe49eb262827 P ec99405ecdd74366bc4f9c06339f54fd [LEADER]: Connected to new peer: Peer: permanent_uuid: "66ec66c0fc95498fa873e2b165d0bc37" member_type: VOTER last_known_addr { host: "127.25.216.65" port: 38393 }, Status: LMP_MISMATCH, Last received: 0.0, Next index: 1, Last known committed idx: 0, Time since last communication: 0.001s
I20260630 12:22:45.972677 31226 consensus_queue.cc:1048] T a7ee33ff3ff24eff8fda177372f81339 P 66ec66c0fc95498fa873e2b165d0bc37 [LEADER]: Connected to new peer: Peer: permanent_uuid: "fd71b5ab104b4d53914f678e960c0619" member_type: VOTER last_known_addr { host: "127.25.216.67" port: 38493 }, Status: LMP_MISMATCH, Last received: 0.0, Next index: 1, Last known committed idx: 0, Time since last communication: 0.001s
I20260630 12:22:45.983439 31097 raft_consensus.cc:1275] T bc23dda6c39c468c804de6e0de2b90a3 P fd71b5ab104b4d53914f678e960c0619 [term 2 FOLLOWER]: Refusing update from remote peer ec99405ecdd74366bc4f9c06339f54fd: Log matching property violated. Preceding OpId in replica: term: 0 index: 0. Preceding OpId from leader: term: 2 index: 1. (index mismatch)
I20260630 12:22:45.993419 31152 consensus_queue.cc:1048] T bc23dda6c39c468c804de6e0de2b90a3 P ec99405ecdd74366bc4f9c06339f54fd [LEADER]: Connected to new peer: Peer: permanent_uuid: "fd71b5ab104b4d53914f678e960c0619" member_type: VOTER last_known_addr { host: "127.25.216.67" port: 38493 }, Status: LMP_MISMATCH, Last received: 0.0, Next index: 1, Last known committed idx: 0, Time since last communication: 0.000s
I20260630 12:22:46.016433 30948 raft_consensus.cc:1275] T bc23dda6c39c468c804de6e0de2b90a3 P 66ec66c0fc95498fa873e2b165d0bc37 [term 2 FOLLOWER]: Refusing update from remote peer ec99405ecdd74366bc4f9c06339f54fd: Log matching property violated. Preceding OpId in replica: term: 1 index: 1. Preceding OpId from leader: term: 2 index: 1. (term mismatch)
I20260630 12:22:46.016901 30948 pending_rounds.cc:85] T bc23dda6c39c468c804de6e0de2b90a3 P 66ec66c0fc95498fa873e2b165d0bc37: Aborting all ops after (but not including) 0
I20260630 12:22:46.017189 30948 pending_rounds.cc:107] T bc23dda6c39c468c804de6e0de2b90a3 P 66ec66c0fc95498fa873e2b165d0bc37: Aborting uncommitted NO_OP operation due to leader change: 1.1
I20260630 12:22:46.017516 30948 raft_consensus.cc:2889] T bc23dda6c39c468c804de6e0de2b90a3 P 66ec66c0fc95498fa873e2b165d0bc37 [term 2 FOLLOWER]: NO_OP replication failed: Aborted: Op aborted by new leader
I20260630 12:22:46.019440 31152 consensus_queue.cc:1048] T bc23dda6c39c468c804de6e0de2b90a3 P ec99405ecdd74366bc4f9c06339f54fd [LEADER]: Connected to new peer: Peer: permanent_uuid: "66ec66c0fc95498fa873e2b165d0bc37" member_type: VOTER last_known_addr { host: "127.25.216.65" port: 38393 }, Status: LMP_MISMATCH, Last received: 0.0, Next index: 1, Last known committed idx: 0, Time since last communication: 0.000s
W20260630 12:22:48.067415 31063 outbound_call.cc:321] RPC callback for RPC call kudu.consensus.ConsensusService.UpdateConsensus -> {remote=127.25.216.66:32799, user_credentials={real_user=slave}} blocked reactor thread for 80172us
W20260630 12:22:48.154749 31240 meta_cache.cc:1261] Time spent looking up entry by key: real 0.073s	user 0.003s	sys 0.000s
W20260630 12:22:48.206722 30914 outbound_call.cc:321] RPC callback for RPC call kudu.consensus.ConsensusService.UpdateConsensus -> {remote=127.25.216.66:32799, user_credentials={real_user=slave}} blocked reactor thread for 75533us
W20260630 12:22:48.321547 30991 outbound_call.cc:321] RPC callback for RPC call kudu.consensus.ConsensusService.UpdateConsensus -> {remote=127.25.216.67:38493, user_credentials={real_user=slave}} blocked reactor thread for 47213.8us
W20260630 12:22:48.397142 31239 meta_cache.cc:1261] Time spent looking up entry by key: real 0.052s	user 0.004s	sys 0.000s
W20260630 12:22:48.631326 30992 outbound_call.cc:321] RPC callback for RPC call kudu.consensus.ConsensusService.UpdateConsensus -> {remote=127.25.216.65:38393, user_credentials={real_user=slave}} blocked reactor thread for 57501.1us
W20260630 12:22:48.698063 31063 outbound_call.cc:321] RPC callback for RPC call kudu.consensus.ConsensusService.UpdateConsensus -> {remote=127.25.216.66:32799, user_credentials={real_user=slave}} blocked reactor thread for 126297us
W20260630 12:22:48.827289 30916 outbound_call.cc:321] RPC callback for RPC call kudu.consensus.ConsensusService.UpdateConsensus -> {remote=127.25.216.67:38493, user_credentials={real_user=slave}} blocked reactor thread for 89284.3us
W20260630 12:22:49.138703 31218 log.cc:927] Time spent T 73b009e2343045149718112937771f99 P 66ec66c0fc95498fa873e2b165d0bc37: Append to log took a long time: real 0.094s	user 0.000s	sys 0.006s
W20260630 12:22:49.345877 31129 outbound_call.cc:321] RPC callback for RPC call kudu.tserver.TabletServerService.Write -> {remote=127.25.216.66:32799, user_credentials={real_user=slave}} blocked reactor thread for 47576.4us
W20260630 12:22:49.779297 31129 outbound_call.cc:321] RPC callback for RPC call kudu.tserver.TabletServerService.Write -> {remote=127.25.216.66:32799, user_credentials={real_user=slave}} blocked reactor thread for 47499.7us
I20260630 12:22:49.974157 26465 file_cache.cc:492] Constructed file cache file cache with capacity 419430
W20260630 12:22:49.998374 31326 instance_detector.cc:116] could not retrieve AWS instance metadata: Network error: curl error: HTTP response code said error: The requested URL returned error: 404
W20260630 12:22:50.000918 31327 instance_detector.cc:116] could not retrieve Azure instance metadata: Network error: curl error: HTTP response code said error: The requested URL returned error: 404
I20260630 12:22:50.005214 26465 server_base.cc:1061] running on GCE node
W20260630 12:22:50.008143 31329 instance_detector.cc:116] could not retrieve OpenStack instance metadata: Network error: curl error: HTTP response code said error: The requested URL returned error: 404
I20260630 12:22:50.011175 26465 hybrid_clock.cc:584] initializing the hybrid clock with 'system_unsync' time source
W20260630 12:22:50.011526 26465 system_unsync_time.cc:38] NTP support is disabled. Clock error bounds will not be accurate. This configuration is not suitable for distributed clusters.
I20260630 12:22:50.011795 26465 hybrid_clock.cc:648] HybridClock initialized: now 1782822170011768 us; error 0 us; skew 500 ppm
I20260630 12:22:50.012593 26465 server_base.cc:861] Flag tcmalloc_max_total_thread_cache_bytes is not working since tcmalloc is not enabled.
I20260630 12:22:50.016491 26465 webserver.cc:533] Webserver started at http://127.25.216.68:43195/ using document root <none> and password file <none>
I20260630 12:22:50.017321 26465 fs_manager.cc:362] Metadata directory not provided
I20260630 12:22:50.017630 26465 fs_manager.cc:368] Using write-ahead log directory (fs_wal_dir) as metadata directory
I20260630 12:22:50.018129 26465 server_base.cc:909] This appears to be a new deployment of Kudu; creating new FS layout
I20260630 12:22:50.019982 26465 fs_manager.cc:1068] Generated new instance metadata in path /tmp/dist-test-task59IY3V/test-tmp/auto_rebalancer-test.0.AutoRebalancerTest.TestMaxMovesPerServer.1782822033443571-26465-0/minicluster-data/ts-3-root/instance:
uuid: "10bb88a95b9a49c7bb3104e300dd6003"
format_stamp: "Formatted at 2026-06-30 12:22:50 on dist-test-slave-ctg2"
I20260630 12:22:50.026845 26465 fs_manager.cc:696] Time spent creating directory manager: real 0.006s	user 0.004s	sys 0.004s
I20260630 12:22:50.032478 31334 log_block_manager.cc:4031] Time spent loading block containers with low live blocks: real 0.000s	user 0.000s	sys 0.000s
I20260630 12:22:50.033726 26465 fs_manager.cc:730] Time spent opening block manager: real 0.003s	user 0.002s	sys 0.000s
I20260630 12:22:50.034197 26465 fs_manager.cc:647] Opened local filesystem: /tmp/dist-test-task59IY3V/test-tmp/auto_rebalancer-test.0.AutoRebalancerTest.TestMaxMovesPerServer.1782822033443571-26465-0/minicluster-data/ts-3-root
uuid: "10bb88a95b9a49c7bb3104e300dd6003"
format_stamp: "Formatted at 2026-06-30 12:22:50 on dist-test-slave-ctg2"
I20260630 12:22:50.034662 26465 fs_report.cc:389] FS layout report
--------------------
wal directory: /tmp/dist-test-task59IY3V/test-tmp/auto_rebalancer-test.0.AutoRebalancerTest.TestMaxMovesPerServer.1782822033443571-26465-0/minicluster-data/ts-3-root
metadata directory: /tmp/dist-test-task59IY3V/test-tmp/auto_rebalancer-test.0.AutoRebalancerTest.TestMaxMovesPerServer.1782822033443571-26465-0/minicluster-data/ts-3-root
1 data directories: /tmp/dist-test-task59IY3V/test-tmp/auto_rebalancer-test.0.AutoRebalancerTest.TestMaxMovesPerServer.1782822033443571-26465-0/minicluster-data/ts-3-root/data
Total live blocks: 0
Total live bytes: 0
Total live bytes (after alignment): 0
Total number of LBM containers: 0 (0 full)
Did not check for missing blocks
Did not check for orphaned blocks
Total full LBM containers with extra space: 0 (0 repaired)
Total full LBM container extra space in bytes: 0 (0 repaired)
Total incomplete LBM containers: 0 (0 repaired)
Total LBM partial records: 0 (0 repaired)
Total corrupted LBM metadata records in RocksDB: 0 (0 repaired)
I20260630 12:22:50.055730 26465 rpc_server.cc:225] running with OpenSSL 1.1.1  11 Sep 2018
I20260630 12:22:50.056900 26465 kserver.cc:163] Server-wide thread pool size limit: 3276
I20260630 12:22:50.058501 26465 txn_system_client.cc:432] TxnSystemClient initialization is disabled...
I20260630 12:22:50.060945 26465 ts_tablet_manager.cc:585] Loaded tablet metadata (0 total tablets, 0 live tablets)
I20260630 12:22:50.061123 26465 ts_tablet_manager.cc:531] Time spent load tablet metadata: real 0.000s	user 0.000s	sys 0.000s
I20260630 12:22:50.061305 26465 ts_tablet_manager.cc:616] Registered 0 tablets
I20260630 12:22:50.061460 26465 ts_tablet_manager.cc:595] Time spent register tablets: real 0.000s	user 0.000s	sys 0.000s
I20260630 12:22:50.104445 26465 rpc_server.cc:307] RPC server started. Bound to: 127.25.216.68:35763
I20260630 12:22:50.104560 31396 acceptor_pool.cc:272] collecting diagnostics on the listening RPC socket 127.25.216.68:35763 every 8 connection(s)
I20260630 12:22:50.110303 26465 file_cache.cc:492] Constructed file cache file cache with capacity 419430
W20260630 12:22:50.116583 31401 instance_detector.cc:116] could not retrieve AWS instance metadata: Network error: curl error: HTTP response code said error: The requested URL returned error: 404
W20260630 12:22:50.119293 31402 instance_detector.cc:116] could not retrieve Azure instance metadata: Network error: curl error: HTTP response code said error: The requested URL returned error: 404
W20260630 12:22:50.119985 31404 instance_detector.cc:116] could not retrieve OpenStack instance metadata: Network error: curl error: HTTP response code said error: The requested URL returned error: 404
I20260630 12:22:50.122308 26465 server_base.cc:1061] running on GCE node
I20260630 12:22:50.124182 26465 hybrid_clock.cc:584] initializing the hybrid clock with 'system_unsync' time source
I20260630 12:22:50.124228 31397 heartbeater.cc:344] Connected to a master server at 127.25.216.126:33161
W20260630 12:22:50.124387 26465 system_unsync_time.cc:38] NTP support is disabled. Clock error bounds will not be accurate. This configuration is not suitable for distributed clusters.
I20260630 12:22:50.124662 26465 hybrid_clock.cc:648] HybridClock initialized: now 1782822170124635 us; error 0 us; skew 500 ppm
I20260630 12:22:50.124672 31397 heartbeater.cc:461] Registering TS with master...
I20260630 12:22:50.125466 26465 server_base.cc:861] Flag tcmalloc_max_total_thread_cache_bytes is not working since tcmalloc is not enabled.
I20260630 12:22:50.125921 31397 heartbeater.cc:507] Master 127.25.216.126:33161 requested a full tablet report, sending...
I20260630 12:22:50.129372 26465 webserver.cc:533] Webserver started at http://127.25.216.69:34851/ using document root <none> and password file <none>
I20260630 12:22:50.129312 30845 ts_manager.cc:194] Registered new tserver with Master: 10bb88a95b9a49c7bb3104e300dd6003 (127.25.216.68:35763)
I20260630 12:22:50.130213 26465 fs_manager.cc:362] Metadata directory not provided
I20260630 12:22:50.130643 26465 fs_manager.cc:368] Using write-ahead log directory (fs_wal_dir) as metadata directory
I20260630 12:22:50.130981 26465 server_base.cc:909] This appears to be a new deployment of Kudu; creating new FS layout
I20260630 12:22:50.131767 30845 master_service.cc:502] Signed X509 certificate for tserver {username='slave'} at 127.0.0.1:35704
I20260630 12:22:50.132592 26465 fs_manager.cc:1068] Generated new instance metadata in path /tmp/dist-test-task59IY3V/test-tmp/auto_rebalancer-test.0.AutoRebalancerTest.TestMaxMovesPerServer.1782822033443571-26465-0/minicluster-data/ts-4-root/instance:
uuid: "26dda1cf5a0e4d5fa1ec33798050e1fa"
format_stamp: "Formatted at 2026-06-30 12:22:50 on dist-test-slave-ctg2"
I20260630 12:22:50.139814 26465 fs_manager.cc:696] Time spent creating directory manager: real 0.006s	user 0.009s	sys 0.000s
I20260630 12:22:50.144091 31409 log_block_manager.cc:4031] Time spent loading block containers with low live blocks: real 0.000s	user 0.000s	sys 0.000s
I20260630 12:22:50.145094 26465 fs_manager.cc:730] Time spent opening block manager: real 0.003s	user 0.002s	sys 0.000s
I20260630 12:22:50.145519 26465 fs_manager.cc:647] Opened local filesystem: /tmp/dist-test-task59IY3V/test-tmp/auto_rebalancer-test.0.AutoRebalancerTest.TestMaxMovesPerServer.1782822033443571-26465-0/minicluster-data/ts-4-root
uuid: "26dda1cf5a0e4d5fa1ec33798050e1fa"
format_stamp: "Formatted at 2026-06-30 12:22:50 on dist-test-slave-ctg2"
I20260630 12:22:50.145893 26465 fs_report.cc:389] FS layout report
--------------------
wal directory: /tmp/dist-test-task59IY3V/test-tmp/auto_rebalancer-test.0.AutoRebalancerTest.TestMaxMovesPerServer.1782822033443571-26465-0/minicluster-data/ts-4-root
metadata directory: /tmp/dist-test-task59IY3V/test-tmp/auto_rebalancer-test.0.AutoRebalancerTest.TestMaxMovesPerServer.1782822033443571-26465-0/minicluster-data/ts-4-root
1 data directories: /tmp/dist-test-task59IY3V/test-tmp/auto_rebalancer-test.0.AutoRebalancerTest.TestMaxMovesPerServer.1782822033443571-26465-0/minicluster-data/ts-4-root/data
Total live blocks: 0
Total live bytes: 0
Total live bytes (after alignment): 0
Total number of LBM containers: 0 (0 full)
Did not check for missing blocks
Did not check for orphaned blocks
Total full LBM containers with extra space: 0 (0 repaired)
Total full LBM container extra space in bytes: 0 (0 repaired)
Total incomplete LBM containers: 0 (0 repaired)
Total LBM partial records: 0 (0 repaired)
Total corrupted LBM metadata records in RocksDB: 0 (0 repaired)
I20260630 12:22:50.169219 26465 rpc_server.cc:225] running with OpenSSL 1.1.1  11 Sep 2018
I20260630 12:22:50.170663 26465 kserver.cc:163] Server-wide thread pool size limit: 3276
I20260630 12:22:50.172703 26465 txn_system_client.cc:432] TxnSystemClient initialization is disabled...
I20260630 12:22:50.175783 26465 ts_tablet_manager.cc:585] Loaded tablet metadata (0 total tablets, 0 live tablets)
I20260630 12:22:50.176061 26465 ts_tablet_manager.cc:531] Time spent load tablet metadata: real 0.000s	user 0.000s	sys 0.000s
I20260630 12:22:50.176347 26465 ts_tablet_manager.cc:616] Registered 0 tablets
I20260630 12:22:50.176541 26465 ts_tablet_manager.cc:595] Time spent register tablets: real 0.000s	user 0.000s	sys 0.000s
I20260630 12:22:50.244881 26465 rpc_server.cc:307] RPC server started. Bound to: 127.25.216.69:41031
I20260630 12:22:50.245002 31473 acceptor_pool.cc:272] collecting diagnostics on the listening RPC socket 127.25.216.69:41031 every 8 connection(s)
I20260630 12:22:50.251813 26465 file_cache.cc:492] Constructed file cache file cache with capacity 419430
